-- Table structure for table `ps_search_word`
--

CREATE TABLE `ps_search_word` (
  `id_word` int(10) unsigned NOT NULL AUTO_INCREMENT,
  `id_shop` int(11) unsigned NOT NULL DEFAULT '1',
  `id_lang` int(10) unsigned NOT NULL,
  `word` varchar(15) NOT NULL,
  PRIMARY KEY (`id_word`),
  UNIQUE KEY `id_lang` (`id_lang`,`id_shop`,`word`)
) ENGINE=InnoDB AUTO_INCREMENT=179403 DEFAULT CHARSET=utf8;

--
-- Dumping data for table `ps_search_word`
--

INSERT INTO `ps_search_word` VALUES (179183,1,1,'0504'),(168719,1,1,'0678070952'),(178926,1,1,'0950'),(46450,1,1,'100'),(88552,1,1,'100x120'),(81741,1,1,'101'),(34177,1,1,'102'),(30641,1,1,'103'),(88551,1,1,'103x123'),(30773,1,1,'104'),(7034,1,1,'105'),(31241,1,1,'106'),(31762,1,1,'107'),(31901,1,1,'108'),(32146,1,1,'109'),(70714,1,1,'110'),(4852,1,1,'111'),(32715,1,1,'112'),(33194,1,1,'113'),(46359,1,1,'114'),(4809,1,1,'115'),(46166,1,1,'116'),(19451,1,1,'117'),(19415,1,1,'117cm'),(149546,1,1,'118'),(19416,1,1,'11cm'),(46632,1,1,'120'),(104428,1,1,'121'),(133395,1,1,'1250'),(31244,1,1,'129'),(13,1,1,'130'),(166652,1,1,'134'),(110694,1,1,'135'),(33679,1,1,'140'),(32898,1,1,'146'),(20637,1,1,'150'),(179402,1,1,'1550'),(12,1,1,'162'),(3446,1,1,'1621'),(3447,1,1,'1622'),(174057,1,1,'1636'),(174346,1,1,'1642'),(175254,1,1,'1647'),(175522,1,1,'1690'),(175825,1,1,'1695'),(175925,1,1,'1706'),(176102,1,1,'1710'),(176364,1,1,'1717'),(85728,1,1,'179'),(79666,1,1,'180057'),(132214,1,1,'180058'),(74098,1,1,'180060'),(73238,1,1,'180062'),(73385,1,1,'180063'),(73861,1,1,'180065'),(88127,1,1,'1850'),(113798,1,1,'1900029'),(133123,1,1,'190004e'),(80191,1,1,'1900056'),(132541,1,1,'1900064'),(81369,1,1,'190007e'),(132893,1,1,'19000ie'),(132539,1,1,'190064'),(148840,1,1,'1936'),(148582,1,1,'1940'),(37388,1,1,'195'),(167965,1,1,'1962521000141'),(149549,1,1,'1ere'),(177728,1,1,'200'),(37390,1,1,'2006'),(111276,1,1,'201'),(145793,1,1,'20132020'),(16178,1,1,'2014'),(15895,1,1,'2015'),(38050,1,1,'2016'),(16264,1,1,'2017'),(12081,1,1,'2018'),(13312,1,1,'2019'),(111948,1,1,'202'),(72368,1,1,'2020'),(179184,1,1,'2023'),(112254,1,1,'203'),(112484,1,1,'204'),(90360,1,1,'21000200'),(133741,1,1,'2100075'),(134118,1,1,'2100076'),(107112,1,1,'2130'),(20335,1,1,'215'),(166160,1,1,'216'),(110695,1,1,'220'),(131693,1,1,'2450'),(101728,1,1,'25-sainte-there'),(113797,1,1,'250'),(101726,1,1,'25saintetherese'),(179185,1,1,'28082023'),(79667,1,1,'2850'),(76311,1,1,'330'),(166161,1,1,'346'),(132540,1,1,'350'),(149628,1,1,'3899'),(85735,1,1,'500'),(102106,1,1,'5060'),(79847,1,1,'50x40'),(41086,1,1,'520'),(41566,1,1,'523'),(58864,1,1,'5th'),(44645,1,1,'606'),(131411,1,1,'650'),(79668,1,1,'70x50'),(19237,1,1,'80cm'),(167969,1,1,'80x60'),(167968,1,1,'82x62'),(88545,1,1,'911'),(2156,1,1,'abandonne'),(2145,1,1,'abandonnee'),(32201,1,1,'aborde'),(100432,1,1,'absence'),(141149,1,1,'abstait'),(94152,1,1,'abstraction'),(57620,1,1,'abstrait'),(40963,1,1,'abstraite'),(143642,1,1,'abstraits'),(107114,1,1,'acceder'),(35375,1,1,'accent'),(4528,1,1,'accentue'),(101239,1,1,'accentuent'),(101659,1,1,'accentuer'),(56066,1,1,'accessible'),(114979,1,1,'accessibles'),(101233,1,1,'accordent'),(56067,1,1,'accueil'),(135374,1,1,'achat'),(111296,1,1,'achatdart'),(135376,1,1,'achats'),(115315,1,1,'acheter'),(156856,1,1,'acheterdelart'),(56060,1,1,'achetez'),(377,1,1,'achromatopsie'),(69569,1,1,'acidulees'),(56017,1,1,'acrylique'),(92836,1,1,'acteur'),(19243,1,1,'action'),(102471,1,1,'actions'),(112488,1,1,'actrice'),(95882,1,1,'actualite'),(87173,1,1,'addiction'),(88556,1,1,'adequation'),(123763,1,1,'admirer'),(8634,1,1,'adolescente'),(135697,1,1,'adopte'),(4785,1,1,'adoration'),(35962,1,1,'adore'),(11647,1,1,'adulte'),(17152,1,1,'aerographe'),(20195,1,1,'aerosol'),(835,1,1,'aerosols'),(30788,1,1,'afin'),(24182,1,1,'after'),(94018,1,1,'age'),(2524,1,1,'aide'),(62486,1,1,'aider'),(44103,1,1,'aime'),(137056,1,1,'aimez'),(137059,1,1,'aimez-vous'),(137058,1,1,'aimezvous'),(144510,1,1,'aimons'),(44600,1,1,'ainsi'),(70687,1,1,'air'),(102469,1,1,'ajoutent'),(73859,1,1,'alain'),(10488,1,1,'alanguie'),(32540,1,1,'alchimie'),(113796,1,1,'ali'),(476,1,1,'all'),(111286,1,1,'aller'),(179182,1,1,'allez'),(10484,1,1,'allongee'),(37398,1,1,'allusif'),(168079,1,1,'alu'),(768,1,1,'aluminium'),(88548,1,1,'aluminum'),(72590,1,1,'amateur'),(88567,1,1,'amateurs'),(10489,1,1,'ambiance'),(533,1,1,'ambiant'),(4769,1,1,'amene'),(19242,1,1,'america'),(46634,1,1,'americaine'),(19234,1,1,'american'),(520,1,1,'amerique'),(80192,1,1,'amis'),(100304,1,1,'amoncellement'),(2507,1,1,'amour'),(2514,1,1,'amoureux'),(19719,1,1,'amuse'),(56050,1,1,'amuser'),(126617,1,1,'ancestrale'),(125859,1,1,'and'),(80026,1,1,'andy'),(4795,1,1,'ange'),(1156,1,1,'animal'),(115313,1,1,'animalon'),(58540,1,1,'anne'),(102925,1,1,'anneaux'),(71789,1,1,'annee'),(32911,1,1,'annees'),(56047,1,1,'anniversaire'),(8077,1,1,'antan'),(69923,1,1,'apaise'),(38073,1,1,'apercevoir'),(72623,1,1,'apercoit'),(56032,1,1,'apesanteur'),(44550,1,1,'aplat'),(2482,1,1,'apollon'),(101171,1,1,'apparait'),(102035,1,1,'apparenter'),(135688,1,1,'appartient'),(2508,1,1,'appele'),(144119,1,1,'appeler'),(72918,1,1,'applique'),(88559,1,1,'appliquee'),(4526,1,1,'apporte'),(522,1,1,'apres'),(547,1,1,'apres-guerre'),(10482,1,1,'apres-midi'),(546,1,1,'apresguerre'),(10481,1,1,'apresmidi'),(103078,1,1,'araignee'),(8237,1,1,'arbre'),(30640,1,1,'architecture'),(2144,1,1,'ariane'),(91889,1,1,'arianne'),(4804,1,1,'arrachait'),(37397,1,1,'arrete'),(88564,1,1,'arriere'),(100500,1,1,'arriere-plan'),(100499,1,1,'arriereplan'),(56065,1,1,'art'),(159561,1,1,'artifice'),(56011,1,1,'artiste'),(9,1,1,'artistes'),(843,1,1,'artistique'),(20191,1,1,'artites'),(59778,1,1,'artop'),(116116,1,1,'artwork'),(136429,1,1,'artworks'),(136428,1,1,'arwork'),(116117,1,1,'arworks'),(88558,1,1,'aspect'),(32191,1,1,'assemble'),(56051,1,1,'assembler'),(102025,1,1,'assise'),(80633,1,1,'association'),(101237,1,1,'associe'),(101230,1,1,'associee'),(119599,1,1,'asymetrie'),(62480,1,1,'attachent'),(85734,1,1,'atteindre'),(95161,1,1,'atteinte'),(111947,1,1,'attendant'),(64314,1,1,'attendent'),(1345,1,1,'attention'),(102821,1,1,'attirant'),(100577,1,1,'attirer'),(175930,1,1,'atypique'),(61043,1,1,'aube'),(100349,1,1,'aura'),(42381,1,1,'aurait'),(114339,1,1,'aureole'),(79676,1,1,'aurez'),(79680,1,1,'automobile'),(79674,1,1,'automobiles'),(30785,1,1,'autres'),(8,1,1,'aux'),(7958,1,1,'avance'),(93609,1,1,'aventure'),(10661,1,1,'averti'),(36431,1,1,'avez'),(36560,1,1,'avez-vous'),(36559,1,1,'avezvous'),(4764,1,1,'avila'),(145798,1,1,'avion'),(133124,1,1,'avis'),(122808,1,1,'avons'),(58533,1,1,'awards'),(116112,1,1,'ayant'),(13698,1,1,'azur'),(79849,1,1,'baguette'),(71790,1,1,'baignade'),(11655,1,1,'baignees'),(8630,1,1,'baigneur'),(93138,1,1,'baigneurs'),(8577,1,1,'baigneuses'),(8892,1,1,'bain'),(39075,1,1,'balade'),(7960,1,1,'balayee'),(93136,1,1,'baleares'),(46178,1,1,'bande'),(112483,1,1,'bandeau'),(112492,1,1,'bandes'),(20198,1,1,'banksy'),(111282,1,1,'barbie'),(111294,1,1,'barbies'),(72911,1,1,'bardot'),(3438,1,1,'baroque'),(5000,1,1,'basilique'),(80028,1,1,'basquiat'),(64332,1,1,'bateau'),(9596,1,1,'bathers'),(104258,1,1,'batman'),(85643,1,1,'bazaar'),(32538,1,1,'beau'),(100037,1,1,'beaucoup'),(1155,1,1,'beaute'),(8121,1,1,'beaux'),(6329,1,1,'beffroi'),(30716,1,1,'beige'),(93135,1,1,'beigneurs'),(10479,1,1,'bel'),(1166,1,1,'belle'),(20336,1,1,'ben'),(4,1,1,'benjamin'),(2484,1,1,'bernin'),(3442,1,1,'bernini'),(32536,1,1,'bien'),(91890,1,1,'bikini'),(125858,1,1,'black'),(125184,1,1,'blackandwhite'),(384,1,1,'blanc'),(47907,1,1,'blanche'),(44552,1,1,'bleu'),(32714,1,1,'bleue'),(38067,1,1,'bleus'),(110860,1,1,'bleutee'),(10328,1,1,'blonde'),(1245,1,1,'bois'),(71020,1,1,'bombe'),(834,1,1,'bombes'),(93608,1,1,'bondir'),(10659,1,1,'bonheur'),(9643,1,1,'bonhomie'),(45866,1,1,'bonne'),(8580,1,1,'bord'),(88562,1,1,'bords'),(2487,1,1,'borghese'),(135684,1,1,'borsalino'),(166646,1,1,'bouche'),(8473,1,1,'bouquet'),(173730,1,1,'bousculer'),(113800,1,1,'boxe'),(113801,1,1,'boxeur'),(8474,1,1,'branche'),(542,1,1,'brillant'),(140123,1,1,'brise'),(93088,1,1,'bronzage'),(109282,1,1,'brume'),(175936,1,1,'c19'),(102475,1,1,'cachent'),(56037,1,1,'cadeau'),(51358,1,1,'cadmium'),(62476,1,1,'cadre'),(135710,1,1,'cadrer'),(64339,1,1,'cafe'),(64853,1,1,'cafete'),(65700,1,1,'cage'),(160009,1,1,'cailloux'),(46633,1,1,'caisse'),(11761,1,1,'calme'),(541,1,1,'camaieu'),(19420,1,1,'camille'),(514,1,1,'camps'),(148838,1,1,'capa'),(19241,1,1,'captain'),(177732,1,1,'capture'),(1158,1,1,'caractere'),(114740,1,1,'carambar'),(4790,1,1,'cardinal'),(130858,1,1,'carmin'),(46177,1,1,'caroline'),(69926,1,1,'carre'),(32198,1,1,'carres'),(88550,1,1,'carrossier'),(108924,1,1,'cauchem'),(46363,1,1,'celebre'),(4793,1,1,'celebres'),(2519,1,1,'celle'),(2528,1,1,'celle-ci'),(2527,1,1,'celleci'),(156885,1,1,'cellules'),(114744,1,1,'central'),(135692,1,1,'centrale'),(11758,1,1,'centre'),(173854,1,1,'cercle'),(4269,1,1,'cerf'),(8780,1,1,'cerf-volant'),(8779,1,1,'cerfvolant'),(62484,1,1,'certaine'),(83682,1,1,'certaines'),(40571,1,1,'certains'),(20492,1,1,'cet'),(61998,1,1,'cette'),(37405,1,1,'chacun'),(26377,1,1,'chacune'),(108333,1,1,'chaises'),(8585,1,1,'chaleur'),(100350,1,1,'chaleureuse'),(37401,1,1,'champ'),(79677,1,1,'chance'),(513,1,1,'chantant'),(73033,1,1,'chanteuse'),(38070,1,1,'chaos'),(72965,1,1,'chapeau'),(4788,1,1,'chapelle'),(87172,1,1,'charisme'),(101662,1,1,'charnel'),(539,1,1,'charnelles'),(20534,1,1,'chasse'),(2499,1,1,'chasseresse'),(838,1,1,'chassis'),(20332,1,1,'chat'),(4779,1,1,'chatoyante'),(43783,1,1,'chatoyantes'),(157355,1,1,'chaudes'),(37382,1,1,'check'),(37384,1,1,'check-point'),(37383,1,1,'checkpoint'),(102615,1,1,'chemin'),(8477,1,1,'chere'),(9901,1,1,'chers'),(3449,1,1,'chevelure'),(101112,1,1,'cheveux'),(859,1,1,'chez'),(10339,1,1,'chien'),(45857,1,1,'chihuahua'),(62478,1,1,'chinoise'),(95013,1,1,'chirico'),(45405,1,1,'chiroco'),(98198,1,1,'chistian'),(101657,1,1,'choisi'),(10652,1,1,'choisie'),(94820,1,1,'choisies'),(69566,1,1,'choisissez'),(42077,1,1,'choix'),(103119,1,1,'choses'),(138575,1,1,'chostakovitch'),(5010,1,1,'christ'),(59853,1,1,'christian'),(92687,1,1,'christianisme'),(535,1,1,'chromatique'),(55996,1,1,'chromolux'),(33192,1,1,'cibles'),(4797,1,1,'ciel'),(7032,1,1,'cinema'),(32529,1,1,'circuit'),(98199,1,1,'cirque'),(545,1,1,'citations'),(91705,1,1,'citron'),(1247,1,1,'citrons'),(56886,1,1,'clair'),(7965,1,1,'claque'),(8074,1,1,'classicisme'),(53905,1,1,'classique'),(39830,1,1,'claude'),(36427,1,1,'cle'),(72589,1,1,'cliche'),(6327,1,1,'clin'),(4519,1,1,'clos'),(88574,1,1,'club'),(167438,1,1,'clubmed'),(46301,1,1,'cmacrylique'),(46204,1,1,'cmpeinture'),(50791,1,1,'cobalt'),(18642,1,1,'coeur'),(100751,1,1,'coeurs'),(83688,1,1,'coiffe'),(111290,1,1,'colere'),(90889,1,1,'collage'),(56058,1,1,'collection'),(57623,1,1,'colore'),(2475,1,1,'coloree'),(101241,1,1,'colorees'),(44603,1,1,'colores'),(56025,1,1,'coloris'),(101723,1,1,'com'),(111952,1,1,'combas'),(93808,1,1,'combat'),(45868,1,1,'comblera'),(93559,1,1,'comfort'),(20084,1,1,'comics'),(69551,1,1,'commande'),(100754,1,1,'commence'),(64345,1,1,'commencer'),(943,1,1,'commode'),(80032,1,1,'competition'),(1349,1,1,'complementaires'),(102924,1,1,'complementarite'),(857,1,1,'complete'),(101660,1,1,'comporte'),(100576,1,1,'composer'),(942,1,1,'composition'),(107210,1,1,'conceptuel'),(73863,1,1,'concernant'),(59779,1,1,'concours'),(64310,1,1,'concus'),(42907,1,1,'condition'),(100044,1,1,'confere'),(101113,1,1,'conferent'),(111275,1,1,'confinement'),(37773,1,1,'confond'),(58537,1,1,'confondus'),(61298,1,1,'confondus-n'),(61297,1,1,'confondusn'),(11774,1,1,'confort'),(11759,1,1,'confortable'),(137905,1,1,'connaissez'),(137907,1,1,'connaissez-vous'),(137906,1,1,'connaissezvous'),(25567,1,1,'connaitre'),(168081,1,1,'connu'),(95159,1,1,'connue'),(841,1,1,'connus'),(30784,1,1,'conseillons'),(2485,1,1,'conservee'),(175934,1,1,'constellation'),(56015,1,1,'constituant'),(45035,1,1,'constitue'),(32533,1,1,'construction'),(379,1,1,'contemporain'),(4778,1,1,'contemporaine'),(4784,1,1,'contexte'),(100434,1,1,'contours'),(37404,1,1,'contraire'),(4775,1,1,'contraste'),(2476,1,1,'contrastee'),(102347,1,1,'contrastes'),(101658,1,1,'contre'),(101669,1,1,'contre-plongee'),(59072,1,1,'contrecolle'),(101668,1,1,'contreplongee'),(4791,1,1,'cornaro'),(4766,1,1,'corps'),(137057,1,1,'corrida'),(137225,1,1,'corridas'),(57622,1,1,'cosmique'),(80635,1,1,'cote'),(10487,1,1,'cotes'),(837,1,1,'coton'),(10486,1,1,'couche'),(144505,1,1,'coucher'),(32901,1,1,'couches'),(38809,1,1,'coulee'),(7358,1,1,'couleur'),(61999,1,1,'couleurs'),(125863,1,1,'coup'),(103154,1,1,'coupees'),(79523,1,1,'couple'),(20535,1,1,'cour'),(8777,1,1,'courant'),(143516,1,1,'courbe'),(79679,1,1,'course'),(79673,1,1,'courses'),(69558,1,1,'couverture'),(166644,1,1,'couvre'),(64325,1,1,'covid'),(114975,1,1,'cree'),(100039,1,1,'creent'),(102819,1,1,'creer'),(102468,1,1,'crees'),(56069,1,1,'creteur'),(57617,1,1,'creteur01'),(56402,1,1,'creteur02'),(50126,1,1,'creteur03'),(50790,1,1,'creteur04'),(51357,1,1,'creteur05'),(52846,1,1,'creteur06'),(52360,1,1,'creteur07'),(53904,1,1,'creteur08'),(56887,1,1,'creteur09'),(164219,1,1,'creteur29'),(163000,1,1,'creteur30'),(164132,1,1,'creteur31'),(164391,1,1,'creteur32'),(165095,1,1,'creteur33'),(166159,1,1,'creteur34'),(167146,1,1,'creteur35'),(102476,1,1,'creux'),(100306,1,1,'croisent'),(61620,1,1,'croisiere'),(5012,1,1,'croix'),(56009,1,1,'cube'),(56052,1,1,'cubes'),(78695,1,1,'culture'),(2509,1,1,'cupidon'),(128160,1,1,'curieusement'),(44647,1,1,'cursive'),(37391,1,1,'cycliste'),(29834,1,1,'danel'),(168718,1,1,'danie'),(98099,1,1,'danse'),(63564,1,1,'danseuse'),(31240,1,1,'danseuses'),(2470,1,1,'daphne'),(104425,1,1,'dark'),(102470,1,1,'davantage'),(1473,1,1,'david'),(9645,1,1,'deambulant'),(73384,1,1,'dean'),(148834,1,1,'death'),(148230,1,1,'debarquement'),(142491,1,1,'debby'),(79795,1,1,'debutant'),(56057,1,1,'debuter'),(10815,1,1,'decale'),(11650,1,1,'declinaison'),(56023,1,1,'declinees'),(128047,1,1,'deco'),(2510,1,1,'decoche'),(62474,1,1,'decor'),(143985,1,1,'decoratifs'),(83694,1,1,'decoration'),(135709,1,1,'decouper'),(36430,1,1,'decouvrir'),(85729,1,1,'decroche'),(103117,1,1,'definition'),(30778,1,1,'degage'),(9761,1,1,'degagee'),(114980,1,1,'degagent'),(2517,1,1,'degout'),(112493,1,1,'deja'),(111283,1,1,'dejantee'),(26599,1,1,'dela'),(122810,1,1,'delicat'),(4522,1,1,'delicate'),(144117,1,1,'delicatesse'),(10654,1,1,'delicieuses'),(101227,1,1,'della'),(73860,1,1,'delon'),(2521,1,1,'demande'),(56062,1,1,'demarquer'),(53907,1,1,'dense'),(11770,1,1,'deraison'),(11865,1,1,'derision'),(102028,1,1,'dernier'),(91931,1,1,'derriere'),(135695,1,1,'des'),(5011,1,1,'descendu'),(102930,1,1,'desequilibre'),(29838,1,1,'design'),(103081,1,1,'desseins'),(78707,1,1,'dessin'),(46179,1,1,'dessinee'),(114743,1,1,'dessins'),(62482,1,1,'destines'),(946,1,1,'destructuration'),(11771,1,1,'destructure'),(173728,1,1,'detache'),(2895,1,1,'detail'),(2444,1,1,'details'),(11763,1,1,'detente'),(36651,1,1,'deuxieme'),(8328,1,1,'devant'),(144503,1,1,'devez'),(107882,1,1,'dibond'),(2501,1,1,'dieu'),(62479,1,1,'dieux'),(56026,1,1,'differents'),(1346,1,1,'diffraction'),(72961,1,1,'digital'),(88578,1,1,'digitale'),(133228,1,1,'digitales'),(4781,1,1,'digne'),(2493,1,1,'dimension'),(69567,1,1,'dimensions'),(31278,1,1,'diptyque'),(58534,1,1,'directe'),(100308,1,1,'directions'),(128155,1,1,'discussion'),(144111,1,1,'discutant'),(128161,1,1,'discuter'),(64322,1,1,'distances'),(3443,1,1,'dit'),(100305,1,1,'diversite'),(93268,1,1,'divertissement'),(100496,1,1,'divisionnisme'),(10166,1,1,'doccia'),(40575,1,1,'doit-on'),(40574,1,1,'doiton'),(123765,1,1,'domaine'),(136431,1,1,'domicile'),(166634,1,1,'don'),(79524,1,1,'donald'),(126530,1,1,'dondons'),(78698,1,1,'donnant'),(56029,1,1,'donne'),(56004,1,1,'donnent'),(56053,1,1,'donner'),(10491,1,1,'dont'),(100303,1,1,'doodle'),(119597,1,1,'douce'),(103156,1,1,'doucement'),(10657,1,1,'douces'),(4527,1,1,'douceur'),(10169,1,1,'douche'),(7879,1,1,'doux'),(95154,1,1,'dream'),(175521,1,1,'dsc'),(123761,1,1,'dualite'),(121869,1,1,'duo'),(114745,1,1,'dynamique'),(101114,1,1,'dynamisme'),(61294,1,1,'early'),(1472,1,1,'eau'),(9602,1,1,'eaux'),(7964,1,1,'ecarlate'),(846,1,1,'echantillon'),(100498,1,1,'echo'),(38807,1,1,'eclairs'),(102034,1,1,'eclatant'),(103121,1,1,'eclatantes'),(14936,1,1,'ecrase'),(64346,1,1,'ecrire'),(4802,1,1,'ecrit'),(44646,1,1,'ecriture'),(10337,1,1,'ecritures'),(38061,1,1,'ecrivait'),(109231,1,1,'ecume'),(59776,1,1,'edition'),(72915,1,1,'editions'),(37769,1,1,'efface'),(38801,1,1,'effacent'),(88553,1,1,'effectue'),(56005,1,1,'effet'),(94823,1,1,'egalement'),(102928,1,1,'egales'),(99886,1,1,'egalite'),(94818,1,1,'eglise'),(94826,1,1,'eglises'),(37396,1,1,'elance'),(56035,1,1,'elegances'),(10335,1,1,'elegante'),(135711,1,1,'elements'),(58541,1,1,'eliayan'),(61046,1,1,'eliayan03'),(61296,1,1,'eliayan04'),(61621,1,1,'eliayan06'),(67675,1,1,'eliayan08'),(67591,1,1,'eliayan09'),(61997,1,1,'eliayan10'),(64303,1,1,'eliayan11'),(64854,1,1,'eliayan12'),(65701,1,1,'eliayan13'),(66659,1,1,'eliayan14'),(67849,1,1,'eliayan15'),(68692,1,1,'eliayan16'),(69549,1,1,'eliayan17'),(69568,1,1,'eliayan18'),(69876,1,1,'eliayan19'),(107113,1,1,'eliayan30'),(109279,1,1,'eliayan31'),(109915,1,1,'eliayan32'),(110013,1,1,'eliayan33'),(110693,1,1,'eliayan35'),(92837,1,1,'emblematique'),(10809,1,1,'emergent'),(42079,1,1,'emotion'),(103123,1,1,'emotions'),(108771,1,1,'emplissait'),(102818,1,1,'emploi'),(127169,1,1,'emporte'),(10175,1,1,'empreint'),(119598,1,1,'encadrant'),(71451,1,1,'encadre'),(79848,1,1,'encadree'),(79846,1,1,'encadrees'),(19585,1,1,'encadrement'),(34679,1,1,'encre'),(29836,1,1,'energie'),(98200,1,1,'enfance'),(8784,1,1,'enfant'),(46180,1,1,'enfants'),(4800,1,1,'enflammee'),(145790,1,1,'enigme'),(92066,1,1,'enlevement'),(37764,1,1,'enneigee'),(122809,1,1,'enrichie'),(839,1,1,'ensemble'),(32199,1,1,'ensuite'),(19892,1,1,'enthousiasme'),(38071,1,1,'entoure'),(4805,1,1,'entrailles'),(48009,1,1,'entre'),(4806,1,1,'envahie'),(56054,1,1,'envie'),(156857,1,1,'enviedart'),(64329,1,1,'environnement'),(8327,1,1,'envoute'),(19413,1,1,'eperdument'),(100436,1,1,'ephemere'),(8075,1,1,'epoque'),(72916,1,1,'epreuves'),(2520,1,1,'epuisee'),(31172,1,1,'epure'),(143517,1,1,'epurees'),(9758,1,1,'equilibre'),(2506,1,1,'eros'),(4525,1,1,'erotique'),(4774,1,1,'erotisme'),(98896,1,1,'escalier'),(64334,1,1,'escaliers'),(33321,1,1,'espace'),(32534,1,1,'espaces'),(93137,1,1,'espagne'),(32193,1,1,'essayant'),(6928,1,1,'essaye'),(10647,1,1,'essences'),(126618,1,1,'essentiel'),(44108,1,1,'est-ce'),(37768,1,1,'estampage'),(44107,1,1,'estce'),(93139,1,1,'estival'),(13085,1,1,'estivale'),(4803,1,1,'etait'),(7963,1,1,'etendard'),(142029,1,1,'etoile'),(4776,1,1,'etonnant'),(64852,1,1,'etrange'),(37393,1,1,'etrangere'),(64308,1,1,'etrangers'),(1341,1,1,'etude'),(30779,1,1,'etudiee'),(24195,1,1,'europeenne'),(97447,1,1,'evasion'),(81371,1,1,'evenement'),(109284,1,1,'evian'),(177729,1,1,'evolue'),(40570,1,1,'evolution'),(7600,1,1,'evoque'),(100309,1,1,'evoquent'),(94824,1,1,'evoquer'),(44553,1,1,'exalte'),(123764,1,1,'excelle'),(58535,1,1,'exemplaires'),(56044,1,1,'exemple'),(175935,1,1,'existe'),(8119,1,1,'exotique'),(166166,1,1,'experience'),(8475,1,1,'explosion'),(58870,1,1,'exposee'),(24192,1,1,'exposer'),(83698,1,1,'exposition'),(3450,1,1,'expression'),(101110,1,1,'expressivite'),(7211,1,1,'exprime'),(111280,1,1,'exprimer'),(92171,1,1,'extase'),(97920,1,1,'exterieur'),(10807,1,1,'exterieure'),(37775,1,1,'extreme'),(46246,1,1,'f-danel'),(30529,1,1,'f-danel-101'),(30643,1,1,'f-danel-103'),(30775,1,1,'f-danel-104'),(30994,1,1,'f-danel-105'),(31243,1,1,'f-danel-106'),(31764,1,1,'f-danel-107'),(31903,1,1,'f-danel-108'),(32148,1,1,'f-danel-109'),(32531,1,1,'f-danel-110'),(32807,1,1,'f-danel-111'),(33196,1,1,'f-danel-113'),(33319,1,1,'f-danel-114'),(33678,1,1,'f-danel-115'),(531,1,1,'face'),(111279,1,1,'facile'),(848,1,1,'facilement'),(2438,1,1,'facon'),(4780,1,1,'facture'),(30789,1,1,'faire'),(174425,1,1,'faisceau'),(111954,1,1,'fait-elle'),(111953,1,1,'faitelle'),(9738,1,1,'familiere'),(64342,1,1,'familiers'),(45869,1,1,'famille'),(133125,1,1,'fans'),(109281,1,1,'fantasmatique'),(139960,1,1,'fatale'),(11730,1,1,'fauteuil'),(30193,1,1,'fdanel'),(29832,1,1,'fdanel01'),(30528,1,1,'fdanel101'),(30642,1,1,'fdanel103'),(30774,1,1,'fdanel104'),(30993,1,1,'fdanel105'),(31242,1,1,'fdanel106'),(31763,1,1,'fdanel107'),(31902,1,1,'fdanel108'),(32147,1,1,'fdanel109'),(32530,1,1,'fdanel110'),(32806,1,1,'fdanel111'),(33195,1,1,'fdanel113'),(33318,1,1,'fdanel114'),(33677,1,1,'fdanel115'),(32204,1,1,'feminin'),(42908,1,1,'feminine'),(99885,1,1,'feminisme'),(81372,1,1,'feministe'),(101240,1,1,'feminite'),(13084,1,1,'femme'),(41565,1,1,'femmes'),(93359,1,1,'fenetre'),(36655,1,1,'fernand'),(56045,1,1,'fete'),(111285,1,1,'fetes'),(159560,1,1,'feu'),(1347,1,1,'feuillage'),(116113,1,1,'feuille'),(11646,1,1,'feuilles'),(71021,1,1,'feutre'),(45,1,1,'feutres'),(122806,1,1,'ficelle'),(94817,1,1,'fidele'),(8321,1,1,'fige'),(19233,1,1,'fighting'),(11653,1,1,'figues'),(11643,1,1,'figuier'),(135689,1,1,'figuration'),(101115,1,1,'figure'),(96080,1,1,'figurine'),(56019,1,1,'fil'),(38805,1,1,'filent'),(16330,1,1,'fille'),(8776,1,1,'filles'),(8900,1,1,'fillettes'),(107884,1,1,'film'),(135702,1,1,'fin'),(58863,1,1,'finaliste'),(88577,1,1,'financement'),(58865,1,1,'fine'),(102029,1,1,'fins'),(11765,1,1,'fixe'),(100497,1,1,'flamboyant'),(10649,1,1,'flatte'),(4799,1,1,'fleche'),(2512,1,1,'fleches'),(17149,1,1,'fleur'),(8125,1,1,'fleurs'),(2502,1,1,'fleuve'),(32718,1,1,'floral'),(10651,1,1,'florale'),(102820,1,1,'florales'),(57618,1,1,'flotte'),(56403,1,1,'flotter'),(95220,1,1,'flou'),(69571,1,1,'floue'),(144116,1,1,'floues'),(10643,1,1,'flowers'),(166651,1,1,'fluo'),(101238,1,1,'fluorescent'),(111287,1,1,'folie'),(128617,1,1,'fonce'),(115316,1,1,'fonctionnent'),(46244,1,1,'fond'),(179050,1,1,'fondation'),(142490,1,1,'for'),(8282,1,1,'forestier'),(20536,1,1,'foret'),(501,1,1,'format'),(58536,1,1,'formats'),(947,1,1,'forme'),(32720,1,1,'former'),(8145,1,1,'formes'),(30783,1,1,'fort'),(30772,1,1,'forteresse'),(2513,1,1,'fou'),(100495,1,1,'fractionnee'),(1169,1,1,'fragile'),(90891,1,1,'fragrance'),(144509,1,1,'fraicheur'),(19244,1,1,'fraignac'),(19235,1,1,'fraignac01'),(19414,1,1,'fraignac02'),(39926,1,1,'fraignac03'),(40567,1,1,'fraignac06'),(103862,1,1,'fraignac07'),(104260,1,1,'fraignac08'),(104427,1,1,'fraignac09'),(14940,1,1,'frais'),(40966,1,1,'francais'),(29833,1,1,'francoise'),(40568,1,1,'frappe'),(116118,1,1,'french'),(157354,1,1,'froides'),(64326,1,1,'frontiere'),(20337,1,1,'frost'),(91706,1,1,'fruit'),(72035,1,1,'fruitiers'),(8122,1,1,'fruits'),(100431,1,1,'fugacite'),(4789,1,1,'funeraire'),(89257,1,1,'fuschia'),(2151,1,1,'fut'),(107110,1,1,'gagner'),(159255,1,1,'gaite'),(156855,1,1,'galamez'),(156852,1,1,'galamez1'),(167576,1,1,'galamez11'),(177632,1,1,'galamez110'),(170359,1,1,'galamez12'),(171692,1,1,'galamez15'),(156987,1,1,'galamez2'),(159504,1,1,'galamez3'),(159254,1,1,'galamez5'),(160168,1,1,'galamez7'),(160668,1,1,'galamez9'),(175933,1,1,'galaxies'),(2486,1,1,'galerie'),(101727,1,1,'galerie-peintur'),(101725,1,1,'galeriepeinture'),(94019,1,1,'gap'),(64336,1,1,'gare'),(120062,1,1,'gauche'),(10,1,1,'generation'),(69921,1,1,'geometrie'),(32200,1,1,'geometrique'),(95818,1,1,'geometriques'),(8782,1,1,'geste'),(38802,1,1,'gestuel'),(3440,1,1,'gian'),(95014,1,1,'giorgio'),(110861,1,1,'glace'),(30692,1,1,'glacis'),(38060,1,1,'gogh'),(831,1,1,'gouache'),(112490,1,1,'gouter'),(9739,1,1,'gracieuse'),(102030,1,1,'gracieux'),(1165,1,1,'grand'),(3435,1,1,'grande'),(43781,1,1,'grandes'),(858,1,1,'grands'),(905,1,1,'graphique'),(78701,1,1,'graphisme'),(20193,1,1,'graphito'),(32196,1,1,'gratte'),(56000,1,1,'gravee'),(56013,1,1,'grec'),(2150,1,1,'grecque'),(32189,1,1,'griffe'),(44602,1,1,'gris'),(108927,1,1,'gros'),(171040,1,1,'groseille'),(8775,1,1,'groupe'),(523,1,1,'guerre'),(64330,1,1,'gymnase'),(108772,1,1,'habitacle'),(92068,1,1,'hades'),(157356,1,1,'harmonie'),(95012,1,1,'heho'),(8894,1,1,'helicoptere'),(166158,1,1,'henri'),(10485,1,1,'herbe'),(90892,1,1,'heroes'),(44106,1,1,'heroine'),(103079,1,1,'heroisme'),(90959,1,1,'heros'),(144114,1,1,'heureux'),(24185,1,1,'him'),(2148,1,1,'histoire'),(1157,1,1,'hiver'),(88573,1,1,'hobby'),(1474,1,1,'hockney'),(137651,1,1,'hombourg'),(46360,1,1,'hommage'),(8631,1,1,'homme'),(103083,1,1,'homme-araignee'),(103082,1,1,'hommearaignee'),(64306,1,1,'hommes'),(72625,1,1,'horizon'),(37409,1,1,'hors-champ'),(37408,1,1,'horschamp'),(24181,1,1,'hours'),(101724,1,1,'html'),(101721,1,1,'https'),(46170,1,1,'huile'),(156883,1,1,'humains'),(45867,1,1,'humeur'),(83675,1,1,'humour'),(4773,1,1,'hystero'),(4808,1,1,'hystero-erotism'),(4807,1,1,'hysteroerotisme'),(511,1,1,'icone'),(46182,1,1,'icones'),(168082,1,1,'iconique'),(56036,1,1,'idee'),(849,1,1,'identifiable'),(37760,1,1,'iii'),(2153,1,1,'ile'),(119600,1,1,'illuminer'),(56027,1,1,'illusion'),(101108,1,1,'illustre'),(1466,1,1,'image'),(135699,1,1,'images'),(64347,1,1,'imaginaire'),(37771,1,1,'imagination'),(10655,1,1,'imagine'),(37400,1,1,'imaginer'),(175932,1,1,'immense'),(64335,1,1,'immeubles'),(8331,1,1,'immobile'),(56018,1,1,'impact'),(26874,1,1,'importe'),(5021,1,1,'impose'),(64324,1,1,'imposees'),(10333,1,1,'impregne'),(30776,1,1,'impression'),(9755,1,1,'impressionniste'),(9603,1,1,'improbable'),(111291,1,1,'impuissance'),(102027,1,1,'inanime'),(56039,1,1,'inattendue'),(518,1,1,'incarnes'),(37399,1,1,'incertain'),(69924,1,1,'incite'),(102519,1,1,'inclure'),(102929,1,1,'incomplet'),(56028,1,1,'incroyable'),(83689,1,1,'indienne'),(64327,1,1,'indistincte'),(9605,1,1,'individus'),(56059,1,1,'inedite'),(102353,1,1,'inferieur'),(5016,1,1,'infinie'),(85727,1,1,'information'),(2897,1,1,'informe'),(56040,1,1,'innovante'),(40573,1,1,'inquieter'),(8781,1,1,'inscrit'),(93186,1,1,'insolite'),(9606,1,1,'insolites'),(7877,1,1,'insouciante'),(144113,1,1,'insouciants'),(2516,1,1,'inspire'),(2480,1,1,'inspiree'),(78694,1,1,'inspires'),(100430,1,1,'instabilite'),(64316,1,1,'installer'),(8323,1,1,'instant'),(166167,1,1,'instinct'),(144122,1,1,'intelligence'),(156887,1,1,'intense'),(38069,1,1,'intenses'),(9902,1,1,'intensifie'),(9994,1,1,'intensifient'),(2492,1,1,'intensifier'),(53906,1,1,'intensifies'),(155066,1,1,'intensite'),(56042,1,1,'intention'),(15894,1,1,'interieur'),(159256,1,1,'interieure'),(11773,1,1,'interpelle'),(101235,1,1,'interpretation'),(64321,1,1,'interroger'),(10172,1,1,'intime'),(93227,1,1,'intimite'),(78713,1,1,'invader'),(8899,1,1,'inverse'),(9895,1,1,'investit'),(62481,1,1,'invisible'),(11645,1,1,'invite'),(1469,1,1,'isoler'),(3439,1,1,'italien'),(4783,1,1,'italienne'),(159559,1,1,'jaillit'),(73383,1,1,'james'),(95158,1,1,'japonaise'),(1252,1,1,'jardin'),(57615,1,1,'jaune'),(144507,1,1,'jaunes'),(70585,1,1,'jean'),(144984,1,1,'jeane'),(20194,1,1,'jeff'),(39968,1,1,'jerome'),(1471,1,1,'jeu'),(13205,1,1,'jeune'),(8582,1,1,'jeunes'),(92941,1,1,'jeunesse'),(7968,1,1,'jeux'),(20340,1,1,'johanne'),(24186,1,1,'johanne12'),(114741,1,1,'johanne15'),(20199,1,1,'johnone'),(70716,1,1,'joie'),(9604,1,1,'joue'),(44292,1,1,'jouet'),(38065,1,1,'jour'),(33683,1,1,'journal'),(156886,1,1,'joyeuses'),(6130,1,1,'joyeux'),(145801,1,1,'judicieux'),(148231,1,1,'juin'),(148581,1,1,'juin44'),(175929,1,1,'jumelles'),(1342,1,1,'jungle'),(31279,1,1,'juxtapose'),(44652,1,1,'juxtaposees'),(18925,1,1,'kate'),(114119,1,1,'king'),(145795,1,1,'kirby'),(104426,1,1,'knight'),(95157,1,1,'kusama'),(109283,1,1,'lac'),(32197,1,1,'lacere'),(31168,1,1,'laceree'),(9142,1,1,'laisse'),(88568,1,1,'laissez'),(88571,1,1,'laissez-vous'),(88570,1,1,'laissezvous'),(56020,1,1,'lame'),(10334,1,1,'laquelle'),(11766,1,1,'large'),(2526,1,1,'laurier'),(88576,1,1,'leasing'),(72366,1,1,'lecture'),(62477,1,1,'legende'),(104424,1,1,'legends'),(36656,1,1,'leger'),(7878,1,1,'legere'),(19421,1,1,'leleu'),(156854,1,1,'leo'),(100314,1,1,'lequel'),(64312,1,1,'lesquels'),(135708,1,1,'lettres'),(56034,1,1,'leurs'),(7961,1,1,'leve'),(44102,1,1,'levee'),(2491,1,1,'liberte'),(30992,1,1,'libre'),(101231,1,1,'liee'),(101666,1,1,'lien'),(31778,1,1,'liens'),(64304,1,1,'lieu'),(64305,1,1,'lieux'),(90446,1,1,'ligne'),(44558,1,1,'lignes'),(6328,1,1,'lille'),(59777,1,1,'limitee'),(38051,1,1,'lin'),(72370,1,1,'lire'),(10808,1,1,'lisant'),(500,1,1,'livre'),(524,1,1,'logos'),(74460,1,1,'long'),(3441,1,1,'lorenzo'),(24193,1,1,'lors'),(7874,1,1,'lorsqu'),(1152,1,1,'lost'),(179051,1,1,'louis'),(24184,1,1,'love'),(38074,1,1,'lueur'),(952,1,1,'lui'),(956,1,1,'lui-meme'),(955,1,1,'luimeme'),(1261,1,1,'lumiere'),(38053,1,1,'lumieres'),(13458,1,1,'lumineuse'),(5022,1,1,'lumineux'),(175928,1,1,'lunes'),(72966,1,1,'luxe'),(8118,1,1,'luxuriance'),(17151,1,1,'luxuriante'),(74096,1,1,'mac'),(95068,1,1,'madoka'),(72964,1,1,'madraque'),(95069,1,1,'magica'),(64343,1,1,'magie'),(8280,1,1,'magistrale'),(9897,1,1,'magnifie'),(88566,1,1,'magnifient'),(5017,1,1,'magnifies'),(108928,1,1,'magnifique'),(91932,1,1,'maillot'),(8740,1,1,'main'),(166645,1,1,'mains'),(64341,1,1,'maison'),(10492,1,1,'maitre'),(30691,1,1,'maitrise'),(10650,1,1,'majestueuse'),(8329,1,1,'majestueux'),(167578,1,1,'majeure'),(9882,1,1,'majorque'),(24183,1,1,'make'),(148835,1,1,'making'),(95162,1,1,'maladie'),(17971,1,1,'mallorca'),(46173,1,1,'manga'),(46181,1,1,'mangas'),(135700,1,1,'maniere'),(35185,1,1,'manque'),(20491,1,1,'manteau'),(171041,1,1,'maquereau'),(111292,1,1,'maquiller'),(3436,1,1,'marbre'),(10326,1,1,'margutta'),(101226,1,1,'maria'),(56048,1,1,'mariage'),(4994,1,1,'marie'),(498,1,1,'marilyn'),(144986,1,1,'marilyne'),(9903,1,1,'marine'),(34677,1,1,'mario'),(30644,1,1,'maroufle'),(30531,1,1,'marouflee'),(102521,1,1,'marquants'),(96079,1,1,'marque'),(56041,1,1,'marquer'),(953,1,1,'marqueterie'),(94355,1,1,'marron'),(58873,1,1,'mars'),(61295,1,1,'marseille'),(144990,1,1,'marylin'),(145274,1,1,'maryline'),(32205,1,1,'masculin'),(526,1,1,'masculine'),(7967,1,1,'masque'),(9600,1,1,'masquees'),(10812,1,1,'masse'),(107885,1,1,'mat'),(169041,1,1,'mate'),(31171,1,1,'matiere'),(144120,1,1,'matin'),(46165,1,1,'maurel'),(36225,1,1,'maurel-110'),(36429,1,1,'maurel-111'),(36654,1,1,'maurel-112'),(95156,1,1,'maurel-114'),(45034,1,1,'maurel-115'),(46168,1,1,'maurel-116'),(45860,1,1,'maurel-117'),(111278,1,1,'maurel-201'),(111950,1,1,'maurel-202'),(112256,1,1,'maurel-203'),(112486,1,1,'maurel-204'),(36224,1,1,'maurel110'),(36428,1,1,'maurel111'),(36653,1,1,'maurel112'),(95155,1,1,'maurel114'),(45033,1,1,'maurel115'),(46167,1,1,'maurel116'),(45859,1,1,'maurel117'),(111277,1,1,'maurel201'),(111949,1,1,'maurel202'),(112255,1,1,'maurel203'),(112485,1,1,'maurel204'),(78714,1,1,'mayas'),(79665,1,1,'mcqueen'),(146214,1,1,'mecano'),(145799,1,1,'meccano'),(101111,1,1,'meches'),(159558,1,1,'meconnue'),(100313,1,1,'medaillon'),(7881,1,1,'mediterranee'),(34671,1,1,'melange'),(135707,1,1,'melant'),(102931,1,1,'mele'),(101109,1,1,'melees'),(135687,1,1,'membre'),(20338,1,1,'menager'),(30560,1,1,'menine'),(8581,1,1,'mer'),(102033,1,1,'mere'),(8279,1,1,'merveilleuse'),(504,1,1,'merveilleux'),(69553,1,1,'mesure'),(82127,1,1,'met'),(30780,1,1,'metal'),(96451,1,1,'metallique'),(88572,1,1,'metallissee'),(2525,1,1,'metamorphose'),(37763,1,1,'metropole'),(144506,1,1,'mettant'),(45865,1,1,'mettra'),(157352,1,1,'mettre'),(948,1,1,'meuble'),(102620,1,1,'mi-chemin'),(70586,1,1,'michel'),(5025,1,1,'michel-ange'),(5023,1,1,'michelange'),(102618,1,1,'michemin'),(70582,1,1,'mickey'),(34676,1,1,'mickeys'),(10480,1,1,'midi'),(148839,1,1,'milicien'),(100311,1,1,'milieu'),(515,1,1,'militaires'),(135509,1,1,'miniature'),(19452,1,1,'minimalisme'),(40965,1,1,'minimaliste'),(167579,1,1,'mis'),(19417,1,1,'mise'),(20333,1,1,'miss'),(46362,1,1,'mixte'),(100348,1,1,'mobilier'),(27045,1,1,'mode'),(101656,1,1,'modele'),(9140,1,1,'modeles'),(4771,1,1,'moderne'),(4777,1,1,'modernisme'),(113795,1,1,'mohamed'),(113799,1,1,'mohamedali'),(1164,1,1,'moment'),(27044,1,1,'monde'),(135704,1,1,'mondiale'),(37767,1,1,'monotype'),(144987,1,1,'monroe'),(20331,1,1,'monsieur'),(73862,1,1,'montre'),(44101,1,1,'montrent'),(41090,1,1,'montrer'),(55995,1,1,'monyalos'),(2505,1,1,'moque'),(102474,1,1,'morceaux'),(62473,1,1,'morsures'),(34674,1,1,'mort'),(40964,1,1,'morte'),(144985,1,1,'mortenson'),(27041,1,1,'moss'),(37770,1,1,'motif'),(44293,1,1,'moto'),(19419,1,1,'mots'),(70583,1,1,'mouse'),(19418,1,1,'mouvement'),(103155,1,1,'mouvoir'),(76310,1,1,'multicolore'),(56024,1,1,'multitude'),(102351,1,1,'mur'),(19453,1,1,'murale'),(11654,1,1,'mures'),(8123,1,1,'murs'),(55998,1,1,'museal'),(64333,1,1,'musee'),(63991,1,1,'museum'),(102473,1,1,'mystere'),(64320,1,1,'mysterieux'),(101236,1,1,'mystique'),(79671,1,1,'mythe'),(2149,1,1,'mythologie'),(120668,1,1,'n-10'),(121262,1,1,'n-11'),(121872,1,1,'n-12'),(122805,1,1,'n-13'),(123757,1,1,'n-14'),(125005,1,1,'n-15'),(125862,1,1,'n-16'),(126532,1,1,'n-17'),(127097,1,1,'n-18'),(128157,1,1,'n-20'),(118162,1,1,'n-6'),(118902,1,1,'n-7'),(119463,1,1,'n-8'),(120060,1,1,'n-9'),(120667,1,1,'n10'),(121261,1,1,'n11'),(121871,1,1,'n12'),(122804,1,1,'n13'),(123756,1,1,'n14'),(125004,1,1,'n15'),(125861,1,1,'n16'),(126531,1,1,'n17'),(127096,1,1,'n18'),(128156,1,1,'n20'),(118161,1,1,'n6'),(118901,1,1,'n7'),(119462,1,1,'n8'),(120059,1,1,'n9'),(107115,1,1,'nage'),(14938,1,1,'nageant'),(107117,1,1,'nageur'),(167338,1,1,'nageuse'),(14937,1,1,'naiade'),(35370,1,1,'naissance'),(168080,1,1,'nanequin'),(52847,1,1,'naphtol'),(135714,1,1,'narrations'),(135690,1,1,'narrative'),(6331,1,1,'natale'),(107212,1,1,'natation'),(1343,1,1,'nature'),(2154,1,1,'naxos'),(20537,1,1,'neige'),(8284,1,1,'neigeux'),(11648,1,1,'nicolai'),(1110,1,1,'nicolai01'),(1753,1,1,'nicolai02'),(1815,1,1,'nicolai03'),(1396,1,1,'nicolai04'),(1465,1,1,'nicolai05'),(1842,1,1,'nicolai06'),(2146,1,1,'nicolai07'),(2165,1,1,'nicolai08'),(14932,1,1,'nicolai09'),(8578,1,1,'nicolai10'),(8629,1,1,'nicolai12'),(8893,1,1,'nicolai15'),(9361,1,1,'nicolai16'),(14788,1,1,'nicolai17'),(9464,1,1,'nicolai18'),(11644,1,1,'nicolai20'),(9597,1,1,'nicolai21'),(14704,1,1,'nicolai22'),(71788,1,1,'nicolai23'),(10327,1,1,'nicolai24'),(10483,1,1,'nicolai25'),(10644,1,1,'nicolai27'),(10804,1,1,'nicolai28'),(17931,1,1,'nicolai30'),(72367,1,1,'nicolai32'),(72592,1,1,'nicolai33'),(14029,1,1,'nicolai50'),(41089,1,1,'niveau'),(38075,1,1,'nocturne'),(8587,1,1,'noir'),(46785,1,1,'noire'),(33193,1,1,'noires'),(103152,1,1,'noirs'),(90895,1,1,'nombre'),(37765,1,1,'nombreuses'),(56012,1,1,'nome'),(42,1,1,'non'),(64351,1,1,'non-lieu'),(9644,1,1,'nonchalants'),(64349,1,1,'nonlieu'),(144983,1,1,'norma'),(148227,1,1,'normande'),(8235,1,1,'nos'),(85730,1,1,'nouveau'),(69550,1,1,'nouvelle'),(111063,1,1,'nuages'),(9899,1,1,'nuances'),(92861,1,1,'nudite'),(14939,1,1,'nue'),(38063,1,1,'nuit'),(72962,1,1,'numerique'),(162161,1,1,'numerotee'),(18728,1,1,'nus'),(2498,1,1,'nymphe'),(2174,1,1,'obliques'),(38072,1,1,'obscurite'),(90890,1,1,'obtenir'),(102354,1,1,'occupe'),(95163,1,1,'oculaire'),(10660,1,1,'oeil'),(56064,1,1,'oeuvre'),(111293,1,1,'oeuvredart'),(167638,1,1,'oeuvremajeure'),(56022,1,1,'oeuvres'),(19590,1,1,'offre'),(516,1,1,'offrent'),(81368,1,1,'oksana'),(10331,1,1,'ombre'),(100040,1,1,'ombres'),(69922,1,1,'ondes'),(4768,1,1,'ont'),(64344,1,1,'opere'),(145802,1,1,'opposent'),(41088,1,1,'optimisee'),(56006,1,1,'optique'),(46,1,1,'orange'),(8124,1,1,'oranger'),(88554,1,1,'ordinateur'),(166648,1,1,'oreilles'),(56070,1,1,'original'),(56038,1,1,'originale'),(126620,1,1,'originelle'),(75807,1,1,'oublier'),(166641,1,1,'oursons'),(102522,1,1,'ouvrage'),(64319,1,1,'ouvre'),(477,1,1,'over'),(12906,1,1,'palette'),(856,1,1,'panoplie'),(166163,1,1,'panthere'),(30530,1,1,'papier'),(32188,1,1,'papiers'),(34675,1,1,'papillons'),(8281,1,1,'paradis'),(1153,1,1,'paradise'),(10811,1,1,'parasol'),(108773,1,1,'parfaite'),(26381,1,1,'parfois'),(83674,1,1,'parle'),(80628,1,1,'part'),(62781,1,1,'partage'),(64348,1,1,'partager'),(100307,1,1,'partent'),(10645,1,1,'parterre'),(45864,1,1,'participer'),(56043,1,1,'particuliere'),(78691,1,1,'partie'),(64352,1,1,'pas-de-porte'),(64350,1,1,'pasdeporte'),(32145,1,1,'passage'),(102520,1,1,'passages'),(64313,1,1,'passer'),(79672,1,1,'passionne'),(45862,1,1,'passionnee'),(144121,1,1,'pastel'),(832,1,1,'pastels'),(842,1,1,'patchwork'),(149550,1,1,'pathe'),(2163,1,1,'pauline'),(11769,1,1,'pause'),(40572,1,1,'pays'),(11659,1,1,'paysage'),(73282,1,1,'peau'),(79399,1,1,'peint'),(56016,1,1,'peintes'),(81742,1,1,'peintre'),(56071,1,1,'peinture'),(111295,1,1,'peinturedebarbi'),(46176,1,1,'peintures'),(30790,1,1,'pendant'),(2503,1,1,'penee'),(2522,1,1,'pere'),(56046,1,1,'peres'),(148232,1,1,'periode'),(44651,1,1,'peripherique'),(32208,1,1,'permanence'),(855,1,1,'permet'),(24191,1,1,'permis'),(31173,1,1,'perplexe'),(92067,1,1,'persephone'),(2479,1,1,'personnage'),(6131,1,1,'personnages'),(102523,1,1,'personnalisee'),(79675,1,1,'personnaliser'),(102614,1,1,'personnel'),(102932,1,1,'personnelle'),(69547,1,1,'pesent'),(6326,1,1,'petit'),(117459,1,1,'petite'),(114976,1,1,'petites'),(170235,1,1,'petitformat'),(47043,1,1,'petits'),(72914,1,1,'peuplier'),(156889,1,1,'peut-etre'),(156888,1,1,'peutetre'),(94822,1,1,'peuvent'),(38054,1,1,'phares'),(102933,1,1,'philosophie'),(41087,1,1,'photo'),(59775,1,1,'photographie'),(37392,1,1,'photographiee'),(58532,1,1,'photography'),(135706,1,1,'photomontage'),(509,1,1,'photos'),(26601,1,1,'physique'),(64323,1,1,'physiques'),(58543,1,1,'pic'),(39827,1,1,'picart'),(39829,1,1,'picart-104'),(135686,1,1,'picart-105'),(136362,1,1,'picart-106'),(137055,1,1,'picart-107'),(137653,1,1,'picart-108'),(138577,1,1,'picart-109'),(139217,1,1,'picart-110'),(139959,1,1,'picart-111'),(140553,1,1,'picart-112'),(142493,1,1,'picart-113'),(144989,1,1,'picart-114'),(145792,1,1,'picart-115'),(148229,1,1,'picart-116'),(148837,1,1,'picart-117'),(149548,1,1,'picart-118'),(39828,1,1,'picart104'),(135685,1,1,'picart105'),(136361,1,1,'picart106'),(137054,1,1,'picart107'),(137652,1,1,'picart108'),(138576,1,1,'picart109'),(139216,1,1,'picart110'),(139958,1,1,'picart111'),(140552,1,1,'picart112'),(142492,1,1,'picart113'),(144988,1,1,'picart114'),(145791,1,1,'picart115'),(148228,1,1,'picart116'),(148836,1,1,'picart117'),(149547,1,1,'picart118'),(44105,1,1,'picasso'),(103153,1,1,'pictural'),(4531,1,1,'picturale'),(56003,1,1,'picturales'),(121263,1,1,'pieces'),(5002,1,1,'pierre'),(4997,1,1,'pieta'),(79682,1,1,'pilote'),(135701,1,1,'pionniers'),(13083,1,1,'piscine'),(92754,1,1,'pistolet'),(102616,1,1,'place'),(2164,1,1,'plage'),(8896,1,1,'plages'),(4517,1,1,'plaisir'),(115314,1,1,'plait'),(88565,1,1,'plan'),(96698,1,1,'planete'),(11651,1,1,'plans'),(157507,1,1,'plante'),(88555,1,1,'plaque'),(56014,1,1,'plaques'),(11764,1,1,'plasticien'),(108925,1,1,'plastique'),(102613,1,1,'plein'),(8584,1,1,'pleine'),(101665,1,1,'pleines'),(173943,1,1,'pleins'),(173133,1,1,'plexi'),(23808,1,1,'plexiglas'),(79670,1,1,'plexiglass'),(64302,1,1,'plis'),(2515,1,1,'plomb'),(10171,1,1,'plonge'),(10336,1,1,'plongee'),(44104,1,1,'plonger'),(38056,1,1,'pluie'),(70410,1,1,'plus'),(9638,1,1,'plusieurs'),(92069,1,1,'pluton'),(101661,1,1,'plutot'),(38059,1,1,'poches'),(73387,1,1,'pochoir'),(133227,1,1,'pochoirs'),(38058,1,1,'poings'),(81740,1,1,'point'),(9757,1,1,'pointillisme'),(95165,1,1,'points'),(95160,1,1,'pois'),(72917,1,1,'pola'),(502,1,1,'polaroid'),(19239,1,1,'polyvinyle'),(32195,1,1,'ponce'),(88563,1,1,'ponces'),(108282,1,1,'pont'),(10803,1,1,'pool'),(548,1,1,'pop'),(73386,1,1,'porsche'),(64340,1,1,'porte'),(46364,1,1,'portrait'),(90896,1,1,'portraits'),(20339,1,1,'posca'),(11757,1,1,'pose'),(4765,1,1,'position'),(79678,1,1,'posseder'),(57619,1,1,'possederez'),(72369,1,1,'possibilite'),(9754,1,1,'post'),(9763,1,1,'post-impression'),(9762,1,1,'postimpressionn'),(4786,1,1,'posture'),(117458,1,1,'pot'),(95166,1,1,'poupee'),(33681,1,1,'pourrait'),(56049,1,1,'pourrez'),(2518,1,1,'poursuit'),(69700,1,1,'poutre'),(69561,1,1,'pouvez'),(135705,1,1,'pratiquerent'),(44555,1,1,'prealablement'),(85733,1,1,'precedent'),(37403,1,1,'precis'),(40115,1,1,'predilection'),(69559,1,1,'prefere'),(100578,1,1,'premier'),(135703,1,1,'premiere'),(135696,1,1,'premieres'),(10168,1,1,'prend'),(15249,1,1,'presence'),(173726,1,1,'presences'),(32537,1,1,'present'),(9640,1,1,'presente'),(64307,1,1,'presents'),(102350,1,1,'presque'),(525,1,1,'presse'),(112489,1,1,'prete'),(57616,1,1,'primaire'),(102109,1,1,'primaires'),(1395,1,1,'primavera'),(107116,1,1,'primee'),(128340,1,1,'primitif'),(128158,1,1,'primitives'),(137650,1,1,'prince'),(135698,1,1,'principe'),(102926,1,1,'priori'),(2490,1,1,'pris'),(101234,1,1,'privilegier'),(24190,1,1,'prix'),(135716,1,1,'process'),(144991,1,1,'processus'),(9756,1,1,'proche'),(56056,1,1,'proches'),(135694,1,1,'produire'),(114978,1,1,'profitez'),(114982,1,1,'profitez-en'),(114981,1,1,'profitezen'),(83687,1,1,'profond'),(853,1,1,'profondeur'),(61047,1,1,'profondeurs'),(4792,1,1,'proie'),(45861,1,1,'projecteur'),(166164,1,1,'projetes'),(93267,1,1,'promenade'),(8583,1,1,'propose'),(103118,1,1,'proposee'),(37406,1,1,'propre'),(3432,1,1,'proserpine'),(107883,1,1,'protege'),(4770,1,1,'psychanalyse'),(32190,1,1,'puis'),(30777,1,1,'puissance'),(30787,1,1,'puissants'),(85732,1,1,'pulverisant'),(100750,1,1,'pupilles'),(123759,1,1,'pure'),(5015,1,1,'purete'),(532,1,1,'puritanisme'),(30689,1,1,'qualite'),(508,1,1,'quatre'),(74097,1,1,'queen'),(37394,1,1,'quelques'),(135691,1,1,'question'),(8897,1,1,'quotidienne'),(103077,1,1,'racontant'),(135693,1,1,'raconter'),(44551,1,1,'radical'),(44601,1,1,'raffinement'),(38049,1,1,'rain'),(88575,1,1,'rallye'),(144112,1,1,'ramene'),(40569,1,1,'rapidite'),(44604,1,1,'rappel'),(88560,1,1,'rappelant'),(18992,1,1,'rappelle'),(537,1,1,'rapproche'),(91656,1,1,'rare'),(56021,1,1,'rasoir'),(64311,1,1,'rassembler'),(100753,1,1,'rattrapee'),(116114,1,1,'raye'),(116623,1,1,'rayee'),(7880,1,1,'rayons'),(44554,1,1,'realise'),(37389,1,1,'realisee'),(69552,1,1,'realiser'),(37407,1,1,'recit'),(107211,1,1,'recompensee'),(512,1,1,'reconfortes'),(100315,1,1,'reconnaitre'),(43780,1,1,'reconnu'),(85731,1,1,'record'),(8283,1,1,'recouvert'),(19916,1,1,'red'),(11762,1,1,'reelle'),(47044,1,1,'reference'),(34673,1,1,'references'),(8017,1,1,'reflets'),(56401,1,1,'reflex'),(19718,1,1,'regard'),(69572,1,1,'regarder'),(32532,1,1,'regardez'),(37410,1,1,'regis'),(102348,1,1,'registre'),(102346,1,1,'registres'),(80030,1,1,'rehausse'),(81370,1,1,'rehaussee'),(72919,1,1,'rehausser'),(64328,1,1,'relation'),(39970,1,1,'relief'),(92688,1,1,'religieux'),(844,1,1,'remarquable'),(90894,1,1,'remarquerez'),(145797,1,1,'remontent'),(45863,1,1,'rempli'),(95164,1,1,'remplie'),(24189,1,1,'remporte'),(4782,1,1,'renaissance'),(521,1,1,'renaissante'),(1160,1,1,'rencontre'),(62483,1,1,'rencontrer'),(84726,1,1,'rend'),(26385,1,1,'rendu'),(88557,1,1,'renforcant'),(6129,1,1,'renforce'),(38810,1,1,'renforcee'),(123762,1,1,'renforcees'),(111288,1,1,'renforcer'),(80033,1,1,'renouveler'),(1248,1,1,'renvoie'),(8018,1,1,'renvoient'),(167577,1,1,'repond'),(32535,1,1,'repondent'),(10329,1,1,'repos'),(108334,1,1,'reposant'),(5004,1,1,'representant'),(102107,1,1,'representation'),(92311,1,1,'represente'),(126616,1,1,'representent'),(72913,1,1,'resine'),(3452,1,1,'resolument'),(1348,1,1,'resonance'),(94819,1,1,'resonne'),(103122,1,1,'resonner'),(173725,1,1,'respectant'),(128159,1,1,'ressemblant'),(30688,1,1,'ressemble'),(111281,1,1,'ressenti'),(100439,1,1,'ressentir'),(543,1,1,'ressortent'),(32194,1,1,'ressortir'),(64331,1,1,'restaurant'),(38806,1,1,'reste'),(135717,1,1,'restera'),(32539,1,1,'resultat'),(30791,1,1,'resume'),(4801,1,1,'retirait'),(10167,1,1,'retour'),(100438,1,1,'retranscrire'),(101107,1,1,'retranscrit'),(32192,1,1,'retravaille'),(178927,1,1,'retravaillee'),(510,1,1,'retravaillees'),(8476,1,1,'retrouve'),(123760,1,1,'retrouvons'),(36652,1,1,'reve'),(529,1,1,'revelation'),(540,1,1,'revele'),(126619,1,1,'revient'),(4513,1,1,'revisite'),(166650,1,1,'revisiter'),(75808,1,1,'revoir'),(6292,1,1,'revolver'),(83696,1,1,'riche'),(38064,1,1,'richement'),(31170,1,1,'richesse'),(64318,1,1,'rideau'),(120061,1,1,'rigide'),(145794,1,1,'rip'),(108283,1,1,'rivage'),(13815,1,1,'rivalise'),(107111,1,1,'rive'),(110862,1,1,'rives'),(37385,1,1,'rizzo'),(37387,1,1,'rizzo-101'),(38118,1,1,'rizzo-102'),(38800,1,1,'rizzo-103'),(37762,1,1,'rizzo-104'),(144502,1,1,'rizzo-105'),(37386,1,1,'rizzo101'),(38117,1,1,'rizzo102'),(38799,1,1,'rizzo103'),(37761,1,1,'rizzo104'),(144501,1,1,'rizzo105'),(98100,1,1,'robe'),(111951,1,1,'robert'),(112064,1,1,'robertcombas'),(175434,1,1,'roi'),(93675,1,1,'roman'),(94020,1,1,'romance'),(102617,1,1,'romans'),(102621,1,1,'romans-photos'),(102619,1,1,'romansphotos'),(79522,1,1,'romantic'),(79496,1,1,'romantique'),(2488,1,1,'rome'),(440,1,1,'rose'),(46245,1,1,'rouge'),(44650,1,1,'rouges'),(122075,1,1,'rouille'),(30781,1,1,'rouillee'),(104259,1,1,'rousse'),(38055,1,1,'route'),(139215,1,1,'rupture'),(33691,1,1,'sacre'),(166643,1,1,'sagesse'),(5001,1,1,'saint'),(5026,1,1,'saint-pierre'),(4510,1,1,'sainte'),(5024,1,1,'saintpierre'),(37395,1,1,'saisie'),(100752,1,1,'saisit'),(69546,1,1,'saison'),(10170,1,1,'salle'),(175937,1,1,'salon'),(101225,1,1,'santa'),(175931,1,1,'savons'),(13082,1,1,'scene'),(123758,1,1,'schematise'),(19240,1,1,'sculpte'),(3444,1,1,'sculptee'),(2483,1,1,'sculpteur'),(56001,1,1,'sculpture'),(56002,1,1,'sculptures'),(9360,1,1,'sea'),(56068,1,1,'sebastien'),(44606,1,1,'secret'),(833,1,1,'secs'),(44598,1,1,'sedimentation'),(8633,1,1,'seduction'),(88569,1,1,'seduire'),(56033,1,1,'seduiront'),(99155,1,1,'selfie'),(30199,1,1,'selon'),(100437,1,1,'semblant'),(1161,1,1,'semble'),(6127,1,1,'semblent'),(115064,1,1,'semi'),(115066,1,1,'semi-abstrait'),(115065,1,1,'semiabstrait'),(8236,1,1,'sens'),(56030,1,1,'sensation'),(9760,1,1,'sensualite'),(4761,1,1,'sensuel'),(530,1,1,'sensuelle'),(10656,1,1,'senteurs'),(111289,1,1,'sentiment'),(140122,1,1,'separation'),(166639,1,1,'separement'),(135715,1,1,'sera'),(10490,1,1,'sereine'),(4530,1,1,'serenite'),(26370,1,1,'serie'),(69548,1,1,'serments'),(11652,1,1,'serres'),(101655,1,1,'servi'),(64338,1,1,'service'),(7962,1,1,'serviette'),(173727,1,1,'seul'),(854,1,1,'seule'),(7876,1,1,'siecle'),(93313,1,1,'sieste'),(55999,1,1,'signature'),(44605,1,1,'signification'),(8325,1,1,'silence'),(38057,1,1,'silhouette'),(8632,1,1,'simple'),(103120,1,1,'simples'),(37774,1,1,'simplifiant'),(114791,1,1,'simson'),(2511,1,1,'simultanement'),(166642,1,1,'singes'),(10805,1,1,'singuliere'),(56061,1,1,'site'),(62485,1,1,'situation'),(101224,1,1,'situee'),(38062,1,1,'soeur'),(860,1,1,'soi'),(31837,1,1,'soie'),(102822,1,1,'soin'),(102352,1,1,'sol'),(29837,1,1,'solaire'),(150457,1,1,'soldat'),(148579,1,1,'soldats'),(2157,1,1,'soleil'),(148580,1,1,'solidarite'),(37772,1,1,'sollicitee'),(94825,1,1,'sols'),(26677,1,1,'sombres'),(95128,1,1,'sommeil'),(1257,1,1,'sommes'),(44099,1,1,'songe'),(7959,1,1,'songeuse'),(100310,1,1,'sorte'),(9598,1,1,'soudain'),(157351,1,1,'souhaite'),(100429,1,1,'souligne'),(100435,1,1,'soulignent'),(70885,1,1,'sourire'),(102026,1,1,'soutient'),(95335,1,1,'souvenir'),(145796,1,1,'souvenirs'),(15614,1,1,'souvent'),(78712,1,1,'spark'),(892,1,1,'spark0162'),(154253,1,1,'speciale'),(101472,1,1,'specialistes'),(11760,1,1,'spectateur'),(20192,1,1,'speedy'),(90893,1,1,'speedy422'),(56008,1,1,'sphere'),(56031,1,1,'spheres'),(36103,1,1,'spiderman'),(73804,1,1,'splendeur'),(35041,1,1,'sport'),(43779,1,1,'spring'),(34670,1,1,'stan'),(34669,1,1,'stan01'),(83699,1,1,'stand'),(505,1,1,'star'),(141398,1,1,'start'),(64337,1,1,'station'),(74095,1,1,'steve'),(70584,1,1,'street'),(862,1,1,'street-artistes'),(861,1,1,'streetartistes'),(100707,1,1,'structure'),(167970,1,1,'stupefiant'),(3437,1,1,'style'),(43782,1,1,'stylise'),(124284,1,1,'stylisee'),(112487,1,1,'sublime'),(9904,1,1,'subtil'),(127168,1,1,'suggere'),(135713,1,1,'suggerer'),(101667,1,1,'suivant'),(9462,1,1,'summer'),(90958,1,1,'super'),(9896,1,1,'superbe'),(5013,1,1,'superbes'),(102349,1,1,'superieur'),(37766,1,1,'superposees'),(44599,1,1,'superposition'),(114742,1,1,'supers'),(73280,1,1,'support'),(84350,1,1,'supreme'),(94821,1,1,'surface'),(9601,1,1,'surgissent'),(10658,1,1,'surprend'),(30690,1,1,'surtout'),(8895,1,1,'surveillance'),(102472,1,1,'suscitent'),(8326,1,1,'sylvestre'),(34672,1,1,'symboles'),(122074,1,1,'symbolique'),(84349,1,1,'symbolisant'),(122807,1,1,'symbolise'),(61042,1,1,'syracuse'),(175436,1,1,'t-danel-1636'),(174776,1,1,'t-danel-1642'),(175256,1,1,'t-danel-1647'),(175524,1,1,'t-danel-1690'),(175827,1,1,'t-danel-1695'),(175927,1,1,'t-danel-1706'),(176104,1,1,'t-danel-1710'),(176366,1,1,'t-danel-1717'),(46174,1,1,'tableau'),(30786,1,1,'tableaux'),(160011,1,1,'tableauzen'),(31836,1,1,'taffetas'),(78703,1,1,'tags'),(102927,1,1,'tailles'),(35966,1,1,'talent'),(137480,1,1,'taureau'),(175435,1,1,'tdanel1636'),(174775,1,1,'tdanel1642'),(175255,1,1,'tdanel1647'),(175523,1,1,'tdanel1690'),(175826,1,1,'tdanel1695'),(175926,1,1,'tdanel1706'),(176103,1,1,'tdanel1710'),(176365,1,1,'tdanel1717'),(46361,1,1,'technique'),(177730,1,1,'techniquement'),(166636,1,1,'teddy'),(140638,1,1,'telephone'),(31835,1,1,'telle'),(2147,1,1,'temps'),(10332,1,1,'terrasse'),(104853,1,1,'test'),(10810,1,1,'tete'),(9599,1,1,'tetes'),(93676,1,1,'texte'),(112253,1,1,'thanatos'),(23873,1,1,'the'),(64317,1,1,'theatre'),(3162,1,1,'theme'),(4511,1,1,'therese'),(2152,1,1,'thesee'),(173724,1,1,'thomas'),(44100,1,1,'tigre'),(20196,1,1,'tilt'),(59073,1,1,'tirage'),(19187,1,1,'tissu'),(37402,1,1,'titre'),(46171,1,1,'toile'),(44547,1,1,'toiles'),(44649,1,1,'tonalite'),(137053,1,1,'torero'),(9642,1,1,'torride'),(157353,1,1,'totale'),(4850,1,1,'touchant'),(3453,1,1,'touche'),(144115,1,1,'touches'),(114977,1,1,'toujours'),(98146,1,1,'touriste'),(93050,1,1,'touristes'),(24194,1,1,'tournee'),(4996,1,1,'toute'),(851,1,1,'toutes'),(100433,1,1,'trace'),(145800,1,1,'traction'),(8783,1,1,'traditionnel'),(166162,1,1,'traduire'),(527,1,1,'traduisent'),(13967,1,1,'traduit'),(2898,1,1,'tragedie'),(98692,1,1,'train'),(11772,1,1,'trait'),(10814,1,1,'traite'),(10174,1,1,'traitement'),(144118,1,1,'traiter'),(5014,1,1,'traits'),(72371,1,1,'tranquillement'),(10330,1,1,'transat'),(101229,1,1,'transcription'),(101172,1,1,'transe'),(38808,1,1,'transforme'),(100755,1,1,'transformer'),(29835,1,1,'transmet'),(102031,1,1,'transparaitre'),(1259,1,1,'transparence'),(56010,1,1,'transparent'),(4798,1,1,'transpercait'),(4796,1,1,'transportait'),(69570,1,1,'transporte'),(4763,1,1,'transverberatio'),(945,1,1,'travail'),(32187,1,1,'travaille'),(31834,1,1,'travaillee'),(12633,1,1,'travers'),(119461,1,1,'trefle'),(121870,1,1,'trefles'),(174424,1,1,'triangle'),(127095,1,1,'trio'),(102032,1,1,'tristesse'),(166640,1,1,'trois'),(166647,1,1,'troisieme'),(72963,1,1,'tropez'),(100312,1,1,'trouve'),(26872,1,1,'trouver'),(166635,1,1,'trump'),(166954,1,1,'ttrump'),(115063,1,1,'turquoise'),(156884,1,1,'turquoises'),(10653,1,1,'tutoie'),(56007,1,1,'une'),(56063,1,1,'unique'),(72920,1,1,'uniques'),(534,1,1,'univers'),(64309,1,1,'uns'),(90957,1,1,'urbain'),(70452,1,1,'usa'),(73279,1,1,'utilisation'),(144508,1,1,'utilise'),(101664,1,1,'utilisees'),(8898,1,1,'vacances'),(9881,1,1,'vacanciers'),(14935,1,1,'vacant'),(108926,1,1,'vague'),(109230,1,1,'vagues'),(20334,1,1,'van'),(34668,1,1,'vanite'),(167966,1,1,'variante'),(10648,1,1,'variees'),(117792,1,1,'vase'),(117457,1,1,'vases'),(464,1,1,'vast'),(378,1,1,'vast09'),(5003,1,1,'vatican'),(17150,1,1,'vegetaion'),(1265,1,1,'vegetal'),(17148,1,1,'vegetation'),(95277,1,1,'vehicule'),(31169,1,1,'veines'),(65699,1,1,'velo'),(173729,1,1,'venant'),(166638,1,1,'vendu'),(2504,1,1,'venger'),(2523,1,1,'venir'),(2166,1,1,'vent'),(135373,1,1,'vente'),(135375,1,1,'ventes'),(79794,1,1,'veritable'),(11768,1,1,'veritablement'),(769,1,1,'verni'),(33690,1,1,'vernis'),(55997,1,1,'verre'),(32207,1,1,'versa'),(56400,1,1,'vert'),(10813,1,1,'verte'),(38811,1,1,'verticalite'),(38068,1,1,'verts'),(30198,1,1,'veut'),(10325,1,1,'via'),(1451,1,1,'vibration'),(9753,1,1,'vibrato'),(9900,1,1,'vibratos'),(32206,1,1,'vice'),(34678,1,1,'video'),(173944,1,1,'vides'),(2478,1,1,'vie'),(64315,1,1,'vienne'),(32907,1,1,'vient'),(5006,1,1,'vierge'),(30782,1,1,'vieux'),(72277,1,1,'villata'),(6330,1,1,'ville'),(9639,1,1,'villegiature'),(103080,1,1,'vils'),(80636,1,1,'vintage'),(90888,1,1,'vinyle'),(95817,1,1,'violet'),(38066,1,1,'violets'),(41228,1,1,'violettes'),(4767,1,1,'visage'),(517,1,1,'visages'),(31280,1,1,'vise'),(44653,1,1,'visees'),(19188,1,1,'visible'),(91814,1,1,'vision'),(4794,1,1,'visions'),(98147,1,1,'visiteur'),(32719,1,1,'visse'),(58663,1,1,'visuel'),(135712,1,1,'visuels'),(38803,1,1,'vitesse'),(177731,1,1,'vitrail'),(79669,1,1,'vitre'),(101228,1,1,'vittoria'),(100575,1,1,'vivacite'),(73281,1,1,'vivant'),(72276,1,1,'vivement'),(166165,1,1,'vivons'),(78331,1,1,'vivre'),(87169,1,1,'vogue'),(109280,1,1,'voilier'),(4772,1,1,'voir'),(101663,1,1,'voire'),(46635,1,1,'voit'),(79681,1,1,'voiture'),(38804,1,1,'voitures'),(144504,1,1,'voix'),(8778,1,1,'volant'),(44648,1,1,'voluptueuse'),(56055,1,1,'vos'),(166649,1,1,'voulu'),(7601,1,1,'voyage'),(10806,1,1,'vue'),(86064,1,1,'vuitton'),(142489,1,1,'waltz'),(80027,1,1,'warhol'),(45858,1,1,'wheeling'),(125860,1,1,'white'),(15730,1,1,'woman'),(9358,1,1,'women'),(101722,1,1,'www'),(72624,1,1,'yacht'),(32203,1,1,'yang'),(95153,1,1,'yayoi'),(112491,1,1,'yeux'),(32202,1,1,'yin'),(33589,1,1,'ying'),(2472,1,1,'yining'),(160010,1,1,'zen'),(2473,1,1,'zhao'),(3588,1,1,'zhao01'),(3433,1,1,'zhao02'),(4512,1,1,'zhao04'),(4760,1,1,'zhao06'),(4849,1,1,'zhao08'),(4995,1,1,'zhao09'),(57955,1,1,'zinc');

--
-- Table structure for table `ps_sekeyword`
--

CREATE TABLE `ps_sekeyword` (
  `id_sekeyword` int(10) unsigned NOT NULL AUTO_INCREMENT,
  `id_shop` int(10) unsigned NOT NULL DEFAULT '1',
  `id_shop_group` int(10) unsigned NOT NULL DEFAULT '1',
  `keyword` varchar(256) NOT NULL,
  `date_add` datetime NOT NULL,
  PRIMARY KEY (`id_sekeyword`)
) ENGINE=InnoDB DEFAULT CHARSET=utf8;

--
-- Dumping data for table `ps_sekeyword`
--


--
-- Table structure for table `ps_shop`
--

CREATE TABLE `ps_shop` (
  `id_shop` int(11) NOT NULL AUTO_INCREMENT,
  `id_shop_group` int(11) NOT NULL,
  `name` varchar(64) COLLATE utf8_unicode_ci NOT NULL,
  `id_category` int(11) NOT NULL,
  `theme_name` varchar(255) COLLATE utf8_unicode_ci NOT NULL,
  `active` tinyint(1) NOT NULL,
  `deleted` tinyint(1) NOT NULL,
  PRIMARY KEY (`id_shop`),
  KEY `IDX_CBDFBB9EF5C9E40` (`id_shop_group`)
) ENGINE=InnoDB AUTO_INCREMENT=2 DEFAULT CHARSET=utf8 COLLATE=utf8_unicode_ci;

--
-- Dumping data for table `ps_shop`
--

INSERT INTO `ps_shop` VALUES (1,1,'ARTOP',2,'alysum',1,0);

--
-- Table structure for table `ps_shop_group`
--

CREATE TABLE `ps_shop_group` (
  `id_shop_group` int(11) NOT NULL AUTO_INCREMENT,
  `name` varchar(64) COLLATE utf8_unicode_ci NOT NULL,
  `share_customer` tinyint(1) NOT NULL,
  `share_order` tinyint(1) NOT NULL,
  `share_stock` tinyint(1) NOT NULL,
  `active` tinyint(1) NOT NULL,
  `deleted` tinyint(1) NOT NULL,
  PRIMARY KEY (`id_shop_group`)
) ENGINE=InnoDB AUTO_INCREMENT=2 DEFAULT CHARSET=utf8 COLLATE=utf8_unicode_ci;

--
-- Dumping data for table `ps_shop_group`
--

INSERT INTO `ps_shop_group` VALUES (1,'Default',0,0,0,1,0);

--
-- Table structure for table `ps_shop_url`
--

CREATE TABLE `ps_shop_url` (
  `id_shop_url` int(11) unsigned NOT NULL AUTO_INCREMENT,
  `id_shop` int(11) unsigned NOT NULL,
  `domain` varchar(150) NOT NULL,
  `domain_ssl` varchar(150) NOT NULL,
  `physical_uri` varchar(64) NOT NULL,
  `virtual_uri` varchar(64) NOT NULL,
  `main` tinyint(1) NOT NULL,
  `active` tinyint(1) NOT NULL,
  PRIMARY KEY (`id_shop_url`),
  UNIQUE KEY `full_shop_url` (`domain`,`physical_uri`,`virtual_uri`),
  UNIQUE KEY `full_shop_url_ssl` (`domain_ssl`,`physical_uri`,`virtual_uri`),
  KEY `id_shop` (`id_shop`,`main`)
) ENGINE=InnoDB AUTO_INCREMENT=2 DEFAULT CHARSET=utf8;

--
-- Dumping data for table `ps_shop_url`
--

INSERT INTO `ps_shop_url` VALUES (1,1,'www.artop.com','www.artop.com','/','',1,1);

--
-- Table structure for table `ps_simpleblog_category`
--

CREATE TABLE `ps_simpleblog_category` (
  `id_simpleblog_category` int(11) unsigned NOT NULL AUTO_INCREMENT,
  `cover` varchar(5) NOT NULL,
  `position` int(10) unsigned NOT NULL DEFAULT '0',
  `id_parent` int(10) unsigned NOT NULL DEFAULT '0',
  `active` tinyint(1) unsigned NOT NULL DEFAULT '0',
  `date_add` datetime NOT NULL,
  `date_upd` datetime NOT NULL,
  PRIMARY KEY (`id_simpleblog_category`)
) ENGINE=InnoDB AUTO_INCREMENT=4 DEFAULT CHARSET=utf8;

--
-- Dumping data for table `ps_simpleblog_category`
--

INSERT INTO `ps_simpleblog_category` VALUES (1,'png',1,1,1,'2018-02-14 15:29:51','2020-02-18 16:17:04'),(2,'jpg',2,2,1,'2019-02-04 00:33:28','2020-02-18 16:19:54'),(3,'',1,0,1,'2021-11-15 12:59:16','2021-11-15 12:59:16');

--
-- Table structure for table `ps_simpleblog_category_lang`
--

CREATE TABLE `ps_simpleblog_category_lang` (
  `id_simpleblog_category` int(10) unsigned NOT NULL,
  `id_lang` int(10) unsigned NOT NULL,
  `name` varchar(128) NOT NULL,
  `description` text,
  `link_rewrite` varchar(128) NOT NULL,
  `meta_title` varchar(128) NOT NULL,
  `meta_keywords` varchar(255) NOT NULL,
  `canonical` text NOT NULL,
  `meta_description` varchar(255) NOT NULL,
  PRIMARY KEY (`id_simpleblog_category`,`id_lang`)
) ENGINE=InnoDB DEFAULT CHARSET=utf8;

--
-- Dumping data for table `ps_simpleblog_category_lang`
--

INSERT INTO `ps_simpleblog_category_lang` VALUES (1,1,'POLA 4.0','<p>Solo Show de <strong>Pola 4.0</strong> à ART UP du Jeudi 5 mars au Dimanche 8 mars <strong>(STAND F22)</strong></p>','pola-40','','','',''),(2,1,'POLA 4.0','<p>Solo Show de <strong>Pola 4.0</strong> à ART UP du Jeudi 5 mars au Dimanche 8 mars <strong>(STAND F22)</strong></p>','pola-40','','','',''),(3,1,'Transport offert','','transport-offert','','','','');

--
-- Table structure for table `ps_simpleblog_category_shop`
--

CREATE TABLE `ps_simpleblog_category_shop` (
  `id_simpleblog_category` int(11) unsigned NOT NULL,
  `id_shop` int(11) unsigned NOT NULL,
  PRIMARY KEY (`id_simpleblog_category`,`id_shop`)
) ENGINE=InnoDB DEFAULT CHARSET=utf8;

--
-- Dumping data for table `ps_simpleblog_category_shop`
--

INSERT INTO `ps_simpleblog_category_shop` VALUES (1,1),(2,1),(3,1);

--
-- Table structure for table `ps_simpleblog_comment`
--

CREATE TABLE `ps_simpleblog_comment` (
  `id_simpleblog_comment` int(11) unsigned NOT NULL AUTO_INCREMENT,
  `id_simpleblog_post` int(11) DEFAULT NULL,
  `id_parent` int(11) DEFAULT NULL,
  `id_customer` int(11) DEFAULT NULL,
  `id_guest` int(11) DEFAULT NULL,
  `name` varchar(255) NOT NULL,
  `email` varchar(255) NOT NULL,
  `comment` text NOT NULL,
  `active` tinyint(1) unsigned NOT NULL,
  `ip` varchar(255) NOT NULL,
  `date_add` datetime NOT NULL,
  `date_upd` datetime NOT NULL,
  PRIMARY KEY (`id_simpleblog_comment`)
) ENGINE=InnoDB DEFAULT CHARSET=utf8;

--
-- Dumping data for table `ps_simpleblog_comment`
--


--
-- Table structure for table `ps_simpleblog_post`
--

CREATE TABLE `ps_simpleblog_post` (
  `id_simpleblog_post` int(11) unsigned NOT NULL AUTO_INCREMENT,
  `id_simpleblog_category` int(11) unsigned NOT NULL,
  `id_simpleblog_post_type` int(11) unsigned NOT NULL,
  `id_simpleblog_author` int(11) unsigned NOT NULL DEFAULT '0',
  `author` varchar(60) NOT NULL,
  `likes` int(11) unsigned NOT NULL DEFAULT '0',
  `views` int(11) unsigned NOT NULL DEFAULT '0',
  `allow_comments` tinyint(1) unsigned NOT NULL DEFAULT '3',
  `is_featured` tinyint(1) unsigned NOT NULL DEFAULT '0',
  `access` text NOT NULL,
  `cover` text NOT NULL,
  `featured` text NOT NULL,
  `id_product` text NOT NULL,
  `active` tinyint(1) unsigned NOT NULL DEFAULT '0',
  `date_add` datetime NOT NULL,
  `date_upd` datetime NOT NULL,
  PRIMARY KEY (`id_simpleblog_post`)
) ENGINE=InnoDB AUTO_INCREMENT=16 DEFAULT CHARSET=utf8;

--
-- Dumping data for table `ps_simpleblog_post`
--

INSERT INTO `ps_simpleblog_post` VALUES (14,1,2,0,'Galerie Artop',0,1301,2,1,'a:3:{i:1;b:1;i:2;b:1;i:3;b:1;}','','','',1,'2020-04-15 16:05:36','2021-11-17 15:43:46'),(15,2,1,0,'Galerie Artop',0,988,2,1,'a:3:{i:1;b:1;i:2;b:1;i:3;b:1;}','','jpg','214',1,'2021-04-15 17:58:42','2021-11-30 16:37:04');

--
-- Table structure for table `ps_simpleblog_post_image`
--

CREATE TABLE `ps_simpleblog_post_image` (
  `id_simpleblog_post_image` int(11) unsigned NOT NULL AUTO_INCREMENT,
  `id_simpleblog_post` int(11) unsigned NOT NULL,
  `position` int(10) unsigned NOT NULL,
  `image` varchar(255) NOT NULL,
  PRIMARY KEY (`id_simpleblog_post_image`)
) ENGINE=InnoDB DEFAULT CHARSET=utf8;

--
-- Dumping data for table `ps_simpleblog_post_image`
--


--
-- Table structure for table `ps_simpleblog_post_lang`
--

CREATE TABLE `ps_simpleblog_post_lang` (
  `id_simpleblog_post` int(10) unsigned NOT NULL,
  `id_lang` int(10) unsigned NOT NULL,
  `title` varchar(255) NOT NULL,
  `meta_title` varchar(255) NOT NULL,
  `meta_description` varchar(255) NOT NULL,
  `meta_keywords` varchar(255) NOT NULL,
  `canonical` text NOT NULL,
  `short_content` longtext,
  `content` longtext,
  `video_code` text,
  `external_url` text,
  `link_rewrite` varchar(255) NOT NULL,
  PRIMARY KEY (`id_simpleblog_post`,`id_lang`)
) ENGINE=InnoDB DEFAULT CHARSET=utf8;

--
-- Dumping data for table `ps_simpleblog_post_lang`
--

INSERT INTO `ps_simpleblog_post_lang` VALUES (14,1,'LIVRAISON OFFERTE','livraison gratuite','','livraison offerte','','<p>Nous avons choisi de vous livrer <strong>gratuitement</strong>. Nos transporteurs vous livreront en respectant les gestes barrières.</p>\n<p>Emballage carton double cannelure et papier bulles.</p>','','','','livraison-offerte'),(15,1,'Editions rehaussées à la main par Pola 4.0','Pola.4.0','Oeuvres de Pola 4.0 artiste peintre à découvrir et acheter sur Artop, Galerie d\'Art Contemporain','pola 4.0','','<p>Commencez une collection avec les éditions de Pola 4.0.</p>\n<p></p>','<p>G   A   L   E   R   I   E        A   R   T   O   P     </p>\n<p>Vous avez du choix. L\'oeuvre vous plaira de part sa présence. L\'encadrement est sobre. Emballage assuré par nos soins (très bien emballé). Livraison rapide et gratuite.</p>','','','editions-rehaussees-a-la-main-par-pola-40');

--
-- Table structure for table `ps_simpleblog_post_product`
--

CREATE TABLE `ps_simpleblog_post_product` (
  `id_simpleblog_post` int(11) unsigned NOT NULL,
  `id_product` int(11) unsigned NOT NULL,
  PRIMARY KEY (`id_simpleblog_post`,`id_product`)
) ENGINE=InnoDB DEFAULT CHARSET=utf8;

--
-- Dumping data for table `ps_simpleblog_post_product`
--


--
-- Table structure for table `ps_simpleblog_post_shop`
--

CREATE TABLE `ps_simpleblog_post_shop` (
  `id_simpleblog_post` int(11) unsigned NOT NULL,
  `id_shop` int(11) unsigned NOT NULL,
  PRIMARY KEY (`id_simpleblog_post`,`id_shop`)
) ENGINE=InnoDB DEFAULT CHARSET=utf8;

--
-- Dumping data for table `ps_simpleblog_post_shop`
--

INSERT INTO `ps_simpleblog_post_shop` VALUES (14,1),(15,1);

--
-- Table structure for table `ps_simpleblog_post_tag`
--

CREATE TABLE `ps_simpleblog_post_tag` (
  `id_simpleblog_post` int(11) unsigned NOT NULL,
  `id_simpleblog_tag` int(11) unsigned NOT NULL,
  PRIMARY KEY (`id_simpleblog_post`,`id_simpleblog_tag`),
  KEY `id_simpleblog_tag` (`id_simpleblog_tag`)
) ENGINE=InnoDB DEFAULT CHARSET=utf8;

--
-- Dumping data for table `ps_simpleblog_post_tag`
--

INSERT INTO `ps_simpleblog_post_tag` VALUES (12,1),(12,2),(12,3),(12,4),(12,5),(12,6),(12,7),(15,12),(13,17),(13,18),(13,19),(13,20),(15,20),(13,21),(13,22),(13,23),(13,24),(13,25),(14,26),(14,27),(14,28),(14,29),(14,30),(14,31),(14,32),(14,33),(15,42),(15,43),(15,44),(14,45),(14,46),(14,47);

--
-- Table structure for table `ps_simpleblog_post_type`
--

CREATE TABLE `ps_simpleblog_post_type` (
  `id_simpleblog_post_type` int(11) unsigned NOT NULL AUTO_INCREMENT,
  `name` varchar(255) DEFAULT NULL,
  `slug` varchar(255) DEFAULT NULL,
  `description` text,
  PRIMARY KEY (`id_simpleblog_post_type`)
) ENGINE=InnoDB AUTO_INCREMENT=5 DEFAULT CHARSET=utf8;

--
-- Dumping data for table `ps_simpleblog_post_type`
--

INSERT INTO `ps_simpleblog_post_type` VALUES (1,'Post','post','Default type of post'),(2,'Gallery','gallery',''),(3,'External URL','url',''),(4,'Video','video','');

--
-- Table structure for table `ps_simpleblog_tag`
--

CREATE TABLE `ps_simpleblog_tag` (
  `id_simpleblog_tag` int(11) unsigned NOT NULL AUTO_INCREMENT,
  `id_lang` int(11) unsigned NOT NULL,
  `name` varchar(60) NOT NULL,
  PRIMARY KEY (`id_simpleblog_tag`)
) ENGINE=InnoDB AUTO_INCREMENT=48 DEFAULT CHARSET=utf8;

--
-- Dumping data for table `ps_simpleblog_tag`
--

INSERT INTO `ps_simpleblog_tag` VALUES (1,1,'nicolaÏ'),(2,1,'peinture'),(3,1,'aerorographe'),(4,1,'oeuvres'),(5,1,'vacances'),(6,1,'plage'),(7,1,'ete'),(8,1,'tatouage'),(9,1,'art'),(10,1,'dessin'),(11,1,'peau'),(12,1,'lille'),(14,1,'oeuvre d\'art'),(15,1,'oeuvre d\'art'),(17,1,'mode'),(18,1,'addiction'),(19,1,'femme'),(20,1,'pola 4.0'),(21,1,'art up'),(23,1,'kate'),(24,1,'coiffe indienne'),(25,1,'art\'up'),(26,1,'livraison'),(27,1,'livraison gratuite'),(28,1,'gratuite'),(29,1,'offerte'),(30,1,'livraison offerte'),(31,1,'gratuit'),(32,1,'transport'),(33,1,'transports'),(34,1,'VERNISSAGE'),(35,1,'invitation'),(36,1,'invitations'),(37,1,'artup'),(38,1,'solo show'),(39,1,'solo show de pola 4.0'),(40,1,'stand galerie artop'),(41,1,'Lille art up'),(42,1,'cadeau'),(43,1,'noel'),(44,1,'edition'),(45,1,'livraison rapide'),(46,1,'emballage'),(47,1,'resistant');

--
-- Table structure for table `ps_smarty_cache`
--

CREATE TABLE `ps_smarty_cache` (
  `id_smarty_cache` char(40) NOT NULL,
  `name` char(40) NOT NULL,
  `cache_id` varchar(254) DEFAULT NULL,
  `modified` timestamp NOT NULL DEFAULT CURRENT_TIMESTAMP,
  `content` longtext NOT NULL,
  PRIMARY KEY (`id_smarty_cache`),
  KEY `name` (`name`),
  KEY `cache_id` (`cache_id`),
  KEY `modified` (`modified`)
) ENGINE=InnoDB DEFAULT CHARSET=utf8;

--
-- Dumping data for table `ps_smarty_cache`
--


--
-- Table structure for table `ps_smarty_last_flush`
--

CREATE TABLE `ps_smarty_last_flush` (
  `type` enum('compile','template') NOT NULL DEFAULT 'compile',
  `last_flush` datetime NOT NULL DEFAULT '0000-00-00 00:00:00',
  PRIMARY KEY (`type`)
) ENGINE=InnoDB DEFAULT CHARSET=utf8;

--
-- Dumping data for table `ps_smarty_last_flush`
--


--
-- Table structure for table `ps_smarty_lazy_cache`
--

CREATE TABLE `ps_smarty_lazy_cache` (
  `template_hash` varchar(32) NOT NULL DEFAULT '',
  `cache_id` varchar(255) NOT NULL DEFAULT '',
  `compile_id` varchar(32) NOT NULL DEFAULT '',
  `filepath` varchar(255) NOT NULL DEFAULT '',
  `last_update` datetime NOT NULL DEFAULT '0000-00-00 00:00:00',
  PRIMARY KEY (`template_hash`,`cache_id`,`compile_id`)
) ENGINE=InnoDB DEFAULT CHARSET=utf8;

--
-- Dumping data for table `ps_smarty_lazy_cache`
--


--
-- Table structure for table `ps_specific_price`
--

CREATE TABLE `ps_specific_price` (
  `id_specific_price` int(10) unsigned NOT NULL AUTO_INCREMENT,
  `id_specific_price_rule` int(11) unsigned NOT NULL,
  `id_cart` int(11) unsigned NOT NULL,
  `id_product` int(10) unsigned NOT NULL,
  `id_shop` int(11) unsigned NOT NULL DEFAULT '1',
  `id_shop_group` int(11) unsigned NOT NULL,
  `id_currency` int(10) unsigned NOT NULL,
  `id_country` int(10) unsigned NOT NULL,
  `id_group` int(10) unsigned NOT NULL,
  `id_customer` int(10) unsigned NOT NULL,
  `id_product_attribute` int(10) unsigned NOT NULL,
  `price` decimal(20,6) NOT NULL,
  `from_quantity` mediumint(8) unsigned NOT NULL,
  `reduction` decimal(20,6) NOT NULL,
  `reduction_tax` tinyint(1) NOT NULL DEFAULT '1',
  `reduction_type` enum('amount','percentage') NOT NULL,
  `from` datetime NOT NULL,
  `to` datetime NOT NULL,
  PRIMARY KEY (`id_specific_price`),
  UNIQUE KEY `id_product_2` (`id_product`,`id_product_attribute`,`id_customer`,`id_cart`,`from`,`to`,`id_shop`,`id_shop_group`,`id_currency`,`id_country`,`id_group`,`from_quantity`,`id_specific_price_rule`),
  KEY `id_product` (`id_product`,`id_shop`,`id_currency`,`id_country`,`id_group`,`id_customer`,`from_quantity`,`from`,`to`),
  KEY `from_quantity` (`from_quantity`),
  KEY `id_specific_price_rule` (`id_specific_price_rule`),
  KEY `id_cart` (`id_cart`),
  KEY `id_product_attribute` (`id_product_attribute`),
  KEY `id_shop` (`id_shop`),
  KEY `id_customer` (`id_customer`),
  KEY `from` (`from`),
  KEY `to` (`to`)
) ENGINE=InnoDB DEFAULT CHARSET=utf8;

--
-- Dumping data for table `ps_specific_price`
--


--
-- Table structure for table `ps_specific_price_priority`
--

CREATE TABLE `ps_specific_price_priority` (
  `id_specific_price_priority` int(11) NOT NULL AUTO_INCREMENT,
  `id_product` int(11) NOT NULL,
  `priority` varchar(80) NOT NULL,
  PRIMARY KEY (`id_specific_price_priority`,`id_product`),
  UNIQUE KEY `id_product` (`id_product`)
) ENGINE=InnoDB AUTO_INCREMENT=4211 DEFAULT CHARSET=utf8;

--
-- Dumping data for table `ps_specific_price_priority`
--

INSERT INTO `ps_specific_price_priority` VALUES (1,25,'id_shop;id_currency;id_country;id_group'),(2,31,'id_shop;id_currency;id_country;id_group'),(15,7,'id_shop;id_currency;id_country;id_group'),(17,33,'id_shop;id_currency;id_country;id_group'),(30,30,'id_shop;id_currency;id_country;id_group'),(31,4,'id_shop;id_currency;id_country;id_group'),(36,34,'id_shop;id_currency;id_country;id_group'),(65,35,'id_shop;id_currency;id_country;id_group'),(72,36,'id_shop;id_currency;id_country;id_group'),(79,13,'id_shop;id_currency;id_country;id_group'),(87,5,'id_shop;id_currency;id_country;id_group'),(97,20,'id_shop;id_currency;id_country;id_group'),(103,16,'id_shop;id_currency;id_country;id_group'),(104,12,'id_shop;id_currency;id_country;id_group'),(106,10,'id_shop;id_currency;id_country;id_group'),(113,21,'id_shop;id_currency;id_country;id_group'),(115,17,'id_shop;id_currency;id_country;id_group'),(120,14,'id_shop;id_currency;id_country;id_group'),(136,37,'id_shop;id_currency;id_country;id_group'),(141,38,'id_shop;id_currency;id_country;id_group'),(144,40,'id_shop;id_currency;id_country;id_group'),(160,41,'id_shop;id_currency;id_country;id_group'),(199,42,'id_shop;id_currency;id_country;id_group'),(203,43,'id_shop;id_currency;id_country;id_group'),(215,44,'id_shop;id_currency;id_country;id_group'),(224,2,'id_shop;id_currency;id_country;id_group'),(226,45,'id_shop;id_currency;id_country;id_group'),(236,46,'id_shop;id_currency;id_country;id_group'),(242,47,'id_shop;id_currency;id_country;id_group'),(250,48,'id_shop;id_currency;id_country;id_group'),(278,49,'id_shop;id_currency;id_country;id_group'),(284,50,'id_shop;id_currency;id_country;id_group'),(291,51,'id_shop;id_currency;id_country;id_group'),(297,52,'id_shop;id_currency;id_country;id_group'),(300,53,'id_shop;id_currency;id_country;id_group'),(316,55,'id_shop;id_currency;id_country;id_group'),(348,56,'id_shop;id_currency;id_country;id_group'),(370,57,'id_shop;id_currency;id_country;id_group'),(535,28,'id_shop;id_currency;id_country;id_group'),(573,27,'id_shop;id_currency;id_country;id_group'),(574,26,'id_shop;id_currency;id_country;id_group'),(576,23,'id_shop;id_currency;id_country;id_group'),(577,22,'id_shop;id_currency;id_country;id_group'),(581,59,'id_shop;id_currency;id_country;id_group'),(582,60,'id_shop;id_currency;id_country;id_group'),(593,61,'id_shop;id_currency;id_country;id_group'),(600,62,'id_shop;id_currency;id_country;id_group'),(613,67,'id_shop;id_currency;id_country;id_group'),(622,68,'id_shop;id_currency;id_country;id_group'),(627,69,'id_shop;id_currency;id_country;id_group'),(643,71,'id_shop;id_currency;id_country;id_group'),(659,72,'id_shop;id_currency;id_country;id_group'),(672,73,'id_shop;id_currency;id_country;id_group'),(709,74,'id_shop;id_currency;id_country;id_group'),(739,66,'id_shop;id_currency;id_country;id_group'),(753,75,'id_shop;id_currency;id_country;id_group'),(760,76,'id_shop;id_currency;id_country;id_group'),(771,78,'id_shop;id_currency;id_country;id_group'),(775,80,'id_shop;id_currency;id_country;id_group'),(780,81,'id_shop;id_currency;id_country;id_group'),(795,82,'id_shop;id_currency;id_country;id_group'),(803,83,'id_shop;id_currency;id_country;id_group'),(806,84,'id_shop;id_currency;id_country;id_group'),(895,86,'id_shop;id_currency;id_country;id_group'),(917,87,'id_shop;id_currency;id_country;id_group'),(918,88,'id_shop;id_currency;id_country;id_group'),(919,90,'id_shop;id_currency;id_country;id_group'),(932,91,'id_shop;id_currency;id_country;id_group'),(942,92,'id_shop;id_currency;id_country;id_group'),(955,93,'id_shop;id_currency;id_country;id_group'),(962,94,'id_shop;id_currency;id_country;id_group'),(970,95,'id_shop;id_currency;id_country;id_group'),(977,96,'id_shop;id_currency;id_country;id_group'),(982,97,'id_shop;id_currency;id_country;id_group'),(988,98,'id_shop;id_currency;id_country;id_group'),(998,99,'id_shop;id_currency;id_country;id_group'),(1010,100,'id_shop;id_currency;id_country;id_group'),(1029,101,'id_shop;id_currency;id_country;id_group'),(1040,102,'id_shop;id_currency;id_country;id_group'),(1042,103,'id_shop;id_currency;id_country;id_group'),(1056,104,'id_shop;id_currency;id_country;id_group'),(1067,105,'id_shop;id_currency;id_country;id_group'),(1082,106,'id_shop;id_currency;id_country;id_group'),(1088,107,'id_shop;id_currency;id_country;id_group'),(1096,109,'id_shop;id_currency;id_country;id_group'),(1097,110,'id_shop;id_currency;id_country;id_group'),(1118,111,'id_shop;id_currency;id_country;id_group'),(1126,112,'id_shop;id_currency;id_country;id_group'),(1138,113,'id_shop;id_currency;id_country;id_group'),(1149,115,'id_shop;id_currency;id_country;id_group'),(1159,116,'id_shop;id_currency;id_country;id_group'),(1175,117,'id_shop;id_currency;id_country;id_group'),(1181,118,'id_shop;id_currency;id_country;id_group'),(1188,119,'id_shop;id_currency;id_country;id_group'),(1193,121,'id_shop;id_currency;id_country;id_group'),(1208,122,'id_shop;id_currency;id_country;id_group'),(1219,123,'id_shop;id_currency;id_country;id_group'),(1239,124,'id_shop;id_currency;id_country;id_group'),(1247,125,'id_shop;id_currency;id_country;id_group'),(1260,126,'id_shop;id_currency;id_country;id_group'),(1280,127,'id_shop;id_currency;id_country;id_group'),(1293,128,'id_shop;id_currency;id_country;id_group'),(1302,129,'id_shop;id_currency;id_country;id_group'),(1310,131,'id_shop;id_currency;id_country;id_group'),(1318,132,'id_shop;id_currency;id_country;id_group'),(1332,133,'id_shop;id_currency;id_country;id_group'),(1339,134,'id_shop;id_currency;id_country;id_group'),(1357,135,'id_shop;id_currency;id_country;id_group'),(1371,136,'id_shop;id_currency;id_country;id_group'),(1385,137,'id_shop;id_currency;id_country;id_group'),(1394,138,'id_shop;id_currency;id_country;id_group'),(1428,139,'id_shop;id_currency;id_country;id_group'),(1452,140,'id_shop;id_currency;id_country;id_group'),(1468,141,'id_shop;id_currency;id_country;id_group'),(1483,142,'id_shop;id_currency;id_country;id_group'),(1500,143,'id_shop;id_currency;id_country;id_group'),(1512,144,'id_shop;id_currency;id_country;id_group'),(1535,145,'id_shop;id_currency;id_country;id_group'),(1614,146,'id_shop;id_currency;id_country;id_group'),(1626,147,'id_shop;id_currency;id_country;id_group'),(1639,148,'id_shop;id_currency;id_country;id_group'),(1652,149,'id_shop;id_currency;id_country;id_group'),(1660,150,'id_shop;id_currency;id_country;id_group'),(1681,151,'id_shop;id_currency;id_country;id_group'),(1705,152,'id_shop;id_currency;id_country;id_group'),(1714,153,'id_shop;id_currency;id_country;id_group'),(1723,154,'id_shop;id_currency;id_country;id_group'),(1734,155,'id_shop;id_currency;id_country;id_group'),(1756,159,'id_shop;id_currency;id_country;id_group'),(1768,160,'id_shop;id_currency;id_country;id_group'),(1824,164,'id_shop;id_currency;id_country;id_group'),(1835,165,'id_shop;id_currency;id_country;id_group'),(1841,166,'id_shop;id_currency;id_country;id_group'),(1850,167,'id_shop;id_currency;id_country;id_group'),(1861,168,'id_shop;id_currency;id_country;id_group'),(1877,169,'id_shop;id_currency;id_country;id_group'),(1885,170,'id_shop;id_currency;id_country;id_group'),(1905,171,'id_shop;id_currency;id_country;id_group'),(1917,172,'id_shop;id_currency;id_country;id_group'),(1927,173,'id_shop;id_currency;id_country;id_group'),(1937,174,'id_shop;id_currency;id_country;id_group'),(1953,176,'id_shop;id_currency;id_country;id_group'),(1960,177,'id_shop;id_currency;id_country;id_group'),(1991,178,'id_shop;id_currency;id_country;id_group'),(2003,179,'id_shop;id_currency;id_country;id_group'),(2004,180,'id_shop;id_currency;id_country;id_group'),(2013,181,'id_shop;id_currency;id_country;id_group'),(2043,182,'id_shop;id_currency;id_country;id_group'),(2050,183,'id_shop;id_currency;id_country;id_group'),(2072,184,'id_shop;id_currency;id_country;id_group'),(2085,187,'id_shop;id_currency;id_country;id_group'),(2094,189,'id_shop;id_currency;id_country;id_group'),(2101,190,'id_shop;id_currency;id_country;id_group'),(2112,191,'id_shop;id_currency;id_country;id_group'),(2127,192,'id_shop;id_currency;id_country;id_group'),(2129,193,'id_shop;id_currency;id_country;id_group'),(2149,194,'id_shop;id_currency;id_country;id_group'),(2192,195,'id_shop;id_currency;id_country;id_group'),(2208,196,'id_shop;id_currency;id_country;id_group'),(2216,197,'id_shop;id_currency;id_country;id_group'),(2223,198,'id_shop;id_currency;id_country;id_group'),(2248,199,'id_shop;id_currency;id_country;id_group'),(2269,200,'id_shop;id_currency;id_country;id_group'),(2284,201,'id_shop;id_currency;id_country;id_group'),(2303,202,'id_shop;id_currency;id_country;id_group'),(2325,203,'id_shop;id_currency;id_country;id_group'),(2352,204,'id_shop;id_currency;id_country;id_group'),(2357,206,'id_shop;id_currency;id_country;id_group'),(2369,207,'id_shop;id_currency;id_country;id_group'),(2372,208,'id_shop;id_currency;id_country;id_group'),(2374,209,'id_shop;id_currency;id_country;id_group'),(2399,210,'id_shop;id_currency;id_country;id_group'),(2407,211,'id_shop;id_currency;id_country;id_group'),(2428,213,'id_shop;id_currency;id_country;id_group'),(2429,214,'id_shop;id_currency;id_country;id_group'),(2435,216,'id_shop;id_currency;id_country;id_group'),(2436,217,'id_shop;id_currency;id_country;id_group'),(2446,218,'id_shop;id_currency;id_country;id_group'),(2451,219,'id_shop;id_currency;id_country;id_group'),(2471,220,'id_shop;id_currency;id_country;id_group'),(2485,221,'id_shop;id_currency;id_country;id_group'),(2497,222,'id_shop;id_currency;id_country;id_group'),(2726,223,'id_shop;id_currency;id_country;id_group'),(2732,224,'id_shop;id_currency;id_country;id_group'),(2748,225,'id_shop;id_currency;id_country;id_group'),(2798,226,'id_shop;id_currency;id_country;id_group'),(2814,227,'id_shop;id_currency;id_country;id_group'),(2841,228,'id_shop;id_currency;id_country;id_group'),(2850,229,'id_shop;id_currency;id_country;id_group'),(2878,230,'id_shop;id_currency;id_country;id_group'),(2891,231,'id_shop;id_currency;id_country;id_group'),(2909,232,'id_shop;id_currency;id_country;id_group'),(2920,233,'id_shop;id_currency;id_country;id_group'),(2929,234,'id_shop;id_currency;id_country;id_group'),(2952,235,'id_shop;id_currency;id_country;id_group'),(2971,236,'id_shop;id_currency;id_country;id_group'),(2977,237,'id_shop;id_currency;id_country;id_group'),(2985,238,'id_shop;id_currency;id_country;id_group'),(2999,239,'id_shop;id_currency;id_country;id_group'),(3022,240,'id_shop;id_currency;id_country;id_group'),(3035,241,'id_shop;id_currency;id_country;id_group'),(3046,242,'id_shop;id_currency;id_country;id_group'),(3055,243,'id_shop;id_currency;id_country;id_group'),(3070,244,'id_shop;id_currency;id_country;id_group'),(3078,245,'id_shop;id_currency;id_country;id_group'),(3090,246,'id_shop;id_currency;id_country;id_group'),(3104,247,'id_shop;id_currency;id_country;id_group'),(3115,248,'id_shop;id_currency;id_country;id_group'),(3130,249,'id_shop;id_currency;id_country;id_group'),(3146,250,'id_shop;id_currency;id_country;id_group'),(3165,251,'id_shop;id_currency;id_country;id_group'),(3177,252,'id_shop;id_currency;id_country;id_group'),(3186,253,'id_shop;id_currency;id_country;id_group'),(3196,254,'id_shop;id_currency;id_country;id_group'),(3212,255,'id_shop;id_currency;id_country;id_group'),(3222,256,'id_shop;id_currency;id_country;id_group'),(3254,257,'id_shop;id_currency;id_country;id_group'),(3272,258,'id_shop;id_currency;id_country;id_group'),(3277,259,'id_shop;id_currency;id_country;id_group'),(3285,260,'id_shop;id_currency;id_country;id_group'),(3293,261,'id_shop;id_currency;id_country;id_group'),(3307,262,'id_shop;id_currency;id_country;id_group'),(3316,263,'id_shop;id_currency;id_country;id_group'),(3349,264,'id_shop;id_currency;id_country;id_group'),(3359,265,'id_shop;id_currency;id_country;id_group'),(3370,266,'id_shop;id_currency;id_country;id_group'),(3378,267,'id_shop;id_currency;id_country;id_group'),(3391,268,'id_shop;id_currency;id_country;id_group'),(3400,269,'id_shop;id_currency;id_country;id_group'),(3411,270,'id_shop;id_currency;id_country;id_group'),(3419,271,'id_shop;id_currency;id_country;id_group'),(3430,272,'id_shop;id_currency;id_country;id_group'),(3444,273,'id_shop;id_currency;id_country;id_group'),(3468,274,'id_shop;id_currency;id_country;id_group'),(3469,276,'id_shop;id_currency;id_country;id_group'),(3475,277,'id_shop;id_currency;id_country;id_group'),(3483,278,'id_shop;id_currency;id_country;id_group'),(3492,280,'id_shop;id_currency;id_country;id_group'),(3505,281,'id_shop;id_currency;id_country;id_group'),(3538,282,'id_shop;id_currency;id_country;id_group'),(3548,283,'id_shop;id_currency;id_country;id_group'),(3582,284,'id_shop;id_currency;id_country;id_group'),(3604,285,'id_shop;id_currency;id_country;id_group'),(3609,286,'id_shop;id_currency;id_country;id_group'),(3635,287,'id_shop;id_currency;id_country;id_group'),(3660,288,'id_shop;id_currency;id_country;id_group'),(3667,291,'id_shop;id_currency;id_country;id_group'),(3676,292,'id_shop;id_currency;id_country;id_group'),(3685,293,'id_shop;id_currency;id_country;id_group'),(3694,294,'id_shop;id_currency;id_country;id_group'),(3704,295,'id_shop;id_currency;id_country;id_group'),(3712,296,'id_shop;id_currency;id_country;id_group'),(3735,298,'id_shop;id_currency;id_country;id_group'),(3745,299,'id_shop;id_currency;id_country;id_group'),(3752,300,'id_shop;id_currency;id_country;id_group'),(3770,301,'id_shop;id_currency;id_country;id_group'),(3784,302,'id_shop;id_currency;id_country;id_group'),(3796,303,'id_shop;id_currency;id_country;id_group'),(3804,304,'id_shop;id_currency;id_country;id_group'),(3816,305,'id_shop;id_currency;id_country;id_group'),(3829,306,'id_shop;id_currency;id_country;id_group'),(3850,307,'id_shop;id_currency;id_country;id_group'),(3862,308,'id_shop;id_currency;id_country;id_group'),(3872,309,'id_shop;id_currency;id_country;id_group'),(3881,310,'id_shop;id_currency;id_country;id_group'),(3891,311,'id_shop;id_currency;id_country;id_group'),(3899,312,'id_shop;id_currency;id_country;id_group'),(3913,313,'id_shop;id_currency;id_country;id_group'),(3924,314,'id_shop;id_currency;id_country;id_group'),(3939,318,'id_shop;id_currency;id_country;id_group'),(3947,319,'id_shop;id_currency;id_country;id_group'),(3960,321,'id_shop;id_currency;id_country;id_group'),(3987,322,'id_shop;id_currency;id_country;id_group'),(3988,323,'id_shop;id_currency;id_country;id_group'),(3997,324,'id_shop;id_currency;id_country;id_group'),(4007,325,'id_shop;id_currency;id_country;id_group'),(4018,326,'id_shop;id_currency;id_country;id_group'),(4032,327,'id_shop;id_currency;id_country;id_group'),(4033,328,'id_shop;id_currency;id_country;id_group'),(4041,329,'id_shop;id_currency;id_country;id_group'),(4059,330,'id_shop;id_currency;id_country;id_group'),(4074,331,'id_shop;id_currency;id_country;id_group'),(4087,332,'id_shop;id_currency;id_country;id_group'),(4090,333,'id_shop;id_currency;id_country;id_group'),(4104,334,'id_shop;id_currency;id_country;id_group'),(4110,335,'id_shop;id_currency;id_country;id_group'),(4123,336,'id_shop;id_currency;id_country;id_group'),(4129,337,'id_shop;id_currency;id_country;id_group'),(4165,338,'id_shop;id_currency;id_country;id_group'),(4173,339,'id_shop;id_currency;id_country;id_group'),(4181,340,'id_shop;id_currency;id_country;id_group'),(4210,342,'id_shop;id_currency;id_country;id_group');

--
-- Table structure for table `ps_specific_price_rule`
--

CREATE TABLE `ps_specific_price_rule` (
  `id_specific_price_rule` int(10) unsigned NOT NULL AUTO_INCREMENT,
  `name` varchar(255) NOT NULL,
  `id_shop` int(11) unsigned NOT NULL DEFAULT '1',
  `id_currency` int(10) unsigned NOT NULL,
  `id_country` int(10) unsigned NOT NULL,
  `id_group` int(10) unsigned NOT NULL,
  `from_quantity` mediumint(8) unsigned NOT NULL,
  `price` decimal(20,6) DEFAULT NULL,
  `reduction` decimal(20,6) NOT NULL,
  `reduction_tax` tinyint(1) NOT NULL DEFAULT '1',
  `reduction_type` enum('amount','percentage') NOT NULL,
  `from` datetime NOT NULL,
  `to` datetime NOT NULL,
  PRIMARY KEY (`id_specific_price_rule`),
  KEY `id_product` (`id_shop`,`id_currency`,`id_country`,`id_group`,`from_quantity`,`from`,`to`)
) ENGINE=InnoDB DEFAULT CHARSET=utf8;

--
-- Dumping data for table `ps_specific_price_rule`
--


--
-- Table structure for table `ps_specific_price_rule_condition`
--

CREATE TABLE `ps_specific_price_rule_condition` (
  `id_specific_price_rule_condition` int(11) unsigned NOT NULL AUTO_INCREMENT,
  `id_specific_price_rule_condition_group` int(11) unsigned NOT NULL,
  `type` varchar(255) NOT NULL,
  `value` varchar(255) NOT NULL,
  PRIMARY KEY (`id_specific_price_rule_condition`),
  KEY `id_specific_price_rule_condition_group` (`id_specific_price_rule_condition_group`)
) ENGINE=InnoDB DEFAULT CHARSET=utf8;

--
-- Dumping data for table `ps_specific_price_rule_condition`
--


--
-- Table structure for table `ps_specific_price_rule_condition_group`
--

CREATE TABLE `ps_specific_price_rule_condition_group` (
  `id_specific_price_rule_condition_group` int(11) unsigned NOT NULL AUTO_INCREMENT,
  `id_specific_price_rule` int(11) unsigned NOT NULL,
  PRIMARY KEY (`id_specific_price_rule_condition_group`,`id_specific_price_rule`)
) ENGINE=InnoDB DEFAULT CHARSET=utf8;

--
-- Dumping data for table `ps_specific_price_rule_condition_group`
--


--
-- Table structure for table `ps_state`
--

CREATE TABLE `ps_state` (
  `id_state` int(10) unsigned NOT NULL AUTO_INCREMENT,
  `id_country` int(11) unsigned NOT NULL,
  `id_zone` int(11) unsigned NOT NULL,
  `name` varchar(64) NOT NULL,
  `iso_code` varchar(7) NOT NULL,
  `tax_behavior` smallint(1) NOT NULL DEFAULT '0',
  `active` tinyint(1) NOT NULL DEFAULT '0',
  PRIMARY KEY (`id_state`),
  KEY `id_country` (`id_country`),
  KEY `name` (`name`),
  KEY `id_zone` (`id_zone`)
) ENGINE=InnoDB AUTO_INCREMENT=325 DEFAULT CHARSET=utf8;

--
-- Dumping data for table `ps_state`
--

INSERT INTO `ps_state` VALUES (1,21,2,'AA','AA',0,1),(2,21,2,'AE','AE',0,1),(3,21,2,'AP','AP',0,1),(4,21,2,'Alabama','AL',0,1),(5,21,2,'Alaska','AK',0,1),(6,21,2,'Arizona','AZ',0,1),(7,21,2,'Arkansas','AR',0,1),(8,21,2,'California','CA',0,1),(9,21,2,'Colorado','CO',0,1),(10,21,2,'Connecticut','CT',0,1),(11,21,2,'Delaware','DE',0,1),(12,21,2,'Florida','FL',0,1),(13,21,2,'Georgia','GA',0,1),(14,21,2,'Hawaii','HI',0,1),(15,21,2,'Idaho','ID',0,1),(16,21,2,'Illinois','IL',0,1),(17,21,2,'Indiana','IN',0,1),(18,21,2,'Iowa','IA',0,1),(19,21,2,'Kansas','KS',0,1),(20,21,2,'Kentucky','KY',0,1),(21,21,2,'Louisiana','LA',0,1),(22,21,2,'Maine','ME',0,1),(23,21,2,'Maryland','MD',0,1),(24,21,2,'Massachusetts','MA',0,1),(25,21,2,'Michigan','MI',0,1),(26,21,2,'Minnesota','MN',0,1),(27,21,2,'Mississippi','MS',0,1),(28,21,2,'Missouri','MO',0,1),(29,21,2,'Montana','MT',0,1),(30,21,2,'Nebraska','NE',0,1),(31,21,2,'Nevada','NV',0,1),(32,21,2,'New Hampshire','NH',0,1),(33,21,2,'New Jersey','NJ',0,1),(34,21,2,'New Mexico','NM',0,1),(35,21,2,'New York','NY',0,1),(36,21,2,'North Carolina','NC',0,1),(37,21,2,'North Dakota','ND',0,1),(38,21,2,'Ohio','OH',0,1),(39,21,2,'Oklahoma','OK',0,1),(40,21,2,'Oregon','OR',0,1),(41,21,2,'Pennsylvania','PA',0,1),(42,21,2,'Rhode Island','RI',0,1),(43,21,2,'South Carolina','SC',0,1),(44,21,2,'South Dakota','SD',0,1),(45,21,2,'Tennessee','TN',0,1),(46,21,2,'Texas','TX',0,1),(47,21,2,'Utah','UT',0,1),(48,21,2,'Vermont','VT',0,1),(49,21,2,'Virginia','VA',0,1),(50,21,2,'Washington','WA',0,1),(51,21,2,'West Virginia','WV',0,1),(52,21,2,'Wisconsin','WI',0,1),(53,21,2,'Wyoming','WY',0,1),(54,21,2,'Puerto Rico','PR',0,1),(55,21,2,'US Virgin Islands','VI',0,1),(56,21,2,'District of Columbia','DC',0,1),(57,145,2,'Aguascalientes','AGS',0,1),(58,145,2,'Baja California','BCN',0,1),(59,145,2,'Baja California Sur','BCS',0,1),(60,145,2,'Campeche','CAM',0,1),(61,145,2,'Chiapas','CHP',0,1),(62,145,2,'Chihuahua','CHH',0,1),(63,145,2,'Coahuila','COA',0,1),(64,145,2,'Colima','COL',0,1),(65,145,2,'Distrito Federal','DIF',0,1),(66,145,2,'Durango','DUR',0,1),(67,145,2,'Guanajuato','GUA',0,1),(68,145,2,'Guerrero','GRO',0,1),(69,145,2,'Hidalgo','HID',0,1),(70,145,2,'Jalisco','JAL',0,1),(71,145,2,'Estado de México','MEX',0,1),(72,145,2,'Michoacán','MIC',0,1),(73,145,2,'Morelos','MOR',0,1),(74,145,2,'Nayarit','NAY',0,1),(75,145,2,'Nuevo León','NLE',0,1),(76,145,2,'Oaxaca','OAX',0,1),(77,145,2,'Puebla','PUE',0,1),(78,145,2,'Querétaro','QUE',0,1),(79,145,2,'Quintana Roo','ROO',0,1),(80,145,2,'San Luis Potosí','SLP',0,1),(81,145,2,'Sinaloa','SIN',0,1),(82,145,2,'Sonora','SON',0,1),(83,145,2,'Tabasco','TAB',0,1),(84,145,2,'Tamaulipas','TAM',0,1),(85,145,2,'Tlaxcala','TLA',0,1),(86,145,2,'Veracruz','VER',0,1),(87,145,2,'Yucatán','YUC',0,1),(88,145,2,'Zacatecas','ZAC',0,1),(89,4,2,'Ontario','ON',0,1),(90,4,2,'Quebec','QC',0,1),(91,4,2,'British Columbia','BC',0,1),(92,4,2,'Alberta','AB',0,1),(93,4,2,'Manitoba','MB',0,1),(94,4,2,'Saskatchewan','SK',0,1),(95,4,2,'Nova Scotia','NS',0,1),(96,4,2,'New Brunswick','NB',0,1),(97,4,2,'Newfoundland and Labrador','NL',0,1),(98,4,2,'Prince Edward Island','PE',0,1),(99,4,2,'Northwest Territories','NT',0,1),(100,4,2,'Yukon','YT',0,1),(101,4,2,'Nunavut','NU',0,1),(102,44,6,'Buenos Aires','B',0,1),(103,44,6,'Catamarca','K',0,1),(104,44,6,'Chaco','H',0,1),(105,44,6,'Chubut','U',0,1),(106,44,6,'Ciudad de Buenos Aires','C',0,1),(107,44,6,'Córdoba','X',0,1),(108,44,6,'Corrientes','W',0,1),(109,44,6,'Entre Ríos','E',0,1),(110,44,6,'Formosa','P',0,1),(111,44,6,'Jujuy','Y',0,1),(112,44,6,'La Pampa','L',0,1),(113,44,6,'La Rioja','F',0,1),(114,44,6,'Mendoza','M',0,1),(115,44,6,'Misiones','N',0,1),(116,44,6,'Neuquén','Q',0,1),(117,44,6,'Río Negro','R',0,1),(118,44,6,'Salta','A',0,1),(119,44,6,'San Juan','J',0,1),(120,44,6,'San Luis','D',0,1),(121,44,6,'Santa Cruz','Z',0,1),(122,44,6,'Santa Fe','S',0,1),(123,44,6,'Santiago del Estero','G',0,1),(124,44,6,'Tierra del Fuego','V',0,1),(125,44,6,'Tucumán','T',0,1),(126,10,1,'Agrigento','AG',0,1),(127,10,1,'Alessandria','AL',0,1),(128,10,1,'Ancona','AN',0,1),(129,10,1,'Aosta','AO',0,1),(130,10,1,'Arezzo','AR',0,1),(131,10,1,'Ascoli Piceno','AP',0,1),(132,10,1,'Asti','AT',0,1),(133,10,1,'Avellino','AV',0,1),(134,10,1,'Bari','BA',0,1),(135,10,1,'Barletta-Andria-Trani','BT',0,1),(136,10,1,'Belluno','BL',0,1),(137,10,1,'Benevento','BN',0,1),(138,10,1,'Bergamo','BG',0,1),(139,10,1,'Biella','BI',0,1),(140,10,1,'Bologna','BO',0,1),(141,10,1,'Bolzano','BZ',0,1),(142,10,1,'Brescia','BS',0,1),(143,10,1,'Brindisi','BR',0,1),(144,10,1,'Cagliari','CA',0,1),(145,10,1,'Caltanissetta','CL',0,1),(146,10,1,'Campobasso','CB',0,1),(147,10,1,'Carbonia-Iglesias','CI',0,1),(148,10,1,'Caserta','CE',0,1),(149,10,1,'Catania','CT',0,1),(150,10,1,'Catanzaro','CZ',0,1),(151,10,1,'Chieti','CH',0,1),(152,10,1,'Como','CO',0,1),(153,10,1,'Cosenza','CS',0,1),(154,10,1,'Cremona','CR',0,1),(155,10,1,'Crotone','KR',0,1),(156,10,1,'Cuneo','CN',0,1),(157,10,1,'Enna','EN',0,1),(158,10,1,'Fermo','FM',0,1),(159,10,1,'Ferrara','FE',0,1),(160,10,1,'Firenze','FI',0,1),(161,10,1,'Foggia','FG',0,1),(162,10,1,'Forlì-Cesena','FC',0,1),(163,10,1,'Frosinone','FR',0,1),(164,10,1,'Genova','GE',0,1),(165,10,1,'Gorizia','GO',0,1),(166,10,1,'Grosseto','GR',0,1),(167,10,1,'Imperia','IM',0,1),(168,10,1,'Isernia','IS',0,1),(169,10,1,'L\'Aquila','AQ',0,1),(170,10,1,'La Spezia','SP',0,1),(171,10,1,'Latina','LT',0,1),(172,10,1,'Lecce','LE',0,1),(173,10,1,'Lecco','LC',0,1),(174,10,1,'Livorno','LI',0,1),(175,10,1,'Lodi','LO',0,1),(176,10,1,'Lucca','LU',0,1),(177,10,1,'Macerata','MC',0,1),(178,10,1,'Mantova','MN',0,1),(179,10,1,'Massa','MS',0,1),(180,10,1,'Matera','MT',0,1),(181,10,1,'Medio Campidano','VS',0,1),(182,10,1,'Messina','ME',0,1),(183,10,1,'Milano','MI',0,1),(184,10,1,'Modena','MO',0,1),(185,10,1,'Monza e della Brianza','MB',0,1),(186,10,1,'Napoli','NA',0,1),(187,10,1,'Novara','NO',0,1),(188,10,1,'Nuoro','NU',0,1),(189,10,1,'Ogliastra','OG',0,1),(190,10,1,'Olbia-Tempio','OT',0,1),(191,10,1,'Oristano','OR',0,1),(192,10,1,'Padova','PD',0,1),(193,10,1,'Palermo','PA',0,1),(194,10,1,'Parma','PR',0,1),(195,10,1,'Pavia','PV',0,1),(196,10,1,'Perugia','PG',0,1),(197,10,1,'Pesaro-Urbino','PU',0,1),(198,10,1,'Pescara','PE',0,1),(199,10,1,'Piacenza','PC',0,1),(200,10,1,'Pisa','PI',0,1),(201,10,1,'Pistoia','PT',0,1),(202,10,1,'Pordenone','PN',0,1),(203,10,1,'Potenza','PZ',0,1),(204,10,1,'Prato','PO',0,1),(205,10,1,'Ragusa','RG',0,1),(206,10,1,'Ravenna','RA',0,1),(207,10,1,'Reggio Calabria','RC',0,1),(208,10,1,'Reggio Emilia','RE',0,1),(209,10,1,'Rieti','RI',0,1),(210,10,1,'Rimini','RN',0,1),(211,10,1,'Roma','RM',0,1),(212,10,1,'Rovigo','RO',0,1),(213,10,1,'Salerno','SA',0,1),(214,10,1,'Sassari','SS',0,1),(215,10,1,'Savona','SV',0,1),(216,10,1,'Siena','SI',0,1),(217,10,1,'Siracusa','SR',0,1),(218,10,1,'Sondrio','SO',0,1),(219,10,1,'Taranto','TA',0,1),(220,10,1,'Teramo','TE',0,1),(221,10,1,'Terni','TR',0,1),(222,10,1,'Torino','TO',0,1),(223,10,1,'Trapani','TP',0,1),(224,10,1,'Trento','TN',0,1),(225,10,1,'Treviso','TV',0,1),(226,10,1,'Trieste','TS',0,1),(227,10,1,'Udine','UD',0,1),(228,10,1,'Varese','VA',0,1),(229,10,1,'Venezia','VE',0,1),(230,10,1,'Verbano-Cusio-Ossola','VB',0,1),(231,10,1,'Vercelli','VC',0,1),(232,10,1,'Verona','VR',0,1),(233,10,1,'Vibo Valentia','VV',0,1),(234,10,1,'Vicenza','VI',0,1),(235,10,1,'Viterbo','VT',0,1),(236,111,3,'Aceh','ID-AC',0,1),(237,111,3,'Bali','ID-BA',0,1),(238,111,3,'Banten','ID-BT',0,1),(239,111,3,'Bengkulu','ID-BE',0,1),(240,111,3,'Gorontalo','ID-GO',0,1),(241,111,3,'Jakarta','ID-JK',0,1),(242,111,3,'Jambi','ID-JA',0,1),(243,111,3,'Jawa Barat','ID-JB',0,1),(244,111,3,'Jawa Tengah','ID-JT',0,1),(245,111,3,'Jawa Timur','ID-JI',0,1),(246,111,3,'Kalimantan Barat','ID-KB',0,1),(247,111,3,'Kalimantan Selatan','ID-KS',0,1),(248,111,3,'Kalimantan Tengah','ID-KT',0,1),(249,111,3,'Kalimantan Timur','ID-KI',0,1),(250,111,3,'Kalimantan Utara','ID-KU',0,1),(251,111,3,'Kepulauan Bangka Belitug','ID-BB',0,1),(252,111,3,'Kepulauan Riau','ID-KR',0,1),(253,111,3,'Lampung','ID-LA',0,1),(254,111,3,'Maluku','ID-MA',0,1),(255,111,3,'Maluku Utara','ID-MU',0,1),(256,111,3,'Nusa Tengara Barat','ID-NB',0,1),(257,111,3,'Nusa Tenggara Timur','ID-NT',0,1),(258,111,3,'Papua','ID-PA',0,1),(259,111,3,'Papua Barat','ID-PB',0,1),(260,111,3,'Riau','ID-RI',0,1),(261,111,3,'Sulawesi Barat','ID-SR',0,1),(262,111,3,'Sulawesi Selatan','ID-SN',0,1),(263,111,3,'Sulawesi Tengah','ID-ST',0,1),(264,111,3,'Sulawesi Tenggara','ID-SG',0,1),(265,111,3,'Sulawesi Utara','ID-SA',0,1),(266,111,3,'Sumatera Barat','ID-SB',0,1),(267,111,3,'Sumatera Selatan','ID-SS',0,1),(268,111,3,'Sumatera Utara','ID-SU',0,1),(269,111,3,'Yogyakarta','ID-YO',0,1),(270,11,3,'Aichi','23',0,1),(271,11,3,'Akita','05',0,1),(272,11,3,'Aomori','02',0,1),(273,11,3,'Chiba','12',0,1),(274,11,3,'Ehime','38',0,1),(275,11,3,'Fukui','18',0,1),(276,11,3,'Fukuoka','40',0,1),(277,11,3,'Fukushima','07',0,1),(278,11,3,'Gifu','21',0,1),(279,11,3,'Gunma','10',0,1),(280,11,3,'Hiroshima','34',0,1),(281,11,3,'Hokkaido','01',0,1),(282,11,3,'Hyogo','28',0,1),(283,11,3,'Ibaraki','08',0,1),(284,11,3,'Ishikawa','17',0,1),(285,11,3,'Iwate','03',0,1),(286,11,3,'Kagawa','37',0,1),(287,11,3,'Kagoshima','46',0,1),(288,11,3,'Kanagawa','14',0,1),(289,11,3,'Kochi','39',0,1),(290,11,3,'Kumamoto','43',0,1),(291,11,3,'Kyoto','26',0,1),(292,11,3,'Mie','24',0,1),(293,11,3,'Miyagi','04',0,1),(294,11,3,'Miyazaki','45',0,1),(295,11,3,'Nagano','20',0,1),(296,11,3,'Nagasaki','42',0,1),(297,11,3,'Nara','29',0,1),(298,11,3,'Niigata','15',0,1),(299,11,3,'Oita','44',0,1),(300,11,3,'Okayama','33',0,1),(301,11,3,'Okinawa','47',0,1),(302,11,3,'Osaka','27',0,1),(303,11,3,'Saga','41',0,1),(304,11,3,'Saitama','11',0,1),(305,11,3,'Shiga','25',0,1),(306,11,3,'Shimane','32',0,1),(307,11,3,'Shizuoka','22',0,1),(308,11,3,'Tochigi','09',0,1),(309,11,3,'Tokushima','36',0,1),(310,11,3,'Tokyo','13',0,1),(311,11,3,'Tottori','31',0,1),(312,11,3,'Toyama','16',0,1),(313,11,3,'Wakayama','30',0,1),(314,11,3,'Yamagata','06',0,1),(315,11,3,'Yamaguchi','35',0,1),(316,11,3,'Yamanashi','19',0,1),(317,24,5,'Australian Capital Territory','ACT',0,1),(318,24,5,'New South Wales','NSW',0,1),(319,24,5,'Northern Territory','NT',0,1),(320,24,5,'Queensland','QLD',0,1),(321,24,5,'South Australia','SA',0,1),(322,24,5,'Tasmania','TAS',0,1),(323,24,5,'Victoria','VIC',0,1),(324,24,5,'Western Australia','WA',0,1);

--
-- Table structure for table `ps_stock`
--

CREATE TABLE `ps_stock` (
  `id_stock` int(11) unsigned NOT NULL AUTO_INCREMENT,
  `id_warehouse` int(11) unsigned NOT NULL,
  `id_product` int(11) unsigned NOT NULL,
  `id_product_attribute` int(11) unsigned NOT NULL,
  `reference` varchar(64) NOT NULL,
  `ean13` varchar(13) DEFAULT NULL,
  `isbn` varchar(32) DEFAULT NULL,
  `upc` varchar(12) DEFAULT NULL,
  `physical_quantity` int(11) unsigned NOT NULL,
  `usable_quantity` int(11) unsigned NOT NULL,
  `price_te` decimal(20,6) DEFAULT '0.000000',
  PRIMARY KEY (`id_stock`),
  KEY `id_warehouse` (`id_warehouse`),
  KEY `id_product` (`id_product`),
  KEY `id_product_attribute` (`id_product_attribute`)
) ENGINE=InnoDB DEFAULT CHARSET=utf8;

--
-- Dumping data for table `ps_stock`
--


--
-- Table structure for table `ps_stock_available`
--

CREATE TABLE `ps_stock_available` (
  `id_stock_available` int(11) unsigned NOT NULL AUTO_INCREMENT,
  `id_product` int(11) unsigned NOT NULL,
  `id_product_attribute` int(11) unsigned NOT NULL,
  `id_shop` int(11) unsigned NOT NULL,
  `id_shop_group` int(11) unsigned NOT NULL,
  `quantity` int(10) NOT NULL DEFAULT '0',
  `physical_quantity` int(11) NOT NULL DEFAULT '0',
  `reserved_quantity` int(11) NOT NULL DEFAULT '0',
  `depends_on_stock` tinyint(1) unsigned NOT NULL DEFAULT '0',
  `out_of_stock` tinyint(1) unsigned NOT NULL DEFAULT '0',
  `location` varchar(255) NOT NULL DEFAULT '',
  PRIMARY KEY (`id_stock_available`),
  UNIQUE KEY `product_sqlstock` (`id_product`,`id_product_attribute`,`id_shop`,`id_shop_group`),
  KEY `id_shop` (`id_shop`),
  KEY `id_shop_group` (`id_shop_group`),
  KEY `id_product` (`id_product`),
  KEY `id_product_attribute` (`id_product_attribute`)
) ENGINE=InnoDB AUTO_INCREMENT=343 DEFAULT CHARSET=utf8;

--
-- Dumping data for table `ps_stock_available`
--

INSERT INTO `ps_stock_available` VALUES (2,2,0,1,0,0,1,1,0,2,''),(4,4,0,1,0,1,1,0,0,2,''),(7,7,0,1,0,0,1,1,0,2,''),(9,9,0,1,0,1,1,0,0,2,''),(10,10,0,1,0,1,1,0,0,2,''),(12,12,0,1,0,1,1,0,0,2,''),(13,13,0,1,0,1,1,0,0,2,''),(14,14,0,1,0,1,1,0,0,2,''),(16,16,0,1,0,1,1,0,0,2,''),(20,20,0,1,0,1,1,0,0,2,''),(21,21,0,1,0,1,1,0,0,2,''),(22,22,0,1,0,1,1,0,0,2,''),(23,23,0,1,0,1,1,0,0,2,''),(25,25,0,1,0,1,1,0,0,2,''),(26,26,0,1,0,1,1,0,0,2,''),(27,27,0,1,0,1,1,0,0,2,''),(28,28,0,1,0,1,1,0,0,2,''),(37,37,0,1,0,1,1,0,0,2,''),(38,38,0,1,0,1,1,0,0,2,''),(40,40,0,1,0,1,1,0,0,2,''),(42,42,0,1,0,1,1,0,0,2,''),(43,43,0,1,0,1,1,0,0,2,''),(44,44,0,1,0,1,1,0,0,2,''),(45,45,0,1,0,1,1,0,0,2,''),(46,46,0,1,0,1,1,0,0,2,''),(48,48,0,1,0,1,1,0,0,2,''),(49,49,0,1,0,1,1,0,0,2,''),(51,51,0,1,0,1,1,0,0,2,''),(52,52,0,1,0,1,1,0,0,2,''),(53,53,0,1,0,1,1,0,0,2,''),(55,55,0,1,0,1,1,0,0,2,''),(56,56,0,1,0,1,1,0,0,2,''),(57,57,0,1,0,1,1,0,0,2,''),(68,68,0,1,0,1,1,0,0,2,''),(69,69,0,1,0,1,1,0,0,2,''),(84,84,0,1,0,1,1,0,0,2,''),(90,90,0,1,0,1,1,0,0,2,''),(91,91,0,1,0,1,1,0,0,2,''),(94,94,0,1,0,1,1,0,0,2,''),(95,95,0,1,0,1,1,0,0,2,''),(96,96,0,1,0,1,1,0,0,2,''),(97,97,0,1,0,1,1,0,0,2,''),(98,98,0,1,0,1,1,0,0,2,''),(99,99,0,1,0,1,1,0,0,2,''),(100,100,0,1,0,1,1,0,0,2,''),(101,101,0,1,0,1,1,0,0,2,''),(102,102,0,1,0,1,1,0,0,2,''),(103,103,0,1,0,1,1,0,0,2,''),(105,105,0,1,0,1,1,0,0,2,''),(106,106,0,1,0,1,1,0,0,2,''),(107,107,0,1,0,1,1,0,0,2,''),(121,121,0,1,0,1,1,0,0,2,''),(122,122,0,1,0,1,1,0,0,2,''),(123,123,0,1,0,1,1,0,0,2,''),(124,124,0,1,0,1,1,0,0,2,''),(125,125,0,1,0,1,1,0,0,2,''),(126,126,0,1,0,1,1,0,0,2,''),(127,127,0,1,0,1,1,0,0,2,''),(128,128,0,1,0,1,1,0,0,2,''),(129,129,0,1,0,1,1,0,0,2,''),(131,131,0,1,0,1,1,0,0,2,''),(134,134,0,1,0,1,1,0,0,2,''),(135,135,0,1,0,1,1,0,0,2,''),(136,136,0,1,0,1,1,0,0,2,''),(137,137,0,1,0,1,1,0,0,2,''),(141,141,0,1,0,1,1,0,0,2,''),(143,143,0,1,0,1,1,0,0,2,''),(145,145,0,1,0,1,1,0,0,2,''),(147,147,0,1,0,1,1,0,0,2,''),(148,148,0,1,0,1,1,0,0,2,''),(149,149,0,1,0,1,1,0,0,2,''),(150,150,0,1,0,1,1,0,0,2,''),(151,151,0,1,0,1,1,0,0,2,''),(152,152,0,1,0,1,1,0,0,2,''),(153,153,0,1,0,1,1,0,0,2,''),(154,154,0,1,0,1,1,0,0,2,''),(155,155,0,1,0,1,1,0,0,2,''),(164,164,0,1,0,1,1,0,0,2,''),(165,165,0,1,0,1,1,0,0,2,''),(167,167,0,1,0,1,1,0,0,2,''),(169,169,0,1,0,1,1,0,0,2,''),(170,170,0,1,0,1,1,0,0,2,''),(171,171,0,1,0,1,1,0,0,2,''),(172,172,0,1,0,1,1,0,0,2,''),(173,173,0,1,0,1,1,0,0,2,''),(174,174,0,1,0,1,1,0,0,2,''),(176,176,0,1,0,1,1,0,0,2,''),(177,177,0,1,0,1,1,0,0,2,''),(178,178,0,1,0,1,1,0,0,2,''),(179,179,0,1,0,1,1,0,0,2,''),(180,180,0,1,0,1,1,0,0,2,''),(181,181,0,1,0,1,1,0,0,2,''),(184,184,0,1,0,1,1,0,0,2,''),(187,187,0,1,0,1,1,0,0,2,''),(189,189,0,1,0,1,1,0,0,2,''),(190,190,0,1,0,1,1,0,0,2,''),(191,191,0,1,0,1,1,0,0,2,''),(192,192,0,1,0,1,1,0,0,2,''),(193,193,0,1,0,1,1,0,0,2,''),(194,194,0,1,0,1,1,0,0,2,''),(197,197,0,1,0,1,1,0,0,2,''),(198,198,0,1,0,1,1,0,0,2,''),(200,200,0,1,0,1,1,0,0,2,''),(214,214,0,1,0,1,1,0,0,2,''),(218,218,0,1,0,1,1,0,0,2,''),(220,220,0,1,0,1,1,0,0,2,''),(222,222,0,1,0,1,1,0,0,2,''),(223,223,0,1,0,1,1,0,0,2,''),(224,224,0,1,0,1,1,0,0,2,''),(225,225,0,1,0,1,1,0,0,2,''),(226,226,0,1,0,1,1,0,0,2,''),(227,227,0,1,0,1,1,0,0,2,''),(228,228,0,1,0,1,1,0,0,2,''),(229,229,0,1,0,1,1,0,0,2,''),(230,230,0,1,0,1,1,0,0,2,''),(231,231,0,1,0,1,1,0,0,2,''),(232,232,0,1,0,1,1,0,0,2,''),(233,233,0,1,0,1,1,0,0,2,''),(234,234,0,1,0,1,1,0,0,2,''),(235,235,0,1,0,1,1,0,0,2,''),(236,236,0,1,0,1,1,0,0,2,''),(237,237,0,1,0,1,1,0,0,2,''),(238,238,0,1,0,1,1,0,0,2,''),(239,239,0,1,0,1,1,0,0,2,''),(240,240,0,1,0,1,1,0,0,2,''),(241,241,0,1,0,1,1,0,0,2,''),(242,242,0,1,0,1,1,0,0,2,''),(243,243,0,1,0,1,1,0,0,2,''),(244,244,0,1,0,1,1,0,0,2,''),(245,245,0,1,0,1,1,0,0,2,''),(246,246,0,1,0,1,1,0,0,2,''),(247,247,0,1,0,1,1,0,0,2,''),(248,248,0,1,0,1,1,0,0,2,''),(249,249,0,1,0,1,1,0,0,2,''),(250,250,0,1,0,1,1,0,0,2,''),(251,251,0,1,0,1,1,0,0,2,''),(252,252,0,1,0,1,1,0,0,2,''),(253,253,0,1,0,1,1,0,0,2,''),(254,254,0,1,0,1,1,0,0,2,''),(255,255,0,1,0,1,1,0,0,2,''),(256,256,0,1,0,1,1,0,0,2,''),(257,257,0,1,0,0,0,0,0,2,''),(258,258,0,1,0,1,1,0,0,2,''),(259,259,0,1,0,1,1,0,0,2,''),(260,260,0,1,0,0,1,1,0,2,''),(261,261,0,1,0,0,1,1,0,2,''),(263,263,0,1,0,1,1,0,0,2,''),(264,264,0,1,0,1,1,0,0,2,''),(265,265,0,1,0,1,1,0,0,2,''),(266,266,0,1,0,1,1,0,0,2,''),(267,267,0,1,0,1,1,0,0,2,''),(268,268,0,1,0,1,1,0,0,2,''),(269,269,0,1,0,1,1,0,0,2,''),(270,270,0,1,0,1,1,0,0,2,''),(271,271,0,1,0,1,1,0,0,2,''),(272,272,0,1,0,1,1,0,0,2,''),(273,273,0,1,0,1,1,0,0,2,''),(276,276,0,1,0,1,1,0,0,2,''),(277,277,0,1,0,1,1,0,0,2,''),(278,278,0,1,0,1,1,0,0,2,''),(280,280,0,1,0,1,1,0,0,2,''),(281,281,0,1,0,1,1,0,0,2,''),(282,282,0,1,0,1,1,0,0,2,''),(283,283,0,1,0,1,1,0,0,2,''),(297,297,0,1,0,0,0,0,0,2,''),(298,298,0,1,0,1,1,0,0,2,''),(299,299,0,1,0,1,1,0,0,2,''),(300,300,0,1,0,1,1,0,0,2,''),(303,303,0,1,0,1,1,0,0,2,''),(304,304,0,1,0,1,1,0,0,2,''),(305,305,0,1,0,1,1,0,0,2,''),(308,308,0,1,0,1,1,0,0,2,''),(309,309,0,1,0,1,1,0,0,2,''),(310,310,0,1,0,1,1,0,0,2,''),(311,311,0,1,0,1,1,0,0,2,''),(312,312,0,1,0,1,1,0,0,2,''),(313,313,0,1,0,1,1,0,0,2,''),(314,314,0,1,0,1,1,0,0,2,''),(318,318,0,1,0,1,1,0,0,2,''),(319,319,0,1,0,1,1,0,0,2,''),(321,321,0,1,0,1,1,0,0,2,''),(322,322,0,1,0,1,1,0,0,2,''),(323,323,0,1,0,1,1,0,0,2,''),(325,325,0,1,0,1,1,0,0,2,''),(326,326,0,1,0,1,1,0,0,2,''),(327,327,0,1,0,1,1,0,0,2,''),(328,328,0,1,0,1,1,0,0,2,''),(330,330,0,1,0,1,1,0,0,2,''),(332,332,0,1,0,1,1,0,0,2,''),(333,333,0,1,0,1,1,0,0,2,''),(334,334,0,1,0,1,1,0,0,2,''),(335,335,0,1,0,1,1,0,0,2,''),(336,336,0,1,0,1,1,0,0,2,''),(337,337,0,1,0,1,1,0,0,2,''),(338,338,0,1,0,1,1,0,0,2,''),(339,339,0,1,0,1,1,0,0,2,''),(340,340,0,1,0,1,1,0,0,2,''),(342,342,0,1,0,1,1,0,0,2,'');

--
-- Table structure for table `ps_stock_mvt`
--

CREATE TABLE `ps_stock_mvt` (
  `id_stock_mvt` bigint(20) NOT NULL AUTO_INCREMENT,
  `id_stock` int(11) NOT NULL,
  `id_order` int(11) DEFAULT NULL,
  `id_supply_order` int(11) DEFAULT NULL,
  `id_stock_mvt_reason` int(11) NOT NULL,
  `id_employee` int(11) NOT NULL,
  `employee_lastname` varchar(32) COLLATE utf8_unicode_ci DEFAULT NULL,
  `employee_firstname` varchar(32) COLLATE utf8_unicode_ci DEFAULT NULL,
  `physical_quantity` int(11) NOT NULL,
  `date_add` datetime NOT NULL,
  `sign` smallint(6) NOT NULL DEFAULT '1',
  `price_te` decimal(20,6) DEFAULT '0.000000',
  `last_wa` decimal(20,6) DEFAULT '0.000000',
  `current_wa` decimal(20,6) DEFAULT '0.000000',
  `referer` bigint(20) DEFAULT NULL,
  PRIMARY KEY (`id_stock_mvt`),
  KEY `id_stock` (`id_stock`),
  KEY `id_stock_mvt_reason` (`id_stock_mvt_reason`)
) ENGINE=InnoDB AUTO_INCREMENT=298 DEFAULT CHARSET=utf8 COLLATE=utf8_unicode_ci;

--
-- Dumping data for table `ps_stock_mvt`
--

INSERT INTO `ps_stock_mvt` VALUES (1,2,NULL,NULL,11,1,'GALERIE','ARTOP',1,'2019-02-10 16:56:59',1,0.000000,0.000000,0.000000,NULL),(2,4,NULL,NULL,11,1,'GALERIE','ARTOP',1,'2019-02-10 17:19:09',1,0.000000,0.000000,0.000000,NULL),(3,5,NULL,NULL,11,1,'GALERIE','ARTOP',1,'2019-02-11 01:03:43',1,0.000000,0.000000,0.000000,NULL),(4,7,NULL,NULL,11,1,'GALERIE','ARTOP',1,'2019-06-30 23:33:36',1,0.000000,0.000000,0.000000,NULL),(5,7,1,NULL,3,2,'LEFEVERE','DANIE',1,'2019-07-02 10:18:30',-1,0.000000,0.000000,0.000000,NULL),(6,7,1,NULL,9,2,'LEFEVERE','DANIE',1,'2019-07-02 10:22:59',1,0.000000,0.000000,0.000000,NULL),(7,9,NULL,NULL,11,2,'LEFEVERE','DANIE',1,'2019-07-02 10:38:43',1,0.000000,0.000000,0.000000,NULL),(8,10,NULL,NULL,11,2,'LEFEVERE','DANIE',1,'2019-08-17 16:30:49',1,0.000000,0.000000,0.000000,NULL),(9,12,NULL,NULL,11,2,'LEFEVERE','DANIE',1,'2019-08-17 18:07:29',1,0.000000,0.000000,0.000000,NULL),(10,13,NULL,NULL,11,2,'LEFEVERE','DANIE',1,'2019-08-17 19:06:12',1,0.000000,0.000000,0.000000,NULL),(11,14,NULL,NULL,11,2,'LEFEVERE','DANIE',1,'2019-08-17 19:15:16',1,0.000000,0.000000,0.000000,NULL),(12,16,NULL,NULL,11,2,'LEFEVERE','DANIE',1,'2019-08-17 19:35:24',1,0.000000,0.000000,0.000000,NULL),(13,17,NULL,NULL,11,2,'LEFEVERE','DANIE',1,'2019-08-17 19:54:41',1,0.000000,0.000000,0.000000,NULL),(14,20,NULL,NULL,11,2,'LEFEVERE','DANIE',1,'2019-08-18 13:36:12',1,0.000000,0.000000,0.000000,NULL),(15,21,NULL,NULL,11,2,'LEFEVERE','DANIE',1,'2019-08-18 13:52:20',1,0.000000,0.000000,0.000000,NULL),(16,22,NULL,NULL,11,2,'LEFEVERE','DANIE',1,'2019-08-20 13:34:42',1,0.000000,0.000000,0.000000,NULL),(17,23,NULL,NULL,11,2,'LEFEVERE','DANIE',1,'2019-08-20 14:30:27',1,0.000000,0.000000,0.000000,NULL),(18,25,NULL,NULL,11,2,'LEFEVERE','DANIE',1,'2019-08-20 16:13:37',1,0.000000,0.000000,0.000000,NULL),(19,26,NULL,NULL,11,2,'LEFEVERE','DANIE',1,'2019-08-20 16:24:31',1,0.000000,0.000000,0.000000,NULL),(20,27,NULL,NULL,11,2,'LEFEVERE','DANIE',1,'2019-08-20 16:56:42',1,0.000000,0.000000,0.000000,NULL),(21,28,NULL,NULL,11,2,'LEFEVERE','DANIE',1,'2019-08-22 18:08:40',1,0.000000,0.000000,0.000000,NULL),(22,30,NULL,NULL,11,2,'LEFEVERE','DANIE',1,'2019-08-23 17:57:35',1,0.000000,0.000000,0.000000,NULL),(23,31,NULL,NULL,11,2,'LEFEVERE','DANIE',1,'2019-08-23 18:26:27',1,0.000000,0.000000,0.000000,NULL),(24,33,NULL,NULL,11,2,'LEFEVERE','DANIE',1,'2019-09-07 17:27:55',1,0.000000,0.000000,0.000000,NULL),(25,34,NULL,NULL,11,2,'LEFEVERE','DANIE',1,'2019-09-09 15:29:54',1,0.000000,0.000000,0.000000,NULL),(26,35,NULL,NULL,11,2,'LEFEVERE','DANIE',1,'2019-09-09 16:08:48',1,0.000000,0.000000,0.000000,NULL),(27,36,NULL,NULL,11,2,'LEFEVERE','DANIE',1,'2019-09-09 16:32:34',1,0.000000,0.000000,0.000000,NULL),(28,37,NULL,NULL,11,2,'LEFEVERE','DANIE',1,'2019-09-19 12:32:58',1,0.000000,0.000000,0.000000,NULL),(29,38,NULL,NULL,11,2,'LEFEVERE','DANIE',1,'2019-09-19 12:56:08',1,0.000000,0.000000,0.000000,NULL),(30,40,NULL,NULL,11,2,'LEFEVERE','DANIE',1,'2019-09-19 13:01:50',1,0.000000,0.000000,0.000000,NULL),(31,41,NULL,NULL,11,2,'LEFEVERE','DANIE',1,'2019-09-19 14:07:44',1,0.000000,0.000000,0.000000,NULL),(32,42,NULL,NULL,11,2,'LEFEVERE','DANIE',1,'2019-09-19 15:18:11',1,0.000000,0.000000,0.000000,NULL),(33,43,NULL,NULL,11,2,'LEFEVERE','DANIE',1,'2019-09-19 15:34:23',1,0.000000,0.000000,0.000000,NULL),(34,44,NULL,NULL,11,2,'LEFEVERE','DANIE',1,'2019-09-19 15:58:16',1,0.000000,0.000000,0.000000,NULL),(35,45,NULL,NULL,11,2,'LEFEVERE','DANIE',1,'2019-09-19 16:28:06',1,0.000000,0.000000,0.000000,NULL),(36,46,NULL,NULL,11,2,'LEFEVERE','DANIE',1,'2019-09-19 16:36:50',1,0.000000,0.000000,0.000000,NULL),(37,47,NULL,NULL,11,2,'LEFEVERE','DANIE',1,'2019-09-19 16:55:45',1,0.000000,0.000000,0.000000,NULL),(38,48,NULL,NULL,11,2,'LEFEVERE','DANIE',1,'2019-09-19 17:03:55',1,0.000000,0.000000,0.000000,NULL),(39,49,NULL,NULL,11,2,'LEFEVERE','DANIE',1,'2019-09-20 15:56:26',1,0.000000,0.000000,0.000000,NULL),(40,50,NULL,NULL,11,2,'LEFEVERE','DANIE',1,'2019-09-20 16:07:59',1,0.000000,0.000000,0.000000,NULL),(41,51,NULL,NULL,11,2,'LEFEVERE','DANIE',1,'2019-09-20 16:32:41',1,0.000000,0.000000,0.000000,NULL),(42,52,NULL,NULL,11,2,'LEFEVERE','DANIE',1,'2019-09-20 17:29:30',1,0.000000,0.000000,0.000000,NULL),(43,55,NULL,NULL,11,2,'LEFEVERE','DANIE',1,'2019-09-21 16:12:35',1,0.000000,0.000000,0.000000,NULL),(44,53,NULL,NULL,11,2,'LEFEVERE','DANIE',1,'2019-09-21 16:32:49',1,0.000000,0.000000,0.000000,NULL),(45,56,NULL,NULL,11,2,'LEFEVERE','DANIE',1,'2019-10-04 17:03:27',1,0.000000,0.000000,0.000000,NULL),(46,57,NULL,NULL,11,2,'LEFEVERE','DANIE',1,'2019-10-05 14:41:02',1,0.000000,0.000000,0.000000,NULL),(47,59,NULL,NULL,11,2,'LEFEVERE','DANIE',1,'2020-02-17 14:28:30',1,0.000000,0.000000,0.000000,NULL),(48,60,NULL,NULL,11,2,'LEFEVERE','DANIE',1,'2020-02-17 14:45:31',1,0.000000,0.000000,0.000000,NULL),(49,61,NULL,NULL,11,2,'LEFEVERE','DANIE',1,'2020-02-17 15:20:59',1,0.000000,0.000000,0.000000,NULL),(50,62,NULL,NULL,11,2,'LEFEVERE','DANIE',1,'2020-02-17 15:47:20',1,0.000000,0.000000,0.000000,NULL),(51,67,NULL,NULL,11,2,'LEFEVERE','DANIE',1,'2020-02-21 16:51:40',1,0.000000,0.000000,0.000000,NULL),(52,68,NULL,NULL,11,2,'LEFEVERE','DANIE',1,'2020-02-21 18:24:34',1,0.000000,0.000000,0.000000,NULL),(53,69,NULL,NULL,11,2,'LEFEVERE','DANIE',1,'2020-02-21 18:36:34',1,0.000000,0.000000,0.000000,NULL),(54,71,NULL,NULL,11,2,'LEFEVERE','DANIE',1,'2020-02-22 16:27:59',1,0.000000,0.000000,0.000000,NULL),(55,72,NULL,NULL,11,2,'LEFEVERE','DANIE',1,'2020-02-22 18:28:58',1,0.000000,0.000000,0.000000,NULL),(56,73,NULL,NULL,11,2,'LEFEVERE','DANIE',1,'2020-02-22 18:36:55',1,0.000000,0.000000,0.000000,NULL),(57,74,NULL,NULL,11,2,'LEFEVERE','DANIE',1,'2020-02-26 15:08:52',1,0.000000,0.000000,0.000000,NULL),(58,66,NULL,NULL,11,2,'LEFEVERE','DANIE',1,'2020-02-28 15:37:46',1,0.000000,0.000000,0.000000,NULL),(59,75,NULL,NULL,11,2,'LEFEVERE','DANIE',1,'2020-02-28 15:57:44',1,0.000000,0.000000,0.000000,NULL),(60,76,NULL,NULL,11,2,'LEFEVERE','DANIE',1,'2020-02-28 16:16:56',1,0.000000,0.000000,0.000000,NULL),(61,78,NULL,NULL,11,2,'LEFEVERE','DANIE',1,'2020-02-28 16:28:18',1,0.000000,0.000000,0.000000,NULL),(62,80,NULL,NULL,11,2,'LEFEVERE','DANIE',1,'2020-02-28 16:35:09',1,0.000000,0.000000,0.000000,NULL),(63,81,NULL,NULL,11,2,'LEFEVERE','DANIE',1,'2020-02-28 18:01:24',1,0.000000,0.000000,0.000000,NULL),(64,82,NULL,NULL,11,2,'LEFEVERE','DANIE',1,'2020-02-29 14:38:59',1,0.000000,0.000000,0.000000,NULL),(65,83,NULL,NULL,11,2,'LEFEVERE','DANIE',1,'2020-02-29 14:56:12',1,0.000000,0.000000,0.000000,NULL),(66,84,NULL,NULL,11,2,'LEFEVERE','DANIE',1,'2020-02-29 15:21:17',1,0.000000,0.000000,0.000000,NULL),(67,86,NULL,NULL,11,2,'LEFEVERE','DANIE',1,'2020-04-15 17:49:30',1,0.000000,0.000000,0.000000,NULL),(68,87,NULL,NULL,11,1,'GALERIE','ARTOP',1,'2020-04-16 21:56:30',1,0.000000,0.000000,0.000000,NULL),(69,88,NULL,NULL,11,2,'LEFEVERE','DANIE',1,'2020-04-29 14:59:13',1,0.000000,0.000000,0.000000,NULL),(70,90,NULL,NULL,11,2,'LEFEVERE','DANIE',1,'2020-04-29 16:21:37',1,0.000000,0.000000,0.000000,NULL),(71,91,NULL,NULL,11,2,'LEFEVERE','DANIE',1,'2020-05-02 16:11:24',1,0.000000,0.000000,0.000000,NULL),(72,92,NULL,NULL,11,2,'LEFEVERE','DANIE',1,'2020-05-02 16:42:57',1,0.000000,0.000000,0.000000,NULL),(73,93,NULL,NULL,11,2,'LEFEVERE','DANIE',1,'2020-05-05 10:50:41',1,0.000000,0.000000,0.000000,NULL),(74,94,NULL,NULL,11,2,'LEFEVERE','DANIE',1,'2020-05-05 12:52:51',1,0.000000,0.000000,0.000000,NULL),(75,95,NULL,NULL,11,2,'LEFEVERE','DANIE',1,'2020-05-05 13:37:33',1,0.000000,0.000000,0.000000,NULL),(76,96,NULL,NULL,11,2,'LEFEVERE','DANIE',1,'2020-05-05 14:02:19',1,0.000000,0.000000,0.000000,NULL),(77,97,NULL,NULL,11,2,'LEFEVERE','DANIE',1,'2020-05-05 14:10:47',1,0.000000,0.000000,0.000000,NULL),(78,98,NULL,NULL,11,2,'LEFEVERE','DANIE',1,'2020-05-05 14:17:57',1,0.000000,0.000000,0.000000,NULL),(79,99,NULL,NULL,11,2,'LEFEVERE','DANIE',1,'2020-05-05 14:28:12',1,0.000000,0.000000,0.000000,NULL),(80,100,NULL,NULL,11,2,'LEFEVERE','DANIE',1,'2020-05-05 14:59:25',1,0.000000,0.000000,0.000000,NULL),(81,101,NULL,NULL,11,2,'LEFEVERE','DANIE',1,'2020-05-05 15:42:29',1,0.000000,0.000000,0.000000,NULL),(82,102,NULL,NULL,11,2,'LEFEVERE','DANIE',1,'2020-05-05 16:13:13',1,0.000000,0.000000,0.000000,NULL),(83,103,NULL,NULL,11,2,'LEFEVERE','DANIE',1,'2020-05-05 17:15:36',1,0.000000,0.000000,0.000000,NULL),(84,104,NULL,NULL,11,2,'LEFEVERE','DANIE',1,'2020-05-05 17:48:33',1,0.000000,0.000000,0.000000,NULL),(85,105,NULL,NULL,11,2,'LEFEVERE','DANIE',1,'2020-05-05 18:01:43',1,0.000000,0.000000,0.000000,NULL),(86,106,NULL,NULL,11,2,'LEFEVERE','DANIE',1,'2020-05-05 18:18:31',1,0.000000,0.000000,0.000000,NULL),(87,107,NULL,NULL,11,2,'LEFEVERE','DANIE',1,'2020-05-05 18:29:46',1,0.000000,0.000000,0.000000,NULL),(88,109,NULL,NULL,11,2,'LEFEVERE','DANIE',1,'2020-05-06 15:41:57',1,0.000000,0.000000,0.000000,NULL),(89,110,NULL,NULL,11,2,'LEFEVERE','DANIE',1,'2020-05-25 15:14:49',1,0.000000,0.000000,0.000000,NULL),(90,111,NULL,NULL,11,2,'LEFEVERE','DANIE',1,'2020-05-25 16:34:13',1,0.000000,0.000000,0.000000,NULL),(91,112,NULL,NULL,11,2,'LEFEVERE','DANIE',1,'2020-05-25 16:44:26',1,0.000000,0.000000,0.000000,NULL),(92,113,NULL,NULL,11,2,'LEFEVERE','DANIE',1,'2020-05-25 17:02:14',1,0.000000,0.000000,0.000000,NULL),(93,115,NULL,NULL,11,2,'LEFEVERE','DANIE',1,'2020-05-25 17:16:55',1,0.000000,0.000000,0.000000,NULL),(94,116,NULL,NULL,11,2,'LEFEVERE','DANIE',1,'2020-05-25 17:33:30',1,0.000000,0.000000,0.000000,NULL),(95,117,NULL,NULL,11,2,'LEFEVERE','DANIE',1,'2020-05-25 19:15:56',1,0.000000,0.000000,0.000000,NULL),(96,118,NULL,NULL,11,2,'LEFEVERE','DANIE',1,'2020-05-26 15:15:03',1,0.000000,0.000000,0.000000,NULL),(97,119,NULL,NULL,11,2,'LEFEVERE','DANIE',1,'2020-05-26 16:40:08',1,0.000000,0.000000,0.000000,NULL),(98,121,NULL,NULL,11,2,'LEFEVERE','DANIE',1,'2020-05-26 17:20:04',1,0.000000,0.000000,0.000000,NULL),(99,122,NULL,NULL,11,2,'LEFEVERE','DANIE',1,'2020-05-27 16:38:42',1,0.000000,0.000000,0.000000,NULL),(100,123,NULL,NULL,11,2,'LEFEVERE','DANIE',1,'2020-05-27 16:53:44',1,0.000000,0.000000,0.000000,NULL),(101,124,NULL,NULL,11,2,'LEFEVERE','DANIE',1,'2020-05-27 17:23:14',1,0.000000,0.000000,0.000000,NULL),(102,125,NULL,NULL,11,2,'LEFEVERE','DANIE',1,'2020-05-27 17:56:59',1,0.000000,0.000000,0.000000,NULL),(103,126,NULL,NULL,11,2,'LEFEVERE','DANIE',1,'2020-05-29 11:57:29',1,0.000000,0.000000,0.000000,NULL),(104,127,NULL,NULL,11,2,'LEFEVERE','DANIE',1,'2020-05-29 12:20:40',1,0.000000,0.000000,0.000000,NULL),(105,128,NULL,NULL,11,2,'LEFEVERE','DANIE',1,'2020-05-29 12:32:53',1,0.000000,0.000000,0.000000,NULL),(106,129,NULL,NULL,11,2,'LEFEVERE','DANIE',1,'2020-05-29 17:29:40',1,0.000000,0.000000,0.000000,NULL),(107,131,NULL,NULL,11,2,'LEFEVERE','DANIE',1,'2020-06-01 14:06:56',1,0.000000,0.000000,0.000000,NULL),(108,132,NULL,NULL,11,2,'LEFEVERE','DANIE',1,'2020-06-01 14:38:12',1,0.000000,0.000000,0.000000,NULL),(109,133,NULL,NULL,11,2,'LEFEVERE','DANIE',1,'2020-06-01 14:58:03',1,0.000000,0.000000,0.000000,NULL),(110,134,NULL,NULL,11,2,'LEFEVERE','DANIE',1,'2020-06-01 15:09:50',1,0.000000,0.000000,0.000000,NULL),(111,135,NULL,NULL,11,2,'LEFEVERE','DANIE',1,'2020-06-05 13:44:53',1,0.000000,0.000000,0.000000,NULL),(112,136,NULL,NULL,11,2,'LEFEVERE','DANIE',1,'2020-06-05 14:04:54',1,0.000000,0.000000,0.000000,NULL),(113,137,NULL,NULL,11,2,'LEFEVERE','DANIE',1,'2020-06-05 14:18:26',1,0.000000,0.000000,0.000000,NULL),(114,138,NULL,NULL,11,2,'LEFEVERE','DANIE',1,'2020-06-05 17:20:47',1,0.000000,0.000000,0.000000,NULL),(115,139,NULL,NULL,11,2,'LEFEVERE','DANIE',1,'2020-06-07 15:30:43',1,0.000000,0.000000,0.000000,NULL),(116,140,NULL,NULL,11,2,'LEFEVERE','DANIE',1,'2020-06-08 08:50:01',1,0.000000,0.000000,0.000000,NULL),(117,141,NULL,NULL,11,2,'LEFEVERE','DANIE',1,'2020-06-08 09:08:12',1,0.000000,0.000000,0.000000,NULL),(118,142,NULL,NULL,11,2,'LEFEVERE','DANIE',1,'2020-06-08 10:11:20',1,0.000000,0.000000,0.000000,NULL),(119,143,NULL,NULL,11,2,'LEFEVERE','DANIE',1,'2020-07-02 15:24:26',1,0.000000,0.000000,0.000000,NULL),(120,144,NULL,NULL,11,2,'LEFEVERE','DANIE',1,'2020-07-02 15:45:32',1,0.000000,0.000000,0.000000,NULL),(121,145,NULL,NULL,11,2,'LEFEVERE','DANIE',1,'2020-07-02 16:14:27',1,0.000000,0.000000,0.000000,NULL),(122,146,NULL,NULL,11,2,'LEFEVERE','DANIE',1,'2020-09-10 16:01:28',1,0.000000,0.000000,0.000000,NULL),(123,147,NULL,NULL,11,2,'LEFEVERE','DANIE',1,'2020-09-11 12:28:17',1,0.000000,0.000000,0.000000,NULL),(124,148,NULL,NULL,11,2,'LEFEVERE','DANIE',1,'2020-09-11 12:44:00',1,0.000000,0.000000,0.000000,NULL),(125,149,NULL,NULL,11,2,'LEFEVERE','DANIE',1,'2020-09-11 14:00:20',1,0.000000,0.000000,0.000000,NULL),(126,150,NULL,NULL,11,2,'LEFEVERE','DANIE',1,'2020-09-11 15:03:01',1,0.000000,0.000000,0.000000,NULL),(127,151,NULL,NULL,11,2,'LEFEVERE','DANIE',1,'2020-09-11 15:55:39',1,0.000000,0.000000,0.000000,NULL),(128,152,NULL,NULL,11,2,'LEFEVERE','DANIE',1,'2020-09-12 12:08:21',1,0.000000,0.000000,0.000000,NULL),(129,153,NULL,NULL,11,2,'LEFEVERE','DANIE',1,'2020-09-12 16:30:41',1,0.000000,0.000000,0.000000,NULL),(130,154,NULL,NULL,11,2,'LEFEVERE','DANIE',1,'2020-09-12 16:34:32',1,0.000000,0.000000,0.000000,NULL),(131,155,NULL,NULL,11,2,'LEFEVERE','DANIE',1,'2020-09-12 16:50:32',1,0.000000,0.000000,0.000000,NULL),(132,159,NULL,NULL,11,2,'LEFEVERE','DANIE',1,'2020-09-17 11:19:00',1,0.000000,0.000000,0.000000,NULL),(133,160,NULL,NULL,11,2,'LEFEVERE','DANIE',1,'2020-09-17 12:12:37',1,0.000000,0.000000,0.000000,NULL),(134,164,NULL,NULL,11,2,'LEFEVERE','DANIE',1,'2020-09-17 16:13:41',1,0.000000,0.000000,0.000000,NULL),(135,165,NULL,NULL,11,2,'LEFEVERE','DANIE',1,'2020-09-17 16:38:05',1,0.000000,0.000000,0.000000,NULL),(136,166,NULL,NULL,11,2,'LEFEVERE','DANIE',1,'2020-09-17 16:51:24',1,0.000000,0.000000,0.000000,NULL),(137,167,NULL,NULL,11,2,'LEFEVERE','DANIE',1,'2020-09-17 17:11:21',1,0.000000,0.000000,0.000000,NULL),(138,168,NULL,NULL,11,2,'LEFEVERE','DANIE',1,'2020-09-28 14:01:07',1,0.000000,0.000000,0.000000,NULL),(139,169,NULL,NULL,11,2,'LEFEVERE','DANIE',1,'2020-09-28 14:24:56',1,0.000000,0.000000,0.000000,NULL),(140,170,NULL,NULL,11,2,'LEFEVERE','DANIE',1,'2020-09-28 14:31:22',1,0.000000,0.000000,0.000000,NULL),(141,171,NULL,NULL,11,2,'LEFEVERE','DANIE',1,'2020-09-28 14:44:05',1,0.000000,0.000000,0.000000,NULL),(142,172,NULL,NULL,11,2,'LEFEVERE','DANIE',1,'2020-09-28 14:51:47',1,0.000000,0.000000,0.000000,NULL),(143,173,NULL,NULL,11,2,'LEFEVERE','DANIE',1,'2020-09-28 15:03:43',1,0.000000,0.000000,0.000000,NULL),(144,174,NULL,NULL,11,2,'LEFEVERE','DANIE',1,'2020-09-28 15:12:15',1,0.000000,0.000000,0.000000,NULL),(145,176,NULL,NULL,11,2,'LEFEVERE','DANIE',1,'2020-09-28 15:24:44',1,0.000000,0.000000,0.000000,NULL),(146,177,NULL,NULL,11,2,'LEFEVERE','DANIE',1,'2020-09-28 15:31:50',1,0.000000,0.000000,0.000000,NULL),(147,178,NULL,NULL,11,2,'LEFEVERE','DANIE',1,'2020-09-28 16:02:24',1,0.000000,0.000000,0.000000,NULL),(148,179,NULL,NULL,11,2,'LEFEVERE','DANIE',1,'2020-09-28 16:07:20',1,0.000000,0.000000,0.000000,NULL),(149,180,NULL,NULL,11,2,'LEFEVERE','DANIE',1,'2020-11-16 11:32:58',1,0.000000,0.000000,0.000000,NULL),(150,181,NULL,NULL,11,2,'LEFEVERE','DANIE',1,'2020-11-16 12:31:54',1,0.000000,0.000000,0.000000,NULL),(151,182,NULL,NULL,11,2,'LEFEVERE','DANIE',1,'2020-12-03 16:46:15',1,0.000000,0.000000,0.000000,NULL),(152,184,NULL,NULL,11,2,'LEFEVERE','DANIE',1,'2020-12-15 15:56:41',1,0.000000,0.000000,0.000000,NULL),(153,187,NULL,NULL,11,2,'LEFEVERE','DANIE',1,'2020-12-15 16:23:11',1,0.000000,0.000000,0.000000,NULL),(154,189,NULL,NULL,11,2,'LEFEVERE','DANIE',1,'2020-12-15 16:39:43',1,0.000000,0.000000,0.000000,NULL),(155,190,NULL,NULL,11,2,'LEFEVERE','DANIE',1,'2020-12-15 16:50:18',1,0.000000,0.000000,0.000000,NULL),(156,191,NULL,NULL,11,2,'LEFEVERE','DANIE',1,'2020-12-15 17:12:28',1,0.000000,0.000000,0.000000,NULL),(157,192,NULL,NULL,11,2,'LEFEVERE','DANIE',1,'2020-12-15 17:43:28',1,0.000000,0.000000,0.000000,NULL),(158,193,NULL,NULL,11,2,'LEFEVERE','DANIE',1,'2020-12-17 16:00:37',1,0.000000,0.000000,0.000000,NULL),(159,194,NULL,NULL,11,2,'LEFEVERE','DANIE',1,'2020-12-17 16:38:07',1,0.000000,0.000000,0.000000,NULL),(160,195,NULL,NULL,11,2,'LEFEVERE','DANIE',1,'2021-03-09 11:57:16',1,0.000000,0.000000,0.000000,NULL),(161,196,NULL,NULL,11,2,'LEFEVERE','DANIE',1,'2021-03-18 17:04:37',1,0.000000,0.000000,0.000000,NULL),(162,197,NULL,NULL,11,2,'LEFEVERE','DANIE',1,'2021-03-29 12:04:15',1,0.000000,0.000000,0.000000,NULL),(163,198,NULL,NULL,11,2,'LEFEVERE','DANIE',1,'2021-03-29 15:26:25',1,0.000000,0.000000,0.000000,NULL),(164,199,NULL,NULL,11,2,'LEFEVERE','DANIE',1,'2021-04-02 14:36:24',1,0.000000,0.000000,0.000000,NULL),(165,200,NULL,NULL,11,2,'LEFEVERE','DANIE',1,'2021-04-05 16:03:01',1,0.000000,0.000000,0.000000,NULL),(166,201,NULL,NULL,11,2,'LEFEVERE','DANIE',1,'2021-04-08 18:10:05',1,0.000000,0.000000,0.000000,NULL),(167,202,NULL,NULL,11,2,'LEFEVERE','DANIE',1,'2021-04-09 12:45:27',1,0.000000,0.000000,0.000000,NULL),(168,203,NULL,NULL,11,2,'LEFEVERE','DANIE',1,'2021-04-09 16:33:11',1,0.000000,0.000000,0.000000,NULL),(169,204,NULL,NULL,11,2,'LEFEVERE','DANIE',1,'2021-04-10 15:25:56',1,0.000000,0.000000,0.000000,NULL),(170,206,NULL,NULL,11,2,'LEFEVERE','DANIE',1,'2021-04-10 15:42:13',1,0.000000,0.000000,0.000000,NULL),(171,207,NULL,NULL,11,2,'LEFEVERE','DANIE',1,'2021-04-10 16:12:19',1,0.000000,0.000000,0.000000,NULL),(172,208,NULL,NULL,11,2,'LEFEVERE','DANIE',1,'2021-04-10 16:14:41',1,0.000000,0.000000,0.000000,NULL),(173,209,NULL,NULL,11,2,'LEFEVERE','DANIE',1,'2021-04-10 16:15:03',1,0.000000,0.000000,0.000000,NULL),(174,210,NULL,NULL,11,2,'LEFEVERE','DANIE',1,'2021-04-15 16:48:27',1,0.000000,0.000000,0.000000,NULL),(175,211,NULL,NULL,11,2,'LEFEVERE','DANIE',1,'2021-04-15 17:22:37',1,0.000000,0.000000,0.000000,NULL),(176,213,NULL,NULL,11,2,'LEFEVERE','DANIE',1,'2021-04-16 16:28:41',1,0.000000,0.000000,0.000000,NULL),(177,214,NULL,NULL,11,2,'LEFEVERE','DANIE',1,'2021-05-06 15:36:50',1,0.000000,0.000000,0.000000,NULL),(178,216,NULL,NULL,11,2,'LEFEVERE','DANIE',1,'2021-05-28 10:51:29',1,0.000000,0.000000,0.000000,NULL),(179,217,NULL,NULL,11,2,'LEFEVERE','DANIE',1,'2021-05-28 11:21:32',1,0.000000,0.000000,0.000000,NULL),(180,219,NULL,NULL,11,2,'LEFEVERE','DANIE',1,'2021-05-28 16:02:42',1,0.000000,0.000000,0.000000,NULL),(181,218,NULL,NULL,11,2,'LEFEVERE','DANIE',1,'2021-06-03 10:20:58',1,0.000000,0.000000,0.000000,NULL),(182,220,NULL,NULL,11,2,'LEFEVERE','DANIE',1,'2021-06-03 10:27:24',1,0.000000,0.000000,0.000000,NULL),(183,221,NULL,NULL,11,2,'LEFEVERE','DANIE',1,'2021-06-03 14:23:42',1,0.000000,0.000000,0.000000,NULL),(184,222,NULL,NULL,11,2,'LEFEVERE','DANIE',1,'2021-06-08 13:23:55',1,0.000000,0.000000,0.000000,NULL),(185,223,NULL,NULL,11,2,'LEFEVERE','DANIE',1,'2021-07-15 16:15:58',1,0.000000,0.000000,0.000000,NULL),(186,224,NULL,NULL,11,2,'LEFEVERE','DANIE',1,'2021-07-15 16:57:05',1,0.000000,0.000000,0.000000,NULL),(187,225,NULL,NULL,11,2,'LEFEVERE','DANIE',1,'2021-07-15 17:39:04',1,0.000000,0.000000,0.000000,NULL),(188,226,NULL,NULL,11,2,'LEFEVERE','DANIE',1,'2021-09-15 15:39:23',1,0.000000,0.000000,0.000000,NULL),(189,227,NULL,NULL,11,2,'LEFEVERE','DANIE',1,'2021-09-16 10:41:31',1,0.000000,0.000000,0.000000,NULL),(190,228,NULL,NULL,11,2,'LEFEVERE','DANIE',900,'2021-09-16 11:48:26',1,0.000000,0.000000,0.000000,NULL),(191,228,NULL,NULL,11,2,'LEFEVERE','DANIE',899,'2021-09-16 11:50:24',-1,0.000000,0.000000,0.000000,NULL),(192,229,NULL,NULL,11,2,'LEFEVERE','DANIE',1,'2021-09-16 12:11:07',1,0.000000,0.000000,0.000000,NULL),(193,230,NULL,NULL,11,2,'LEFEVERE','DANIE',1,'2021-09-20 16:31:59',1,0.000000,0.000000,0.000000,NULL),(194,231,NULL,NULL,11,2,'LEFEVERE','DANIE',1,'2021-09-23 17:28:29',1,0.000000,0.000000,0.000000,NULL),(195,232,NULL,NULL,11,2,'LEFEVERE','DANIE',1,'2021-09-27 10:56:55',1,0.000000,0.000000,0.000000,NULL),(196,233,NULL,NULL,11,2,'LEFEVERE','DANIE',1,'2021-09-27 11:12:52',1,0.000000,0.000000,0.000000,NULL),(197,234,NULL,NULL,11,2,'LEFEVERE','DANIE',1,'2021-09-27 11:35:29',1,0.000000,0.000000,0.000000,NULL),(198,235,NULL,NULL,11,2,'LEFEVERE','DANIE',1,'2021-10-04 14:25:00',1,0.000000,0.000000,0.000000,NULL),(199,236,NULL,NULL,11,2,'LEFEVERE','DANIE',1,'2021-10-12 11:24:03',1,0.000000,0.000000,0.000000,NULL),(200,237,NULL,NULL,11,2,'LEFEVERE','DANIE',1,'2021-10-13 18:05:46',1,0.000000,0.000000,0.000000,NULL),(201,238,NULL,NULL,11,2,'LEFEVERE','DANIE',1,'2021-10-13 18:18:56',1,0.000000,0.000000,0.000000,NULL),(202,239,NULL,NULL,11,2,'LEFEVERE','DANIE',1,'2021-10-13 18:30:40',1,0.000000,0.000000,0.000000,NULL),(203,240,NULL,NULL,11,2,'LEFEVERE','DANIE',1,'2021-10-14 10:52:01',1,0.000000,0.000000,0.000000,NULL),(204,241,NULL,NULL,11,2,'LEFEVERE','DANIE',1,'2021-10-14 11:08:02',1,0.000000,0.000000,0.000000,NULL),(205,242,NULL,NULL,11,2,'LEFEVERE','DANIE',1,'2021-10-14 11:28:34',1,0.000000,0.000000,0.000000,NULL),(206,243,NULL,NULL,11,2,'LEFEVERE','DANIE',1,'2021-10-14 15:41:20',1,0.000000,0.000000,0.000000,NULL),(207,244,NULL,NULL,11,2,'LEFEVERE','DANIE',1,'2021-10-14 15:59:17',1,0.000000,0.000000,0.000000,NULL),(208,245,NULL,NULL,11,2,'LEFEVERE','DANIE',1,'2021-10-14 16:15:55',1,0.000000,0.000000,0.000000,NULL),(209,246,NULL,NULL,11,2,'LEFEVERE','DANIE',1,'2021-10-14 16:25:40',1,0.000000,0.000000,0.000000,NULL),(210,247,NULL,NULL,11,2,'LEFEVERE','DANIE',1,'2021-10-14 16:49:22',1,0.000000,0.000000,0.000000,NULL),(211,248,NULL,NULL,11,2,'LEFEVERE','DANIE',1,'2021-10-14 16:54:13',1,0.000000,0.000000,0.000000,NULL),(212,249,NULL,NULL,11,2,'LEFEVERE','DANIE',1,'2021-10-15 10:08:49',1,0.000000,0.000000,0.000000,NULL),(213,250,NULL,NULL,11,2,'LEFEVERE','DANIE',1,'2021-10-15 10:20:35',1,0.000000,0.000000,0.000000,NULL),(214,251,NULL,NULL,11,2,'LEFEVERE','DANIE',1,'2021-10-15 10:42:58',1,0.000000,0.000000,0.000000,NULL),(215,252,NULL,NULL,11,2,'LEFEVERE','DANIE',1,'2021-10-15 10:52:31',1,0.000000,0.000000,0.000000,NULL),(216,253,NULL,NULL,11,2,'LEFEVERE','DANIE',1,'2021-10-15 13:06:22',1,0.000000,0.000000,0.000000,NULL),(217,254,NULL,NULL,11,2,'LEFEVERE','DANIE',1,'2021-10-15 13:19:54',1,0.000000,0.000000,0.000000,NULL),(218,255,NULL,NULL,11,2,'LEFEVERE','DANIE',1,'2021-10-15 13:51:21',1,0.000000,0.000000,0.000000,NULL),(219,256,NULL,NULL,11,2,'LEFEVERE','DANIE',1,'2021-10-15 14:15:37',1,0.000000,0.000000,0.000000,NULL),(220,258,NULL,NULL,11,2,'LEFEVERE','DANIE',1,'2021-11-10 15:14:47',1,0.000000,0.000000,0.000000,NULL),(221,259,NULL,NULL,11,2,'LEFEVERE','DANIE',1,'2021-11-10 15:21:36',1,0.000000,0.000000,0.000000,NULL),(222,260,NULL,NULL,11,2,'LEFEVERE','DANIE',1,'2021-11-10 15:34:58',1,0.000000,0.000000,0.000000,NULL),(223,261,NULL,NULL,11,2,'LEFEVERE','DANIE',1,'2021-11-10 15:58:36',1,0.000000,0.000000,0.000000,NULL),(224,262,NULL,NULL,11,2,'LEFEVERE','DANIE',1,'2021-11-10 16:21:32',1,0.000000,0.000000,0.000000,NULL),(225,263,NULL,NULL,11,2,'LEFEVERE','DANIE',1,'2021-11-10 16:32:39',1,0.000000,0.000000,0.000000,NULL),(226,264,NULL,NULL,11,2,'LEFEVERE','DANIE',1,'2021-11-29 15:36:29',1,0.000000,0.000000,0.000000,NULL),(227,265,NULL,NULL,11,2,'LEFEVERE','DANIE',1,'2021-11-30 11:03:55',1,0.000000,0.000000,0.000000,NULL),(228,266,NULL,NULL,11,2,'LEFEVERE','DANIE',1,'2021-11-30 11:36:40',1,0.000000,0.000000,0.000000,NULL),(229,267,NULL,NULL,11,2,'LEFEVERE','DANIE',1,'2021-11-30 12:12:17',1,0.000000,0.000000,0.000000,NULL),(230,268,NULL,NULL,11,2,'LEFEVERE','DANIE',1,'2021-11-30 12:28:39',1,0.000000,0.000000,0.000000,NULL),(231,269,NULL,NULL,11,2,'LEFEVERE','DANIE',1,'2021-11-30 15:34:07',1,0.000000,0.000000,0.000000,NULL),(232,270,NULL,NULL,11,2,'LEFEVERE','DANIE',1500,'2021-11-30 15:47:20',1,0.000000,0.000000,0.000000,NULL),(233,271,NULL,NULL,11,2,'LEFEVERE','DANIE',1,'2021-11-30 15:53:01',1,0.000000,0.000000,0.000000,NULL),(234,270,NULL,NULL,11,2,'LEFEVERE','DANIE',1499,'2021-11-30 16:01:33',-1,0.000000,0.000000,0.000000,NULL),(235,272,NULL,NULL,11,2,'LEFEVERE','DANIE',1,'2021-11-30 16:05:11',1,0.000000,0.000000,0.000000,NULL),(236,273,NULL,NULL,11,2,'LEFEVERE','DANIE',1,'2021-11-30 16:18:00',1,0.000000,0.000000,0.000000,NULL),(237,276,NULL,NULL,11,2,'LEFEVERE','DANIE',1,'2022-01-13 15:21:05',1,0.000000,0.000000,0.000000,NULL),(238,277,NULL,NULL,11,2,'LEFEVERE','DANIE',1,'2022-01-13 15:29:14',1,0.000000,0.000000,0.000000,NULL),(239,278,NULL,NULL,11,2,'LEFEVERE','DANIE',1,'2022-01-21 14:45:09',1,0.000000,0.000000,0.000000,NULL),(240,280,NULL,NULL,11,2,'LEFEVERE','DANIE',1,'2022-01-21 14:57:29',1,0.000000,0.000000,0.000000,NULL),(241,281,NULL,NULL,11,2,'LEFEVERE','DANIE',1,'2022-01-25 11:06:15',1,0.000000,0.000000,0.000000,NULL),(242,282,NULL,NULL,11,2,'LEFEVERE','DANIE',1,'2022-01-25 11:23:05',1,0.000000,0.000000,0.000000,NULL),(243,283,NULL,NULL,11,2,'LEFEVERE','DANIE',1,'2022-01-25 11:51:10',1,0.000000,0.000000,0.000000,NULL),(244,71,NULL,NULL,11,2,'LEFEVERE','DANIE',8899,'2022-01-27 16:26:25',1,0.000000,0.000000,0.000000,NULL),(245,71,NULL,NULL,11,2,'LEFEVERE','DANIE',8899,'2022-01-27 16:37:55',-1,0.000000,0.000000,0.000000,NULL),(246,284,NULL,NULL,11,2,'LEFEVERE','DANIE',1,'2022-01-28 15:07:51',1,0.000000,0.000000,0.000000,NULL),(247,285,NULL,NULL,11,2,'LEFEVERE','DANIE',1,'2022-01-28 15:21:43',1,0.000000,0.000000,0.000000,NULL),(248,286,NULL,NULL,11,2,'LEFEVERE','DANIE',1,'2022-01-28 15:42:48',1,0.000000,0.000000,0.000000,NULL),(249,287,NULL,NULL,11,2,'LEFEVERE','DANIE',1,'2022-01-28 16:18:29',1,0.000000,0.000000,0.000000,NULL),(250,288,NULL,NULL,11,2,'LEFEVERE','DANIE',1,'2022-02-08 11:41:01',1,0.000000,0.000000,0.000000,NULL),(251,291,NULL,NULL,11,2,'LEFEVERE','DANIE',1,'2022-02-09 11:18:36',1,0.000000,0.000000,0.000000,NULL),(252,292,NULL,NULL,11,2,'LEFEVERE','DANIE',1,'2022-02-09 14:30:27',1,0.000000,0.000000,0.000000,NULL),(253,293,NULL,NULL,11,2,'LEFEVERE','DANIE',1,'2022-02-09 14:42:12',1,0.000000,0.000000,0.000000,NULL),(254,294,NULL,NULL,11,2,'LEFEVERE','DANIE',1,'2022-02-09 14:57:41',1,0.000000,0.000000,0.000000,NULL),(255,295,NULL,NULL,11,2,'LEFEVERE','DANIE',1,'2022-02-09 15:02:46',1,0.000000,0.000000,0.000000,NULL),(256,296,NULL,NULL,11,2,'LEFEVERE','DANIE',1,'2022-02-09 15:19:37',1,0.000000,0.000000,0.000000,NULL),(257,298,NULL,NULL,11,2,'LEFEVERE','DANIE',1,'2022-03-31 11:46:54',1,0.000000,0.000000,0.000000,NULL),(258,299,NULL,NULL,11,2,'LEFEVERE','DANIE',1,'2022-03-31 15:29:26',1,0.000000,0.000000,0.000000,NULL),(259,300,NULL,NULL,11,2,'LEFEVERE','DANIE',1,'2022-03-31 15:39:51',1,0.000000,0.000000,0.000000,NULL),(260,301,NULL,NULL,11,2,'LEFEVERE','DANIE',1,'2022-03-31 15:51:14',1,0.000000,0.000000,0.000000,NULL),(261,302,NULL,NULL,11,2,'LEFEVERE','DANIE',1,'2022-03-31 16:18:56',1,0.000000,0.000000,0.000000,NULL),(262,303,NULL,NULL,11,2,'LEFEVERE','DANIE',1,'2022-03-31 16:33:36',1,0.000000,0.000000,0.000000,NULL),(263,304,NULL,NULL,11,2,'LEFEVERE','DANIE',1,'2022-03-31 16:45:14',1,0.000000,0.000000,0.000000,NULL),(264,305,NULL,NULL,11,2,'LEFEVERE','DANIE',1,'2022-03-31 17:09:37',1,0.000000,0.000000,0.000000,NULL),(265,306,NULL,NULL,11,2,'LEFEVERE','DANIE',1,'2022-03-31 17:16:34',1,0.000000,0.000000,0.000000,NULL),(266,307,NULL,NULL,11,2,'LEFEVERE','DANIE',1,'2022-04-04 10:58:46',1,0.000000,0.000000,0.000000,NULL),(267,308,NULL,NULL,11,2,'LEFEVERE','DANIE',1,'2022-04-04 11:29:56',1,0.000000,0.000000,0.000000,NULL),(268,309,NULL,NULL,11,2,'LEFEVERE','DANIE',1,'2022-04-04 11:32:05',1,0.000000,0.000000,0.000000,NULL),(269,310,NULL,NULL,11,2,'LEFEVERE','DANIE',1,'2022-04-04 14:14:22',1,0.000000,0.000000,0.000000,NULL),(270,311,NULL,NULL,11,2,'LEFEVERE','DANIE',1,'2022-04-04 14:23:36',1,0.000000,0.000000,0.000000,NULL),(271,312,NULL,NULL,11,2,'LEFEVERE','DANIE',1,'2022-04-04 14:28:57',1,0.000000,0.000000,0.000000,NULL),(272,313,NULL,NULL,11,2,'LEFEVERE','DANIE',1,'2022-04-04 14:51:12',1,0.000000,0.000000,0.000000,NULL),(273,314,NULL,NULL,11,2,'LEFEVERE','DANIE',4500,'2022-04-04 15:08:08',1,0.000000,0.000000,0.000000,NULL),(274,318,NULL,NULL,11,2,'LEFEVERE','DANIE',1,'2022-04-04 15:29:52',1,0.000000,0.000000,0.000000,NULL),(275,314,NULL,NULL,11,2,'LEFEVERE','DANIE',4499,'2022-04-20 16:29:00',-1,0.000000,0.000000,0.000000,NULL),(276,319,NULL,NULL,11,2,'LEFEVERE','DANIE',1,'2022-04-20 16:37:06',1,0.000000,0.000000,0.000000,NULL),(277,321,NULL,NULL,11,2,'LEFEVERE','DANIE',1,'2022-04-30 17:12:02',1,0.000000,0.000000,0.000000,NULL),(278,324,NULL,NULL,11,2,'LEFEVERE','DANIE',1,'2022-05-11 16:27:21',1,0.000000,0.000000,0.000000,NULL),(279,325,NULL,NULL,11,2,'LEFEVERE','DANIE',1,'2022-05-11 16:34:39',1,0.000000,0.000000,0.000000,NULL),(280,326,NULL,NULL,11,2,'LEFEVERE','DANIE',1,'2022-05-11 16:45:09',1,0.000000,0.000000,0.000000,NULL),(281,327,NULL,NULL,11,2,'LEFEVERE','DANIE',1,'2022-05-11 16:54:58',1,0.000000,0.000000,0.000000,NULL),(282,322,NULL,NULL,11,2,'LEFEVERE','DANIE',1,'2022-05-12 10:20:57',1,0.000000,0.000000,0.000000,NULL),(283,323,NULL,NULL,11,2,'LEFEVERE','DANIE',1,'2022-05-12 10:39:19',1,0.000000,0.000000,0.000000,NULL),(284,328,NULL,NULL,11,2,'LEFEVERE','DANIE',1,'2022-11-07 14:17:35',1,0.000000,0.000000,0.000000,NULL),(285,329,NULL,NULL,11,2,'LEFEVERE','DANIE',1,'2022-11-07 14:33:39',1,0.000000,0.000000,0.000000,NULL),(286,330,NULL,NULL,11,2,'LEFEVERE','DANIE',1,'2022-11-07 14:59:14',1,0.000000,0.000000,0.000000,NULL),(287,331,NULL,NULL,11,2,'LEFEVERE','DANIE',1,'2022-11-07 15:01:55',1,0.000000,0.000000,0.000000,NULL),(288,332,NULL,NULL,11,2,'LEFEVERE','DANIE',1,'2022-11-07 15:10:52',1,0.000000,0.000000,0.000000,NULL),(289,333,NULL,NULL,11,2,'LEFEVERE','DANIE',1,'2023-02-13 17:49:17',1,0.000000,0.000000,0.000000,NULL),(290,334,NULL,NULL,11,2,'LEFEVERE','DANIE',1,'2023-02-13 18:13:27',1,0.000000,0.000000,0.000000,NULL),(291,335,NULL,NULL,11,2,'LEFEVERE','DANIE',1,'2023-02-13 18:30:27',1,0.000000,0.000000,0.000000,NULL),(292,336,NULL,NULL,11,2,'LEFEVERE','DANIE',1,'2023-02-16 17:13:01',1,0.000000,0.000000,0.000000,NULL),(293,337,NULL,NULL,11,2,'LEFEVERE','DANIE',1,'2023-02-16 17:19:00',1,0.000000,0.000000,0.000000,NULL),(294,338,NULL,NULL,11,2,'LEFEVERE','DANIE',1,'2023-02-21 14:31:10',1,0.000000,0.000000,0.000000,NULL),(295,339,NULL,NULL,11,2,'LEFEVERE','DANIE',1,'2023-02-21 15:04:06',1,0.000000,0.000000,0.000000,NULL),(296,340,NULL,NULL,11,2,'LEFEVERE','DANIE',1,'2023-02-23 22:11:18',1,0.000000,0.000000,0.000000,NULL),(297,342,NULL,NULL,11,2,'LEFEVERE','DANIE',1,'2023-04-15 16:30:33',1,0.000000,0.000000,0.000000,NULL);

--
-- Table structure for table `ps_stock_mvt_reason`
--

CREATE TABLE `ps_stock_mvt_reason` (
  `id_stock_mvt_reason` int(11) unsigned NOT NULL AUTO_INCREMENT,
  `sign` tinyint(1) NOT NULL DEFAULT '1',
  `date_add` datetime NOT NULL,
  `date_upd` datetime NOT NULL,
  `deleted` tinyint(1) unsigned NOT NULL DEFAULT '0',
  PRIMARY KEY (`id_stock_mvt_reason`)
) ENGINE=InnoDB AUTO_INCREMENT=13 DEFAULT CHARSET=utf8;

--
-- Dumping data for table `ps_stock_mvt_reason`
--

INSERT INTO `ps_stock_mvt_reason` VALUES (1,1,'2019-02-03 20:01:57','2019-02-03 20:01:57',0),(2,-1,'2019-02-03 20:01:57','2019-02-03 20:01:57',0),(3,-1,'2019-02-03 20:01:57','2019-02-03 20:01:57',0),(4,-1,'2019-02-03 20:01:57','2019-02-03 20:01:57',0),(5,1,'2019-02-03 20:01:57','2019-02-03 20:01:57',0),(6,-1,'2019-02-03 20:01:57','2019-02-03 20:01:57',0),(7,1,'2019-02-03 20:01:57','2019-02-03 20:01:57',0),(8,1,'2019-02-03 20:01:57','2019-02-03 20:01:57',0),(9,1,'2019-02-03 20:01:57','2019-02-03 20:01:57',0),(10,1,'2019-02-03 20:01:57','2019-02-03 20:01:57',0),(11,1,'2019-02-03 20:01:57','2019-02-03 20:01:57',0),(12,-1,'2019-02-03 20:01:57','2019-02-03 20:01:57',0);

--
-- Table structure for table `ps_stock_mvt_reason_lang`
--

CREATE TABLE `ps_stock_mvt_reason_lang` (
  `id_stock_mvt_reason` int(11) unsigned NOT NULL,
  `id_lang` int(11) unsigned NOT NULL,
  `name` varchar(255) NOT NULL,
  PRIMARY KEY (`id_stock_mvt_reason`,`id_lang`)
) ENGINE=InnoDB DEFAULT CHARSET=utf8;

--
-- Dumping data for table `ps_stock_mvt_reason_lang`
--

INSERT INTO `ps_stock_mvt_reason_lang` VALUES (1,1,'Augmentation'),(2,1,'Diminution'),(3,1,'Commande client'),(4,1,'Regulation following an inventory of stock'),(5,1,'Regulation following an inventory of stock'),(6,1,'Transfert vers un autre entrepôt'),(7,1,'Transfert depuis un autre entrepôt'),(8,1,'Commande fournisseur'),(9,1,'Commande client'),(10,1,'Retour produit'),(11,1,'Employee Edition'),(12,1,'Employee Edition');

--
-- Table structure for table `ps_store`
--

CREATE TABLE `ps_store` (
  `id_store` int(10) unsigned NOT NULL AUTO_INCREMENT,
  `id_country` int(10) unsigned NOT NULL,
  `id_state` int(10) unsigned DEFAULT NULL,
  `city` varchar(64) NOT NULL,
  `postcode` varchar(12) NOT NULL,
  `latitude` decimal(13,8) DEFAULT NULL,
  `longitude` decimal(13,8) DEFAULT NULL,
  `phone` varchar(16) DEFAULT NULL,
  `fax` varchar(16) DEFAULT NULL,
  `email` varchar(255) DEFAULT NULL,
  `active` tinyint(1) unsigned NOT NULL DEFAULT '0',
  `date_add` datetime NOT NULL,
  `date_upd` datetime NOT NULL,
  PRIMARY KEY (`id_store`)
) ENGINE=InnoDB AUTO_INCREMENT=2 DEFAULT CHARSET=utf8;

--
-- Dumping data for table `ps_store`
--

INSERT INTO `ps_store` VALUES (1,8,0,'Lille','59000',50.63850260,3.05564890,'06 78 07 09 52','','',1,'2019-02-03 20:02:04','2019-05-15 14:22:12');

--
-- Table structure for table `ps_store_lang`
--

CREATE TABLE `ps_store_lang` (
  `id_store` int(11) unsigned NOT NULL,
  `id_lang` int(11) unsigned NOT NULL,
  `name` varchar(255) NOT NULL,
  `address1` varchar(255) NOT NULL,
  `address2` varchar(255) DEFAULT NULL,
  `hours` text,
  `note` text,
  PRIMARY KEY (`id_store`,`id_lang`)
) ENGINE=InnoDB DEFAULT CHARSET=utf8;

--
-- Dumping data for table `ps_store_lang`
--

INSERT INTO `ps_store_lang` VALUES (1,1,'ARTOP','55 Rue de la Barre','','[[\"14:00 - 18:00\"],[\"14:00 - 18:00\"],[\"14:00 - 18:00\"],[\"14:00 - 18:00\"],[\"14:00 - 18:00\"],[\"14:00 - 18:00\"],[\"Ferm\\u00e9\"]]','');

--
-- Table structure for table `ps_store_shop`
--

CREATE TABLE `ps_store_shop` (
  `id_store` int(11) unsigned NOT NULL,
  `id_shop` int(11) unsigned NOT NULL,
  PRIMARY KEY (`id_store`,`id_shop`),
  KEY `id_shop` (`id_shop`)
) ENGINE=InnoDB DEFAULT CHARSET=utf8;

--
-- Dumping data for table `ps_store_shop`
--

INSERT INTO `ps_store_shop` VALUES (1,1);

--
-- Table structure for table `ps_supplier`
--

CREATE TABLE `ps_supplier` (
  `id_supplier` int(10) unsigned NOT NULL AUTO_INCREMENT,
  `name` varchar(64) NOT NULL,
  `date_add` datetime NOT NULL,
  `date_upd` datetime NOT NULL,
  `active` tinyint(1) NOT NULL DEFAULT '0',
  PRIMARY KEY (`id_supplier`)
) ENGINE=InnoDB DEFAULT CHARSET=utf8;

--
-- Dumping data for table `ps_supplier`
--


--
-- Table structure for table `ps_supplier_lang`
--

CREATE TABLE `ps_supplier_lang` (
  `id_supplier` int(10) unsigned NOT NULL,
  `id_lang` int(10) unsigned NOT NULL,
  `description` text,
  `meta_title` varchar(255) DEFAULT NULL,
  `meta_keywords` varchar(255) DEFAULT NULL,
  `meta_description` varchar(512) DEFAULT NULL,
  PRIMARY KEY (`id_supplier`,`id_lang`)
) ENGINE=InnoDB DEFAULT CHARSET=utf8;

--
-- Dumping data for table `ps_supplier_lang`
--


--
-- Table structure for table `ps_supplier_shop`
--

CREATE TABLE `ps_supplier_shop` (
  `id_supplier` int(11) unsigned NOT NULL,
  `id_shop` int(11) unsigned NOT NULL,
  PRIMARY KEY (`id_supplier`,`id_shop`),
  KEY `id_shop` (`id_shop`)
) ENGINE=InnoDB DEFAULT CHARSET=utf8;

--
-- Dumping data for table `ps_supplier_shop`
--


--
-- Table structure for table `ps_supply_order`
--

CREATE TABLE `ps_supply_order` (
  `id_supply_order` int(11) unsigned NOT NULL AUTO_INCREMENT,
  `id_supplier` int(11) unsigned NOT NULL,
  `supplier_name` varchar(64) NOT NULL,
  `id_lang` int(11) unsigned NOT NULL,
  `id_warehouse` int(11) unsigned NOT NULL,
  `id_supply_order_state` int(11) unsigned NOT NULL,
  `id_currency` int(11) unsigned NOT NULL,
  `id_ref_currency` int(11) unsigned NOT NULL,
  `reference` varchar(64) NOT NULL,
  `date_add` datetime NOT NULL,
  `date_upd` datetime NOT NULL,
  `date_delivery_expected` datetime DEFAULT NULL,
  `total_te` decimal(20,6) DEFAULT '0.000000',
  `total_with_discount_te` decimal(20,6) DEFAULT '0.000000',
  `total_tax` decimal(20,6) DEFAULT '0.000000',
  `total_ti` decimal(20,6) DEFAULT '0.000000',
  `discount_rate` decimal(20,6) DEFAULT '0.000000',
  `discount_value_te` decimal(20,6) DEFAULT '0.000000',
  `is_template` tinyint(1) DEFAULT '0',
  PRIMARY KEY (`id_supply_order`),
  KEY `id_supplier` (`id_supplier`),
  KEY `id_warehouse` (`id_warehouse`),
  KEY `reference` (`reference`)
) ENGINE=InnoDB DEFAULT CHARSET=utf8;

--
-- Dumping data for table `ps_supply_order`
--


--
-- Table structure for table `ps_supply_order_detail`
--

CREATE TABLE `ps_supply_order_detail` (
  `id_supply_order_detail` int(11) unsigned NOT NULL AUTO_INCREMENT,
  `id_supply_order` int(11) unsigned NOT NULL,
  `id_currency` int(11) unsigned NOT NULL,
  `id_product` int(11) unsigned NOT NULL,
  `id_product_attribute` int(11) unsigned NOT NULL,
  `reference` varchar(64) NOT NULL,
  `supplier_reference` varchar(64) NOT NULL,
  `name` varchar(128) NOT NULL,
  `ean13` varchar(13) DEFAULT NULL,
  `isbn` varchar(32) DEFAULT NULL,
  `upc` varchar(12) DEFAULT NULL,
  `exchange_rate` decimal(20,6) DEFAULT '0.000000',
  `unit_price_te` decimal(20,6) DEFAULT '0.000000',
  `quantity_expected` int(11) unsigned NOT NULL,
  `quantity_received` int(11) unsigned NOT NULL,
  `price_te` decimal(20,6) DEFAULT '0.000000',
  `discount_rate` decimal(20,6) DEFAULT '0.000000',
  `discount_value_te` decimal(20,6) DEFAULT '0.000000',
  `price_with_discount_te` decimal(20,6) DEFAULT '0.000000',
  `tax_rate` decimal(20,6) DEFAULT '0.000000',
  `tax_value` decimal(20,6) DEFAULT '0.000000',
  `price_ti` decimal(20,6) DEFAULT '0.000000',
  `tax_value_with_order_discount` decimal(20,6) DEFAULT '0.000000',
  `price_with_order_discount_te` decimal(20,6) DEFAULT '0.000000',
  PRIMARY KEY (`id_supply_order_detail`),
  KEY `id_supply_order` (`id_supply_order`,`id_product`),
  KEY `id_product_attribute` (`id_product_attribute`),
  KEY `id_product_product_attribute` (`id_product`,`id_product_attribute`)
) ENGINE=InnoDB DEFAULT CHARSET=utf8;

--
-- Dumping data for table `ps_supply_order_detail`
--


--
-- Table structure for table `ps_supply_order_history`
--

CREATE TABLE `ps_supply_order_history` (
  `id_supply_order_history` int(11) unsigned NOT NULL AUTO_INCREMENT,
  `id_supply_order` int(11) unsigned NOT NULL,
  `id_employee` int(11) unsigned NOT NULL,
  `employee_lastname` varchar(255) DEFAULT '',
  `employee_firstname` varchar(255) DEFAULT '',
  `id_state` int(11) unsigned NOT NULL,
  `date_add` datetime NOT NULL,
  PRIMARY KEY (`id_supply_order_history`),
  KEY `id_supply_order` (`id_supply_order`),
  KEY `id_employee` (`id_employee`),
  KEY `id_state` (`id_state`)
) ENGINE=InnoDB DEFAULT CHARSET=utf8;

--
-- Dumping data for table `ps_supply_order_history`
--


--
-- Table structure for table `ps_supply_order_receipt_history`
--

CREATE TABLE `ps_supply_order_receipt_history` (
  `id_supply_order_receipt_history` int(11) unsigned NOT NULL AUTO_INCREMENT,
  `id_supply_order_detail` int(11) unsigned NOT NULL,
  `id_employee` int(11) unsigned NOT NULL,
  `employee_lastname` varchar(255) DEFAULT '',
  `employee_firstname` varchar(255) DEFAULT '',
  `id_supply_order_state` int(11) unsigned NOT NULL,
  `quantity` int(11) unsigned NOT NULL,
  `date_add` datetime NOT NULL,
  PRIMARY KEY (`id_supply_order_receipt_history`),
  KEY `id_supply_order_detail` (`id_supply_order_detail`),
  KEY `id_supply_order_state` (`id_supply_order_state`)
) ENGINE=InnoDB DEFAULT CHARSET=utf8;

--
-- Dumping data for table `ps_supply_order_receipt_history`
--


--
-- Table structure for table `ps_supply_order_state`
--

CREATE TABLE `ps_supply_order_state` (
  `id_supply_order_state` int(11) unsigned NOT NULL AUTO_INCREMENT,
  `delivery_note` tinyint(1) NOT NULL DEFAULT '0',
  `editable` tinyint(1) NOT NULL DEFAULT '0',
  `receipt_state` tinyint(1) NOT NULL DEFAULT '0',
  `pending_receipt` tinyint(1) NOT NULL DEFAULT '0',
  `enclosed` tinyint(1) NOT NULL DEFAULT '0',
  `color` varchar(32) DEFAULT NULL,
  PRIMARY KEY (`id_supply_order_state`)
) ENGINE=InnoDB AUTO_INCREMENT=7 DEFAULT CHARSET=utf8;

--
-- Dumping data for table `ps_supply_order_state`
--

INSERT INTO `ps_supply_order_state` VALUES (1,0,1,0,0,0,'#faab00'),(2,1,0,0,0,0,'#273cff'),(3,0,0,0,1,0,'#ff37f5'),(4,0,0,1,1,0,'#ff3e33'),(5,0,0,1,0,1,'#00d60c'),(6,0,0,0,0,1,'#666666');

--
-- Table structure for table `ps_supply_order_state_lang`
--

CREATE TABLE `ps_supply_order_state_lang` (
  `id_supply_order_state` int(11) unsigned NOT NULL,
  `id_lang` int(11) unsigned NOT NULL,
  `name` varchar(128) DEFAULT NULL,
  PRIMARY KEY (`id_supply_order_state`,`id_lang`)
) ENGINE=InnoDB DEFAULT CHARSET=utf8;

--
-- Dumping data for table `ps_supply_order_state_lang`
--

INSERT INTO `ps_supply_order_state_lang` VALUES (1,1,'1 - En cours de création'),(2,1,'2 - Commande validée'),(3,1,'3 - En attente de réception'),(4,1,'4 - Commande reçue partiellement'),(5,1,'5 - Commande reçue intégralement'),(6,1,'6 - Commande annulée');

--
-- Table structure for table `ps_tab`
--

CREATE TABLE `ps_tab` (
  `id_tab` int(11) NOT NULL AUTO_INCREMENT,
  `id_parent` int(11) NOT NULL,
  `position` int(11) NOT NULL,
  `module` varchar(64) COLLATE utf8_unicode_ci DEFAULT NULL,
  `class_name` varchar(64) COLLATE utf8_unicode_ci DEFAULT NULL,
  `active` tinyint(1) NOT NULL,
  `hide_host_mode` tinyint(1) NOT NULL,
  `icon` varchar(32) COLLATE utf8_unicode_ci DEFAULT NULL,
  PRIMARY KEY (`id_tab`)
) ENGINE=InnoDB AUTO_INCREMENT=228 DEFAULT CHARSET=utf8 COLLATE=utf8_unicode_ci;

--
-- Dumping data for table `ps_tab`
--

INSERT INTO `ps_tab` VALUES (1,0,1,NULL,'AdminDashboard',1,0,'trending_up'),(2,0,2,NULL,'SELL',1,0,''),(3,2,1,NULL,'AdminParentOrders',1,0,'shopping_basket'),(4,3,1,NULL,'AdminOrders',1,0,''),(5,3,2,NULL,'AdminInvoices',1,0,''),(6,3,3,NULL,'AdminSlip',1,0,''),(7,3,4,NULL,'AdminDeliverySlip',1,0,''),(8,3,5,NULL,'AdminCarts',1,0,''),(9,2,2,NULL,'AdminCatalog',1,0,'store'),(10,9,1,NULL,'AdminProducts',1,0,''),(11,9,2,NULL,'AdminCategories',1,0,''),(12,9,3,NULL,'AdminTracking',1,0,''),(13,9,4,NULL,'AdminParentAttributesGroups',1,0,''),(14,13,1,NULL,'AdminAttributesGroups',1,0,''),(15,13,2,NULL,'AdminFeatures',1,0,''),(16,9,5,NULL,'AdminParentManufacturers',1,0,''),(17,16,1,NULL,'AdminManufacturers',1,0,''),(18,16,2,NULL,'AdminSuppliers',1,0,''),(19,9,6,NULL,'AdminAttachments',1,0,''),(20,9,7,NULL,'AdminParentCartRules',1,0,''),(21,20,1,NULL,'AdminCartRules',1,0,''),(22,20,2,NULL,'AdminSpecificPriceRule',1,0,''),(23,9,8,NULL,'AdminStockManagement',1,0,''),(24,2,3,NULL,'AdminParentCustomer',1,0,'account_circle'),(25,24,1,NULL,'AdminCustomers',1,0,''),(26,24,2,NULL,'AdminAddresses',1,0,''),(27,24,3,NULL,'AdminOutstanding',0,0,''),(28,2,4,NULL,'AdminParentCustomerThreads',1,0,'chat'),(29,28,1,NULL,'AdminCustomerThreads',1,0,''),(30,28,2,NULL,'AdminOrderMessage',1,0,''),(31,28,3,NULL,'AdminReturn',1,0,''),(32,2,5,NULL,'AdminStats',1,0,'assessment'),(33,2,6,NULL,'AdminStock',1,0,'store'),(34,33,1,NULL,'AdminWarehouses',1,0,''),(35,33,2,NULL,'AdminParentStockManagement',1,0,''),(36,35,1,NULL,'AdminStockManagement',1,0,''),(37,36,1,NULL,'AdminStockMvt',1,0,''),(38,36,2,NULL,'AdminStockInstantState',1,0,''),(39,36,3,NULL,'AdminStockCover',1,0,''),(40,33,3,NULL,'AdminSupplyOrders',1,0,''),(41,33,4,NULL,'AdminStockConfiguration',1,0,''),(42,0,3,NULL,'IMPROVE',1,0,''),(43,42,1,NULL,'AdminParentModulesSf',1,0,'extension'),(44,43,1,NULL,'AdminParentModulesCatalog',1,0,''),(45,44,1,'','AdminModulesCatalog',0,0,''),(46,44,3,'','AdminAddonsCatalog',0,0,''),(47,43,2,NULL,'AdminModulesSf',1,0,''),(48,47,1,NULL,'AdminModulesManage',1,0,''),(49,47,2,NULL,'AdminModulesNotifications',1,0,''),(50,47,3,NULL,'AdminModulesUpdates',1,0,''),(51,43,3,NULL,'AdminModules',0,0,''),(52,42,2,NULL,'AdminParentThemes',1,0,'desktop_mac'),(53,201,1,'','AdminThemes',1,0,''),(54,52,2,'','AdminThemesCatalog',0,0,''),(55,52,5,NULL,'AdminCmsContent',1,0,''),(56,52,6,NULL,'AdminModulesPositions',1,0,''),(57,52,7,NULL,'AdminImages',1,0,''),(58,42,3,NULL,'AdminParentShipping',1,0,'local_shipping'),(59,58,1,NULL,'AdminCarriers',1,0,''),(60,58,2,NULL,'AdminShipping',1,0,''),(61,42,4,NULL,'AdminParentPayment',1,0,'payment'),(62,61,1,NULL,'AdminPayment',1,0,''),(63,61,2,NULL,'AdminPaymentPreferences',1,0,''),(64,42,5,NULL,'AdminInternational',1,0,'language'),(65,64,1,NULL,'AdminParentLocalization',1,0,''),(66,65,1,NULL,'AdminLocalization',1,0,''),(67,65,2,NULL,'AdminLanguages',1,0,''),(68,65,3,NULL,'AdminCurrencies',1,0,''),(69,65,4,NULL,'AdminGeolocation',1,0,''),(70,64,2,NULL,'AdminParentCountries',1,0,''),(71,70,1,NULL,'AdminZones',1,0,''),(72,70,2,NULL,'AdminCountries',1,0,''),(73,70,3,NULL,'AdminStates',1,0,''),(74,64,3,NULL,'AdminParentTaxes',1,0,''),(75,74,1,NULL,'AdminTaxes',1,0,''),(76,74,2,NULL,'AdminTaxRulesGroup',1,0,''),(77,64,4,NULL,'AdminTranslations',1,0,''),(78,0,4,NULL,'CONFIGURE',1,0,''),(79,78,1,NULL,'ShopParameters',1,0,'settings'),(80,79,1,NULL,'AdminParentPreferences',1,0,''),(81,80,1,NULL,'AdminPreferences',1,0,''),(82,80,2,NULL,'AdminMaintenance',1,0,''),(83,79,2,NULL,'AdminParentOrderPreferences',1,0,''),(84,83,1,NULL,'AdminOrderPreferences',1,0,''),(85,83,2,NULL,'AdminStatuses',1,0,''),(86,79,3,NULL,'AdminPPreferences',1,0,''),(87,79,4,NULL,'AdminParentCustomerPreferences',1,0,''),(88,87,1,NULL,'AdminCustomerPreferences',1,0,''),(89,87,2,NULL,'AdminGroups',1,0,''),(90,87,3,NULL,'AdminGenders',1,0,''),(91,79,5,NULL,'AdminParentStores',1,0,''),(92,91,1,NULL,'AdminContacts',1,0,''),(93,91,2,NULL,'AdminStores',1,0,''),(94,79,6,NULL,'AdminParentMeta',1,0,''),(95,94,1,NULL,'AdminMeta',1,0,''),(96,94,2,NULL,'AdminSearchEngines',1,0,''),(97,94,3,NULL,'AdminReferrers',1,0,''),(98,79,7,NULL,'AdminParentSearchConf',1,0,''),(99,98,1,NULL,'AdminSearchConf',1,0,''),(100,98,2,NULL,'AdminTags',1,0,''),(101,78,2,NULL,'AdminAdvancedParameters',1,0,'settings_applications'),(102,101,1,NULL,'AdminInformation',1,0,''),(103,101,2,NULL,'AdminPerformance',1,0,''),(104,101,3,NULL,'AdminAdminPreferences',1,0,''),(105,101,4,NULL,'AdminEmails',1,0,''),(106,101,5,NULL,'AdminImport',1,0,''),(107,101,6,NULL,'AdminParentEmployees',1,0,''),(108,107,1,NULL,'AdminEmployees',1,0,''),(109,107,2,NULL,'AdminProfiles',1,0,''),(110,107,3,NULL,'AdminAccess',1,0,''),(111,101,7,NULL,'AdminParentRequestSql',1,0,''),(112,111,1,NULL,'AdminRequestSql',1,0,''),(113,111,2,NULL,'AdminBackup',1,0,''),(114,101,8,NULL,'AdminLogs',1,0,''),(115,101,9,NULL,'AdminWebservice',1,0,''),(116,101,10,NULL,'AdminShopGroup',0,0,''),(117,101,11,NULL,'AdminShopUrl',0,0,''),(118,-1,2,NULL,'AdminQuickAccesses',1,0,''),(119,0,5,NULL,'DEFAULT',1,0,''),(120,-1,3,NULL,'AdminPatterns',1,0,''),(121,-1,4,'dashgoals','AdminDashgoals',1,0,''),(122,52,8,'ps_linklist','AdminLinkWidget',1,0,''),(126,0,6,'welcome','AdminWelcome',1,0,''),(127,79,8,'gamification','AdminGamification',1,0,''),(128,-1,5,'cronjobs','AdminCronJobs',1,0,''),(129,44,2,'ps_mbo','AdminPsMboModule',1,0,''),(130,52,3,'ps_mbo','AdminPsMboTheme',1,0,''),(131,-1,6,'ps_buybuttonlite','AdminAjaxPs_buybuttonlite',1,0,''),(132,0,7,'','AdminPkMenu',1,0,''),(133,132,1,'pk_menu','AdminPk_Menu',1,0,'menu'),(147,0,8,'pk_sizeguide','AdminPkSizechart',0,0,''),(155,132,2,'pk_themesettings','AdminPkThemeSettings',1,0,'explore'),(156,132,3,'ph_simpleblog','AdminSimpleBlog',1,0,'subject'),(157,156,1,'ph_simpleblog','AdminSimpleBlogCategories',1,0,'subject'),(158,156,2,'ph_simpleblog','AdminSimpleBlogPosts',1,0,'subject'),(159,156,3,'ph_simpleblog','AdminSimpleBlogComments',1,0,'subject'),(160,156,4,'ph_simpleblog','AdminSimpleBlogTags',1,0,'subject'),(161,156,5,'ph_simpleblog','AdminSimpleBlogSettings',1,0,'subject'),(162,132,4,'pspagebuilder','AdminPspagebuilderManagement',1,0,'dashboard'),(163,162,1,'pspagebuilder','AdminPspagebuilderProfile',1,0,''),(164,162,2,'pspagebuilder','AdminPspagebuilderFooter',1,0,''),(165,162,3,'pspagebuilder','AdminPspagebuilderHeader',1,0,''),(166,162,4,'pspagebuilder','AdminPspagebuilderImage',1,0,''),(167,162,5,'pspagebuilder','AdminPspagebuilderMenu',1,0,''),(168,162,6,'pspagebuilder','AdminPspagebuilderAmp',1,0,''),(169,132,5,'revsliderprestashop','AdminRevolutionsliderSettings',1,0,'slideshow'),(170,0,9,'revsliderprestashop','AdminRevolutionsliderNavigation',0,0,''),(171,-1,7,'revsliderprestashop','AdminRevolutionsliderAjax',0,0,''),(172,-1,8,'revsliderprestashop','AdminRevolutionsliderUpload',0,0,''),(173,119,1,'autoupgrade','AdminSelfUpgrade',1,0,''),(194,-1,9,'blockreassurance','AdminBlockListing',1,0,''),(195,-1,10,'ps_checkout','AdminAjaxPrestashopCheckout',1,0,''),(196,-1,11,'ps_checkout','AdminPaypalOnboardingPrestashopCheckout',1,0,''),(201,52,1,'','AdminThemesParent',1,0,''),(202,201,2,'ps_themecusto','AdminPsThemeCustoConfiguration',1,0,''),(203,201,3,'ps_themecusto','AdminPsThemeCustoAdvanced',1,0,''),(204,44,4,'ps_mbo','AdminPsMboAddons',1,0,''),(205,-1,1,'ps_mbo','AdminPsMboRecommended',1,0,''),(206,0,10,'mailjet','AdminMailjetMain',1,0,''),(207,206,1,'mailjet','AdminMailjet',1,0,''),(218,219,1,'','AdminMailTheme',1,0,NULL),(219,52,4,'','AdminParentMailTheme',1,0,NULL),(220,2,7,'paypal','AdminParentPaypalConfiguration',0,0,'payment'),(221,220,1,'paypal','AdminPaypalConfiguration',0,0,''),(222,221,1,'paypal','AdminPayPalSetup',1,0,''),(223,221,2,'paypal','AdminPayPalCustomizeCheckout',0,0,''),(224,221,3,'paypal','AdminPayPalInstallment',0,0,''),(225,221,4,'paypal','AdminPayPalHelp',1,0,''),(226,221,5,'paypal','AdminPayPalLogs',0,0,''),(227,220,2,'paypal','AdminPaypalGetCredentials',0,0,'');

--
-- Table structure for table `ps_tab_advice`
--

CREATE TABLE `ps_tab_advice` (
  `id_tab` int(11) NOT NULL,
  `id_advice` int(11) NOT NULL,
  PRIMARY KEY (`id_tab`,`id_advice`)
) ENGINE=InnoDB DEFAULT CHARSET=utf8;

--
-- Dumping data for table `ps_tab_advice`
--

INSERT INTO `ps_tab_advice` VALUES (0,4),(1,3),(1,8),(1,10),(1,11),(1,12),(1,13),(1,14),(1,15),(1,16),(1,17),(1,18),(1,19),(1,20),(1,21),(1,22),(1,23),(1,24),(1,25),(1,26),(1,27),(1,28),(1,29),(1,30),(1,31),(1,32),(1,33),(1,34),(1,35),(1,36),(1,37),(1,38),(1,39),(1,40),(1,41),(1,42),(1,43),(1,44),(1,45),(1,46),(1,47),(5,1),(10,1),(10,5),(10,6),(10,8),(11,1),(11,8),(11,9),(25,7),(29,7),(51,8),(53,8),(55,8),(77,2),(93,1),(106,8);

--
-- Table structure for table `ps_tab_lang`
--

CREATE TABLE `ps_tab_lang` (
  `id_tab` int(11) NOT NULL,
  `id_lang` int(11) NOT NULL,
  `name` varchar(128) COLLATE utf8_unicode_ci NOT NULL,
  PRIMARY KEY (`id_tab`,`id_lang`),
  KEY `IDX_CFD9262DED47AB56` (`id_tab`),
  KEY `IDX_CFD9262DBA299860` (`id_lang`)
) ENGINE=InnoDB DEFAULT CHARSET=utf8 COLLATE=utf8_unicode_ci;

--
-- Dumping data for table `ps_tab_lang`
--

INSERT INTO `ps_tab_lang` VALUES (1,1,'Tableau de bord'),(2,1,'Vendre'),(3,1,'Commandes'),(4,1,'Commandes'),(5,1,'Factures'),(6,1,'Avoirs'),(7,1,'Bons de livraison'),(8,1,'Paniers'),(9,1,'Catalogue'),(10,1,'Produits'),(11,1,'Catégories'),(12,1,'Suivi'),(13,1,'Attributs & caractéristiques'),(14,1,'Attributs'),(15,1,'Caractéristiques'),(16,1,'Marques et fournisseurs'),(17,1,'Marques'),(18,1,'Fournisseurs'),(19,1,'Fichiers'),(20,1,'Réductions'),(21,1,'Règles panier'),(22,1,'Règles de prix catalogue'),(23,1,'Stocks'),(24,1,'Clients'),(25,1,'Clients'),(26,1,'Adresses'),(27,1,'Encours autorisés'),(28,1,'SAV'),(29,1,'SAV'),(30,1,'Messages prédéfinis'),(31,1,'Retours produits'),(32,1,'Statistiques'),(34,1,'Entrepôts'),(35,1,'Gestion du stock'),(36,1,'Gestion du stock'),(37,1,'Mouvements de stock'),(38,1,'État instantané du stock'),(39,1,'Couverture du stock'),(40,1,'Commandes fournisseurs'),(41,1,'Paramètres'),(42,1,'Personnaliser'),(43,1,'Modules'),(44,1,'Catalogue de modules'),(45,1,'Catalogue de modules'),(46,1,'Module Selections'),(47,1,'Gestionnaire de modules'),(48,1,'Modules'),(49,1,'Alertes'),(50,1,'Mises à jour'),(52,1,'Apparence'),(53,1,'Thème et logo'),(54,1,'Catalogue de thèmes'),(55,1,'Pages'),(56,1,'Positions'),(57,1,'Images'),(58,1,'Livraison'),(59,1,'Transporteurs'),(60,1,'Préférences'),(61,1,'Paiement'),(62,1,'Modes de paiement'),(63,1,'Préférences'),(64,1,'International'),(65,1,'Localisation'),(66,1,'Localisation'),(67,1,'Langues'),(68,1,'Devises'),(69,1,'Géolocalisation'),(70,1,'Zones géographiques'),(71,1,'Zones'),(72,1,'Pays'),(73,1,'États'),(74,1,'Taxes'),(75,1,'Taxes'),(76,1,'Règles de taxes'),(77,1,'Traductions'),(78,1,'Configurer'),(79,1,'Paramètres de la boutique'),(80,1,'Paramètres généraux'),(81,1,'Paramètres généraux'),(82,1,'Maintenance'),(83,1,'Commandes'),(84,1,'Commandes'),(85,1,'États de commandes'),(86,1,'Produits'),(87,1,'Clients'),(88,1,'Clients'),(89,1,'Groupes'),(90,1,'Titres de civilité'),(91,1,'Contact'),(92,1,'Contacts'),(93,1,'Magasins'),(94,1,'Trafic et SEO'),(95,1,'SEO & URL'),(96,1,'Moteurs de recherche'),(97,1,'Affiliés'),(98,1,'Rechercher'),(99,1,'Rechercher'),(100,1,'Mots-clés'),(101,1,'Paramètres avancés'),(102,1,'Informations'),(103,1,'Performances'),(104,1,'Administration'),(105,1,'Email'),(106,1,'Importer'),(107,1,'Équipe'),(108,1,'Employés'),(109,1,'Profils'),(110,1,'Permissions'),(111,1,'Base de données'),(112,1,'Gestionnaire SQL'),(113,1,'Sauvegarde BDD'),(114,1,'Logs'),(115,1,'Webservice'),(116,1,'Multiboutique'),(117,1,'Multiboutique'),(118,1,'Accès rapide'),(119,1,'Détails'),(121,1,'Dashgoals'),(122,1,'Link Widget'),(126,1,'Welcome'),(127,1,'Merchant Expertise'),(128,1,'Cron Jobs'),(129,1,'Catalogue de modules'),(130,1,'Catalogue de thèmes'),(131,1,'ps_buybuttonlite'),(132,1,'Promokit'),(133,1,'Venedor Menu'),(147,1,'AdminPkSizechart'),(155,1,'Alysum Settings'),(156,1,'Simple Blog'),(157,1,'Catégories'),(158,1,'Posts'),(159,1,'Commentaires'),(160,1,'Mots-clés'),(161,1,'Réglages'),(162,1,'Layout Builder'),(163,1,'Page Builder'),(164,1,'Footer Builder'),(165,1,'Header Builder'),(166,1,'Images Management'),(167,1,'Sub-Menu Builder'),(168,1,'AMP Homepage Builder'),(169,1,'Revolution Slider'),(170,1,'Navigation'),(171,1,'Revolution Ajax Controller'),(172,1,'Revolution Upload Manager'),(173,1,'1-Click Upgrade'),(194,1,'blockreassurance'),(195,1,'ps_checkout'),(196,1,'ps_checkout'),(201,1,'Thème et logo'),(202,1,'Pages Configuration'),(203,1,'Personnalisation avancée'),(204,1,'Module Selections'),(205,1,'Module recommended'),(206,1,'Mailjet'),(207,1,'Configure'),(217,1,'Email Themes'),(218,1,'Email Themes'),(219,1,'Email Themes'),(220,1,'PayPal Officiel'),(221,1,'Configuration'),(222,1,'Paramètres'),(223,1,'Expérience'),(224,1,'Paiement en 4x'),(225,1,'Aide'),(226,1,'Logs'),(227,1,'Get Credentials');

--
-- Table structure for table `ps_tab_module_preference`
--

CREATE TABLE `ps_tab_module_preference` (
  `id_tab_module_preference` int(11) NOT NULL AUTO_INCREMENT,
  `id_employee` int(11) NOT NULL,
  `id_tab` int(11) NOT NULL,
  `module` varchar(255) NOT NULL,
  PRIMARY KEY (`id_tab_module_preference`),
  UNIQUE KEY `employee_module` (`id_employee`,`id_tab`,`module`)
) ENGINE=InnoDB DEFAULT CHARSET=utf8;

--
-- Dumping data for table `ps_tab_module_preference`
--


--
-- Table structure for table `ps_tag`
--

CREATE TABLE `ps_tag` (
  `id_tag` int(10) unsigned NOT NULL AUTO_INCREMENT,
  `id_lang` int(10) unsigned NOT NULL,
  `name` varchar(32) NOT NULL,
  PRIMARY KEY (`id_tag`),
  KEY `tag_name` (`name`),
  KEY `id_lang` (`id_lang`)
) ENGINE=InnoDB AUTO_INCREMENT=5386 DEFAULT CHARSET=utf8;

--
-- Dumping data for table `ps_tag`
--

INSERT INTO `ps_tag` VALUES (20,1,'street art'),(128,1,'peinture'),(129,1,'pola 4.0'),(130,1,'marilyn'),(131,1,'technique mixte'),(143,1,'acrylique'),(144,1,'bombe'),(145,1,'feutre'),(146,1,'spark'),(208,1,'oeuvre'),(209,1,'tableau'),(210,1,'comics'),(291,1,'femme'),(297,1,'toile'),(305,1,'fleurs'),(367,1,'artites de street art'),(368,1,'speedy graphito'),(369,1,'jeff aérosol'),(370,1,'tilt'),(371,1,'invader'),(372,1,'banksy'),(373,1,'johnone'),(374,1,'monsieur chat'),(375,1,'miss van'),(376,1,'c 215'),(377,1,'ben frost'),(378,1,'menager'),(379,1,'posca'),(380,1,'johanne 8'),(430,1,'BD'),(431,1,'bande dessinée'),(459,1,'manga'),(460,1,'maurel'),(461,1,'Caroline Maurel'),(462,1,'huile sur toile'),(463,1,'tableau pour enfants'),(479,1,'Caroline'),(541,1,'Régis'),(542,1,'Rizzo'),(545,1,'Régis Rizzo'),(648,1,'icone'),(650,1,'fraignac'),(651,1,'jerome'),(652,1,'sculpture murale'),(733,1,'Peinture abstraite'),(734,1,'Peinture nature morte'),(735,1,'Peinture minimaliste'),(736,1,'minimalisme'),(737,1,'peinture géométrique'),(738,1,'architecture'),(739,1,'peinture acrylique'),(740,1,'artiste français'),(741,1,'matière'),(742,1,'couche de peinture'),(743,1,'travail de la matière'),(756,1,'végétal'),(837,1,'peinture à l\'huile'),(838,1,'tableau de mangas'),(839,1,'mangas'),(866,1,'jouet'),(867,1,'moto'),(868,1,'voyage'),(909,1,'pop art'),(920,1,'contemporain'),(939,1,'chiroco'),(949,1,'peinture aérosol'),(950,1,'peinture street art'),(951,1,'peinture pop art'),(952,1,'peinture nus'),(953,1,'peinture bande dessinée'),(963,1,'Françoise Danel'),(964,1,'abstrait'),(965,1,'forme geometrique'),(966,1,'oeuvre d\'art'),(970,1,'Danel'),(977,1,'sculpture'),(978,1,'art contemporain'),(979,1,'original'),(985,1,'sébastien creteur'),(986,1,'verre'),(987,1,'sphere'),(1026,1,'peinture sur verre'),(1027,1,'crêteur'),(1065,1,'orange'),(1085,1,'vert'),(1122,1,'bleu'),(1133,1,'colore'),(1134,1,'jaune'),(1137,1,'blanc'),(1138,1,'photo'),(1139,1,'photographie'),(1140,1,'edition'),(1141,1,'édition limitée'),(1143,1,'concours'),(1216,1,'plasticien'),(1281,1,'Anne Eliayan et Christian Pic'),(1282,1,'art visuel'),(1283,1,'art graphique'),(1284,1,'eliayan'),(1285,1,'christian pic'),(1286,1,'Anne Eliayan'),(1287,1,'edition tirage limitée'),(1288,1,'prix'),(1292,1,'Fine Art Photography Awards'),(1323,1,'aluminium'),(1324,1,'sur'),(1410,1,'portrait'),(1470,1,'mickey'),(1481,1,'mickey mouse'),(1492,1,'violettes'),(1521,1,'mer'),(1522,1,'baignade'),(1523,1,'vacances'),(1524,1,'bain'),(1525,1,'nicolaï'),(1526,1,'peinture à l\'aérographe'),(1557,1,'lecture'),(1558,1,'eau'),(1571,1,'bateau'),(1673,1,'bois'),(1674,1,'art digital'),(1675,1,'peinture numérique'),(1679,1,'luxe'),(1680,1,'mode'),(1681,1,'cinema'),(1683,1,'annee 60'),(1685,1,'star'),(1704,1,'pochoir'),(1705,1,'editions'),(1754,1,'Steve'),(1759,1,'porsche'),(1798,1,'en équilibre'),(1799,1,'sport'),(1800,1,'la poutre'),(1824,1,'condition féminine'),(1909,1,'course'),(1911,1,'voiture'),(1912,1,'pilote'),(1936,1,'collection'),(1979,1,'vintage'),(2011,1,'evenement'),(2012,1,'art'),(2013,1,'edition rehaussée'),(2018,1,'nuit'),(2277,1,'amour'),(2405,1,'plexiglass'),(2431,1,'tags'),(2432,1,'culture mayas'),(2434,1,'graphisme'),(2717,1,'charisme'),(2718,1,'addiction'),(2739,1,'de'),(2810,1,'voitures'),(2811,1,'porsche 911'),(2812,1,'metal'),(2813,1,'métallissée'),(2814,1,'masculin'),(2815,1,'hobby'),(2816,1,'club porsche'),(2817,1,'rallye'),(2818,1,'leasing'),(2819,1,'financement art'),(2820,1,'cadeau masculin'),(2821,1,'fine art'),(2822,1,'peinture digitale'),(2823,1,'decoration murale'),(2824,1,'rose'),(2839,1,'urbain'),(2840,1,'super heros'),(2849,1,'Noir'),(2850,1,'Ville'),(2853,1,'peinture sur toile'),(2854,1,'acrylique sur toile'),(2865,1,'nature'),(2868,1,'vibration'),(2871,1,'formes'),(2872,1,'fruit'),(2876,1,'meuble'),(2877,1,'contraste'),(2884,1,'neige'),(2887,1,'exotique'),(2891,1,'aerographe'),(2892,1,'végétation'),(2893,1,'rouge'),(2895,1,'mythologie'),(2897,1,'plage'),(2898,1,'bikini'),(2899,1,'été'),(2900,1,'maillot de bain'),(2901,1,'zhao'),(2902,1,'yining'),(2903,1,'Yining Zhao'),(2908,1,'légende'),(2929,1,'extase'),(2930,1,'érotique'),(2931,1,'sainte'),(2932,1,'sainte Thérèse'),(2933,1,'Thérèse'),(2943,1,'sérénité'),(2945,1,'lumière'),(2947,1,'religieux'),(2958,1,'jeu'),(2963,1,'acteur'),(2964,1,'emblématique'),(2965,1,'piscine'),(2968,1,'femmes'),(2969,1,'homme'),(2970,1,'jeunesse'),(2971,1,'séduction'),(2972,1,'filles'),(2973,1,'enfants'),(2974,1,'hélicoptère'),(2975,1,'touristes'),(2976,1,'pointillisme'),(2977,1,'bronzage'),(2978,1,'sensuel'),(2979,1,'soleil'),(2980,1,'beigneurs'),(2981,1,'ciel'),(2982,1,'Baléares'),(2983,1,'Espagne'),(2984,1,'Majorque'),(2985,1,'baigneurs'),(2986,1,'estival'),(2987,1,'bathers'),(2988,1,'insolite'),(2989,1,'masque'),(2990,1,'hommes'),(2991,1,'douche'),(2992,1,'italienne'),(2993,1,'intime'),(2994,1,'intimité'),(2995,1,'transat'),(2996,1,'promenade'),(2997,1,'chien'),(2998,1,'terrasse'),(2999,1,'détente'),(3000,1,'divertissement'),(3001,1,'sieste'),(3003,1,'fenêtre'),(3004,1,'douceur'),(3005,1,'figuier'),(3006,1,'arbre'),(3007,1,'arbre fruitiers'),(3008,1,'figues'),(3009,1,'fauteuil'),(3010,1,'comfort'),(3011,1,'repos'),(3017,1,'polyvinyle'),(3018,1,'Jérôme Fraignac'),(3019,1,'livre'),(3028,1,'résine'),(3041,1,'combat'),(3043,1,'rêve'),(3049,1,'icones'),(3051,1,'pop'),(3061,1,'forme'),(3062,1,'abstraction'),(3063,1,'géométrique'),(3064,1,'Françoise'),(3065,1,'géométrie'),(3066,1,'beige'),(3067,1,'papier'),(3068,1,'papier marouflé'),(3069,1,'plan'),(3072,1,'guerre'),(3073,1,'marron'),(3074,1,'diptyque'),(3075,1,'minimaliste'),(3076,1,'gris'),(3078,1,'église'),(3079,1,'sacré'),(3091,1,'huile'),(3092,1,'peintre célèbre'),(3093,1,'peinture célèbre'),(3097,1,'Madoka Magica'),(3098,1,'artiste célèbre'),(3099,1,'oeuvre célèbre'),(3101,1,'poupée'),(3102,1,'tableau célèbre'),(3103,1,'sommeil'),(3106,1,'flou'),(3116,1,'obscurité'),(3118,1,'impression'),(3120,1,'nocturne'),(3121,1,'route'),(3122,1,'pluie'),(3123,1,'rain'),(3124,1,'souvenir'),(3125,1,'mouvement'),(3128,1,'vélo'),(3129,1,'véhicule'),(3143,1,'formes géométriques'),(3146,1,'journal'),(3150,1,'monde'),(3157,1,'Picasso'),(3158,1,'figurine'),(3159,1,'figurine pop'),(3160,1,'acrylique sur verre'),(3161,1,'sculpture en verre'),(3162,1,'illusion'),(3163,1,'Sébastien'),(3165,1,'en'),(3168,1,'cosmique'),(3169,1,'espace'),(3170,1,'planète'),(3171,1,'univers'),(3172,1,'or'),(3173,1,'métallique'),(3174,1,'papier sur aluminium'),(3175,1,'intérieur'),(3177,1,'Anne'),(3178,1,'Christian'),(3179,1,'Pic'),(3183,1,'impression sur aluminium'),(3184,1,'café'),(3185,1,'évasion'),(3186,1,'paysage'),(3192,1,'extérieur'),(3194,1,'tirage'),(3196,1,'tirage sur aluminium'),(3203,1,'Chistian Pic'),(3204,1,'cirque'),(3205,1,'enfance'),(3206,1,'restaurant'),(3214,1,'nu'),(3215,1,'parasol'),(3216,1,'yacht'),(3217,1,'selfie'),(3222,1,'résine sur bois'),(3231,1,'johanne'),(3232,1,'romantic'),(3233,1,'couple'),(3235,1,'croisière'),(3236,1,'donald'),(3239,1,'artistes'),(3269,1,'destructuration'),(3270,1,'destructuration forme'),(3271,1,'commode'),(3276,1,'animal'),(3277,1,'cerf'),(3278,1,'chasse'),(3279,1,'chasse à cour'),(3280,1,'hiver'),(3281,1,'foret'),(3282,1,'rencontre'),(3283,1,'majestueux'),(3284,1,'citron'),(3285,1,'branche'),(3286,1,'fruits'),(3289,1,'fleur rouge'),(3290,1,'vegetaion luxuriante'),(3301,1,'nymphe'),(3302,1,'Apollon'),(3303,1,'Daphné'),(3304,1,'coeur'),(3310,1,'Proserpine'),(3311,1,'Enlèvement'),(3312,1,'Perséphone'),(3313,1,'Hadès'),(3314,1,'Pluton'),(3315,1,'Pieta'),(3316,1,'Vierge Marie'),(3317,1,'Christ'),(3318,1,'Marie'),(3319,1,'christianisme'),(3331,1,'nudité'),(3333,1,'baigneuses'),(3334,1,'Captain America'),(3335,1,'aventure'),(3352,1,'Mario'),(3353,1,'tête de mort'),(3354,1,'mort'),(3355,1,'Stan'),(3360,1,'Claude Picart'),(3361,1,'Claude'),(3362,1,'Picart'),(3365,1,'violet'),(3402,1,'spiderman'),(3403,1,'action'),(3404,1,'BATMAN'),(3409,1,'Vast'),(3410,1,'Noir et blanc'),(3411,1,'Lille'),(3412,1,'Lille beffroi'),(3660,1,'primée'),(3661,1,'ile'),(3662,1,'photo d\'artistes'),(3663,1,'photo d\'Art'),(3664,1,'photographie d\'art'),(3665,1,'nageur'),(3666,1,'conceptuel'),(3667,1,'photographie récompensée'),(3668,1,'photographie primée'),(3669,1,'nage'),(3670,1,'natation'),(3671,1,'gagner la rive'),(3703,1,'reposant'),(3710,1,'voilier'),(3711,1,'brume'),(3712,1,'un voilier dans la brume'),(3716,1,'le pont'),(3717,1,'ensemble de chaises'),(3718,1,'le pont d\'un bateau de croisière'),(3719,1,'vague'),(3720,1,'vagues'),(3721,1,'ecume'),(3726,1,'musée'),(3727,1,'balade'),(3728,1,'touriste'),(3729,1,'visiteur'),(3730,1,'tirage sur papier'),(3745,1,'pistolet'),(3746,1,'revolver'),(3753,1,'nuages'),(3754,1,'couleurs intenses'),(3832,1,'oeuvredart'),(3833,1,'barbie'),(3834,1,'barbies'),(3835,1,'peinturedebarbie'),(3836,1,'d\'après'),(3837,1,'tableau de barbie'),(3838,1,'achatdart'),(3847,1,'robertcombas'),(3848,1,'Combas'),(3855,1,'eros'),(3856,1,'thanatos'),(3863,1,'coiffe'),(3864,1,'indienne'),(3867,1,'vogue'),(3900,1,'chapeau'),(3967,1,'peinture portrait'),(3974,1,'Simson'),(3975,1,'heroes'),(3996,1,'feuilles'),(3997,1,'turquoise'),(3998,1,'toile de françoise danel'),(3999,1,'oeuvre de Françoise Danel'),(4000,1,'semi-abstrait'),(4061,1,'Feuille'),(4062,1,'rayé'),(4063,1,'artwork'),(4064,1,'arworks'),(4065,1,'french'),(4066,1,'couleur'),(4071,1,'petit format'),(4078,1,'vase'),(4079,1,'vases'),(4084,1,'trefles'),(4100,1,'lien'),(4101,1,'liens'),(4102,1,'symbolique'),(4113,1,'forme stylisée'),(4114,1,'forme epure'),(4122,1,'blackandwhite'),(4126,1,'dondons'),(4129,1,'déco'),(4130,1,'decoration'),(4135,1,'representation'),(4136,1,'primitives'),(4137,1,'primitif'),(4138,1,'discussion'),(4141,1,'cadeau original'),(4154,1,'cube'),(4155,1,'transparent'),(4157,1,'clair'),(4163,1,'Basquiat'),(4192,1,'mcqueen'),(4193,1,'automobile'),(4194,1,'années 60'),(4195,1,'débutant'),(4206,1,'BB'),(4207,1,'Bardot'),(4208,1,'pochoirs'),(4209,1,'digitales'),(4210,1,'caractere'),(4223,1,'féminisme'),(4224,1,'égalité'),(4282,1,'MohamedAli'),(4283,1,'Mohamed'),(4284,1,'Ali'),(4285,1,'boxe'),(4286,1,'boxeur'),(4287,1,'king'),(4288,1,'aureole'),(4300,1,'vente'),(4301,1,'achat'),(4302,1,'ventes'),(4303,1,'achats'),(4304,1,'ligne'),(4307,1,'miniature'),(4308,1,'semi abstraite'),(4380,1,'artistes français'),(4381,1,'arwork'),(4382,1,'artworks'),(4383,1,'graphique'),(4384,1,'couleurs'),(4385,1,'narrative'),(4386,1,'domicile'),(4387,1,'maison'),(4388,1,'figuration'),(4402,1,'corrida'),(4403,1,'corridas'),(4404,1,'torero'),(4405,1,'taureau'),(4412,1,'tableaux'),(4413,1,'d'),(4414,1,'\''),(4431,1,'fatale'),(4432,1,'rupture'),(4433,1,'separation'),(4434,1,'brise'),(4439,1,'telephone'),(4440,1,'abstait'),(4461,1,'actrice'),(4462,1,'start'),(4463,1,'etoile'),(4485,1,'Waltz'),(4486,1,'for'),(4487,1,'Debby'),(4491,1,'Abstraits'),(4505,1,'rehaussée'),(4508,1,'murale'),(4509,1,'la'),(4512,1,'fille'),(4519,1,'maryline'),(4520,1,'monroe'),(4545,1,'mecano'),(4546,1,'avion'),(4547,1,'composition'),(4548,1,'Rip Kirby.'),(4552,1,'Borsalino'),(4568,1,'bonheur'),(4569,1,'sourire'),(4570,1,'energie'),(4579,1,'soldats'),(4580,1,'solidarité'),(4581,1,'juin44'),(4582,1,'1940'),(4584,1,'soldat'),(4728,1,'super'),(4731,1,'unique'),(4734,1,'pour'),(4846,1,'speciale'),(4881,1,'à'),(4897,1,'arianne'),(4898,1,'Méditerranée'),(4906,1,'eperdument'),(4907,1,'roman'),(4908,1,'mots'),(4909,1,'texte'),(4910,1,'couverture'),(4930,1,'grand'),(4931,1,'format'),(4944,1,'acheter'),(4945,1,'acheterdelart'),(4946,1,'enviedart'),(4967,1,'plante'),(4968,1,'floral'),(4969,1,'galamez'),(4970,1,'leo'),(4977,1,'cailloux'),(4978,1,'zen'),(4979,1,'tableauzen'),(4983,1,'Secret Partagé'),(4984,1,'danse'),(4985,1,'robe'),(4987,1,'Le Monde'),(4988,1,'actualité'),(4989,1,'évolution'),(4998,1,'jungle'),(4999,1,'henri'),(5001,1,'early marseille'),(5030,1,'nageuse'),(5031,1,'clubmed'),(5032,1,'don\'ttrump'),(5033,1,'reflex'),(5034,1,'fluo'),(5035,1,'fluorescent'),(5196,1,'variante'),(5197,1,'digital'),(5198,1,'alu'),(5199,1,'aluminum'),(5200,1,'kate'),(5201,1,'moss'),(5202,1,'nanequin'),(5203,1,'connu'),(5204,1,'iconique'),(5208,1,'theme'),(5251,1,'groseille'),(5252,1,'maquereau'),(5261,1,'escaliers'),(5262,1,'gymnase'),(5263,1,'train'),(5265,1,'escalier'),(5268,1,'Thomas'),(5269,1,'cercle'),(5291,1,'roi'),(5292,1,'creux'),(5293,1,'plein'),(5304,1,'oeuvremajeure'),(5307,1,'petitformat'),(5314,1,'saint tropez'),(5315,1,'la madraque'),(5316,1,'chanteuse'),(5317,1,'femme sensuelle'),(5318,1,'alain delon'),(5319,1,'plexi'),(5320,1,'plexiglas'),(5324,1,'james dean'),(5325,1,'années 50'),(5326,1,'jean'),(5327,1,'Steve Mc Queen'),(5331,1,'bazaar'),(5336,1,'romance'),(5337,1,'age gap'),(5338,1,'love'),(5339,1,'histoire'),(5373,1,'Andy Warhol'),(5374,1,'elements'),(5375,1,'decoratifs'),(5376,1,'Fondation'),(5377,1,'Louis Vuitton'),(5378,1,'Exposition à la fondation Louis'),(5385,1,'artiste');

--
-- Table structure for table `ps_tag_count`
--

CREATE TABLE `ps_tag_count` (
  `id_group` int(10) unsigned NOT NULL DEFAULT '0',
  `id_tag` int(10) unsigned NOT NULL DEFAULT '0',
  `id_lang` int(10) unsigned NOT NULL DEFAULT '0',
  `id_shop` int(11) unsigned NOT NULL DEFAULT '0',
  `counter` int(10) unsigned NOT NULL DEFAULT '0',
  PRIMARY KEY (`id_group`,`id_tag`),
  KEY `id_group` (`id_group`,`id_lang`,`id_shop`,`counter`)
) ENGINE=InnoDB DEFAULT CHARSET=utf8;

--
-- Dumping data for table `ps_tag_count`
--

INSERT INTO `ps_tag_count` VALUES (0,838,1,1,1),(0,866,1,1,1),(0,867,1,1,1),(0,939,1,1,1),(0,952,1,1,1),(0,1470,1,1,1),(0,1481,1,1,1),(0,1526,1,1,1),(0,1798,1,1,1),(0,1800,1,1,1),(0,2431,1,1,1),(0,2432,1,1,1),(0,2434,1,1,1),(0,2810,1,1,1),(0,2811,1,1,1),(0,2812,1,1,1),(0,2813,1,1,1),(0,2814,1,1,1),(0,2815,1,1,1),(0,2816,1,1,1),(0,2817,1,1,1),(0,2818,1,1,1),(0,2819,1,1,1),(0,2820,1,1,1),(0,2821,1,1,1),(0,2822,1,1,1),(0,2964,1,1,1),(0,2971,1,1,1),(0,2972,1,1,1),(0,2973,1,1,1),(0,2974,1,1,1),(0,2976,1,1,1),(0,2980,1,1,1),(0,2982,1,1,1),(0,2984,1,1,1),(0,2986,1,1,1),(0,2991,1,1,1),(0,2992,1,1,1),(0,2993,1,1,1),(0,2994,1,1,1),(0,2995,1,1,1),(0,2997,1,1,1),(0,3003,1,1,1),(0,3004,1,1,1),(0,3005,1,1,1),(0,3006,1,1,1),(0,3007,1,1,1),(0,3008,1,1,1),(0,3009,1,1,1),(0,3010,1,1,1),(0,3041,1,1,1),(0,3043,1,1,1),(0,3074,1,1,1),(0,3078,1,1,1),(0,3079,1,1,1),(0,3097,1,1,1),(0,3102,1,1,1),(0,3103,1,1,1),(0,3120,1,1,1),(0,3122,1,1,1),(0,3123,1,1,1),(0,3146,1,1,1),(0,3150,1,1,1),(0,3172,1,1,1),(0,3173,1,1,1),(0,3175,1,1,1),(0,3192,1,1,1),(0,3203,1,1,1),(0,3204,1,1,1),(0,3205,1,1,1),(0,3215,1,1,1),(0,3216,1,1,1),(0,3217,1,1,1),(0,3231,1,1,1),(0,3232,1,1,1),(0,3236,1,1,1),(0,3269,1,1,1),(0,3270,1,1,1),(0,3271,1,1,1),(0,3276,1,1,1),(0,3277,1,1,1),(0,3278,1,1,1),(0,3279,1,1,1),(0,3280,1,1,1),(0,3281,1,1,1),(0,3282,1,1,1),(0,3283,1,1,1),(0,3284,1,1,1),(0,3285,1,1,1),(0,3286,1,1,1),(0,3289,1,1,1),(0,3290,1,1,1),(0,3301,1,1,1),(0,3302,1,1,1),(0,3303,1,1,1),(0,3304,1,1,1),(0,3310,1,1,1),(0,3311,1,1,1),(0,3312,1,1,1),(0,3313,1,1,1),(0,3314,1,1,1),(0,3315,1,1,1),(0,3316,1,1,1),(0,3317,1,1,1),(0,3318,1,1,1),(0,3319,1,1,1),(0,3331,1,1,1),(0,3333,1,1,1),(0,3352,1,1,1),(0,3353,1,1,1),(0,3355,1,1,1),(0,3402,1,1,1),(0,3403,1,1,1),(0,3409,1,1,1),(0,3410,1,1,1),(0,3412,1,1,1),(0,3665,1,1,1),(0,3669,1,1,1),(0,3670,1,1,1),(0,3671,1,1,1),(0,3710,1,1,1),(0,3712,1,1,1),(0,3716,1,1,1),(0,3717,1,1,1),(0,3718,1,1,1),(0,3719,1,1,1),(0,3720,1,1,1),(0,3721,1,1,1),(0,3726,1,1,1),(0,3727,1,1,1),(0,3728,1,1,1),(0,3729,1,1,1),(0,3730,1,1,1),(0,3745,1,1,1),(0,3746,1,1,1),(0,3753,1,1,1),(0,3754,1,1,1),(0,3847,1,1,1),(0,3848,1,1,1),(0,3855,1,1,1),(0,3856,1,1,1),(0,3863,1,1,1),(0,3864,1,1,1),(0,3967,1,1,1),(0,3974,1,1,1),(0,3975,1,1,1),(0,4062,1,1,1),(0,4078,1,1,1),(0,4079,1,1,1),(0,4126,1,1,1),(0,4135,1,1,1),(0,4136,1,1,1),(0,4137,1,1,1),(0,4138,1,1,1),(0,4141,1,1,1),(0,4154,1,1,1),(0,4155,1,1,1),(0,4157,1,1,1),(0,4206,1,1,1),(0,4207,1,1,1),(0,4208,1,1,1),(0,4209,1,1,1),(0,4210,1,1,1),(0,4282,1,1,1),(0,4283,1,1,1),(0,4284,1,1,1),(0,4286,1,1,1),(0,4288,1,1,1),(0,4300,1,1,1),(0,4301,1,1,1),(0,4302,1,1,1),(0,4303,1,1,1),(0,4307,1,1,1),(0,4308,1,1,1),(0,4402,1,1,1),(0,4403,1,1,1),(0,4404,1,1,1),(0,4405,1,1,1),(0,4440,1,1,1),(0,4485,1,1,1),(0,4486,1,1,1),(0,4487,1,1,1),(0,4491,1,1,1),(0,4519,1,1,1),(0,4520,1,1,1),(0,4545,1,1,1),(0,4546,1,1,1),(0,4548,1,1,1),(0,4552,1,1,1),(0,4568,1,1,1),(0,4569,1,1,1),(0,4584,1,1,1),(0,4897,1,1,1),(0,4898,1,1,1),(0,4906,1,1,1),(0,4907,1,1,1),(0,4908,1,1,1),(0,4909,1,1,1),(0,4910,1,1,1),(0,4930,1,1,1),(0,4931,1,1,1),(0,4983,1,1,1),(0,4984,1,1,1),(0,4985,1,1,1),(0,4987,1,1,1),(0,4988,1,1,1),(0,4989,1,1,1),(0,4998,1,1,1),(0,4999,1,1,1),(0,5001,1,1,1),(0,5030,1,1,1),(0,5031,1,1,1),(0,5032,1,1,1),(0,5033,1,1,1),(0,5034,1,1,1),(0,5035,1,1,1),(0,5251,1,1,1),(0,5252,1,1,1),(0,5261,1,1,1),(0,5262,1,1,1),(0,5263,1,1,1),(0,5265,1,1,1),(0,5291,1,1,1),(0,5292,1,1,1),(0,5293,1,1,1),(0,5307,1,1,1),(0,5314,1,1,1),(0,5315,1,1,1),(0,5316,1,1,1),(0,5317,1,1,1),(0,5318,1,1,1),(0,5319,1,1,1),(0,5320,1,1,1),(0,5324,1,1,1),(0,5325,1,1,1),(0,5326,1,1,1),(0,5327,1,1,1),(0,5331,1,1,1),(0,5336,1,1,1),(0,5337,1,1,1),(0,5338,1,1,1),(0,5339,1,1,1),(0,5385,1,1,1),(0,146,1,1,2),(0,367,1,1,2),(0,368,1,1,2),(0,369,1,1,2),(0,370,1,1,2),(0,375,1,1,2),(0,949,1,1,2),(0,950,1,1,2),(0,951,1,1,2),(0,953,1,1,2),(0,1759,1,1,2),(0,2839,1,1,2),(0,2850,1,1,2),(0,2876,1,1,2),(0,2884,1,1,2),(0,2887,1,1,2),(0,2900,1,1,2),(0,2908,1,1,2),(0,2947,1,1,2),(0,2970,1,1,2),(0,2977,1,1,2),(0,2983,1,1,2),(0,2985,1,1,2),(0,2987,1,1,2),(0,2988,1,1,2),(0,2989,1,1,2),(0,2990,1,1,2),(0,2998,1,1,2),(0,3001,1,1,2),(0,3011,1,1,2),(0,3124,1,1,2),(0,3125,1,1,2),(0,3128,1,1,2),(0,3157,1,1,2),(0,3184,1,1,2),(0,3186,1,1,2),(0,3206,1,1,2),(0,3214,1,1,2),(0,3334,1,1,2),(0,3354,1,1,2),(0,3404,1,1,2),(0,3411,1,1,2),(0,3711,1,1,2),(0,3867,1,1,2),(0,4122,1,1,2),(0,4192,1,1,2),(0,4193,1,1,2),(0,4194,1,1,2),(0,4195,1,1,2),(0,4285,1,1,2),(0,4287,1,1,2),(0,4461,1,1,2),(0,4462,1,1,2),(0,4463,1,1,2),(0,4512,1,1,2),(0,4579,1,1,2),(0,4580,1,1,2),(0,4977,1,1,2),(0,5373,1,1,2),(0,5374,1,1,2),(0,5375,1,1,2),(0,5376,1,1,2),(0,5377,1,1,2),(0,5378,1,1,2),(0,371,1,1,3),(0,372,1,1,3),(0,373,1,1,3),(0,374,1,1,3),(0,376,1,1,3),(0,377,1,1,3),(0,378,1,1,3),(0,379,1,1,3),(0,868,1,1,3),(0,1410,1,1,3),(0,1524,1,1,3),(0,1679,1,1,3),(0,1683,1,1,3),(0,1754,1,1,3),(0,1912,1,1,3),(0,1936,1,1,3),(0,2018,1,1,3),(0,2872,1,1,3),(0,2895,1,1,3),(0,2898,1,1,3),(0,2929,1,1,3),(0,2930,1,1,3),(0,2931,1,1,3),(0,2932,1,1,3),(0,2933,1,1,3),(0,2958,1,1,3),(0,2968,1,1,3),(0,2975,1,1,3),(0,2978,1,1,3),(0,2996,1,1,3),(0,3019,1,1,3),(0,3073,1,1,3),(0,3099,1,1,3),(0,3129,1,1,3),(0,3235,1,1,3),(0,3239,1,1,3),(0,4129,1,1,3),(0,4163,1,1,3),(0,4223,1,1,3),(0,4224,1,1,3),(0,4387,1,1,3),(0,4431,1,1,3),(0,4432,1,1,3),(0,4433,1,1,3),(0,4434,1,1,3),(0,4439,1,1,3),(0,4581,1,1,3),(0,4582,1,1,3),(0,5196,1,1,3),(0,5197,1,1,3),(0,5198,1,1,3),(0,5199,1,1,3),(0,5200,1,1,3),(0,5201,1,1,3),(0,5202,1,1,3),(0,5203,1,1,3),(0,5204,1,1,3),(0,5304,1,1,3),(0,144,1,1,4),(0,145,1,1,4),(0,380,1,1,4),(0,1557,1,1,4),(0,1673,1,1,4),(0,1674,1,1,4),(0,1675,1,1,4),(0,1685,1,1,4),(0,1799,1,1,4),(0,1909,1,1,4),(0,2943,1,1,4),(0,2963,1,1,4),(0,2999,1,1,4),(0,3049,1,1,4),(0,3068,1,1,4),(0,3072,1,1,4),(0,3092,1,1,4),(0,3093,1,1,4),(0,3098,1,1,4),(0,3116,1,1,4),(0,3121,1,1,4),(0,3174,1,1,4),(0,3222,1,1,4),(0,3233,1,1,4),(0,3335,1,1,4),(0,3703,1,1,4),(0,3832,1,1,4),(0,3833,1,1,4),(0,3834,1,1,4),(0,3835,1,1,4),(0,3836,1,1,4),(0,3837,1,1,4),(0,3838,1,1,4),(0,4113,1,1,4),(0,4114,1,1,4),(0,4967,1,1,4),(0,4968,1,1,4),(0,5208,1,1,4),(0,1288,1,1,5),(0,1522,1,1,5),(0,1571,1,1,5),(0,1704,1,1,5),(0,1705,1,1,5),(0,2945,1,1,5),(0,2965,1,1,5),(0,2979,1,1,5),(0,3028,1,1,5),(0,3101,1,1,5),(0,3158,1,1,5),(0,3159,1,1,5),(0,3660,1,1,5),(0,3661,1,1,5),(0,3662,1,1,5),(0,3663,1,1,5),(0,3664,1,1,5),(0,3666,1,1,5),(0,3667,1,1,5),(0,3668,1,1,5),(0,4100,1,1,5),(0,4101,1,1,5),(0,4102,1,1,5),(0,4505,1,1,5),(0,4570,1,1,5),(0,4969,1,1,5),(0,4970,1,1,5),(0,4978,1,1,5),(0,4979,1,1,5),(0,541,1,1,6),(0,542,1,1,6),(0,545,1,1,6),(0,650,1,1,6),(0,651,1,1,6),(0,1558,1,1,6),(0,1911,1,1,6),(0,2013,1,1,6),(0,2277,1,1,6),(0,2840,1,1,6),(0,2901,1,1,6),(0,2902,1,1,6),(0,2903,1,1,6),(0,3000,1,1,6),(0,3018,1,1,6),(0,3051,1,1,6),(0,3106,1,1,6),(0,3185,1,1,6),(0,3365,1,1,6),(0,4547,1,1,6),(0,210,1,1,7),(0,459,1,1,7),(0,652,1,1,7),(0,839,1,1,7),(0,2717,1,1,7),(0,2718,1,1,7),(0,3017,1,1,7),(0,3194,1,1,7),(0,4084,1,1,7),(0,463,1,1,8),(0,1681,1,1,8),(0,1824,1,1,8),(0,2011,1,1,8),(0,2891,1,1,8),(0,2892,1,1,8),(0,3118,1,1,8),(0,4386,1,1,8),(0,5268,1,1,8),(0,5269,1,1,8),(0,1281,1,1,9),(0,2897,1,1,9),(0,2899,1,1,9),(0,2969,1,1,9),(0,2981,1,1,9),(0,3183,1,1,9),(0,4304,1,1,9),(0,4383,1,1,9),(0,4384,1,1,9),(0,479,1,1,10),(0,1216,1,1,10),(0,1287,1,1,10),(0,1292,1,1,10),(0,1680,1,1,10),(0,2405,1,1,10),(0,3196,1,1,10),(0,3900,1,1,10),(0,4412,1,1,10),(0,431,1,1,11),(0,460,1,1,11),(0,461,1,1,11),(0,966,1,1,11),(0,979,1,1,11),(0,3069,1,1,11),(0,4414,1,1,11),(0,4728,1,1,11),(0,4731,1,1,11),(0,4734,1,1,11),(0,4846,1,1,11),(0,4881,1,1,11),(0,1323,1,1,12),(0,1521,1,1,12),(0,2739,1,1,12),(0,4944,1,1,12),(0,4945,1,1,12),(0,4946,1,1,12),(0,430,1,1,13),(0,963,1,1,13),(0,987,1,1,13),(0,2824,1,1,13),(0,2877,1,1,13),(0,3076,1,1,13),(0,3168,1,1,13),(0,3169,1,1,13),(0,3170,1,1,13),(0,3171,1,1,13),(0,3177,1,1,13),(0,3178,1,1,13),(0,3179,1,1,13),(0,3997,1,1,13),(0,4509,1,1,13),(0,648,1,1,14),(0,909,1,1,14),(0,4380,1,1,14),(0,4381,1,1,14),(0,4382,1,1,14),(0,4385,1,1,14),(0,4388,1,1,14),(0,985,1,1,15),(0,986,1,1,15),(0,1026,1,1,15),(0,1027,1,1,15),(0,1979,1,1,15),(0,2823,1,1,15),(0,2871,1,1,15),(0,3160,1,1,15),(0,3161,1,1,15),(0,3162,1,1,15),(0,3163,1,1,15),(0,4071,1,1,15),(0,1065,1,1,16),(0,3091,1,1,16),(0,3165,1,1,16),(0,3360,1,1,16),(0,3361,1,1,16),(0,3362,1,1,16),(0,4064,1,1,16),(0,4065,1,1,16),(0,4508,1,1,16),(0,462,1,1,17),(0,837,1,1,17),(0,3143,1,1,17),(0,129,1,1,18),(0,2865,1,1,18),(0,3996,1,1,18),(0,4000,1,1,18),(0,734,1,1,19),(0,741,1,1,19),(0,742,1,1,19),(0,743,1,1,19),(0,1282,1,1,19),(0,1285,1,1,19),(0,3067,1,1,19),(0,3998,1,1,19),(0,3999,1,1,19),(0,4061,1,1,19),(0,1139,1,1,20),(0,1141,1,1,20),(0,1143,1,1,20),(0,1283,1,1,20),(0,1284,1,1,20),(0,1286,1,1,20),(0,305,1,1,21),(0,740,1,1,21),(0,1138,1,1,21),(0,1523,1,1,21),(0,3065,1,1,21),(0,977,1,1,22),(0,4413,1,1,22),(0,20,1,1,23),(0,208,1,1,25),(0,3066,1,1,25),(0,1134,1,1,26),(0,3063,1,1,26),(0,3075,1,1,26),(0,1525,1,1,27),(0,4063,1,1,27),(0,756,1,1,28),(0,965,1,1,31),(0,4066,1,1,31),(0,4130,1,1,31),(0,738,1,1,32),(0,3061,1,1,32),(0,3064,1,1,32),(0,2868,1,1,33),(0,1085,1,1,37),(0,1140,1,1,38),(0,2012,1,1,38),(0,735,1,1,39),(0,733,1,1,40),(0,737,1,1,40),(0,970,1,1,40),(0,131,1,1,41),(0,291,1,1,41),(0,209,1,1,42),(0,736,1,1,44),(0,1133,1,1,44),(0,2893,1,1,44),(0,2849,1,1,48),(0,920,1,1,50),(0,978,1,1,50),(0,964,1,1,51),(0,1122,1,1,51),(0,3062,1,1,51),(0,2854,1,1,69),(0,1137,1,1,73),(0,1324,1,1,80),(0,2853,1,1,83),(0,297,1,1,95),(0,143,1,1,99),(0,739,1,1,102),(0,128,1,1,142),(1,838,1,1,1),(1,866,1,1,1),(1,867,1,1,1),(1,939,1,1,1),(1,952,1,1,1),(1,1470,1,1,1),(1,1481,1,1,1),(1,1526,1,1,1),(1,1798,1,1,1),(1,1800,1,1,1),(1,2431,1,1,1),(1,2432,1,1,1),(1,2434,1,1,1),(1,2810,1,1,1),(1,2811,1,1,1),(1,2812,1,1,1),(1,2813,1,1,1),(1,2814,1,1,1),(1,2815,1,1,1),(1,2816,1,1,1),(1,2817,1,1,1),(1,2818,1,1,1),(1,2819,1,1,1),(1,2820,1,1,1),(1,2821,1,1,1),(1,2822,1,1,1),(1,2964,1,1,1),(1,2971,1,1,1),(1,2972,1,1,1),(1,2973,1,1,1),(1,2974,1,1,1),(1,2976,1,1,1),(1,2980,1,1,1),(1,2982,1,1,1),(1,2984,1,1,1),(1,2986,1,1,1),(1,2991,1,1,1),(1,2992,1,1,1),(1,2993,1,1,1),(1,2994,1,1,1),(1,2995,1,1,1),(1,2997,1,1,1),(1,3003,1,1,1),(1,3004,1,1,1),(1,3005,1,1,1),(1,3006,1,1,1),(1,3007,1,1,1),(1,3008,1,1,1),(1,3009,1,1,1),(1,3010,1,1,1),(1,3041,1,1,1),(1,3043,1,1,1),(1,3074,1,1,1),(1,3078,1,1,1),(1,3079,1,1,1),(1,3097,1,1,1),(1,3102,1,1,1),(1,3103,1,1,1),(1,3120,1,1,1),(1,3122,1,1,1),(1,3123,1,1,1),(1,3146,1,1,1),(1,3150,1,1,1),(1,3172,1,1,1),(1,3173,1,1,1),(1,3175,1,1,1),(1,3192,1,1,1),(1,3203,1,1,1),(1,3204,1,1,1),(1,3205,1,1,1),(1,3215,1,1,1),(1,3216,1,1,1),(1,3217,1,1,1),(1,3231,1,1,1),(1,3232,1,1,1),(1,3236,1,1,1),(1,3269,1,1,1),(1,3270,1,1,1),(1,3271,1,1,1),(1,3276,1,1,1),(1,3277,1,1,1),(1,3278,1,1,1),(1,3279,1,1,1),(1,3280,1,1,1),(1,3281,1,1,1),(1,3282,1,1,1),(1,3283,1,1,1),(1,3284,1,1,1),(1,3285,1,1,1),(1,3286,1,1,1),(1,3289,1,1,1),(1,3290,1,1,1),(1,3301,1,1,1),(1,3302,1,1,1),(1,3303,1,1,1),(1,3304,1,1,1),(1,3310,1,1,1),(1,3311,1,1,1),(1,3312,1,1,1),(1,3313,1,1,1),(1,3314,1,1,1),(1,3315,1,1,1),(1,3316,1,1,1),(1,3317,1,1,1),(1,3318,1,1,1),(1,3319,1,1,1),(1,3331,1,1,1),(1,3333,1,1,1),(1,3352,1,1,1),(1,3353,1,1,1),(1,3355,1,1,1),(1,3402,1,1,1),(1,3403,1,1,1),(1,3409,1,1,1),(1,3410,1,1,1),(1,3412,1,1,1),(1,3665,1,1,1),(1,3669,1,1,1),(1,3670,1,1,1),(1,3671,1,1,1),(1,3710,1,1,1),(1,3712,1,1,1),(1,3716,1,1,1),(1,3717,1,1,1),(1,3718,1,1,1),(1,3719,1,1,1),(1,3720,1,1,1),(1,3721,1,1,1),(1,3726,1,1,1),(1,3727,1,1,1),(1,3728,1,1,1),(1,3729,1,1,1),(1,3730,1,1,1),(1,3745,1,1,1),(1,3746,1,1,1),(1,3753,1,1,1),(1,3754,1,1,1),(1,3847,1,1,1),(1,3848,1,1,1),(1,3855,1,1,1),(1,3856,1,1,1),(1,3863,1,1,1),(1,3864,1,1,1),(1,3967,1,1,1),(1,3974,1,1,1),(1,3975,1,1,1),(1,4062,1,1,1),(1,4078,1,1,1),(1,4079,1,1,1),(1,4126,1,1,1),(1,4135,1,1,1),(1,4136,1,1,1),(1,4137,1,1,1),(1,4138,1,1,1),(1,4141,1,1,1),(1,4154,1,1,1),(1,4155,1,1,1),(1,4157,1,1,1),(1,4206,1,1,1),(1,4207,1,1,1),(1,4208,1,1,1),(1,4209,1,1,1),(1,4210,1,1,1),(1,4282,1,1,1),(1,4283,1,1,1),(1,4284,1,1,1),(1,4286,1,1,1),(1,4288,1,1,1),(1,4300,1,1,1),(1,4301,1,1,1),(1,4302,1,1,1),(1,4303,1,1,1),(1,4307,1,1,1),(1,4308,1,1,1),(1,4402,1,1,1),(1,4403,1,1,1),(1,4404,1,1,1),(1,4405,1,1,1),(1,4440,1,1,1),(1,4485,1,1,1),(1,4486,1,1,1),(1,4487,1,1,1),(1,4491,1,1,1),(1,4519,1,1,1),(1,4520,1,1,1),(1,4545,1,1,1),(1,4546,1,1,1),(1,4548,1,1,1),(1,4552,1,1,1),(1,4568,1,1,1),(1,4569,1,1,1),(1,4584,1,1,1),(1,4897,1,1,1),(1,4898,1,1,1),(1,4906,1,1,1),(1,4907,1,1,1),(1,4908,1,1,1),(1,4909,1,1,1),(1,4910,1,1,1),(1,4930,1,1,1),(1,4931,1,1,1),(1,4983,1,1,1),(1,4984,1,1,1),(1,4985,1,1,1),(1,4987,1,1,1),(1,4988,1,1,1),(1,4989,1,1,1),(1,4998,1,1,1),(1,4999,1,1,1),(1,5001,1,1,1),(1,5030,1,1,1),(1,5031,1,1,1),(1,5032,1,1,1),(1,5033,1,1,1),(1,5034,1,1,1),(1,5035,1,1,1),(1,5251,1,1,1),(1,5252,1,1,1),(1,5261,1,1,1),(1,5262,1,1,1),(1,5263,1,1,1),(1,5265,1,1,1),(1,5291,1,1,1),(1,5292,1,1,1),(1,5293,1,1,1),(1,5307,1,1,1),(1,5314,1,1,1),(1,5315,1,1,1),(1,5316,1,1,1),(1,5317,1,1,1),(1,5318,1,1,1),(1,5319,1,1,1),(1,5320,1,1,1),(1,5324,1,1,1),(1,5325,1,1,1),(1,5326,1,1,1),(1,5327,1,1,1),(1,5331,1,1,1),(1,5336,1,1,1),(1,5337,1,1,1),(1,5338,1,1,1),(1,5339,1,1,1),(1,5385,1,1,1),(1,146,1,1,2),(1,367,1,1,2),(1,368,1,1,2),(1,369,1,1,2),(1,370,1,1,2),(1,375,1,1,2),(1,949,1,1,2),(1,950,1,1,2),(1,951,1,1,2),(1,953,1,1,2),(1,1759,1,1,2),(1,2839,1,1,2),(1,2850,1,1,2),(1,2876,1,1,2),(1,2884,1,1,2),(1,2887,1,1,2),(1,2900,1,1,2),(1,2908,1,1,2),(1,2947,1,1,2),(1,2970,1,1,2),(1,2977,1,1,2),(1,2983,1,1,2),(1,2985,1,1,2),(1,2987,1,1,2),(1,2988,1,1,2),(1,2989,1,1,2),(1,2990,1,1,2),(1,2998,1,1,2),(1,3001,1,1,2),(1,3011,1,1,2),(1,3124,1,1,2),(1,3125,1,1,2),(1,3128,1,1,2),(1,3157,1,1,2),(1,3184,1,1,2),(1,3186,1,1,2),(1,3206,1,1,2),(1,3214,1,1,2),(1,3334,1,1,2),(1,3354,1,1,2),(1,3404,1,1,2),(1,3411,1,1,2),(1,3711,1,1,2),(1,3867,1,1,2),(1,4122,1,1,2),(1,4192,1,1,2),(1,4193,1,1,2),(1,4194,1,1,2),(1,4195,1,1,2),(1,4285,1,1,2),(1,4287,1,1,2),(1,4461,1,1,2),(1,4462,1,1,2),(1,4463,1,1,2),(1,4512,1,1,2),(1,4579,1,1,2),(1,4580,1,1,2),(1,4977,1,1,2),(1,5373,1,1,2),(1,5374,1,1,2),(1,5375,1,1,2),(1,5376,1,1,2),(1,5377,1,1,2),(1,5378,1,1,2),(1,371,1,1,3),(1,372,1,1,3),(1,373,1,1,3),(1,374,1,1,3),(1,376,1,1,3),(1,377,1,1,3),(1,378,1,1,3),(1,379,1,1,3),(1,868,1,1,3),(1,1410,1,1,3),(1,1524,1,1,3),(1,1679,1,1,3),(1,1683,1,1,3),(1,1754,1,1,3),(1,1912,1,1,3),(1,1936,1,1,3),(1,2018,1,1,3),(1,2872,1,1,3),(1,2895,1,1,3),(1,2898,1,1,3),(1,2929,1,1,3),(1,2930,1,1,3),(1,2931,1,1,3),(1,2932,1,1,3),(1,2933,1,1,3),(1,2958,1,1,3),(1,2968,1,1,3),(1,2975,1,1,3),(1,2978,1,1,3),(1,2996,1,1,3),(1,3019,1,1,3),(1,3073,1,1,3),(1,3099,1,1,3),(1,3129,1,1,3),(1,3235,1,1,3),(1,3239,1,1,3),(1,4129,1,1,3),(1,4163,1,1,3),(1,4223,1,1,3),(1,4224,1,1,3),(1,4387,1,1,3),(1,4431,1,1,3),(1,4432,1,1,3),(1,4433,1,1,3),(1,4434,1,1,3),(1,4439,1,1,3),(1,4581,1,1,3),(1,4582,1,1,3),(1,5196,1,1,3),(1,5197,1,1,3),(1,5198,1,1,3),(1,5199,1,1,3),(1,5200,1,1,3),(1,5201,1,1,3),(1,5202,1,1,3),(1,5203,1,1,3),(1,5204,1,1,3),(1,5304,1,1,3),(1,144,1,1,4),(1,145,1,1,4),(1,380,1,1,4),(1,1557,1,1,4),(1,1673,1,1,4),(1,1674,1,1,4),(1,1675,1,1,4),(1,1685,1,1,4),(1,1799,1,1,4),(1,1909,1,1,4),(1,2943,1,1,4),(1,2963,1,1,4),(1,2999,1,1,4),(1,3049,1,1,4),(1,3068,1,1,4),(1,3072,1,1,4),(1,3092,1,1,4),(1,3093,1,1,4),(1,3098,1,1,4),(1,3116,1,1,4),(1,3121,1,1,4),(1,3174,1,1,4),(1,3222,1,1,4),(1,3233,1,1,4),(1,3335,1,1,4),(1,3703,1,1,4),(1,3832,1,1,4),(1,3833,1,1,4),(1,3834,1,1,4),(1,3835,1,1,4),(1,3836,1,1,4),(1,3837,1,1,4),(1,3838,1,1,4),(1,4113,1,1,4),(1,4114,1,1,4),(1,4967,1,1,4),(1,4968,1,1,4),(1,5208,1,1,4),(1,1288,1,1,5),(1,1522,1,1,5),(1,1571,1,1,5),(1,1704,1,1,5),(1,1705,1,1,5),(1,2945,1,1,5),(1,2965,1,1,5),(1,2979,1,1,5),(1,3028,1,1,5),(1,3101,1,1,5),(1,3158,1,1,5),(1,3159,1,1,5),(1,3660,1,1,5),(1,3661,1,1,5),(1,3662,1,1,5),(1,3663,1,1,5),(1,3664,1,1,5),(1,3666,1,1,5),(1,3667,1,1,5),(1,3668,1,1,5),(1,4100,1,1,5),(1,4101,1,1,5),(1,4102,1,1,5),(1,4505,1,1,5),(1,4570,1,1,5),(1,4969,1,1,5),(1,4970,1,1,5),(1,4978,1,1,5),(1,4979,1,1,5),(1,541,1,1,6),(1,542,1,1,6),(1,545,1,1,6),(1,650,1,1,6),(1,651,1,1,6),(1,1558,1,1,6),(1,1911,1,1,6),(1,2013,1,1,6),(1,2277,1,1,6),(1,2840,1,1,6),(1,2901,1,1,6),(1,2902,1,1,6),(1,2903,1,1,6),(1,3000,1,1,6),(1,3018,1,1,6),(1,3051,1,1,6),(1,3106,1,1,6),(1,3185,1,1,6),(1,3365,1,1,6),(1,4547,1,1,6),(1,210,1,1,7),(1,459,1,1,7),(1,652,1,1,7),(1,839,1,1,7),(1,2717,1,1,7),(1,2718,1,1,7),(1,3017,1,1,7),(1,3194,1,1,7),(1,4084,1,1,7),(1,463,1,1,8),(1,1681,1,1,8),(1,1824,1,1,8),(1,2011,1,1,8),(1,2891,1,1,8),(1,2892,1,1,8),(1,3118,1,1,8),(1,4386,1,1,8),(1,5268,1,1,8),(1,5269,1,1,8),(1,1281,1,1,9),(1,2897,1,1,9),(1,2899,1,1,9),(1,2969,1,1,9),(1,2981,1,1,9),(1,3183,1,1,9),(1,4304,1,1,9),(1,4383,1,1,9),(1,4384,1,1,9),(1,479,1,1,10),(1,1216,1,1,10),(1,1287,1,1,10),(1,1292,1,1,10),(1,1680,1,1,10),(1,2405,1,1,10),(1,3196,1,1,10),(1,3900,1,1,10),(1,4412,1,1,10),(1,431,1,1,11),(1,460,1,1,11),(1,461,1,1,11),(1,966,1,1,11),(1,979,1,1,11),(1,3069,1,1,11),(1,4414,1,1,11),(1,4728,1,1,11),(1,4731,1,1,11),(1,4734,1,1,11),(1,4846,1,1,11),(1,4881,1,1,11),(1,1323,1,1,12),(1,1521,1,1,12),(1,2739,1,1,12),(1,4944,1,1,12),(1,4945,1,1,12),(1,4946,1,1,12),(1,430,1,1,13),(1,963,1,1,13),(1,987,1,1,13),(1,2824,1,1,13),(1,2877,1,1,13),(1,3076,1,1,13),(1,3168,1,1,13),(1,3169,1,1,13),(1,3170,1,1,13),(1,3171,1,1,13),(1,3177,1,1,13),(1,3178,1,1,13),(1,3179,1,1,13),(1,3997,1,1,13),(1,4509,1,1,13),(1,648,1,1,14),(1,909,1,1,14),(1,4380,1,1,14),(1,4381,1,1,14),(1,4382,1,1,14),(1,4385,1,1,14),(1,4388,1,1,14),(1,985,1,1,15),(1,986,1,1,15),(1,1026,1,1,15),(1,1027,1,1,15),(1,1979,1,1,15),(1,2823,1,1,15),(1,2871,1,1,15),(1,3160,1,1,15),(1,3161,1,1,15),(1,3162,1,1,15),(1,3163,1,1,15),(1,4071,1,1,15),(1,1065,1,1,16),(1,3091,1,1,16),(1,3165,1,1,16),(1,3360,1,1,16),(1,3361,1,1,16),(1,3362,1,1,16),(1,4064,1,1,16),(1,4065,1,1,16),(1,4508,1,1,16),(1,462,1,1,17),(1,837,1,1,17),(1,3143,1,1,17),(1,129,1,1,18),(1,2865,1,1,18),(1,3996,1,1,18),(1,4000,1,1,18),(1,734,1,1,19),(1,741,1,1,19),(1,742,1,1,19),(1,743,1,1,19),(1,1282,1,1,19),(1,1285,1,1,19),(1,3067,1,1,19),(1,3998,1,1,19),(1,3999,1,1,19),(1,4061,1,1,19),(1,1139,1,1,20),(1,1141,1,1,20),(1,1143,1,1,20),(1,1283,1,1,20),(1,1284,1,1,20),(1,1286,1,1,20),(1,305,1,1,21),(1,740,1,1,21),(1,1138,1,1,21),(1,1523,1,1,21),(1,3065,1,1,21),(1,977,1,1,22),(1,4413,1,1,22),(1,20,1,1,23),(1,208,1,1,25),(1,3066,1,1,25),(1,1134,1,1,26),(1,3063,1,1,26),(1,3075,1,1,26),(1,1525,1,1,27),(1,4063,1,1,27),(1,756,1,1,28),(1,965,1,1,31),(1,4066,1,1,31),(1,4130,1,1,31),(1,738,1,1,32),(1,3061,1,1,32),(1,3064,1,1,32),(1,2868,1,1,33),(1,1085,1,1,37),(1,1140,1,1,38),(1,2012,1,1,38),(1,735,1,1,39),(1,733,1,1,40),(1,737,1,1,40),(1,970,1,1,40),(1,131,1,1,41),(1,291,1,1,41),(1,209,1,1,42),(1,736,1,1,44),(1,1133,1,1,44),(1,2893,1,1,44),(1,2849,1,1,48),(1,920,1,1,50),(1,978,1,1,50),(1,964,1,1,51),(1,1122,1,1,51),(1,3062,1,1,51),(1,2854,1,1,69),(1,1137,1,1,73),(1,1324,1,1,80),(1,2853,1,1,83),(1,297,1,1,95),(1,143,1,1,99),(1,739,1,1,102),(1,128,1,1,142),(2,838,1,1,1),(2,866,1,1,1),(2,867,1,1,1),(2,939,1,1,1),(2,952,1,1,1),(2,1470,1,1,1),(2,1481,1,1,1),(2,1526,1,1,1),(2,1798,1,1,1),(2,1800,1,1,1),(2,2431,1,1,1),(2,2432,1,1,1),(2,2434,1,1,1),(2,2810,1,1,1),(2,2811,1,1,1),(2,2812,1,1,1),(2,2813,1,1,1),(2,2814,1,1,1),(2,2815,1,1,1),(2,2816,1,1,1),(2,2817,1,1,1),(2,2818,1,1,1),(2,2819,1,1,1),(2,2820,1,1,1),(2,2821,1,1,1),(2,2822,1,1,1),(2,2964,1,1,1),(2,2971,1,1,1),(2,2972,1,1,1),(2,2973,1,1,1),(2,2974,1,1,1),(2,2976,1,1,1),(2,2980,1,1,1),(2,2982,1,1,1),(2,2984,1,1,1),(2,2986,1,1,1),(2,2991,1,1,1),(2,2992,1,1,1),(2,2993,1,1,1),(2,2994,1,1,1),(2,2995,1,1,1),(2,2997,1,1,1),(2,3003,1,1,1),(2,3004,1,1,1),(2,3005,1,1,1),(2,3006,1,1,1),(2,3007,1,1,1),(2,3008,1,1,1),(2,3009,1,1,1),(2,3010,1,1,1),(2,3041,1,1,1),(2,3043,1,1,1),(2,3074,1,1,1),(2,3078,1,1,1),(2,3079,1,1,1),(2,3097,1,1,1),(2,3102,1,1,1),(2,3103,1,1,1),(2,3120,1,1,1),(2,3122,1,1,1),(2,3123,1,1,1),(2,3146,1,1,1),(2,3150,1,1,1),(2,3172,1,1,1),(2,3173,1,1,1),(2,3175,1,1,1),(2,3192,1,1,1),(2,3203,1,1,1),(2,3204,1,1,1),(2,3205,1,1,1),(2,3215,1,1,1),(2,3216,1,1,1),(2,3217,1,1,1),(2,3231,1,1,1),(2,3232,1,1,1),(2,3236,1,1,1),(2,3269,1,1,1),(2,3270,1,1,1),(2,3271,1,1,1),(2,3276,1,1,1),(2,3277,1,1,1),(2,3278,1,1,1),(2,3279,1,1,1),(2,3280,1,1,1),(2,3281,1,1,1),(2,3282,1,1,1),(2,3283,1,1,1),(2,3284,1,1,1),(2,3285,1,1,1),(2,3286,1,1,1),(2,3289,1,1,1),(2,3290,1,1,1),(2,3301,1,1,1),(2,3302,1,1,1),(2,3303,1,1,1),(2,3304,1,1,1),(2,3310,1,1,1),(2,3311,1,1,1),(2,3312,1,1,1),(2,3313,1,1,1),(2,3314,1,1,1),(2,3315,1,1,1),(2,3316,1,1,1),(2,3317,1,1,1),(2,3318,1,1,1),(2,3319,1,1,1),(2,3331,1,1,1),(2,3333,1,1,1),(2,3352,1,1,1),(2,3353,1,1,1),(2,3355,1,1,1),(2,3402,1,1,1),(2,3403,1,1,1),(2,3409,1,1,1),(2,3410,1,1,1),(2,3412,1,1,1),(2,3665,1,1,1),(2,3669,1,1,1),(2,3670,1,1,1),(2,3671,1,1,1),(2,3710,1,1,1),(2,3712,1,1,1),(2,3716,1,1,1),(2,3717,1,1,1),(2,3718,1,1,1),(2,3719,1,1,1),(2,3720,1,1,1),(2,3721,1,1,1),(2,3726,1,1,1),(2,3727,1,1,1),(2,3728,1,1,1),(2,3729,1,1,1),(2,3730,1,1,1),(2,3745,1,1,1),(2,3746,1,1,1),(2,3753,1,1,1),(2,3754,1,1,1),(2,3847,1,1,1),(2,3848,1,1,1),(2,3855,1,1,1),(2,3856,1,1,1),(2,3863,1,1,1),(2,3864,1,1,1),(2,3967,1,1,1),(2,3974,1,1,1),(2,3975,1,1,1),(2,4062,1,1,1),(2,4078,1,1,1),(2,4079,1,1,1),(2,4126,1,1,1),(2,4135,1,1,1),(2,4136,1,1,1),(2,4137,1,1,1),(2,4138,1,1,1),(2,4141,1,1,1),(2,4154,1,1,1),(2,4155,1,1,1),(2,4157,1,1,1),(2,4206,1,1,1),(2,4207,1,1,1),(2,4208,1,1,1),(2,4209,1,1,1),(2,4210,1,1,1),(2,4282,1,1,1),(2,4283,1,1,1),(2,4284,1,1,1),(2,4286,1,1,1),(2,4288,1,1,1),(2,4300,1,1,1),(2,4301,1,1,1),(2,4302,1,1,1),(2,4303,1,1,1),(2,4307,1,1,1),(2,4308,1,1,1),(2,4402,1,1,1),(2,4403,1,1,1),(2,4404,1,1,1),(2,4405,1,1,1),(2,4440,1,1,1),(2,4485,1,1,1),(2,4486,1,1,1),(2,4487,1,1,1),(2,4491,1,1,1),(2,4519,1,1,1),(2,4520,1,1,1),(2,4545,1,1,1),(2,4546,1,1,1),(2,4548,1,1,1),(2,4552,1,1,1),(2,4568,1,1,1),(2,4569,1,1,1),(2,4584,1,1,1),(2,4897,1,1,1),(2,4898,1,1,1),(2,4906,1,1,1),(2,4907,1,1,1),(2,4908,1,1,1),(2,4909,1,1,1),(2,4910,1,1,1),(2,4930,1,1,1),(2,4931,1,1,1),(2,4983,1,1,1),(2,4984,1,1,1),(2,4985,1,1,1),(2,4987,1,1,1),(2,4988,1,1,1),(2,4989,1,1,1),(2,4998,1,1,1),(2,4999,1,1,1),(2,5001,1,1,1),(2,5030,1,1,1),(2,5031,1,1,1),(2,5032,1,1,1),(2,5033,1,1,1),(2,5034,1,1,1),(2,5035,1,1,1),(2,5251,1,1,1),(2,5252,1,1,1),(2,5261,1,1,1),(2,5262,1,1,1),(2,5263,1,1,1),(2,5265,1,1,1),(2,5291,1,1,1),(2,5292,1,1,1),(2,5293,1,1,1),(2,5307,1,1,1),(2,5314,1,1,1),(2,5315,1,1,1),(2,5316,1,1,1),(2,5317,1,1,1),(2,5318,1,1,1),(2,5319,1,1,1),(2,5320,1,1,1),(2,5324,1,1,1),(2,5325,1,1,1),(2,5326,1,1,1),(2,5327,1,1,1),(2,5331,1,1,1),(2,5336,1,1,1),(2,5337,1,1,1),(2,5338,1,1,1),(2,5339,1,1,1),(2,5385,1,1,1),(2,146,1,1,2),(2,367,1,1,2),(2,368,1,1,2),(2,369,1,1,2),(2,370,1,1,2),(2,375,1,1,2),(2,949,1,1,2),(2,950,1,1,2),(2,951,1,1,2),(2,953,1,1,2),(2,1759,1,1,2),(2,2839,1,1,2),(2,2850,1,1,2),(2,2876,1,1,2),(2,2884,1,1,2),(2,2887,1,1,2),(2,2900,1,1,2),(2,2908,1,1,2),(2,2947,1,1,2),(2,2970,1,1,2),(2,2977,1,1,2),(2,2983,1,1,2),(2,2985,1,1,2),(2,2987,1,1,2),(2,2988,1,1,2),(2,2989,1,1,2),(2,2990,1,1,2),(2,2998,1,1,2),(2,3001,1,1,2),(2,3011,1,1,2),(2,3124,1,1,2),(2,3125,1,1,2),(2,3128,1,1,2),(2,3157,1,1,2),(2,3184,1,1,2),(2,3186,1,1,2),(2,3206,1,1,2),(2,3214,1,1,2),(2,3334,1,1,2),(2,3354,1,1,2),(2,3404,1,1,2),(2,3411,1,1,2),(2,3711,1,1,2),(2,3867,1,1,2),(2,4122,1,1,2),(2,4192,1,1,2),(2,4193,1,1,2),(2,4194,1,1,2),(2,4195,1,1,2),(2,4285,1,1,2),(2,4287,1,1,2),(2,4461,1,1,2),(2,4462,1,1,2),(2,4463,1,1,2),(2,4512,1,1,2),(2,4579,1,1,2),(2,4580,1,1,2),(2,4977,1,1,2),(2,5373,1,1,2),(2,5374,1,1,2),(2,5375,1,1,2),(2,5376,1,1,2),(2,5377,1,1,2),(2,5378,1,1,2),(2,371,1,1,3),(2,372,1,1,3),(2,373,1,1,3),(2,374,1,1,3),(2,376,1,1,3),(2,377,1,1,3),(2,378,1,1,3),(2,379,1,1,3),(2,868,1,1,3),(2,1410,1,1,3),(2,1524,1,1,3),(2,1679,1,1,3),(2,1683,1,1,3),(2,1754,1,1,3),(2,1912,1,1,3),(2,1936,1,1,3),(2,2018,1,1,3),(2,2872,1,1,3),(2,2895,1,1,3),(2,2898,1,1,3),(2,2929,1,1,3),(2,2930,1,1,3),(2,2931,1,1,3),(2,2932,1,1,3),(2,2933,1,1,3),(2,2958,1,1,3),(2,2968,1,1,3),(2,2975,1,1,3),(2,2978,1,1,3),(2,2996,1,1,3),(2,3019,1,1,3),(2,3073,1,1,3),(2,3099,1,1,3),(2,3129,1,1,3),(2,3235,1,1,3),(2,3239,1,1,3),(2,4129,1,1,3),(2,4163,1,1,3),(2,4223,1,1,3),(2,4224,1,1,3),(2,4387,1,1,3),(2,4431,1,1,3),(2,4432,1,1,3),(2,4433,1,1,3),(2,4434,1,1,3),(2,4439,1,1,3),(2,4581,1,1,3),(2,4582,1,1,3),(2,5196,1,1,3),(2,5197,1,1,3),(2,5198,1,1,3),(2,5199,1,1,3),(2,5200,1,1,3),(2,5201,1,1,3),(2,5202,1,1,3),(2,5203,1,1,3),(2,5204,1,1,3),(2,5304,1,1,3),(2,144,1,1,4),(2,145,1,1,4),(2,380,1,1,4),(2,1557,1,1,4),(2,1673,1,1,4),(2,1674,1,1,4),(2,1675,1,1,4),(2,1685,1,1,4),(2,1799,1,1,4),(2,1909,1,1,4),(2,2943,1,1,4),(2,2963,1,1,4),(2,2999,1,1,4),(2,3049,1,1,4),(2,3068,1,1,4),(2,3072,1,1,4),(2,3092,1,1,4),(2,3093,1,1,4),(2,3098,1,1,4),(2,3116,1,1,4),(2,3121,1,1,4),(2,3174,1,1,4),(2,3222,1,1,4),(2,3233,1,1,4),(2,3335,1,1,4),(2,3703,1,1,4),(2,3832,1,1,4),(2,3833,1,1,4),(2,3834,1,1,4),(2,3835,1,1,4),(2,3836,1,1,4),(2,3837,1,1,4),(2,3838,1,1,4),(2,4113,1,1,4),(2,4114,1,1,4),(2,4967,1,1,4),(2,4968,1,1,4),(2,5208,1,1,4),(2,1288,1,1,5),(2,1522,1,1,5),(2,1571,1,1,5),(2,1704,1,1,5),(2,1705,1,1,5),(2,2945,1,1,5),(2,2965,1,1,5),(2,2979,1,1,5),(2,3028,1,1,5),(2,3101,1,1,5),(2,3158,1,1,5),(2,3159,1,1,5),(2,3660,1,1,5),(2,3661,1,1,5),(2,3662,1,1,5),(2,3663,1,1,5),(2,3664,1,1,5),(2,3666,1,1,5),(2,3667,1,1,5),(2,3668,1,1,5),(2,4100,1,1,5),(2,4101,1,1,5),(2,4102,1,1,5),(2,4505,1,1,5),(2,4570,1,1,5),(2,4969,1,1,5),(2,4970,1,1,5),(2,4978,1,1,5),(2,4979,1,1,5),(2,541,1,1,6),(2,542,1,1,6),(2,545,1,1,6),(2,650,1,1,6),(2,651,1,1,6),(2,1558,1,1,6),(2,1911,1,1,6),(2,2013,1,1,6),(2,2277,1,1,6),(2,2840,1,1,6),(2,2901,1,1,6),(2,2902,1,1,6),(2,2903,1,1,6),(2,3000,1,1,6),(2,3018,1,1,6),(2,3051,1,1,6),(2,3106,1,1,6),(2,3185,1,1,6),(2,3365,1,1,6),(2,4547,1,1,6),(2,210,1,1,7),(2,459,1,1,7),(2,652,1,1,7),(2,839,1,1,7),(2,2717,1,1,7),(2,2718,1,1,7),(2,3017,1,1,7),(2,3194,1,1,7),(2,4084,1,1,7),(2,463,1,1,8),(2,1681,1,1,8),(2,1824,1,1,8),(2,2011,1,1,8),(2,2891,1,1,8),(2,2892,1,1,8),(2,3118,1,1,8),(2,4386,1,1,8),(2,5268,1,1,8),(2,5269,1,1,8),(2,1281,1,1,9),(2,2897,1,1,9),(2,2899,1,1,9),(2,2969,1,1,9),(2,2981,1,1,9),(2,3183,1,1,9),(2,4304,1,1,9),(2,4383,1,1,9),(2,4384,1,1,9),(2,479,1,1,10),(2,1216,1,1,10),(2,1287,1,1,10),(2,1292,1,1,10),(2,1680,1,1,10),(2,2405,1,1,10),(2,3196,1,1,10),(2,3900,1,1,10),(2,4412,1,1,10),(2,431,1,1,11),(2,460,1,1,11),(2,461,1,1,11),(2,966,1,1,11),(2,979,1,1,11),(2,3069,1,1,11),(2,4414,1,1,11),(2,4728,1,1,11),(2,4731,1,1,11),(2,4734,1,1,11),(2,4846,1,1,11),(2,4881,1,1,11),(2,1323,1,1,12),(2,1521,1,1,12),(2,2739,1,1,12),(2,4944,1,1,12),(2,4945,1,1,12),(2,4946,1,1,12),(2,430,1,1,13),(2,963,1,1,13),(2,987,1,1,13),(2,2824,1,1,13),(2,2877,1,1,13),(2,3076,1,1,13),(2,3168,1,1,13),(2,3169,1,1,13),(2,3170,1,1,13),(2,3171,1,1,13),(2,3177,1,1,13),(2,3178,1,1,13),(2,3179,1,1,13),(2,3997,1,1,13),(2,4509,1,1,13),(2,648,1,1,14),(2,909,1,1,14),(2,4380,1,1,14),(2,4381,1,1,14),(2,4382,1,1,14),(2,4385,1,1,14),(2,4388,1,1,14),(2,985,1,1,15),(2,986,1,1,15),(2,1026,1,1,15),(2,1027,1,1,15),(2,1979,1,1,15),(2,2823,1,1,15),(2,2871,1,1,15),(2,3160,1,1,15),(2,3161,1,1,15),(2,3162,1,1,15),(2,3163,1,1,15),(2,4071,1,1,15),(2,1065,1,1,16),(2,3091,1,1,16),(2,3165,1,1,16),(2,3360,1,1,16),(2,3361,1,1,16),(2,3362,1,1,16),(2,4064,1,1,16),(2,4065,1,1,16),(2,4508,1,1,16),(2,462,1,1,17),(2,837,1,1,17),(2,3143,1,1,17),(2,129,1,1,18),(2,2865,1,1,18),(2,3996,1,1,18),(2,4000,1,1,18),(2,734,1,1,19),(2,741,1,1,19),(2,742,1,1,19),(2,743,1,1,19),(2,1282,1,1,19),(2,1285,1,1,19),(2,3067,1,1,19),(2,3998,1,1,19),(2,3999,1,1,19),(2,4061,1,1,19),(2,1139,1,1,20),(2,1141,1,1,20),(2,1143,1,1,20),(2,1283,1,1,20),(2,1284,1,1,20),(2,1286,1,1,20),(2,305,1,1,21),(2,740,1,1,21),(2,1138,1,1,21),(2,1523,1,1,21),(2,3065,1,1,21),(2,977,1,1,22),(2,4413,1,1,22),(2,20,1,1,23),(2,208,1,1,25),(2,3066,1,1,25),(2,1134,1,1,26),(2,3063,1,1,26),(2,3075,1,1,26),(2,1525,1,1,27),(2,4063,1,1,27),(2,756,1,1,28),(2,965,1,1,31),(2,4066,1,1,31),(2,4130,1,1,31),(2,738,1,1,32),(2,3061,1,1,32),(2,3064,1,1,32),(2,2868,1,1,33),(2,1085,1,1,37),(2,1140,1,1,38),(2,2012,1,1,38),(2,735,1,1,39),(2,733,1,1,40),(2,737,1,1,40),(2,970,1,1,40),(2,131,1,1,41),(2,291,1,1,41),(2,209,1,1,42),(2,736,1,1,44),(2,1133,1,1,44),(2,2893,1,1,44),(2,2849,1,1,48),(2,920,1,1,50),(2,978,1,1,50),(2,964,1,1,51),(2,1122,1,1,51),(2,3062,1,1,51),(2,2854,1,1,69),(2,1137,1,1,73),(2,1324,1,1,80),(2,2853,1,1,83),(2,297,1,1,95),(2,143,1,1,99),(2,739,1,1,102),(2,128,1,1,142),(3,838,1,1,1),(3,866,1,1,1),(3,867,1,1,1),(3,939,1,1,1),(3,952,1,1,1),(3,1470,1,1,1),(3,1481,1,1,1),(3,1526,1,1,1),(3,1798,1,1,1),(3,1800,1,1,1),(3,2431,1,1,1),(3,2432,1,1,1),(3,2434,1,1,1),(3,2810,1,1,1),(3,2811,1,1,1),(3,2812,1,1,1),(3,2813,1,1,1),(3,2814,1,1,1),(3,2815,1,1,1),(3,2816,1,1,1),(3,2817,1,1,1),(3,2818,1,1,1),(3,2819,1,1,1),(3,2820,1,1,1),(3,2821,1,1,1),(3,2822,1,1,1),(3,2964,1,1,1),(3,2971,1,1,1),(3,2972,1,1,1),(3,2973,1,1,1),(3,2974,1,1,1),(3,2976,1,1,1),(3,2980,1,1,1),(3,2982,1,1,1),(3,2984,1,1,1),(3,2986,1,1,1),(3,2991,1,1,1),(3,2992,1,1,1),(3,2993,1,1,1),(3,2994,1,1,1),(3,2995,1,1,1),(3,2997,1,1,1),(3,3003,1,1,1),(3,3004,1,1,1),(3,3005,1,1,1),(3,3006,1,1,1),(3,3007,1,1,1),(3,3008,1,1,1),(3,3009,1,1,1),(3,3010,1,1,1),(3,3041,1,1,1),(3,3043,1,1,1),(3,3074,1,1,1),(3,3078,1,1,1),(3,3079,1,1,1),(3,3097,1,1,1),(3,3102,1,1,1),(3,3103,1,1,1),(3,3120,1,1,1),(3,3122,1,1,1),(3,3123,1,1,1),(3,3146,1,1,1),(3,3150,1,1,1),(3,3172,1,1,1),(3,3173,1,1,1),(3,3175,1,1,1),(3,3192,1,1,1),(3,3203,1,1,1),(3,3204,1,1,1),(3,3205,1,1,1),(3,3215,1,1,1),(3,3216,1,1,1),(3,3217,1,1,1),(3,3231,1,1,1),(3,3232,1,1,1),(3,3236,1,1,1),(3,3269,1,1,1),(3,3270,1,1,1),(3,3271,1,1,1),(3,3276,1,1,1),(3,3277,1,1,1),(3,3278,1,1,1),(3,3279,1,1,1),(3,3280,1,1,1),(3,3281,1,1,1),(3,3282,1,1,1),(3,3283,1,1,1),(3,3284,1,1,1),(3,3285,1,1,1),(3,3286,1,1,1),(3,3289,1,1,1),(3,3290,1,1,1),(3,3301,1,1,1),(3,3302,1,1,1),(3,3303,1,1,1),(3,3304,1,1,1),(3,3310,1,1,1),(3,3311,1,1,1),(3,3312,1,1,1),(3,3313,1,1,1),(3,3314,1,1,1),(3,3315,1,1,1),(3,3316,1,1,1),(3,3317,1,1,1),(3,3318,1,1,1),(3,3319,1,1,1),(3,3331,1,1,1),(3,3333,1,1,1),(3,3352,1,1,1),(3,3353,1,1,1),(3,3355,1,1,1),(3,3402,1,1,1),(3,3403,1,1,1),(3,3409,1,1,1),(3,3410,1,1,1),(3,3412,1,1,1),(3,3665,1,1,1),(3,3669,1,1,1),(3,3670,1,1,1),(3,3671,1,1,1),(3,3710,1,1,1),(3,3712,1,1,1),(3,3716,1,1,1),(3,3717,1,1,1),(3,3718,1,1,1),(3,3719,1,1,1),(3,3720,1,1,1),(3,3721,1,1,1),(3,3726,1,1,1),(3,3727,1,1,1),(3,3728,1,1,1),(3,3729,1,1,1),(3,3730,1,1,1),(3,3745,1,1,1),(3,3746,1,1,1),(3,3753,1,1,1),(3,3754,1,1,1),(3,3847,1,1,1),(3,3848,1,1,1),(3,3855,1,1,1),(3,3856,1,1,1),(3,3863,1,1,1),(3,3864,1,1,1),(3,3967,1,1,1),(3,3974,1,1,1),(3,3975,1,1,1),(3,4062,1,1,1),(3,4078,1,1,1),(3,4079,1,1,1),(3,4126,1,1,1),(3,4135,1,1,1),(3,4136,1,1,1),(3,4137,1,1,1),(3,4138,1,1,1),(3,4141,1,1,1),(3,4154,1,1,1),(3,4155,1,1,1),(3,4157,1,1,1),(3,4206,1,1,1),(3,4207,1,1,1),(3,4208,1,1,1),(3,4209,1,1,1),(3,4210,1,1,1),(3,4282,1,1,1),(3,4283,1,1,1),(3,4284,1,1,1),(3,4286,1,1,1),(3,4288,1,1,1),(3,4300,1,1,1),(3,4301,1,1,1),(3,4302,1,1,1),(3,4303,1,1,1),(3,4307,1,1,1),(3,4308,1,1,1),(3,4402,1,1,1),(3,4403,1,1,1),(3,4404,1,1,1),(3,4405,1,1,1),(3,4440,1,1,1),(3,4485,1,1,1),(3,4486,1,1,1),(3,4487,1,1,1),(3,4491,1,1,1),(3,4519,1,1,1),(3,4520,1,1,1),(3,4545,1,1,1),(3,4546,1,1,1),(3,4548,1,1,1),(3,4552,1,1,1),(3,4568,1,1,1),(3,4569,1,1,1),(3,4584,1,1,1),(3,4897,1,1,1),(3,4898,1,1,1),(3,4906,1,1,1),(3,4907,1,1,1),(3,4908,1,1,1),(3,4909,1,1,1),(3,4910,1,1,1),(3,4930,1,1,1),(3,4931,1,1,1),(3,4983,1,1,1),(3,4984,1,1,1),(3,4985,1,1,1),(3,4987,1,1,1),(3,4988,1,1,1),(3,4989,1,1,1),(3,4998,1,1,1),(3,4999,1,1,1),(3,5001,1,1,1),(3,5030,1,1,1),(3,5031,1,1,1),(3,5032,1,1,1),(3,5033,1,1,1),(3,5034,1,1,1),(3,5035,1,1,1),(3,5251,1,1,1),(3,5252,1,1,1),(3,5261,1,1,1),(3,5262,1,1,1),(3,5263,1,1,1),(3,5265,1,1,1),(3,5291,1,1,1),(3,5292,1,1,1),(3,5293,1,1,1),(3,5307,1,1,1),(3,5314,1,1,1),(3,5315,1,1,1),(3,5316,1,1,1),(3,5317,1,1,1),(3,5318,1,1,1),(3,5319,1,1,1),(3,5320,1,1,1),(3,5324,1,1,1),(3,5325,1,1,1),(3,5326,1,1,1),(3,5327,1,1,1),(3,5331,1,1,1),(3,5336,1,1,1),(3,5337,1,1,1),(3,5338,1,1,1),(3,5339,1,1,1),(3,5385,1,1,1),(3,146,1,1,2),(3,367,1,1,2),(3,368,1,1,2),(3,369,1,1,2),(3,370,1,1,2),(3,375,1,1,2),(3,949,1,1,2),(3,950,1,1,2),(3,951,1,1,2),(3,953,1,1,2),(3,1759,1,1,2),(3,2839,1,1,2),(3,2850,1,1,2),(3,2876,1,1,2),(3,2884,1,1,2),(3,2887,1,1,2),(3,2900,1,1,2),(3,2908,1,1,2),(3,2947,1,1,2),(3,2970,1,1,2),(3,2977,1,1,2),(3,2983,1,1,2),(3,2985,1,1,2),(3,2987,1,1,2),(3,2988,1,1,2),(3,2989,1,1,2),(3,2990,1,1,2),(3,2998,1,1,2),(3,3001,1,1,2),(3,3011,1,1,2),(3,3124,1,1,2),(3,3125,1,1,2),(3,3128,1,1,2),(3,3157,1,1,2),(3,3184,1,1,2),(3,3186,1,1,2),(3,3206,1,1,2),(3,3214,1,1,2),(3,3334,1,1,2),(3,3354,1,1,2),(3,3404,1,1,2),(3,3411,1,1,2),(3,3711,1,1,2),(3,3867,1,1,2),(3,4122,1,1,2),(3,4192,1,1,2),(3,4193,1,1,2),(3,4194,1,1,2),(3,4195,1,1,2),(3,4285,1,1,2),(3,4287,1,1,2),(3,4461,1,1,2),(3,4462,1,1,2),(3,4463,1,1,2),(3,4512,1,1,2),(3,4579,1,1,2),(3,4580,1,1,2),(3,4977,1,1,2),(3,5373,1,1,2),(3,5374,1,1,2),(3,5375,1,1,2),(3,5376,1,1,2),(3,5377,1,1,2),(3,5378,1,1,2),(3,371,1,1,3),(3,372,1,1,3),(3,373,1,1,3),(3,374,1,1,3),(3,376,1,1,3),(3,377,1,1,3),(3,378,1,1,3),(3,379,1,1,3),(3,868,1,1,3),(3,1410,1,1,3),(3,1524,1,1,3),(3,1679,1,1,3),(3,1683,1,1,3),(3,1754,1,1,3),(3,1912,1,1,3),(3,1936,1,1,3),(3,2018,1,1,3),(3,2872,1,1,3),(3,2895,1,1,3),(3,2898,1,1,3),(3,2929,1,1,3),(3,2930,1,1,3),(3,2931,1,1,3),(3,2932,1,1,3),(3,2933,1,1,3),(3,2958,1,1,3),(3,2968,1,1,3),(3,2975,1,1,3),(3,2978,1,1,3),(3,2996,1,1,3),(3,3019,1,1,3),(3,3073,1,1,3),(3,3099,1,1,3),(3,3129,1,1,3),(3,3235,1,1,3),(3,3239,1,1,3),(3,4129,1,1,3),(3,4163,1,1,3),(3,4223,1,1,3),(3,4224,1,1,3),(3,4387,1,1,3),(3,4431,1,1,3),(3,4432,1,1,3),(3,4433,1,1,3),(3,4434,1,1,3),(3,4439,1,1,3),(3,4581,1,1,3),(3,4582,1,1,3),(3,5196,1,1,3),(3,5197,1,1,3),(3,5198,1,1,3),(3,5199,1,1,3),(3,5200,1,1,3),(3,5201,1,1,3),(3,5202,1,1,3),(3,5203,1,1,3),(3,5204,1,1,3),(3,5304,1,1,3),(3,144,1,1,4),(3,145,1,1,4),(3,380,1,1,4),(3,1557,1,1,4),(3,1673,1,1,4),(3,1674,1,1,4),(3,1675,1,1,4),(3,1685,1,1,4),(3,1799,1,1,4),(3,1909,1,1,4),(3,2943,1,1,4),(3,2963,1,1,4),(3,2999,1,1,4),(3,3049,1,1,4),(3,3068,1,1,4),(3,3072,1,1,4),(3,3092,1,1,4),(3,3093,1,1,4),(3,3098,1,1,4),(3,3116,1,1,4),(3,3121,1,1,4),(3,3174,1,1,4),(3,3222,1,1,4),(3,3233,1,1,4),(3,3335,1,1,4),(3,3703,1,1,4),(3,3832,1,1,4),(3,3833,1,1,4),(3,3834,1,1,4),(3,3835,1,1,4),(3,3836,1,1,4),(3,3837,1,1,4),(3,3838,1,1,4),(3,4113,1,1,4),(3,4114,1,1,4),(3,4967,1,1,4),(3,4968,1,1,4),(3,5208,1,1,4),(3,1288,1,1,5),(3,1522,1,1,5),(3,1571,1,1,5),(3,1704,1,1,5),(3,1705,1,1,5),(3,2945,1,1,5),(3,2965,1,1,5),(3,2979,1,1,5),(3,3028,1,1,5),(3,3101,1,1,5),(3,3158,1,1,5),(3,3159,1,1,5),(3,3660,1,1,5),(3,3661,1,1,5),(3,3662,1,1,5),(3,3663,1,1,5),(3,3664,1,1,5),(3,3666,1,1,5),(3,3667,1,1,5),(3,3668,1,1,5),(3,4100,1,1,5),(3,4101,1,1,5),(3,4102,1,1,5),(3,4505,1,1,5),(3,4570,1,1,5),(3,4969,1,1,5),(3,4970,1,1,5),(3,4978,1,1,5),(3,4979,1,1,5),(3,541,1,1,6),(3,542,1,1,6),(3,545,1,1,6),(3,650,1,1,6),(3,651,1,1,6),(3,1558,1,1,6),(3,1911,1,1,6),(3,2013,1,1,6),(3,2277,1,1,6),(3,2840,1,1,6),(3,2901,1,1,6),(3,2902,1,1,6),(3,2903,1,1,6),(3,3000,1,1,6),(3,3018,1,1,6),(3,3051,1,1,6),(3,3106,1,1,6),(3,3185,1,1,6),(3,3365,1,1,6),(3,4547,1,1,6),(3,210,1,1,7),(3,459,1,1,7),(3,652,1,1,7),(3,839,1,1,7),(3,2717,1,1,7),(3,2718,1,1,7),(3,3017,1,1,7),(3,3194,1,1,7),(3,4084,1,1,7),(3,463,1,1,8),(3,1681,1,1,8),(3,1824,1,1,8),(3,2011,1,1,8),(3,2891,1,1,8),(3,2892,1,1,8),(3,3118,1,1,8),(3,4386,1,1,8),(3,5268,1,1,8),(3,5269,1,1,8),(3,1281,1,1,9),(3,2897,1,1,9),(3,2899,1,1,9),(3,2969,1,1,9),(3,2981,1,1,9),(3,3183,1,1,9),(3,4304,1,1,9),(3,4383,1,1,9),(3,4384,1,1,9),(3,479,1,1,10),(3,1216,1,1,10),(3,1287,1,1,10),(3,1292,1,1,10),(3,1680,1,1,10),(3,2405,1,1,10),(3,3196,1,1,10),(3,3900,1,1,10),(3,4412,1,1,10),(3,431,1,1,11),(3,460,1,1,11),(3,461,1,1,11),(3,966,1,1,11),(3,979,1,1,11),(3,3069,1,1,11),(3,4414,1,1,11),(3,4728,1,1,11),(3,4731,1,1,11),(3,4734,1,1,11),(3,4846,1,1,11),(3,4881,1,1,11),(3,1323,1,1,12),(3,1521,1,1,12),(3,2739,1,1,12),(3,4944,1,1,12),(3,4945,1,1,12),(3,4946,1,1,12),(3,430,1,1,13),(3,963,1,1,13),(3,987,1,1,13),(3,2824,1,1,13),(3,2877,1,1,13),(3,3076,1,1,13),(3,3168,1,1,13),(3,3169,1,1,13),(3,3170,1,1,13),(3,3171,1,1,13),(3,3177,1,1,13),(3,3178,1,1,13),(3,3179,1,1,13),(3,3997,1,1,13),(3,4509,1,1,13),(3,648,1,1,14),(3,909,1,1,14),(3,4380,1,1,14),(3,4381,1,1,14),(3,4382,1,1,14),(3,4385,1,1,14),(3,4388,1,1,14),(3,985,1,1,15),(3,986,1,1,15),(3,1026,1,1,15),(3,1027,1,1,15),(3,1979,1,1,15),(3,2823,1,1,15),(3,2871,1,1,15),(3,3160,1,1,15),(3,3161,1,1,15),(3,3162,1,1,15),(3,3163,1,1,15),(3,4071,1,1,15),(3,1065,1,1,16),(3,3091,1,1,16),(3,3165,1,1,16),(3,3360,1,1,16),(3,3361,1,1,16),(3,3362,1,1,16),(3,4064,1,1,16),(3,4065,1,1,16),(3,4508,1,1,16),(3,462,1,1,17),(3,837,1,1,17),(3,3143,1,1,17),(3,129,1,1,18),(3,2865,1,1,18),(3,3996,1,1,18),(3,4000,1,1,18),(3,734,1,1,19),(3,741,1,1,19),(3,742,1,1,19),(3,743,1,1,19),(3,1282,1,1,19),(3,1285,1,1,19),(3,3067,1,1,19),(3,3998,1,1,19),(3,3999,1,1,19),(3,4061,1,1,19),(3,1139,1,1,20),(3,1141,1,1,20),(3,1143,1,1,20),(3,1283,1,1,20),(3,1284,1,1,20),(3,1286,1,1,20),(3,305,1,1,21),(3,740,1,1,21),(3,1138,1,1,21),(3,1523,1,1,21),(3,3065,1,1,21),(3,977,1,1,22),(3,4413,1,1,22),(3,20,1,1,23),(3,208,1,1,25),(3,3066,1,1,25),(3,1134,1,1,26),(3,3063,1,1,26),(3,3075,1,1,26),(3,1525,1,1,27),(3,4063,1,1,27),(3,756,1,1,28),(3,965,1,1,31),(3,4066,1,1,31),(3,4130,1,1,31),(3,738,1,1,32),(3,3061,1,1,32),(3,3064,1,1,32),(3,2868,1,1,33),(3,1085,1,1,37),(3,1140,1,1,38),(3,2012,1,1,38),(3,735,1,1,39),(3,733,1,1,40),(3,737,1,1,40),(3,970,1,1,40),(3,131,1,1,41),(3,291,1,1,41),(3,209,1,1,42),(3,736,1,1,44),(3,1133,1,1,44),(3,2893,1,1,44),(3,2849,1,1,48),(3,920,1,1,50),(3,978,1,1,50),(3,964,1,1,51),(3,1122,1,1,51),(3,3062,1,1,51),(3,2854,1,1,69),(3,1137,1,1,73),(3,1324,1,1,80),(3,2853,1,1,83),(3,297,1,1,95),(3,143,1,1,99),(3,739,1,1,102),(3,128,1,1,142);

--
-- Table structure for table `ps_tax`
--

CREATE TABLE `ps_tax` (
  `id_tax` int(10) unsigned NOT NULL AUTO_INCREMENT,
  `rate` decimal(10,3) NOT NULL,
  `active` tinyint(1) unsigned NOT NULL DEFAULT '1',
  `deleted` tinyint(1) unsigned NOT NULL DEFAULT '0',
  PRIMARY KEY (`id_tax`)
) ENGINE=InnoDB AUTO_INCREMENT=32 DEFAULT CHARSET=utf8;

--
-- Dumping data for table `ps_tax`
--

INSERT INTO `ps_tax` VALUES (1,20.000,1,0),(2,10.000,1,0),(3,5.500,1,0),(4,2.100,1,0),(5,20.000,1,0),(6,21.000,1,0),(7,20.000,1,0),(8,19.000,1,0),(9,21.000,1,0),(10,19.000,1,0),(11,25.000,1,0),(12,20.000,1,0),(13,21.000,1,0),(14,24.000,1,0),(15,20.000,1,0),(16,23.000,1,0),(17,25.000,1,0),(18,27.000,1,0),(19,23.000,1,0),(20,22.000,1,0),(21,21.000,1,0),(22,17.000,1,0),(23,21.000,1,0),(24,18.000,1,0),(25,21.000,1,0),(26,23.000,1,0),(27,23.000,1,0),(28,20.000,1,0),(29,25.000,1,0),(30,22.000,1,0),(31,20.000,1,0);

--
-- Table structure for table `ps_tax_lang`
--

CREATE TABLE `ps_tax_lang` (
  `id_tax` int(10) unsigned NOT NULL,
  `id_lang` int(10) unsigned NOT NULL,
  `name` varchar(32) NOT NULL,
  PRIMARY KEY (`id_tax`,`id_lang`)
) ENGINE=InnoDB DEFAULT CHARSET=utf8;

--
-- Dumping data for table `ps_tax_lang`
--

INSERT INTO `ps_tax_lang` VALUES (1,1,'TVA FR 20%'),(2,1,'TVA FR 10%'),(3,1,'TVA FR 5.5%'),(4,1,'TVA FR 2.1%'),(5,1,'USt. AT 20%'),(6,1,'TVA BE 21%'),(7,1,'ДДС BG 20%'),(8,1,'ΦΠΑ CY 19%'),(9,1,'DPH CZ 21%'),(10,1,'MwSt. DE 19%'),(11,1,'moms DK 25%'),(12,1,'km EE 20%'),(13,1,'IVA ES 21%'),(14,1,'ALV FI 24%'),(15,1,'VAT UK 20%'),(16,1,'ΦΠΑ GR 23%'),(17,1,'Croatia PDV 25%'),(18,1,'ÁFA HU 27%'),(19,1,'VAT IE 23%'),(20,1,'IVA IT 22%'),(21,1,'PVM LT 21%'),(22,1,'TVA LU 17%'),(23,1,'PVN LV 21%'),(24,1,'VAT MT 18%'),(25,1,'BTW NL 21%'),(26,1,'PTU PL 23%'),(27,1,'IVA PT 23%'),(28,1,'TVA RO 20%'),(29,1,'Moms SE 25%'),(30,1,'DDV SI 22%'),(31,1,'DPH SK 20%');

--
-- Table structure for table `ps_tax_rule`
--

CREATE TABLE `ps_tax_rule` (
  `id_tax_rule` int(11) NOT NULL AUTO_INCREMENT,
  `id_tax_rules_group` int(11) NOT NULL,
  `id_country` int(11) NOT NULL,
  `id_state` int(11) NOT NULL,
  `zipcode_from` varchar(12) NOT NULL,
  `zipcode_to` varchar(12) NOT NULL,
  `id_tax` int(11) NOT NULL,
  `behavior` int(11) NOT NULL,
  `description` varchar(100) NOT NULL,
  PRIMARY KEY (`id_tax_rule`),
  KEY `id_tax_rules_group` (`id_tax_rules_group`),
  KEY `id_tax` (`id_tax`),
  KEY `category_getproducts` (`id_tax_rules_group`,`id_country`,`id_state`,`zipcode_from`)
) ENGINE=InnoDB AUTO_INCREMENT=133 DEFAULT CHARSET=utf8;

--
-- Dumping data for table `ps_tax_rule`
--

INSERT INTO `ps_tax_rule` VALUES (1,1,3,0,'0','0',1,0,''),(2,1,236,0,'0','0',1,0,''),(3,1,16,0,'0','0',1,0,''),(4,1,20,0,'0','0',1,0,''),(5,1,1,0,'0','0',1,0,''),(6,1,86,0,'0','0',1,0,''),(7,1,9,0,'0','0',1,0,''),(8,1,6,0,'0','0',1,0,''),(9,1,8,0,'0','0',1,0,''),(10,1,26,0,'0','0',1,0,''),(11,1,10,0,'0','0',1,0,''),(12,1,76,0,'0','0',1,0,''),(13,1,125,0,'0','0',1,0,''),(14,1,131,0,'0','0',1,0,''),(15,1,12,0,'0','0',1,0,''),(16,1,143,0,'0','0',1,0,''),(17,1,139,0,'0','0',1,0,''),(18,1,13,0,'0','0',1,0,''),(19,1,2,0,'0','0',1,0,''),(20,1,14,0,'0','0',1,0,''),(21,1,15,0,'0','0',1,0,''),(22,1,36,0,'0','0',1,0,''),(23,1,193,0,'0','0',1,0,''),(24,1,37,0,'0','0',1,0,''),(25,1,7,0,'0','0',1,0,''),(26,1,18,0,'0','0',1,0,''),(27,2,3,0,'0','0',2,0,''),(28,2,236,0,'0','0',2,0,''),(29,2,16,0,'0','0',2,0,''),(30,2,20,0,'0','0',2,0,''),(31,2,1,0,'0','0',2,0,''),(32,2,86,0,'0','0',2,0,''),(33,2,9,0,'0','0',2,0,''),(34,2,6,0,'0','0',2,0,''),(35,2,8,0,'0','0',2,0,''),(36,2,26,0,'0','0',2,0,''),(37,2,10,0,'0','0',2,0,''),(38,2,76,0,'0','0',2,0,''),(39,2,125,0,'0','0',2,0,''),(40,2,131,0,'0','0',2,0,''),(41,2,12,0,'0','0',2,0,''),(42,2,143,0,'0','0',2,0,''),(43,2,139,0,'0','0',2,0,''),(44,2,13,0,'0','0',2,0,''),(45,2,2,0,'0','0',2,0,''),(46,2,14,0,'0','0',2,0,''),(47,2,15,0,'0','0',2,0,''),(48,2,36,0,'0','0',2,0,''),(49,2,193,0,'0','0',2,0,''),(50,2,37,0,'0','0',2,0,''),(51,2,7,0,'0','0',2,0,''),(52,2,18,0,'0','0',2,0,''),(53,3,3,0,'0','0',3,0,''),(54,3,236,0,'0','0',3,0,''),(55,3,16,0,'0','0',3,0,''),(56,3,20,0,'0','0',3,0,''),(57,3,1,0,'0','0',3,0,''),(58,3,86,0,'0','0',3,0,''),(59,3,9,0,'0','0',3,0,''),(60,3,6,0,'0','0',3,0,''),(61,3,8,0,'0','0',3,0,''),(62,3,26,0,'0','0',3,0,''),(63,3,10,0,'0','0',3,0,''),(64,3,76,0,'0','0',3,0,''),(65,3,125,0,'0','0',3,0,''),(66,3,131,0,'0','0',3,0,''),(67,3,12,0,'0','0',3,0,''),(68,3,143,0,'0','0',3,0,''),(69,3,139,0,'0','0',3,0,''),(70,3,13,0,'0','0',3,0,''),(71,3,2,0,'0','0',3,0,''),(72,3,14,0,'0','0',3,0,''),(73,3,15,0,'0','0',3,0,''),(74,3,36,0,'0','0',3,0,''),(75,3,193,0,'0','0',3,0,''),(76,3,37,0,'0','0',3,0,''),(77,3,7,0,'0','0',3,0,''),(78,3,18,0,'0','0',3,0,''),(79,4,3,0,'0','0',4,0,''),(80,4,236,0,'0','0',4,0,''),(81,4,16,0,'0','0',4,0,''),(82,4,20,0,'0','0',4,0,''),(83,4,1,0,'0','0',4,0,''),(84,4,86,0,'0','0',4,0,''),(85,4,9,0,'0','0',4,0,''),(86,4,6,0,'0','0',4,0,''),(87,4,8,0,'0','0',4,0,''),(88,4,26,0,'0','0',4,0,''),(89,4,10,0,'0','0',4,0,''),(90,4,76,0,'0','0',4,0,''),(91,4,125,0,'0','0',4,0,''),(92,4,131,0,'0','0',4,0,''),(93,4,12,0,'0','0',4,0,''),(94,4,143,0,'0','0',4,0,''),(95,4,139,0,'0','0',4,0,''),(96,4,13,0,'0','0',4,0,''),(97,4,2,0,'0','0',4,0,''),(98,4,14,0,'0','0',4,0,''),(99,4,15,0,'0','0',4,0,''),(100,4,36,0,'0','0',4,0,''),(101,4,193,0,'0','0',4,0,''),(102,4,37,0,'0','0',4,0,''),(103,4,7,0,'0','0',4,0,''),(104,4,18,0,'0','0',4,0,''),(105,5,8,0,'0','0',1,0,''),(106,5,2,0,'0','0',5,0,''),(107,5,3,0,'0','0',6,0,''),(108,5,236,0,'0','0',7,0,''),(109,5,76,0,'0','0',8,0,''),(110,5,16,0,'0','0',9,0,''),(111,5,1,0,'0','0',10,0,''),(112,5,20,0,'0','0',11,0,''),(113,5,86,0,'0','0',12,0,''),(114,5,6,0,'0','0',13,0,''),(115,5,7,0,'0','0',14,0,''),(116,5,17,0,'0','0',15,0,''),(117,5,9,0,'0','0',16,0,''),(118,5,74,0,'0','0',17,0,''),(119,5,143,0,'0','0',18,0,''),(120,5,26,0,'0','0',19,0,''),(121,5,10,0,'0','0',20,0,''),(122,5,131,0,'0','0',21,0,''),(123,5,12,0,'0','0',22,0,''),(124,5,125,0,'0','0',23,0,''),(125,5,139,0,'0','0',24,0,''),(126,5,13,0,'0','0',25,0,''),(127,5,14,0,'0','0',26,0,''),(128,5,15,0,'0','0',27,0,''),(129,5,36,0,'0','0',28,0,''),(130,5,18,0,'0','0',29,0,''),(131,5,193,0,'0','0',30,0,''),(132,5,37,0,'0','0',31,0,'');

--
-- Table structure for table `ps_tax_rules_group`
--

CREATE TABLE `ps_tax_rules_group` (
  `id_tax_rules_group` int(11) NOT NULL AUTO_INCREMENT,
  `name` varchar(50) NOT NULL,
  `active` int(11) NOT NULL,
  `deleted` tinyint(1) unsigned NOT NULL,
  `date_add` datetime NOT NULL,
  `date_upd` datetime NOT NULL,
  PRIMARY KEY (`id_tax_rules_group`)
) ENGINE=InnoDB AUTO_INCREMENT=6 DEFAULT CHARSET=utf8;

--
-- Dumping data for table `ps_tax_rules_group`
--

INSERT INTO `ps_tax_rules_group` VALUES (1,'FR Taux standard (20%)',1,0,'2019-02-03 20:01:59','2019-02-03 20:01:59'),(2,'FR Taux réduit (10%)',1,0,'2019-02-03 20:01:59','2019-02-03 20:01:59'),(3,'FR Taux réduit (5.5%)',1,0,'2019-02-03 20:01:59','2019-02-03 20:01:59'),(4,'FR Taux super réduit (2.1%)',1,0,'2019-02-03 20:01:59','2019-02-03 20:01:59'),(5,'EU VAT For Virtual Products',1,0,'2019-02-03 20:01:59','2019-02-03 20:01:59');

--
-- Table structure for table `ps_tax_rules_group_shop`
--

CREATE TABLE `ps_tax_rules_group_shop` (
  `id_tax_rules_group` int(11) unsigned NOT NULL,
  `id_shop` int(11) unsigned NOT NULL,
  PRIMARY KEY (`id_tax_rules_group`,`id_shop`),
  KEY `id_shop` (`id_shop`)
) ENGINE=InnoDB DEFAULT CHARSET=utf8;

--
-- Dumping data for table `ps_tax_rules_group_shop`
--

INSERT INTO `ps_tax_rules_group_shop` VALUES (1,1),(2,1),(3,1),(4,1),(5,1);

--
-- Table structure for table `ps_testimonials`
--

CREATE TABLE `ps_testimonials` (
  `testimonial_id` int(5) NOT NULL AUTO_INCREMENT,
  `testimonial_title` varchar(64) NOT NULL DEFAULT 'My Testimonial',
  `testimonial_submitter_name` varchar(50) NOT NULL DEFAULT 'anonymous',
  `testimonial_submitter_email` varchar(50) NOT NULL DEFAULT 'anonymous@mail.com',
  `testimonial_main_message` text NOT NULL,
  `date_added` timestamp NOT NULL DEFAULT CURRENT_TIMESTAMP,
  `status` char(8) NOT NULL DEFAULT 'Disabled',
  PRIMARY KEY (`testimonial_id`)
) ENGINE=MyISAM AUTO_INCREMENT=3 DEFAULT CHARSET=utf8;

--
-- Dumping data for table `ps_testimonials`
--

INSERT INTO `ps_testimonials` VALUES (1,'Summary','Marek','marek@mail.com','Ipsum dolor sit amet, consectetur adipiscing elit. Nulla interdum tincidunt felis, id mattis nisi mattis in. Etiam vehicula sem et augue mattis congue. Vivamus consequat congue purus, non imperdiet nulla rhoncus eu. Donec vehicula lor','2018-05-15 13:49:24','Enabled'),(2,'summary','Fred','fred@email.com','Lorem ipsum dolor sit amet, consectetur adipiscing elit. Nulla interdum tincidunt felis, id mattis nisi mattis in. Etiam vehicula sem et augue mattis congue. Vivamus consequat congue purus, non imperdiet nulla rhoncus eu. Donec vehicula lor','2018-05-15 13:48:45','Enabled');

--
-- Table structure for table `ps_timezone`
--

CREATE TABLE `ps_timezone` (
  `id_timezone` int(10) unsigned NOT NULL AUTO_INCREMENT,
  `name` varchar(32) NOT NULL,
  PRIMARY KEY (`id_timezone`)
) ENGINE=InnoDB AUTO_INCREMENT=561 DEFAULT CHARSET=utf8;

--
-- Dumping data for table `ps_timezone`
--

INSERT INTO `ps_timezone` VALUES (1,'Africa/Abidjan'),(2,'Africa/Accra'),(3,'Africa/Addis_Ababa'),(4,'Africa/Algiers'),(5,'Africa/Asmara'),(6,'Africa/Asmera'),(7,'Africa/Bamako'),(8,'Africa/Bangui'),(9,'Africa/Banjul'),(10,'Africa/Bissau'),(11,'Africa/Blantyre'),(12,'Africa/Brazzaville'),(13,'Africa/Bujumbura'),(14,'Africa/Cairo'),(15,'Africa/Casablanca'),(16,'Africa/Ceuta'),(17,'Africa/Conakry'),(18,'Africa/Dakar'),(19,'Africa/Dar_es_Salaam'),(20,'Africa/Djibouti'),(21,'Africa/Douala'),(22,'Africa/El_Aaiun'),(23,'Africa/Freetown'),(24,'Africa/Gaborone'),(25,'Africa/Harare'),(26,'Africa/Johannesburg'),(27,'Africa/Kampala'),(28,'Africa/Khartoum'),(29,'Africa/Kigali'),(30,'Africa/Kinshasa'),(31,'Africa/Lagos'),(32,'Africa/Libreville'),(33,'Africa/Lome'),(34,'Africa/Luanda'),(35,'Africa/Lubumbashi'),(36,'Africa/Lusaka'),(37,'Africa/Malabo'),(38,'Africa/Maputo'),(39,'Africa/Maseru'),(40,'Africa/Mbabane'),(41,'Africa/Mogadishu'),(42,'Africa/Monrovia'),(43,'Africa/Nairobi'),(44,'Africa/Ndjamena'),(45,'Africa/Niamey'),(46,'Africa/Nouakchott'),(47,'Africa/Ouagadougou'),(48,'Africa/Porto-Novo'),(49,'Africa/Sao_Tome'),(50,'Africa/Timbuktu'),(51,'Africa/Tripoli'),(52,'Africa/Tunis'),(53,'Africa/Windhoek'),(54,'America/Adak'),(55,'America/Anchorage '),(56,'America/Anguilla'),(57,'America/Antigua'),(58,'America/Araguaina'),(59,'America/Argentina/Buenos_Aires'),(60,'America/Argentina/Catamarca'),(61,'America/Argentina/ComodRivadavia'),(62,'America/Argentina/Cordoba'),(63,'America/Argentina/Jujuy'),(64,'America/Argentina/La_Rioja'),(65,'America/Argentina/Mendoza'),(66,'America/Argentina/Rio_Gallegos'),(67,'America/Argentina/Salta'),(68,'America/Argentina/San_Juan'),(69,'America/Argentina/San_Luis'),(70,'America/Argentina/Tucuman'),(71,'America/Argentina/Ushuaia'),(72,'America/Aruba'),(73,'America/Asuncion'),(74,'America/Atikokan'),(75,'America/Atka'),(76,'America/Bahia'),(77,'America/Barbados'),(78,'America/Belem'),(79,'America/Belize'),(80,'America/Blanc-Sablon'),(81,'America/Boa_Vista'),(82,'America/Bogota'),(83,'America/Boise'),(84,'America/Buenos_Aires'),(85,'America/Cambridge_Bay'),(86,'America/Campo_Grande'),(87,'America/Cancun'),(88,'America/Caracas'),(89,'America/Catamarca'),(90,'America/Cayenne'),(91,'America/Cayman'),(92,'America/Chicago'),(93,'America/Chihuahua'),(94,'America/Coral_Harbour'),(95,'America/Cordoba'),(96,'America/Costa_Rica'),(97,'America/Cuiaba'),(98,'America/Curacao'),(99,'America/Danmarkshavn'),(100,'America/Dawson'),(101,'America/Dawson_Creek'),(102,'America/Denver'),(103,'America/Detroit'),(104,'America/Dominica'),(105,'America/Edmonton'),(106,'America/Eirunepe'),(107,'America/El_Salvador'),(108,'America/Ensenada'),(109,'America/Fort_Wayne'),(110,'America/Fortaleza'),(111,'America/Glace_Bay'),(112,'America/Godthab'),(113,'America/Goose_Bay'),(114,'America/Grand_Turk'),(115,'America/Grenada'),(116,'America/Guadeloupe'),(117,'America/Guatemala'),(118,'America/Guayaquil'),(119,'America/Guyana'),(120,'America/Halifax'),(121,'America/Havana'),(122,'America/Hermosillo'),(123,'America/Indiana/Indianapolis'),(124,'America/Indiana/Knox'),(125,'America/Indiana/Marengo'),(126,'America/Indiana/Petersburg'),(127,'America/Indiana/Tell_City'),(128,'America/Indiana/Vevay'),(129,'America/Indiana/Vincennes'),(130,'America/Indiana/Winamac'),(131,'America/Indianapolis'),(132,'America/Inuvik'),(133,'America/Iqaluit'),(134,'America/Jamaica'),(135,'America/Jujuy'),(136,'America/Juneau'),(137,'America/Kentucky/Louisville'),(138,'America/Kentucky/Monticello'),(139,'America/Knox_IN'),(140,'America/La_Paz'),(141,'America/Lima'),(142,'America/Los_Angeles'),(143,'America/Louisville'),(144,'America/Maceio'),(145,'America/Managua'),(146,'America/Manaus'),(147,'America/Marigot'),(148,'America/Martinique'),(149,'America/Mazatlan'),(150,'America/Mendoza'),(151,'America/Menominee'),(152,'America/Merida'),(153,'America/Mexico_City'),(154,'America/Miquelon'),(155,'America/Moncton'),(156,'America/Monterrey'),(157,'America/Montevideo'),(158,'America/Montreal'),(159,'America/Montserrat'),(160,'America/Nassau'),(161,'America/New_York'),(162,'America/Nipigon'),(163,'America/Nome'),(164,'America/Noronha'),(165,'America/North_Dakota/Center'),(166,'America/North_Dakota/New_Salem'),(167,'America/Panama'),(168,'America/Pangnirtung'),(169,'America/Paramaribo'),(170,'America/Phoenix'),(171,'America/Port-au-Prince'),(172,'America/Port_of_Spain'),(173,'America/Porto_Acre'),(174,'America/Porto_Velho'),(175,'America/Puerto_Rico'),(176,'America/Rainy_River'),(177,'America/Rankin_Inlet'),(178,'America/Recife'),(179,'America/Regina'),(180,'America/Resolute'),(181,'America/Rio_Branco'),(182,'America/Rosario'),(183,'America/Santarem'),(184,'America/Santiago'),(185,'America/Santo_Domingo'),(186,'America/Sao_Paulo'),(187,'America/Scoresbysund'),(188,'America/Shiprock'),(189,'America/St_Barthelemy'),(190,'America/St_Johns'),(191,'America/St_Kitts'),(192,'America/St_Lucia'),(193,'America/St_Thomas'),(194,'America/St_Vincent'),(195,'America/Swift_Current'),(196,'America/Tegucigalpa'),(197,'America/Thule'),(198,'America/Thunder_Bay'),(199,'America/Tijuana'),(200,'America/Toronto'),(201,'America/Tortola'),(202,'America/Vancouver'),(203,'America/Virgin'),(204,'America/Whitehorse'),(205,'America/Winnipeg'),(206,'America/Yakutat'),(207,'America/Yellowknife'),(208,'Antarctica/Casey'),(209,'Antarctica/Davis'),(210,'Antarctica/DumontDUrville'),(211,'Antarctica/Mawson'),(212,'Antarctica/McMurdo'),(213,'Antarctica/Palmer'),(214,'Antarctica/Rothera'),(215,'Antarctica/South_Pole'),(216,'Antarctica/Syowa'),(217,'Antarctica/Vostok'),(218,'Arctic/Longyearbyen'),(219,'Asia/Aden'),(220,'Asia/Almaty'),(221,'Asia/Amman'),(222,'Asia/Anadyr'),(223,'Asia/Aqtau'),(224,'Asia/Aqtobe'),(225,'Asia/Ashgabat'),(226,'Asia/Ashkhabad'),(227,'Asia/Baghdad'),(228,'Asia/Bahrain'),(229,'Asia/Baku'),(230,'Asia/Bangkok'),(231,'Asia/Beirut'),(232,'Asia/Bishkek'),(233,'Asia/Brunei'),(234,'Asia/Calcutta'),(235,'Asia/Choibalsan'),(236,'Asia/Chongqing'),(237,'Asia/Chungking'),(238,'Asia/Colombo'),(239,'Asia/Dacca'),(240,'Asia/Damascus'),(241,'Asia/Dhaka'),(242,'Asia/Dili'),(243,'Asia/Dubai'),(244,'Asia/Dushanbe'),(245,'Asia/Gaza'),(246,'Asia/Harbin'),(247,'Asia/Ho_Chi_Minh'),(248,'Asia/Hong_Kong'),(249,'Asia/Hovd'),(250,'Asia/Irkutsk'),(251,'Asia/Istanbul'),(252,'Asia/Jakarta'),(253,'Asia/Jayapura'),(254,'Asia/Jerusalem'),(255,'Asia/Kabul'),(256,'Asia/Kamchatka'),(257,'Asia/Karachi'),(258,'Asia/Kashgar'),(259,'Asia/Kathmandu'),(260,'Asia/Katmandu'),(261,'Asia/Kolkata'),(262,'Asia/Krasnoyarsk'),(263,'Asia/Kuala_Lumpur'),(264,'Asia/Kuching'),(265,'Asia/Kuwait'),(266,'Asia/Macao'),(267,'Asia/Macau'),(268,'Asia/Magadan'),(269,'Asia/Makassar'),(270,'Asia/Manila'),(271,'Asia/Muscat'),(272,'Asia/Nicosia'),(273,'Asia/Novosibirsk'),(274,'Asia/Omsk'),(275,'Asia/Oral'),(276,'Asia/Phnom_Penh'),(277,'Asia/Pontianak'),(278,'Asia/Pyongyang'),(279,'Asia/Qatar'),(280,'Asia/Qyzylorda'),(281,'Asia/Rangoon'),(282,'Asia/Riyadh'),(283,'Asia/Saigon'),(284,'Asia/Sakhalin'),(285,'Asia/Samarkand'),(286,'Asia/Seoul'),(287,'Asia/Shanghai'),(288,'Asia/Singapore'),(289,'Asia/Taipei'),(290,'Asia/Tashkent'),(291,'Asia/Tbilisi'),(292,'Asia/Tehran'),(293,'Asia/Tel_Aviv'),(294,'Asia/Thimbu'),(295,'Asia/Thimphu'),(296,'Asia/Tokyo'),(297,'Asia/Ujung_Pandang'),(298,'Asia/Ulaanbaatar'),(299,'Asia/Ulan_Bator'),(300,'Asia/Urumqi'),(301,'Asia/Vientiane'),(302,'Asia/Vladivostok'),(303,'Asia/Yakutsk'),(304,'Asia/Yekaterinburg'),(305,'Asia/Yerevan'),(306,'Atlantic/Azores'),(307,'Atlantic/Bermuda'),(308,'Atlantic/Canary'),(309,'Atlantic/Cape_Verde'),(310,'Atlantic/Faeroe'),(311,'Atlantic/Faroe'),(312,'Atlantic/Jan_Mayen'),(313,'Atlantic/Madeira'),(314,'Atlantic/Reykjavik'),(315,'Atlantic/South_Georgia'),(316,'Atlantic/St_Helena'),(317,'Atlantic/Stanley'),(318,'Australia/ACT'),(319,'Australia/Adelaide'),(320,'Australia/Brisbane'),(321,'Australia/Broken_Hill'),(322,'Australia/Canberra'),(323,'Australia/Currie'),(324,'Australia/Darwin'),(325,'Australia/Eucla'),(326,'Australia/Hobart'),(327,'Australia/LHI'),(328,'Australia/Lindeman'),(329,'Australia/Lord_Howe'),(330,'Australia/Melbourne'),(331,'Australia/North'),(332,'Australia/NSW'),(333,'Australia/Perth'),(334,'Australia/Queensland'),(335,'Australia/South'),(336,'Australia/Sydney'),(337,'Australia/Tasmania'),(338,'Australia/Victoria'),(339,'Australia/West'),(340,'Australia/Yancowinna'),(341,'Europe/Amsterdam'),(342,'Europe/Andorra'),(343,'Europe/Athens'),(344,'Europe/Belfast'),(345,'Europe/Belgrade'),(346,'Europe/Berlin'),(347,'Europe/Bratislava'),(348,'Europe/Brussels'),(349,'Europe/Bucharest'),(350,'Europe/Budapest'),(351,'Europe/Chisinau'),(352,'Europe/Copenhagen'),(353,'Europe/Dublin'),(354,'Europe/Gibraltar'),(355,'Europe/Guernsey'),(356,'Europe/Helsinki'),(357,'Europe/Isle_of_Man'),(358,'Europe/Istanbul'),(359,'Europe/Jersey'),(360,'Europe/Kaliningrad'),(361,'Europe/Kiev'),(362,'Europe/Lisbon'),(363,'Europe/Ljubljana'),(364,'Europe/London'),(365,'Europe/Luxembourg'),(366,'Europe/Madrid'),(367,'Europe/Malta'),(368,'Europe/Mariehamn'),(369,'Europe/Minsk'),(370,'Europe/Monaco'),(371,'Europe/Moscow'),(372,'Europe/Nicosia'),(373,'Europe/Oslo'),(374,'Europe/Paris'),(375,'Europe/Podgorica'),(376,'Europe/Prague'),(377,'Europe/Riga'),(378,'Europe/Rome'),(379,'Europe/Samara'),(380,'Europe/San_Marino'),(381,'Europe/Sarajevo'),(382,'Europe/Simferopol'),(383,'Europe/Skopje'),(384,'Europe/Sofia'),(385,'Europe/Stockholm'),(386,'Europe/Tallinn'),(387,'Europe/Tirane'),(388,'Europe/Tiraspol'),(389,'Europe/Uzhgorod'),(390,'Europe/Vaduz'),(391,'Europe/Vatican'),(392,'Europe/Vienna'),(393,'Europe/Vilnius'),(394,'Europe/Volgograd'),(395,'Europe/Warsaw'),(396,'Europe/Zagreb'),(397,'Europe/Zaporozhye'),(398,'Europe/Zurich'),(399,'Indian/Antananarivo'),(400,'Indian/Chagos'),(401,'Indian/Christmas'),(402,'Indian/Cocos'),(403,'Indian/Comoro'),(404,'Indian/Kerguelen'),(405,'Indian/Mahe'),(406,'Indian/Maldives'),(407,'Indian/Mauritius'),(408,'Indian/Mayotte'),(409,'Indian/Reunion'),(410,'Pacific/Apia'),(411,'Pacific/Auckland'),(412,'Pacific/Chatham'),(413,'Pacific/Easter'),(414,'Pacific/Efate'),(415,'Pacific/Enderbury'),(416,'Pacific/Fakaofo'),(417,'Pacific/Fiji'),(418,'Pacific/Funafuti'),(419,'Pacific/Galapagos'),(420,'Pacific/Gambier'),(421,'Pacific/Guadalcanal'),(422,'Pacific/Guam'),(423,'Pacific/Honolulu'),(424,'Pacific/Johnston'),(425,'Pacific/Kiritimati'),(426,'Pacific/Kosrae'),(427,'Pacific/Kwajalein'),(428,'Pacific/Majuro'),(429,'Pacific/Marquesas'),(430,'Pacific/Midway'),(431,'Pacific/Nauru'),(432,'Pacific/Niue'),(433,'Pacific/Norfolk'),(434,'Pacific/Noumea'),(435,'Pacific/Pago_Pago'),(436,'Pacific/Palau'),(437,'Pacific/Pitcairn'),(438,'Pacific/Ponape'),(439,'Pacific/Port_Moresby'),(440,'Pacific/Rarotonga'),(441,'Pacific/Saipan'),(442,'Pacific/Samoa'),(443,'Pacific/Tahiti'),(444,'Pacific/Tarawa'),(445,'Pacific/Tongatapu'),(446,'Pacific/Truk'),(447,'Pacific/Wake'),(448,'Pacific/Wallis'),(449,'Pacific/Yap'),(450,'Brazil/Acre'),(451,'Brazil/DeNoronha'),(452,'Brazil/East'),(453,'Brazil/West'),(454,'Canada/Atlantic'),(455,'Canada/Central'),(456,'Canada/East-Saskatchewan'),(457,'Canada/Eastern'),(458,'Canada/Mountain'),(459,'Canada/Newfoundland'),(460,'Canada/Pacific'),(461,'Canada/Saskatchewan'),(462,'Canada/Yukon'),(463,'CET'),(464,'Chile/Continental'),(465,'Chile/EasterIsland'),(466,'CST6CDT'),(467,'Cuba'),(468,'EET'),(469,'Egypt'),(470,'Eire'),(471,'EST'),(472,'EST5EDT'),(473,'Etc/GMT'),(474,'Etc/GMT+0'),(475,'Etc/GMT+1'),(476,'Etc/GMT+10'),(477,'Etc/GMT+11'),(478,'Etc/GMT+12'),(479,'Etc/GMT+2'),(480,'Etc/GMT+3'),(481,'Etc/GMT+4'),(482,'Etc/GMT+5'),(483,'Etc/GMT+6'),(484,'Etc/GMT+7'),(485,'Etc/GMT+8'),(486,'Etc/GMT+9'),(487,'Etc/GMT-0'),(488,'Etc/GMT-1'),(489,'Etc/GMT-10'),(490,'Etc/GMT-11'),(491,'Etc/GMT-12'),(492,'Etc/GMT-13'),(493,'Etc/GMT-14'),(494,'Etc/GMT-2'),(495,'Etc/GMT-3'),(496,'Etc/GMT-4'),(497,'Etc/GMT-5'),(498,'Etc/GMT-6'),(499,'Etc/GMT-7'),(500,'Etc/GMT-8'),(501,'Etc/GMT-9'),(502,'Etc/GMT0'),(503,'Etc/Greenwich'),(504,'Etc/UCT'),(505,'Etc/Universal'),(506,'Etc/UTC'),(507,'Etc/Zulu'),(508,'Factory'),(509,'GB'),(510,'GB-Eire'),(511,'GMT'),(512,'GMT+0'),(513,'GMT-0'),(514,'GMT0'),(515,'Greenwich'),(516,'Hongkong'),(517,'HST'),(518,'Iceland'),(519,'Iran'),(520,'Israel'),(521,'Jamaica'),(522,'Japan'),(523,'Kwajalein'),(524,'Libya'),(525,'MET'),(526,'Mexico/BajaNorte'),(527,'Mexico/BajaSur'),(528,'Mexico/General'),(529,'MST'),(530,'MST7MDT'),(531,'Navajo'),(532,'NZ'),(533,'NZ-CHAT'),(534,'Poland'),(535,'Portugal'),(536,'PRC'),(537,'PST8PDT'),(538,'ROC'),(539,'ROK'),(540,'Singapore'),(541,'Turkey'),(542,'UCT'),(543,'Universal'),(544,'US/Alaska'),(545,'US/Aleutian'),(546,'US/Arizona'),(547,'US/Central'),(548,'US/East-Indiana'),(549,'US/Eastern'),(550,'US/Hawaii'),(551,'US/Indiana-Starke'),(552,'US/Michigan'),(553,'US/Mountain'),(554,'US/Pacific'),(555,'US/Pacific-New'),(556,'US/Samoa'),(557,'UTC'),(558,'W-SU'),(559,'WET'),(560,'Zulu');

--
-- Table structure for table `ps_translation`
--

CREATE TABLE `ps_translation` (
  `id_translation` int(11) NOT NULL AUTO_INCREMENT,
  `id_lang` int(11) NOT NULL,
  `key` text COLLATE utf8_unicode_ci NOT NULL,
  `translation` text COLLATE utf8_unicode_ci NOT NULL,
  `domain` varchar(80) COLLATE utf8_unicode_ci NOT NULL,
  `theme` varchar(32) COLLATE utf8_unicode_ci DEFAULT NULL,
  PRIMARY KEY (`id_translation`),
  KEY `IDX_ADEBEB36BA299860` (`id_lang`),
  KEY `key` (`domain`)
) ENGINE=InnoDB AUTO_INCREMENT=213 DEFAULT CHARSET=utf8 COLLATE=utf8_unicode_ci;

--
-- Dumping data for table `ps_translation`
--

INSERT INTO `ps_translation` VALUES (1,1,'List of brands','Liste des artistes','AdminCatalogFeature',NULL),(2,1,'Brand addresses','Adresses des artistes','AdminCatalogFeature',NULL),(3,1,'Brands','Artistes','AdminCatalogFeature',NULL),(4,1,'This type will be used for Brand images.','Ce type sera appliqué aux images des artistes.','AdminDesignHelp',NULL),(5,1,'Brands','Artistes','AdminGlobal',NULL),(6,1,'An error occurred while copying \"No picture\" image to your brand folder.','Impossible de créer l\'image \"Aucune image\" dans le dossier des artistes.','AdminInternationalNotification',NULL),(7,1,'An error occurred while resizing \"No picture\" image to your brand directory.','Impossible de créer l\'image \"Aucune image\" dans le dossier des artistes.','AdminInternationalNotification',NULL),(8,1,'Brands & Suppliers','Artistes et fournisseurs','AdminNavigationMenu',NULL),(9,1,'Brands','Artistes','AdminNavigationMenu',NULL),(10,1,'Route to brand','Route vers les artistes','AdminShopparametersFeature',NULL),(11,1,'Display brands and suppliers','Afficher les artistes et fournisseurs','AdminShopparametersFeature',NULL),(12,1,'Enable brands and suppliers pages on your front office even when their respective modules are disabled.','Affiche les pages artistes et fournisseurs dans votre boutique même si leurs modules ne sont pas activés.','AdminShopparametersHelp',NULL),(13,1,'Displays a block listing product brands.','Affiche un bloc listant vos différents artistes.','ModulesBrandlistAdmin',NULL),(14,1,'Brand list','Liste des artistes','ModulesBrandlistAdmin',NULL),(15,1,'All brands','Tous les artistes','ModulesMainmenuAdmin',NULL),(16,1,'All brands','Tous les artistes','ShopThemeCatalog','venedor'),(17,1,'Brands','artistes','ShopThemeCatalog','venedor'),(18,1,'List of products by brand %s','Oeuvres et Biographie de %s','ShopThemeCatalog','alysum'),(19,1,'Featured Products','Oeuvres du moment','ModulesFeaturedproductsShop','alysum'),(20,1,'All products','Toutes les oeuvres','ModulesFeaturedproductsShop','alysum'),(21,1,'New products','Nouveautés','ModulesNewproductsShop','alysum'),(22,1,'No products found','Aucune oeuvre trouvée','ModulesSearchbarShop','alysum'),(23,1,'-- please choose a product --','-- choisissez une oeuvre --','ShopFormsLabels','alysum'),(24,1,'Product','Oeuvres','ShopFormsLabels','alysum'),(25,1,'View Product','Voir l\'oeuvre','ShopThemeActions','alysum'),(26,1,'View products','Voir les oeuvres','ShopThemeActions','alysum'),(27,1,'The product is in your cart now','L\'oeuvre a été ajoutée au panier','ShopThemeAmp','alysum'),(28,1,'New products','Nouveautés','ShopThemeAmp','alysum'),(29,1,'Show More Products','Voir + d\'oeuvres','ShopThemeAmp','alysum'),(30,1,'No more products','Pas d\'\'oeuvres pour le moment','ShopThemeAmp','alysum'),(31,1,'Sort Products','Trier les oeuvres','ShopThemeAmp','alysum'),(32,1,'Products Per Page','Oeuvres par page','ShopThemeAmp','alysum'),(33,1,'Unable to Sort Products','Tri impossible','ShopThemeAmp','alysum'),(34,1,'Products','Oeuvres','ShopThemeAmp','alysum'),(35,1,'Product Details','Détail de l\'oeuvre','ShopThemeCatalog','alysum'),(36,1,'Product','Oeuvre','ShopThemeCatalog','alysum'),(37,1,'Product Comparison','Comparer les oeuvres','messages','alysum'),(38,1,'This product is no longer in stock.','L\'oeuvre n\'est plus disponible','messages','alysum'),(39,1,'There are no products selected for comparison.','Aucun e oeuvre sélectionnée','messages','alysum'),(40,1,'The minimum purchase order quantity for the product is %quantity%.','La quantité minimum est %quantity%.','ShopThemeCheckout','alysum'),(41,1,'Product successfully added to your shopping cart','Oeuvres ajoutée à votre panier','ShopThemeCheckout','alysum'),(42,1,'Total products:','Total des oeuvres:','ShopThemeCheckout','alysum'),(43,1,'If you wish to return one or more products, please mark the corresponding boxes and provide an explanation for the return. When complete, click the button below.','Si vous désirez nous retourner 1 ou plusieurs de vos acquisitions, cochez la case correspondante et expliquez les raisons qui motivent ce retour. Cliquez ensuite sur le bouton ci-dessous.','ShopThemeCustomeraccount','alysum'),(44,1,'There are no products in this category','Aucune oeuvre répertoriée dans cette thématique pour l\'instant.','ShopThemeGlobal','alysum'),(45,1,'New product','Nouvelle oeuvre','AdminActions',NULL),(46,1,'Use product reference as key','Utiliser la référence de l\'oeuvre comme clé','AdminAdvparametersFeature',NULL),(47,1,'Product ID','ID oeuvre','AdminAdvparametersFeature',NULL),(48,1,'Product Reference','Référence de l\'oeuvre','AdminAdvparametersFeature',NULL),(49,1,'Choose among product images by position (1,2,3...)','Choisir parmi les images de l\'oeuvre selon la position (1, 2, 3…)','AdminAdvparametersFeature',NULL),(50,1,'Delivery time of out-of-stock products with allowed orders:','Délai de livraison des oeuvres épuisées avec commande autorisée:','AdminAdvparametersFeature',NULL),(51,1,'Product availability date','Date de disponibilité de \'oeuvre','AdminAdvparametersFeature',NULL),(52,1,'Product creation date','Date d\'ajout de oeuvre','AdminAdvparametersFeature',NULL),(53,1,'Product ID *','ID oeuvre *','AdminAdvparametersFeature',NULL),(54,1,'Product Attribute ID','ID attribut oeuvre','AdminAdvparametersFeature',NULL),(55,1,'Product combinations','Déclinaisons des oeuvre','AdminAdvparametersFeature',NULL),(56,1,'If enabled, the product\'s reference number MUST be unique!','Si activé, le numéro de référence de cette oeuvre DOIT être unique !','AdminAdvparametersHelp',NULL),(57,1,'Enable Advanced Stock Management on product (0 = No, 1 = Yes)','Activer la gestion des stocks avancée sur l\'oeuvre (0 = Non, 1 = Oui)','AdminAdvparametersHelp',NULL),(58,1,'0 = Use quantity set in product, 1 = Use quantity from warehouse.','0 = Utiliser la quantité définie pour l\'oeuvre, 1 = Utiliser la quantité définie par l’entrepôt.','AdminAdvparametersHelp',NULL),(59,1,'Enable Advanced Stock Management on product (0 = No, 1 = Yes).','Activer la gestion des stocks avancée sur l\'oeuvre (0 = Non, 1 = Oui).','AdminAdvparametersHelp',NULL),(60,1,'Use this option to associate data (products, modules, etc.) the same way for each selected shop.','Utilisez cette option pour associer les données (oeuvres, modules, etc.) de la même façon que la boutique sélectionnée','AdminAdvparametersHelp',NULL),(61,1,'Choose \"No\" to disable Product Combinations.','Choisissez \"Non\" pour désactiver les déclinaisons d\'oeuvre.','AdminAdvparametersHelp',NULL),(62,1,'You cannot set this parameter to No when combinations are already used by some of your products','Vous ne pouvez pas définir ce paramètre à \"Non\" si certaines de vos oeuvres utilisent déjà des déclinaisons.','AdminAdvparametersHelp',NULL),(63,1,'Choose \"No\" to disable Product Features.','Choisissez \"Non\" pour désactiver les caractéristiques de l\'oeuvre.','AdminAdvparametersHelp',NULL),(64,1,'Note that you can have several products with the same reference.','Notez que plusieurs oeuvres peuvent avoir la même référence.','AdminAdvparametersNotification',NULL),(65,1,'Your file has been successfully imported into your shop. Don\'t forget to re-build the products\' search index.','Le fichier a bien été importé dans votre boutique. N\'oubliez pas de régénérer l\'index du moteur de recherche des oeuvre.','AdminAdvparametersNotification',NULL),(66,1,'Importing Supply Order Details will reset your history of ordered products, if there are any.','Importer les détails de commandes fournisseurs réinitialisera l\'historique des commandes fournisseurs des oeuvre concernées.','AdminAdvparametersNotification',NULL),(67,1,'Product #%id%: the picture (%url%) cannot be saved.','oeuvre n°%id% : l\'image (%url%) ne peut pas être enregistrée.','AdminAdvparametersNotification',NULL),(68,1,'Advanced stock management has incorrect value. Not set for product %name% ','La gestion des stocks avancée a une valeur incorrecte. Valeur non définie pour l\'oeuvre %name% ','AdminAdvparametersNotification',NULL),(69,1,'Advanced stock management is not enabled, cannot enable on product %name% ','La gestion des stock avancée n\'est pas activée, impossible de l\'activer pour l\'oeuvre %name% ','AdminAdvparametersNotification',NULL),(70,1,'Advanced stock management is not enabled, warehouse not set on product %name% ','La gestion des stocks avancée n\'est pas activée, aucun entrepôt n\'est associé à l\'oeuvre %name% ','AdminAdvparametersNotification',NULL),(71,1,'Warehouse did not exist, cannot set on product  %name% ','L\'entrepôt n\'existait pas, impossible de l\'attribuer à l\'oeuvre %name% ','AdminAdvparametersNotification',NULL),(72,1,'Incorrect value for \"Depends on stock\" for product %name% ','Valeur incorrecte pour \"dépendant du stock\" pour l\'oeuvre %name% ','AdminAdvparametersNotification',NULL),(73,1,'Advanced stock management is not enabled, cannot set \"Depends on stock\" for product %name% ','La gestion des stocks avancée n\'est pas activée, impossible de configurer le champ \"dépendant du stock\" pour l\'oeuvre %name% ','AdminAdvparametersNotification',NULL),(74,1,'No image was found for combination with id_product = %s and image position = %s.','Aucune image trouvée pour la déclinaison avec identifiant oeuvre = %s et la position de l\'image = %s.','AdminAdvparametersNotification',NULL),(75,1,'EAN13 \"%ean13%\" has incorrect value for product with id %id%.','Le code EAN13 \"%ean13%\" a une valeur incorrecte pour l\'oeuvre avec l\'ID %id%.','AdminAdvparametersNotification',NULL),(76,1,'Advanced stock management has incorrect value. Not set for product with id %id%.','La gestion des stocks avancée n\'a pas une valeur correcte. Elle n\'est pas configurée pour l\'oeuvre avec l\'ID %id%.','AdminAdvparametersNotification',NULL),(77,1,'Advanced stock management is not enabled, cannot enable on product with id %id%.','La gestion des stocks avancée n\'est pas activée, impossible de l\'activer sur l\'oeuvre avec l\'ID %id%.','AdminAdvparametersNotification',NULL),(78,1,'Advanced stock management is not enabled, warehouse is not set on product with id %id%.','La gestion des stocks avancée n\'est pas activée, l\'entrepôt n\'est pas configuré avec l\'oeuvre dont l\'ID est %id%.','AdminAdvparametersNotification',NULL),(79,1,'Warehouse did not exist, cannot set on product %name%.','L\'entrepôt n\'existait pas, impossible de régler l\'oeuvre %name%.','AdminAdvparametersNotification',NULL),(80,1,'Product/Attribute (%d/%d) cannot be added twice (at line %d).','Le couple oeuvre/attribut (%d/%d) ne peut pas être ajouté deux fois (ligne %d).','AdminAdvparametersNotification',NULL),(81,1,'Product (%d/%d) is not available for this order (at line %d).','L\'oeuvre (%d/%d) n\'est pas disponible pour cette commande (ligne %d).','AdminAdvparametersNotification',NULL),(82,1,'Specific product','Une oeuvre spécifique','AdminCatalogFeature',NULL),(83,1,'Cheapest product','L\'oeuvre la moins chère','AdminCatalogFeature',NULL),(84,1,'Selected product(s)','L\'(es) oeuvre(s) sélectionnée(s)','AdminCatalogFeature',NULL),(85,1,'Exclude discounted products','Exclure les oeuvres en promotion','AdminCatalogFeature',NULL),(86,1,'Search a product','Rechercher une oeuvre','AdminCatalogFeature',NULL),(87,1,'Matching products','Oeuvres','AdminCatalogFeature',NULL),(88,1,'Product selection','Sélection d\'oeuvre','AdminCatalogFeature',NULL),(89,1,'Number of products required in the cart to enjoy the discount:','Nombre d\'oeuvre requise dans le panier pour bénéficier de la promotion :','AdminCatalogFeature',NULL),(90,1,'Product Return','Retour oeuvre','AdminCatalogFeature',NULL),(91,1,'product(s)','oeuvre(s)','AdminCatalogFeature',NULL),(92,1,'Back to the product','Revenir à l\'oeuvre','AdminCatalogFeature',NULL),(93,1,'Average number of products per category','Nombre moyen d\'oeuvre par catégorie','AdminCatalogFeature',NULL),(94,1,'Product: ','Oeuvre : ','AdminCatalogFeature',NULL),(95,1,'Products','Oeuvres','AdminCatalogFeature',NULL),(96,1,'Number of products','Nombre d\'oeuvres','AdminCatalogFeature',NULL),(97,1,'List of products with combinations but without available quantities for sale:','Liste des oeuvres avec déclinaisons non disponibles à la vente :','AdminCatalogFeature',NULL),(98,1,'List of products without combinations and without available quantities for sale:','Liste des oeuvres sans déclinaisons et non disponibles à la vente :','AdminCatalogFeature',NULL),(99,1,'List of disabled products','Liste des oeuvre désactivées','AdminCatalogFeature',NULL),(100,1,'List of products without images','Liste des oeuvres sans image','AdminCatalogFeature',NULL),(101,1,'List of products without description','Liste des oeuvres sans description','AdminCatalogFeature',NULL),(102,1,'List of products without price','Liste des oeuvres sans prix','AdminCatalogFeature',NULL),(103,1,'Product disabled','Oeuvre désactivée','AdminCatalogFeature',NULL),(104,1,'Standard product','Oeuvre standard','AdminCatalogFeature',NULL),(105,1,'Display condition on product page','Afficher l\'état sur la fiche de l\'oeuvre','AdminCatalogFeature',NULL),(106,1,'Attachments for this product:','Documents joints à cette oeuvre :','AdminCatalogFeature',NULL),(107,1,'Display the \"On sale!\" flag on the product page, and on product listings.','Afficher un bandeau \"Promo !\" sur la fiche oeuvre et sur les listes de produits.','AdminCatalogFeature',NULL),(108,1,'Apply to all products','Appliquer à toutes les oeuvres','AdminCatalogFeature',NULL),(109,1,'I want to use the advanced stock management system for this product.','Je veux utiliser la gestion des stocks avancée pour cette oeuvre.','AdminCatalogFeature',NULL),(110,1,'The available quantities for the current product and its combinations are based on the stock in your warehouse (using the advanced stock management system). ','Les quantités disponibles pour l\'oeuvre actuelle et ses déclinaisons sont basées sur le stock de votre entrepôt (via le système de gestion des stocks avancée). ','AdminCatalogFeature',NULL),(111,1,'Does this product have an associated file?','Cette oeuvre a un fichier associé ?','AdminCatalogFeature',NULL),(112,1,'Decrement products in pack only.','Décrémenter uniquement les oeuvre du pack.','AdminCatalogFeature',NULL),(113,1,'Permanent redirection to a product (301)','Redirection permanente vers une oeuvre (301)','AdminCatalogFeature',NULL),(114,1,'Temporary redirection to a product (302)','Redirection temporaire vers une oeuvre (302)','AdminCatalogFeature',NULL),(115,1,'Target product','Oeuvre cible','AdminCatalogFeature',NULL),(116,1,'Delivery time of in-stock products:','Délai de livraison pour les oeuvres en stock :','AdminCatalogFeature',NULL),(117,1,'Specific delivery time to this product','Délai de livraison spécifique pour cette oeuvre','AdminCatalogFeature',NULL),(118,1,'Delivery time of out-of-stock products with allowed orders:','Délai de livraison des oeuvres épuisées avec commande autorisée:','AdminCatalogFeature',NULL),(119,1,'Product price (tax excl.)','Prix de l\'oeuvre (HT)','AdminCatalogFeature',NULL),(120,1,'These products will be deleted for good. Please confirm.','Ces oeuvres vont être supprimées pour de bon. Êtes-vous sûr ?','AdminCatalogFeature',NULL),(121,1,'Delete products?','Supprimer les oeuvres ?','AdminCatalogFeature',NULL),(122,1,'Add new product','Ajouter une nouvelle oeuvre','AdminCatalogFeature',NULL),(123,1,'Product list','Liste des oeuvres','AdminCatalogFeature',NULL),(124,1,'Back to product','Retour à l\'oeuvre','AdminCatalogFeature',NULL),(125,1,'Related product','oeuvre associé','AdminCatalogFeature',NULL),(126,1,'Add a related product','Ajouter une oeuvre associée','AdminCatalogFeature',NULL),(127,1,'Choose the suppliers associated with this product','Sélectionnez les fournisseurs associés à cette oeuvre','AdminCatalogFeature',NULL),(128,1,'Search products (search by name, reference, supplier)','Chercher des oeuvres (par nom, référence ou fournisseur)','AdminCatalogFeature',NULL),(129,1,'This product is below the low stock level you have defined.','Cette oeuvre est en dessous du niveau de stock bas que vous avez défini.','AdminCatalogFeature',NULL),(130,1,'Search for a product','Rechercher une oeuvre','AdminCatalogHelp',NULL),(131,1,'Enter your product name','Saisissez le nom de votre oeuvre','AdminCatalogHelp',NULL),(132,1,'Sample Brands file','Exemple de fichier de marques','AdminAdvparametersFeature',NULL),(133,1,'Brand','Artiste','ShopThemeCatalog','alysum'),(134,1,'Brands','Artistes','ShopThemeCatalog','alysum'),(135,1,'Brand','Artiste','messages',NULL),(136,1,'Search','Recherche','ModulesSearchbarShop','alysum'),(137,1,'You are searching for','Que recherchez-vous ?','ShopThemeAmp','alysum'),(138,1,'Your search request is empty','Votre recherche ne donne rien','ShopThemeAmp','alysum'),(139,1,'Search','Recherche','ShopThemeAmp','alysum'),(140,1,'Search result page','Voici ce que donne votre recherche','ShopThemeAmp','alysum'),(141,1,'Search what you are looking for','Que recherchez-vous ?','ShopThemeGlobal','alysum'),(142,1,'Stay up to date','Abonnez-vous à notre Newsletter','messages','alysum'),(143,1,'My Cart','Mon panier','ShopThemeAmp','alysum'),(144,1,'My Cart','PANIER','ShopThemeCheckout','alysum'),(145,1,'New customers','Nouveaux clients','ShopThemeCustomeraccount','alysum'),(146,1,'Your account','Votre compte','ModulesCustomeraccountlinksShop','alysum'),(147,1,'You Have Successfully Logged Out Of Your Account','Vous êtes déconnecté','ShopThemeAmp','alysum'),(148,1,'My Account','Mon compte','ShopThemeAmp','alysum'),(149,1,'Create an account','Créer votre compte','ShopThemeCustomeraccount','alysum'),(150,1,'By creating an account with our store, you will be able to move through the checkout process faster, store multiple shipping addresses, view and track your orders in your account and more.','Tout est plus simple et plus rapide en créant votre compte.','ShopThemeCustomeraccount','alysum'),(151,1,'Log in to your account','Connectez-vous à votre compte','ShopThemeCustomeraccount','alysum'),(152,1,'Already have an account?','Déjà enregistré ?','ShopThemeCustomeraccount','alysum'),(153,1,'Here are the orders you\'ve placed since your account was created.','Retrouvez ici vos dernières commandes','ShopThemeCustomeraccount','alysum'),(154,1,'Do not have an account yet, please register.','Pas encore de compte, créez-le dès à présent !','ShopThemeCustomeraccount','alysum'),(155,1,'Transform your guest account into a customer account and enjoy:','Transformez votre compte invité en compte client','ShopThemeCustomeraccount','alysum'),(156,1,'Your account','Votre compte','ShopThemeCustomeraccount','alysum'),(157,1,'Back to your account','Retour à votre compte','ShopThemeCustomeraccount','alysum'),(158,1,'Cart Total','Panier total','ShopMessages','alysum'),(159,1,'Add to cart','Ajouter à votre panier','ShopThemeActions','alysum'),(160,1,'Remove from cart','Retirer du panier','ShopThemeActions','alysum'),(161,1,'Add to cart','Ajouter au panier','ShopThemeAmp','alysum'),(162,1,'Unable to Add to cart','Impossible d\'ajouter au panier','ShopThemeAmp','alysum'),(163,1,'Cart','Panier','ShopThemeAmp','alysum'),(164,1,'Your Cart is Empty','Votre panier est vide','ShopThemeAmp','alysum'),(165,1,'Shopping Cart','Panier','ShopThemeAmp','alysum'),(166,1,'If you log out now, your cart will be emptied.','En vous déconnectant vous perdrez votre panier','ShopThemeCheckout','alysum'),(167,1,'If you sign out now, your cart will be emptied.','En vous déconnectant vous perdrez votre panier','ShopThemeCheckout','alysum'),(168,1,'There are no more items in your cart','Aucune oeuvre restante dans votre panier','ShopThemeCheckout','alysum'),(169,1,'Shopping Cart','Panier','ShopThemeCheckout','alysum'),(170,1,'Cart','Panier','ShopThemeCheckout','alysum'),(171,1,'Add to cart','Ajouter au panier','messages','alysum'),(172,1,'Shipping','Transport','ShopThemeAmp','alysum'),(173,1,'Shipping Method','Transport','ShopThemeCheckout','alysum'),(174,1,'Shipping Address','Adresse de livraison','ShopThemeCheckout','alysum'),(175,1,'Billing address differs from shipping address','L\'adresse de facture est différente de l\'adresse de livraison','ShopThemeCheckout','alysum'),(176,1,'Shipping cost','Coût du transport','ShopThemeCheckout','alysum'),(177,1,'Shipping method: %method%','Tranporteur: %method%','ShopThemeCheckout','alysum'),(178,1,'Total shipping:','Total frais de livraison:','ShopThemeCheckout','alysum'),(179,1,'Shipping','Frais de port','ShopThemeCheckout','alysum'),(180,1,'Order Shipping','Transport','ShopThemeCustomeraccount','alysum'),(181,1,'Shipping cost','Coût du transport','ShopThemeGlobal','alysum'),(182,1,'Checkout','Commander','ShopThemeActions','alysum'),(183,1,'Checkout','Commander','ShopThemeAmp','alysum'),(184,1,'Checkout Summary','Résumé de commande','ShopThemeAmp','alysum'),(185,1,'Tax','TVA','ShopMessages','alysum'),(186,1,'Unfortunately, there are no payment method available.','Désolé aucune méthode de paiement disponible','ShopThemeCheckout','alysum'),(187,1,'Unfortunately, there are no carriers available for your delivery address.','Désolé, aucun transporteur n\'est disponible pour cette adresse ','ShopThemeCheckout','alysum'),(188,1,'Continue','Continuer','ShopThemeActions','alysum'),(189,1,'Continue shopping','Continuer vos achats','ShopThemeActions','alysum'),(190,1,'Use this address for invoice too','Utiliser cette adresse pour la facturation','ShopThemeCheckout','alysum'),(191,1,'If you would like to add a comment about your order, please write it in the field below.','Si vous désirez nous laisser un commentaire pour votre commande, veuillez remplir l\'espace ci-dessous. Merci','ShopThemeCheckout','alysum'),(192,1,'Please check your order before payment','Merci de vérifier votre commande avant de régler celle-ci.','ShopThemeCheckout','alysum'),(193,1,'Please make sure you\'ve chosen a [1]payment method[/1] and accepted the [2]terms and conditions[/2].','Merci de valider la méthode de réglement par [1]payment method[/1] et d\'accepter les [2]terms and conditions[/2].','ShopThemeCheckout','alysum'),(194,1,'Payment','Paiement','ShopThemeCheckout','alysum'),(195,1,'Payment method','Moyen de paiement','ShopThemeCheckout','alysum'),(196,1,'Payment method: %method%','Moyen de paiement: %method%','ShopThemeCheckout','alysum'),(197,1,'Order with an obligation to pay','Valider et payer','ShopThemeCheckout','alysum'),(198,1,'In the same category','Dans la même catégorie, vous allez peut être apprécier les oeuvres suivantes','ModulesCategoryproductsShop','alysum'),(199,1,'Specific References','-','ShopThemeCatalog','alysum'),(200,1,'Data sheet','-','ShopThemeCatalog','alysum'),(201,1,'Our website is almost ready.','Notre nouveau site est sur les rails...','ShopThemeGlobal','alysum'),(202,1,'Your e-mail address','votre adresse mail','messages','alysum'),(203,1,'Our stores','Venez nous rendre visite !','ShopThemeGlobal','alysum'),(204,1,'About and Contact','+ d\'infos','ShopThemeGlobal','alysum'),(205,1,'Sign up for our newsletter','Salon, vernissage, nouveautés :Inscrivez-vous à notre lettre d\'informations pour être les premiers avertis !','ShopThemeAmp','alysum'),(206,1,'Email address','Email','ModulesContactformShop','alysum'),(207,1,'Email address','Adresse mail','ShopFormsLabels','alysum'),(208,1,'Password','Mot de passe','ShopFormsLabels','alysum'),(209,1,'My Cart','Panier','ModulesShoppingcartShop','alysum'),(210,1,'%products_count% items in your cart','Oeuvres_compte% articles dans votre panier\n','ShopThemeCheckout','alysum'),(211,1,'%s other products in the same category:','%s autres oeuvres dans la même catégorie :','ModulesCategoryproductsShop','classic'),(212,1,'No products in stock with such attributes','Aucune oeuvre en stock avec ces attributs','ShopThemeAmp','alysum');

--
-- Table structure for table `ps_warehouse`
--

CREATE TABLE `ps_warehouse` (
  `id_warehouse` int(11) unsigned NOT NULL AUTO_INCREMENT,
  `id_currency` int(11) unsigned NOT NULL,
  `id_address` int(11) unsigned NOT NULL,
  `id_employee` int(11) unsigned NOT NULL,
  `reference` varchar(64) DEFAULT NULL,
  `name` varchar(45) NOT NULL,
  `management_type` enum('WA','FIFO','LIFO') NOT NULL DEFAULT 'WA',
  `deleted` tinyint(1) unsigned NOT NULL DEFAULT '0',
  PRIMARY KEY (`id_warehouse`)
) ENGINE=InnoDB DEFAULT CHARSET=utf8;

--
-- Dumping data for table `ps_warehouse`
--


--
-- Table structure for table `ps_warehouse_carrier`
--

CREATE TABLE `ps_warehouse_carrier` (
  `id_carrier` int(11) unsigned NOT NULL,
  `id_warehouse` int(11) unsigned NOT NULL,
  PRIMARY KEY (`id_warehouse`,`id_carrier`),
  KEY `id_warehouse` (`id_warehouse`),
  KEY `id_carrier` (`id_carrier`)
) ENGINE=InnoDB DEFAULT CHARSET=utf8;

--
-- Dumping data for table `ps_warehouse_carrier`
--


--
-- Table structure for table `ps_warehouse_product_location`
--

CREATE TABLE `ps_warehouse_product_location` (
  `id_warehouse_product_location` int(11) unsigned NOT NULL AUTO_INCREMENT,
  `id_product` int(11) unsigned NOT NULL,
  `id_product_attribute` int(11) unsigned NOT NULL,
  `id_warehouse` int(11) unsigned NOT NULL,
  `location` varchar(64) DEFAULT NULL,
  PRIMARY KEY (`id_warehouse_product_location`),
  UNIQUE KEY `id_product` (`id_product`,`id_product_attribute`,`id_warehouse`)
) ENGINE=InnoDB DEFAULT CHARSET=utf8;

--
-- Dumping data for table `ps_warehouse_product_location`
--


--
-- Table structure for table `ps_warehouse_shop`
--

CREATE TABLE `ps_warehouse_shop` (
  `id_shop` int(11) unsigned NOT NULL,
  `id_warehouse` int(11) unsigned NOT NULL,
  PRIMARY KEY (`id_warehouse`,`id_shop`),
  KEY `id_warehouse` (`id_warehouse`),
  KEY `id_shop` (`id_shop`)
) ENGINE=InnoDB DEFAULT CHARSET=utf8;

--
-- Dumping data for table `ps_warehouse_shop`
--


--
-- Table structure for table `ps_web_browser`
--

CREATE TABLE `ps_web_browser` (
  `id_web_browser` int(10) unsigned NOT NULL AUTO_INCREMENT,
  `name` varchar(64) DEFAULT NULL,
  PRIMARY KEY (`id_web_browser`)
) ENGINE=InnoDB AUTO_INCREMENT=12 DEFAULT CHARSET=utf8;

--
-- Dumping data for table `ps_web_browser`
--

INSERT INTO `ps_web_browser` VALUES (1,'Safari'),(2,'Safari iPad'),(3,'Firefox'),(4,'Opera'),(5,'IE 6'),(6,'IE 7'),(7,'IE 8'),(8,'IE 9'),(9,'IE 10'),(10,'IE 11'),(11,'Chrome');

--
-- Table structure for table `ps_webservice_account`
--

CREATE TABLE `ps_webservice_account` (
  `id_webservice_account` int(11) NOT NULL AUTO_INCREMENT,
  `key` varchar(32) NOT NULL,
  `description` text,
  `class_name` varchar(50) NOT NULL DEFAULT 'WebserviceRequest',
  `is_module` tinyint(2) NOT NULL DEFAULT '0',
  `module_name` varchar(50) DEFAULT NULL,
  `active` tinyint(2) NOT NULL,
  PRIMARY KEY (`id_webservice_account`),
  KEY `key` (`key`)
) ENGINE=InnoDB DEFAULT CHARSET=utf8;

--
-- Dumping data for table `ps_webservice_account`
--


--
-- Table structure for table `ps_webservice_account_shop`
--

CREATE TABLE `ps_webservice_account_shop` (
  `id_webservice_account` int(11) unsigned NOT NULL,
  `id_shop` int(11) unsigned NOT NULL,
  PRIMARY KEY (`id_webservice_account`,`id_shop`),
  KEY `id_shop` (`id_shop`)
) ENGINE=InnoDB DEFAULT CHARSET=utf8;

--
-- Dumping data for table `ps_webservice_account_shop`
--


--
-- Table structure for table `ps_webservice_permission`
--

CREATE TABLE `ps_webservice_permission` (
  `id_webservice_permission` int(11) NOT NULL AUTO_INCREMENT,
  `resource` varchar(50) NOT NULL,
  `method` enum('GET','POST','PUT','DELETE','HEAD') NOT NULL,
  `id_webservice_account` int(11) NOT NULL,
  PRIMARY KEY (`id_webservice_permission`),
  UNIQUE KEY `resource_2` (`resource`,`method`,`id_webservice_account`),
  KEY `resource` (`resource`),
  KEY `method` (`method`),
  KEY `id_webservice_account` (`id_webservice_account`)
) ENGINE=InnoDB DEFAULT CHARSET=utf8;

--
-- Dumping data for table `ps_webservice_permission`
--


--
-- Table structure for table `ps_ws_wishlist`
--

CREATE TABLE `ps_ws_wishlist` (
  `id_wishlist` int(10) unsigned NOT NULL AUTO_INCREMENT,
  `id_customer` int(10) unsigned NOT NULL,
  `token` varchar(64) NOT NULL,
  `name` varchar(64) NOT NULL,
  `counter` int(10) unsigned DEFAULT NULL,
  `id_shop` int(10) unsigned DEFAULT '1',
  `id_shop_group` int(10) unsigned DEFAULT '1',
  `date_add` datetime NOT NULL,
  `date_upd` datetime NOT NULL,
  `default` int(10) unsigned DEFAULT '0',
  PRIMARY KEY (`id_wishlist`)
) ENGINE=InnoDB DEFAULT CHARSET=utf8;

--
-- Dumping data for table `ps_ws_wishlist`
--


--
-- Table structure for table `ps_ws_wishlist_email`
--

CREATE TABLE `ps_ws_wishlist_email` (
  `id_wishlist` int(10) unsigned NOT NULL,
  `email` varchar(128) NOT NULL,
  `date_add` datetime NOT NULL
) ENGINE=InnoDB DEFAULT CHARSET=utf8;

--
-- Dumping data for table `ps_ws_wishlist_email`
--


--
-- Table structure for table `ps_ws_wishlist_product`
--

CREATE TABLE `ps_ws_wishlist_product` (
  `id_wishlist_product` int(10) NOT NULL AUTO_INCREMENT,
  `id_wishlist` int(10) unsigned NOT NULL,
  `id_product` int(10) unsigned NOT NULL,
  `id_product_attribute` int(10) unsigned NOT NULL,
  `quantity` int(10) unsigned NOT NULL,
  `priority` int(10) unsigned NOT NULL,
  PRIMARY KEY (`id_wishlist_product`)
) ENGINE=InnoDB DEFAULT CHARSET=utf8;

--
-- Dumping data for table `ps_ws_wishlist_product`
--


--
-- Table structure for table `ps_ws_wishlist_product_cart`
--

CREATE TABLE `ps_ws_wishlist_product_cart` (
  `id_wishlist_product` int(10) unsigned NOT NULL,
  `id_cart` int(10) unsigned NOT NULL,
  `quantity` int(10) unsigned NOT NULL,
  `date_add` datetime NOT NULL
) ENGINE=InnoDB DEFAULT CHARSET=utf8;

--
-- Dumping data for table `ps_ws_wishlist_product_cart`
--


--
-- Table structure for table `ps_zone`
--

CREATE TABLE `ps_zone` (
  `id_zone` int(10) unsigned NOT NULL AUTO_INCREMENT,
  `name` varchar(64) NOT NULL,
  `active` tinyint(1) unsigned NOT NULL DEFAULT '0',
  PRIMARY KEY (`id_zone`)
) ENGINE=InnoDB AUTO_INCREMENT=9 DEFAULT CHARSET=utf8;

--
-- Dumping data for table `ps_zone`
--

INSERT INTO `ps_zone` VALUES (1,'Europe',1),(2,'North America',1),(3,'Asia',1),(4,'Africa',1),(5,'Oceania',1),(6,'South America',1),(7,'Europe (non-EU)',1),(8,'Central America/Antilla',1);

--
-- Table structure for table `ps_zone_shop`
--

CREATE TABLE `ps_zone_shop` (
  `id_zone` int(11) unsigned NOT NULL,
  `id_shop` int(11) unsigned NOT NULL,
  PRIMARY KEY (`id_zone`,`id_shop`),
  KEY `id_shop` (`id_shop`)
) ENGINE=InnoDB DEFAULT CHARSET=utf8;

--
-- Dumping data for table `ps_zone_shop`
--

INSERT INTO `ps_zone_shop` VALUES (1,1),(2,1),(3,1),(4,1),(5,1),(6,1),(7,1),(8,1);


