INSERT INTO `ps_feature_value_lang` VALUES (110880,1,'97'),(110881,1,'130'),(110882,1,'97'),(110883,1,'130'),(110884,1,'97'),(110885,1,'130'),(110886,1,'97'),(110887,1,'130'),(110888,1,'97'),(110889,1,'130'),(110890,1,'97'),(110891,1,'130'),(110892,1,'97'),(110893,1,'130'),(110894,1,'97'),(110895,1,'130'),(110896,1,'97'),(110897,1,'130'),(110898,1,'97'),(110899,1,'130'),(110900,1,'97'),(110901,1,'130'),(110902,1,'97'),(110903,1,'130'),(110904,1,'97'),(110905,1,'130'),(110906,1,'97'),(110907,1,'130'),(110908,1,'97'),(110909,1,'130'),(110910,1,'97'),(110911,1,'130'),(110912,1,'97'),(110913,1,'130'),(110914,1,'97'),(110915,1,'97'),(110916,1,'130'),(110917,1,'97'),(110918,1,'130'),(110919,1,'97'),(110920,1,'97'),(110921,1,'130'),(110922,1,'97'),(110923,1,'130'),(110924,1,'97'),(110925,1,'97'),(110926,1,'130'),(110927,1,'97'),(110928,1,'97'),(110929,1,'130'),(110930,1,'97'),(110931,1,'130'),(110932,1,'97'),(110933,1,'130'),(110934,1,'97'),(110935,1,'130'),(110936,1,'97'),(110937,1,'97'),(110938,1,'130'),(110939,1,'97'),(110940,1,'130'),(110941,1,'97'),(110942,1,'97'),(110943,1,'130'),(110944,1,'97'),(110945,1,'130'),(110946,1,'97'),(110947,1,'130'),(110948,1,'97'),(110949,1,'130'),(110950,1,'97'),(110951,1,'130'),(110952,1,'97'),(110953,1,'130'),(110954,1,'97'),(110955,1,'130'),(110956,1,'97'),(110957,1,'130'),(110958,1,'97'),(110959,1,'130'),(110960,1,'97'),(110961,1,'130'),(110962,1,'97'),(110963,1,'130'),(110964,1,'97'),(110965,1,'130'),(110966,1,'97'),(110967,1,'130'),(110968,1,'97'),(110969,1,'130'),(110970,1,'97'),(110971,1,'130'),(110972,1,'97'),(110973,1,'130'),(110974,1,'97'),(110975,1,'130'),(110976,1,'97'),(110977,1,'130'),(110978,1,'97'),(110979,1,'130'),(110980,1,'97'),(110981,1,'130'),(110982,1,'97'),(110983,1,'130'),(110984,1,'97'),(110985,1,'130'),(110986,1,'97'),(110987,1,'130'),(110988,1,'97'),(110989,1,'130'),(110990,1,'97'),(110991,1,'130'),(110992,1,'97'),(110993,1,'130'),(110994,1,'97'),(110995,1,'97'),(110996,1,'130'),(110997,1,'97'),(110998,1,'130'),(110999,1,'97'),(111000,1,'97'),(111001,1,'130'),(111002,1,'97'),(111003,1,'130'),(111004,1,'97'),(111005,1,'97'),(111006,1,'130'),(111007,1,'97'),(111008,1,'130'),(111009,1,'97'),(111010,1,'97'),(111011,1,'130'),(111012,1,'97'),(111013,1,'130'),(111014,1,'97'),(111015,1,'130'),(111016,1,'97'),(111017,1,'130'),(111018,1,'97'),(111019,1,'130'),(111020,1,'97'),(111021,1,'130'),(111022,1,'97'),(111023,1,'130'),(111024,1,'97'),(111025,1,'130'),(111026,1,'97'),(111027,1,'130'),(111028,1,'97'),(111029,1,'130'),(111030,1,'97'),(111031,1,'130'),(111032,1,'97'),(111033,1,'130'),(111034,1,'97'),(111035,1,'130'),(111036,1,'97'),(111037,1,'130'),(111038,1,'97'),(111039,1,'130'),(111040,1,'97'),(111041,1,'130'),(111042,1,'97'),(111043,1,'130'),(111044,1,'97'),(111045,1,'130'),(111046,1,'97'),(111047,1,'130'),(111048,1,'97'),(111049,1,'130'),(111050,1,'97'),(111051,1,'130'),(111052,1,'97'),(111053,1,'130'),(111054,1,'97'),(111055,1,'130'),(111056,1,'97'),(111057,1,'130'),(111058,1,'97'),(111059,1,'130'),(111060,1,'97'),(111061,1,'130'),(111062,1,'97'),(111063,1,'97'),(111064,1,'130'),(111065,1,'97'),(111066,1,'130'),(111067,1,'97'),(111068,1,'97'),(111069,1,'130'),(111070,1,'97'),(111071,1,'130'),(111072,1,'97'),(111073,1,'97'),(111074,1,'130'),(111075,1,'97'),(111076,1,'130'),(111077,1,'97'),(111078,1,'97'),(111079,1,'130'),(111080,1,'97'),(111081,1,'130'),(111082,1,'97'),(111083,1,'130'),(111084,1,'97'),(111085,1,'130'),(111086,1,'97'),(111087,1,'130'),(111088,1,'97'),(111089,1,'130'),(111090,1,'97'),(111091,1,'130'),(111092,1,'97'),(111093,1,'130'),(111094,1,'97'),(111095,1,'130'),(111096,1,'97'),(111097,1,'130'),(111098,1,'97'),(111099,1,'130'),(111100,1,'97'),(111101,1,'130'),(111102,1,'97'),(111103,1,'130'),(111104,1,'97'),(111105,1,'130'),(111106,1,'97'),(111107,1,'130'),(111108,1,'97'),(111109,1,'130'),(111110,1,'97'),(111111,1,'130'),(111112,1,'97'),(111113,1,'130'),(111114,1,'97'),(111115,1,'130'),(111116,1,'97'),(111117,1,'130'),(111118,1,'97'),(111119,1,'130'),(111120,1,'97'),(111121,1,'130'),(111122,1,'97'),(111123,1,'130'),(111124,1,'97'),(111125,1,'130'),(111126,1,'97'),(111127,1,'130'),(111128,1,'97'),(111129,1,'130'),(111130,1,'97'),(111131,1,'97'),(111132,1,'130'),(111133,1,'97'),(111134,1,'130'),(111135,1,'97'),(111136,1,'97'),(111137,1,'130'),(111138,1,'97'),(111139,1,'130'),(111140,1,'97'),(111141,1,'97'),(111142,1,'130'),(111143,1,'97'),(111144,1,'97'),(111145,1,'130'),(111146,1,'97'),(111147,1,'130'),(111148,1,'97'),(111149,1,'130'),(111150,1,'97'),(111151,1,'130'),(111152,1,'97'),(111153,1,'97'),(111154,1,'130'),(111155,1,'97'),(111156,1,'130'),(111157,1,'97'),(111158,1,'97'),(111159,1,'130'),(111160,1,'97'),(111161,1,'130'),(111162,1,'97'),(111163,1,'130'),(111164,1,'97'),(111165,1,'130'),(111166,1,'97'),(111167,1,'130'),(111168,1,'97'),(111169,1,'130'),(111170,1,'97'),(111171,1,'130'),(111172,1,'97'),(111173,1,'130'),(111174,1,'97'),(111175,1,'130'),(111176,1,'97'),(111177,1,'130'),(111178,1,'97'),(111179,1,'130'),(111180,1,'97'),(111181,1,'130'),(111182,1,'97'),(111183,1,'130'),(111184,1,'97'),(111185,1,'130'),(111186,1,'97'),(111187,1,'130'),(111188,1,'97'),(111189,1,'130'),(111190,1,'97'),(111191,1,'130'),(111192,1,'97'),(111193,1,'130'),(111194,1,'97'),(111195,1,'130'),(111196,1,'97'),(111197,1,'130'),(111198,1,'97'),(111199,1,'130'),(111200,1,'97'),(111201,1,'130'),(111202,1,'97'),(111203,1,'130'),(111204,1,'97'),(111205,1,'130'),(111206,1,'97'),(111207,1,'130'),(111208,1,'97'),(111209,1,'130'),(111210,1,'97'),(111211,1,'97'),(111212,1,'130'),(111213,1,'97'),(111214,1,'130'),(111215,1,'97'),(111216,1,'97'),(111217,1,'130'),(111218,1,'97'),(111219,1,'130'),(111220,1,'97'),(111221,1,'97'),(111222,1,'130'),(111223,1,'97'),(111224,1,'130'),(111225,1,'97'),(111226,1,'97'),(111227,1,'130'),(111228,1,'97'),(111229,1,'130'),(111230,1,'97'),(111231,1,'130'),(111232,1,'97'),(111233,1,'130'),(111234,1,'97'),(111235,1,'130'),(111236,1,'97'),(111237,1,'130'),(111238,1,'97'),(111239,1,'130'),(111240,1,'97'),(111241,1,'130'),(111242,1,'97'),(111243,1,'130'),(111244,1,'97'),(111245,1,'130'),(111246,1,'97'),(111247,1,'130'),(111248,1,'97'),(111249,1,'130'),(111250,1,'97'),(111251,1,'130'),(111252,1,'97'),(111253,1,'130'),(111254,1,'97'),(111255,1,'130'),(111256,1,'97'),(111257,1,'130'),(111258,1,'97'),(111259,1,'130'),(111260,1,'97'),(111261,1,'130'),(111262,1,'97'),(111263,1,'130'),(111264,1,'97'),(111265,1,'130'),(111266,1,'97'),(111267,1,'130'),(111268,1,'97'),(111269,1,'130'),(111270,1,'97'),(111271,1,'130'),(111272,1,'97'),(111273,1,'130'),(111274,1,'97'),(111275,1,'130'),(111276,1,'97'),(111277,1,'130'),(111278,1,'97'),(111279,1,'97'),(111280,1,'130'),(111281,1,'97'),(111282,1,'130'),(111283,1,'97'),(111284,1,'97'),(111285,1,'130'),(111286,1,'97'),(111287,1,'130'),(111288,1,'97'),(111289,1,'97'),(111290,1,'130'),(111291,1,'97'),(111292,1,'130'),(111293,1,'97'),(111294,1,'97'),(111295,1,'130'),(111296,1,'97'),(111297,1,'130'),(111298,1,'97'),(111299,1,'130'),(111300,1,'97'),(111301,1,'130'),(111302,1,'97'),(111303,1,'130'),(111304,1,'97'),(111305,1,'130'),(111306,1,'97'),(111307,1,'130'),(111308,1,'97'),(111309,1,'130'),(111310,1,'97'),(111311,1,'130'),(111312,1,'97'),(111313,1,'130'),(111314,1,'97'),(111315,1,'130'),(111316,1,'97'),(111317,1,'130'),(111318,1,'97'),(111319,1,'130'),(111320,1,'97'),(111321,1,'130'),(111322,1,'97'),(111323,1,'130'),(111324,1,'97'),(111325,1,'130'),(111326,1,'97'),(111327,1,'130'),(111328,1,'97'),(111329,1,'130'),(111330,1,'97'),(111331,1,'130'),(111332,1,'97'),(111333,1,'130'),(111334,1,'97'),(111335,1,'130'),(111336,1,'97'),(111337,1,'130'),(111338,1,'97'),(111339,1,'130'),(111340,1,'97'),(111341,1,'130'),(111342,1,'97'),(111343,1,'130'),(111344,1,'97'),(111345,1,'130'),(111346,1,'97'),(111347,1,'97'),(111348,1,'130'),(111349,1,'97'),(111350,1,'130'),(111351,1,'97'),(111352,1,'97'),(111353,1,'130'),(111354,1,'97'),(111355,1,'130'),(111356,1,'97'),(111357,1,'97'),(111358,1,'130'),(111359,1,'97'),(111360,1,'97'),(111361,1,'130'),(111362,1,'97'),(111363,1,'130'),(111364,1,'97'),(111365,1,'130'),(111366,1,'97'),(111367,1,'130'),(111368,1,'97'),(111369,1,'97'),(111370,1,'130'),(111371,1,'97'),(111372,1,'130'),(111373,1,'97'),(111374,1,'97'),(111375,1,'130'),(111376,1,'97'),(111377,1,'130'),(111378,1,'97'),(111379,1,'130'),(111380,1,'97'),(111381,1,'130'),(111382,1,'97'),(111383,1,'130'),(111384,1,'97'),(111385,1,'130'),(111386,1,'97'),(111387,1,'130'),(111388,1,'97'),(111389,1,'130'),(111390,1,'97'),(111391,1,'130'),(111392,1,'97'),(111393,1,'130'),(111394,1,'97'),(111395,1,'130'),(111396,1,'97'),(111397,1,'130'),(111398,1,'97'),(111399,1,'130'),(111400,1,'97'),(111401,1,'130'),(111402,1,'97'),(111403,1,'130'),(111404,1,'97'),(111405,1,'130'),(111406,1,'97'),(111407,1,'130'),(111408,1,'97'),(111409,1,'130'),(111410,1,'97'),(111411,1,'130'),(111412,1,'97'),(111413,1,'130'),(111414,1,'97'),(111415,1,'130'),(111416,1,'97'),(111417,1,'130'),(111418,1,'97'),(111419,1,'130'),(111420,1,'97'),(111421,1,'130'),(111422,1,'97'),(111423,1,'130'),(111424,1,'97'),(111425,1,'130'),(111426,1,'97'),(111427,1,'97'),(111428,1,'130'),(111429,1,'97'),(111430,1,'130'),(111431,1,'97'),(111432,1,'97'),(111433,1,'130'),(111434,1,'97'),(111435,1,'130'),(111436,1,'97'),(111437,1,'97'),(111438,1,'130'),(111439,1,'97'),(111440,1,'130'),(111441,1,'97'),(111442,1,'97'),(111443,1,'130'),(111444,1,'97'),(111445,1,'130'),(111446,1,'97'),(111447,1,'130'),(111448,1,'97'),(111449,1,'130'),(111450,1,'97'),(111451,1,'130'),(111452,1,'97'),(111453,1,'130'),(111454,1,'97'),(111455,1,'130'),(111456,1,'97'),(111457,1,'130'),(111458,1,'97'),(111459,1,'130'),(111460,1,'97'),(111461,1,'130'),(111462,1,'97'),(111463,1,'130'),(111464,1,'97'),(111465,1,'130'),(111466,1,'97'),(111467,1,'130'),(111468,1,'97'),(111469,1,'130'),(111470,1,'97'),(111471,1,'130'),(111472,1,'97'),(111473,1,'130'),(111474,1,'97'),(111475,1,'130'),(111476,1,'97'),(111477,1,'130'),(111478,1,'97'),(111479,1,'130'),(111480,1,'97'),(111481,1,'130'),(111482,1,'97'),(111483,1,'130'),(111484,1,'97'),(111485,1,'130'),(111486,1,'97'),(111487,1,'130'),(111488,1,'97'),(111489,1,'130'),(111490,1,'97'),(111491,1,'130'),(111492,1,'97'),(111493,1,'130'),(111494,1,'97'),(111495,1,'97'),(111496,1,'130'),(111497,1,'97'),(111498,1,'130'),(111499,1,'97'),(111500,1,'97'),(111501,1,'130'),(111502,1,'97'),(111503,1,'130'),(111504,1,'97'),(111505,1,'97'),(111506,1,'130'),(111507,1,'97'),(111508,1,'130'),(111509,1,'97'),(111510,1,'97'),(111511,1,'130'),(111512,1,'97'),(111513,1,'130'),(111514,1,'97'),(111515,1,'130'),(111516,1,'97'),(111517,1,'130'),(111518,1,'97'),(111519,1,'130'),(111520,1,'97'),(111521,1,'130'),(111522,1,'97'),(111523,1,'130'),(111524,1,'97'),(111525,1,'130'),(111526,1,'97'),(111527,1,'130'),(111528,1,'97'),(111529,1,'130'),(111530,1,'97'),(111531,1,'130'),(111532,1,'97'),(111533,1,'130'),(111534,1,'97'),(111535,1,'130'),(111536,1,'97'),(111537,1,'130'),(111538,1,'97'),(111539,1,'130'),(111540,1,'97'),(111541,1,'130'),(111542,1,'97'),(111543,1,'130'),(111544,1,'97'),(111545,1,'130'),(111546,1,'97'),(111547,1,'130'),(111548,1,'97'),(111549,1,'130'),(111550,1,'97'),(111551,1,'130'),(111552,1,'97'),(111553,1,'130'),(111554,1,'97'),(111555,1,'130'),(111556,1,'97'),(111557,1,'130'),(111558,1,'97'),(111559,1,'130'),(111560,1,'97'),(111561,1,'130'),(111562,1,'97'),(111563,1,'97'),(111564,1,'130'),(111565,1,'97'),(111566,1,'130'),(111567,1,'97'),(111568,1,'97'),(111569,1,'130'),(111570,1,'97'),(111571,1,'130'),(111572,1,'97'),(111573,1,'97'),(111574,1,'130'),(111575,1,'97'),(111576,1,'97'),(111577,1,'130'),(111578,1,'97'),(111579,1,'130'),(111580,1,'97'),(111581,1,'130'),(111582,1,'97'),(111583,1,'130'),(111584,1,'97'),(111585,1,'97'),(111586,1,'130'),(111587,1,'97'),(111588,1,'130'),(111589,1,'97'),(111590,1,'97'),(111591,1,'130'),(111592,1,'97'),(111593,1,'130'),(111594,1,'97'),(111595,1,'130'),(111596,1,'97'),(111597,1,'130'),(111598,1,'97'),(111599,1,'130'),(111600,1,'97'),(111601,1,'130'),(111602,1,'97'),(111603,1,'130'),(111604,1,'97'),(111605,1,'130'),(111606,1,'97'),(111607,1,'130'),(111608,1,'97'),(111609,1,'130'),(111610,1,'97'),(111611,1,'130'),(111612,1,'97'),(111613,1,'130'),(111614,1,'97'),(111615,1,'130'),(111616,1,'97'),(111617,1,'130'),(111618,1,'97'),(111619,1,'130'),(111620,1,'97'),(111621,1,'130'),(111622,1,'97'),(111623,1,'130'),(111624,1,'97'),(111625,1,'130'),(111626,1,'97'),(111627,1,'130'),(111628,1,'97'),(111629,1,'130'),(111630,1,'97'),(111631,1,'130'),(111632,1,'97'),(111633,1,'130'),(111634,1,'97'),(111635,1,'130'),(111636,1,'97'),(111637,1,'130'),(111638,1,'97'),(111639,1,'130'),(111640,1,'97'),(111641,1,'130'),(111642,1,'97'),(111643,1,'97'),(111644,1,'130'),(111645,1,'97'),(111646,1,'130'),(111647,1,'97'),(111648,1,'97'),(111649,1,'130'),(111650,1,'97'),(111651,1,'130'),(111652,1,'97'),(111653,1,'97'),(111654,1,'130'),(111655,1,'97'),(111656,1,'130'),(111657,1,'97'),(111658,1,'97'),(111659,1,'130'),(111660,1,'97'),(111661,1,'130'),(111662,1,'97'),(111663,1,'130'),(111664,1,'97'),(111665,1,'130'),(111666,1,'97'),(111667,1,'130'),(111668,1,'97'),(111669,1,'130'),(111670,1,'97'),(111671,1,'130'),(111672,1,'97'),(111673,1,'130'),(111674,1,'97'),(111675,1,'130'),(111676,1,'97'),(111677,1,'130'),(111678,1,'97'),(111679,1,'130'),(111680,1,'97'),(111681,1,'130'),(111682,1,'97'),(111683,1,'130'),(111684,1,'97'),(111685,1,'130'),(111686,1,'97'),(111687,1,'130'),(111688,1,'97'),(111689,1,'130'),(111690,1,'97'),(111691,1,'130'),(111692,1,'97'),(111693,1,'130'),(111694,1,'97'),(111695,1,'130'),(111696,1,'97'),(111697,1,'130'),(111698,1,'97'),(111699,1,'130'),(111700,1,'97'),(111701,1,'130'),(111702,1,'97'),(111703,1,'130'),(111704,1,'97'),(111705,1,'130'),(111706,1,'97'),(111707,1,'130'),(111708,1,'97'),(111709,1,'130'),(111710,1,'97'),(111711,1,'97'),(111712,1,'130'),(111713,1,'97'),(111714,1,'130'),(111715,1,'97'),(111716,1,'97'),(111717,1,'130'),(111718,1,'97'),(111719,1,'130'),(111720,1,'97'),(111721,1,'97'),(111722,1,'130'),(111723,1,'97'),(111724,1,'130'),(111725,1,'97'),(111726,1,'97'),(111727,1,'130'),(111728,1,'97'),(111729,1,'130'),(111730,1,'97'),(111731,1,'130'),(111732,1,'97'),(111733,1,'130'),(111734,1,'97'),(111735,1,'130'),(111736,1,'97'),(111737,1,'130'),(111738,1,'97'),(111739,1,'130'),(111740,1,'97'),(111741,1,'130'),(111742,1,'97'),(111743,1,'130'),(111744,1,'97'),(111745,1,'130'),(111746,1,'97'),(111747,1,'130'),(111748,1,'97'),(111749,1,'130'),(111750,1,'97'),(111751,1,'130'),(111752,1,'97'),(111753,1,'130'),(111754,1,'97'),(111755,1,'130'),(111756,1,'97'),(111757,1,'130'),(111758,1,'97'),(111759,1,'130'),(111760,1,'97'),(111761,1,'130'),(111762,1,'97'),(111763,1,'130'),(111764,1,'97'),(111765,1,'130'),(111766,1,'97'),(111767,1,'130'),(111768,1,'97'),(111769,1,'130'),(111770,1,'97'),(111771,1,'130'),(111772,1,'97'),(111773,1,'130'),(111774,1,'97'),(111775,1,'130'),(111776,1,'97'),(111777,1,'130'),(111778,1,'97'),(111779,1,'97'),(111780,1,'130'),(111781,1,'97'),(111782,1,'130'),(111783,1,'97'),(111784,1,'97'),(111785,1,'130'),(111786,1,'97'),(111787,1,'130'),(111788,1,'97'),(111789,1,'97'),(111790,1,'130'),(111791,1,'97'),(111792,1,'97'),(111793,1,'130'),(111794,1,'97'),(111795,1,'130'),(111796,1,'97'),(111797,1,'130'),(111798,1,'97'),(111799,1,'130'),(111800,1,'97'),(111801,1,'97'),(111802,1,'130'),(111803,1,'97'),(111804,1,'130'),(111805,1,'97'),(111806,1,'97'),(111807,1,'130'),(111808,1,'97'),(111809,1,'130'),(111810,1,'97'),(111811,1,'130'),(111812,1,'97'),(111813,1,'130'),(111814,1,'97'),(111815,1,'130'),(111816,1,'97'),(111817,1,'130'),(111818,1,'97'),(111819,1,'130'),(111820,1,'97'),(111821,1,'130'),(111822,1,'97'),(111823,1,'130'),(111824,1,'97'),(111825,1,'130'),(111826,1,'97'),(111827,1,'130'),(111828,1,'97'),(111829,1,'130'),(111830,1,'97'),(111831,1,'130'),(111832,1,'97'),(111833,1,'130'),(111834,1,'97'),(111835,1,'130'),(111836,1,'97'),(111837,1,'130'),(111838,1,'97'),(111839,1,'130'),(111840,1,'97'),(111841,1,'130'),(111842,1,'97'),(111843,1,'130'),(111844,1,'97'),(111845,1,'130'),(111846,1,'97'),(111847,1,'130'),(111848,1,'97'),(111849,1,'130'),(111850,1,'97'),(111851,1,'130'),(111852,1,'97'),(111853,1,'130'),(111854,1,'97'),(111855,1,'130'),(111856,1,'97'),(111857,1,'130'),(111858,1,'97'),(111859,1,'97'),(111860,1,'130'),(111861,1,'97'),(111862,1,'130'),(111863,1,'97'),(111864,1,'97'),(111865,1,'130'),(111866,1,'97'),(111867,1,'130'),(111868,1,'97'),(111869,1,'97'),(111870,1,'130'),(111871,1,'97'),(111872,1,'130'),(111873,1,'97'),(111874,1,'97'),(111875,1,'130'),(111876,1,'97'),(111877,1,'130'),(111878,1,'97'),(111879,1,'130'),(111880,1,'97'),(111881,1,'130'),(111882,1,'97'),(111883,1,'130'),(111884,1,'97'),(111885,1,'130'),(111886,1,'97'),(111887,1,'130'),(111888,1,'97'),(111889,1,'130'),(111890,1,'97'),(111891,1,'130'),(111892,1,'97'),(111893,1,'130'),(111894,1,'97'),(111895,1,'130'),(111896,1,'97'),(111897,1,'130'),(111898,1,'97'),(111899,1,'130'),(111900,1,'97'),(111901,1,'130'),(111902,1,'97'),(111903,1,'130'),(111904,1,'97'),(111905,1,'130'),(111906,1,'97'),(111907,1,'130'),(111908,1,'97'),(111909,1,'130'),(111910,1,'97'),(111911,1,'130'),(111912,1,'97'),(111913,1,'130'),(111914,1,'97'),(111915,1,'130'),(111916,1,'97'),(111917,1,'130'),(111918,1,'97'),(111919,1,'130'),(111920,1,'97'),(111921,1,'130'),(111922,1,'97'),(111923,1,'130'),(111924,1,'97'),(111925,1,'130'),(111926,1,'97'),(111927,1,'97'),(111928,1,'130'),(111929,1,'97'),(111930,1,'130'),(111931,1,'97'),(111932,1,'97'),(111933,1,'130'),(111934,1,'97'),(111935,1,'130'),(111936,1,'97'),(111937,1,'97'),(111938,1,'130'),(111939,1,'97'),(111940,1,'130'),(111941,1,'97'),(111942,1,'97'),(111943,1,'130'),(111944,1,'97'),(111945,1,'130'),(111946,1,'97'),(111947,1,'130'),(111948,1,'97'),(111949,1,'130'),(111950,1,'97'),(111951,1,'130'),(111952,1,'97'),(111953,1,'130'),(111954,1,'97'),(111955,1,'130'),(111956,1,'97'),(111957,1,'130'),(111958,1,'97'),(111959,1,'130'),(111960,1,'97'),(111961,1,'130'),(111962,1,'97'),(111963,1,'130'),(111964,1,'97'),(111965,1,'130'),(111966,1,'97'),(111967,1,'130'),(111968,1,'97'),(111969,1,'130'),(111970,1,'97'),(111971,1,'130'),(111972,1,'97'),(111973,1,'130'),(111974,1,'97'),(111975,1,'130'),(111976,1,'97'),(111977,1,'130'),(111978,1,'97'),(111979,1,'130'),(111980,1,'97'),(111981,1,'130'),(111982,1,'97'),(111983,1,'130'),(111984,1,'97'),(111985,1,'130'),(111986,1,'97'),(111987,1,'130'),(111988,1,'97'),(111989,1,'130'),(111990,1,'97'),(111991,1,'130'),(111992,1,'97'),(111993,1,'130'),(111994,1,'97'),(111995,1,'97'),(111996,1,'130'),(111997,1,'97'),(111998,1,'130'),(111999,1,'97'),(112000,1,'97'),(112001,1,'130'),(112002,1,'97'),(112003,1,'130'),(112004,1,'97'),(112005,1,'97'),(112006,1,'130'),(112007,1,'97'),(112008,1,'97'),(112009,1,'130'),(112010,1,'97'),(112011,1,'130'),(112012,1,'97'),(112013,1,'130'),(112014,1,'97'),(112015,1,'130'),(112016,1,'97'),(112017,1,'97'),(112018,1,'130'),(112019,1,'97'),(112020,1,'130'),(112021,1,'97'),(112022,1,'97'),(112023,1,'130'),(112024,1,'97'),(112025,1,'130'),(112026,1,'97'),(112027,1,'130'),(112028,1,'97'),(112029,1,'130'),(112030,1,'97'),(112031,1,'130'),(112032,1,'97'),(112033,1,'130'),(112034,1,'97'),(112035,1,'130'),(112036,1,'97'),(112037,1,'130'),(112038,1,'97'),(112039,1,'130'),(112040,1,'97'),(112041,1,'130'),(112042,1,'97'),(112043,1,'130'),(112044,1,'97'),(112045,1,'130'),(112046,1,'97'),(112047,1,'130'),(112048,1,'97'),(112049,1,'130'),(112050,1,'97'),(112051,1,'130'),(112052,1,'97'),(112053,1,'130'),(112054,1,'97'),(112055,1,'130'),(112056,1,'97'),(112057,1,'130'),(112058,1,'97'),(112059,1,'130'),(112060,1,'97'),(112061,1,'130'),(112062,1,'97'),(112063,1,'130'),(112064,1,'97'),(112065,1,'130'),(112066,1,'97'),(112067,1,'130'),(112068,1,'97'),(112069,1,'130'),(112070,1,'97'),(112071,1,'130'),(112072,1,'97'),(112073,1,'130'),(112074,1,'97'),(112075,1,'97'),(112076,1,'130'),(112077,1,'97'),(112078,1,'130'),(112079,1,'97'),(112080,1,'97'),(112081,1,'130'),(112082,1,'97'),(112083,1,'130'),(112084,1,'97'),(112085,1,'97'),(112086,1,'130'),(112087,1,'97'),(112088,1,'130'),(112089,1,'97'),(112090,1,'97'),(112091,1,'130'),(112092,1,'97'),(112093,1,'130'),(112094,1,'97'),(112095,1,'130'),(112096,1,'97'),(112097,1,'130'),(112098,1,'97'),(112099,1,'130'),(112100,1,'97'),(112101,1,'130'),(112102,1,'97'),(112103,1,'130'),(112104,1,'97'),(112105,1,'130'),(112106,1,'97'),(112107,1,'130'),(112108,1,'97'),(112109,1,'130'),(112110,1,'97'),(112111,1,'130'),(112112,1,'97'),(112113,1,'130'),(112114,1,'97'),(112115,1,'130'),(112116,1,'97'),(112117,1,'130'),(112118,1,'97'),(112119,1,'130'),(112120,1,'97'),(112121,1,'130'),(112122,1,'97'),(112123,1,'130'),(112124,1,'97'),(112125,1,'130'),(112126,1,'97'),(112127,1,'130'),(112128,1,'97'),(112129,1,'130'),(112130,1,'97'),(112131,1,'130'),(112132,1,'97'),(112133,1,'130'),(112134,1,'97'),(112135,1,'130'),(112136,1,'97'),(112137,1,'130'),(112138,1,'97'),(112139,1,'130'),(112140,1,'97'),(112141,1,'130'),(112142,1,'97'),(112143,1,'97'),(112144,1,'130'),(112145,1,'97'),(112146,1,'130'),(112147,1,'97'),(112148,1,'97'),(112149,1,'130'),(112150,1,'97'),(112151,1,'130'),(112152,1,'97'),(112153,1,'97'),(112154,1,'130'),(112155,1,'97'),(112156,1,'130'),(112157,1,'97'),(112158,1,'97'),(112159,1,'130'),(112160,1,'97'),(112161,1,'130'),(112162,1,'97'),(112163,1,'130'),(112164,1,'97'),(112165,1,'130'),(112166,1,'97'),(112167,1,'130'),(112168,1,'97'),(112169,1,'130'),(112170,1,'97'),(112171,1,'130'),(112172,1,'97'),(112173,1,'130'),(112174,1,'97'),(112175,1,'130'),(112176,1,'97'),(112177,1,'130'),(112178,1,'97'),(112179,1,'130'),(112180,1,'97'),(112181,1,'130'),(112182,1,'97'),(112183,1,'130'),(112184,1,'97'),(112185,1,'130'),(112186,1,'97'),(112187,1,'130'),(112188,1,'97'),(112189,1,'130'),(112190,1,'97'),(112191,1,'130'),(112192,1,'97'),(112193,1,'130'),(112194,1,'97'),(112195,1,'130'),(112196,1,'97'),(112197,1,'130'),(112198,1,'97'),(112199,1,'130'),(112200,1,'97'),(112201,1,'130'),(112202,1,'97'),(112203,1,'130'),(112204,1,'97'),(112205,1,'130'),(112206,1,'97'),(112207,1,'130'),(112208,1,'97'),(112209,1,'130'),(112210,1,'97'),(112211,1,'97'),(112212,1,'130'),(112213,1,'97'),(112214,1,'130'),(112215,1,'97'),(112216,1,'97'),(112217,1,'130'),(112218,1,'97'),(112219,1,'130'),(112220,1,'97'),(112221,1,'97'),(112222,1,'130'),(112223,1,'97'),(112224,1,'97'),(112225,1,'130'),(112226,1,'97'),(112227,1,'130'),(112228,1,'97'),(112229,1,'130'),(112230,1,'97'),(112231,1,'130'),(112232,1,'97'),(112233,1,'97'),(112234,1,'130'),(112235,1,'97'),(112236,1,'130'),(112237,1,'97'),(112238,1,'97'),(112239,1,'130'),(112240,1,'97'),(112241,1,'130'),(112242,1,'97'),(112243,1,'130'),(112244,1,'97'),(112245,1,'130'),(112246,1,'97'),(112247,1,'130'),(112248,1,'97'),(112249,1,'130'),(112250,1,'97'),(112251,1,'130'),(112252,1,'97'),(112253,1,'130'),(112254,1,'97'),(112255,1,'130'),(112256,1,'97'),(112257,1,'130'),(112258,1,'97'),(112259,1,'130'),(112260,1,'97'),(112261,1,'130'),(112262,1,'97'),(112263,1,'130'),(112264,1,'97'),(112265,1,'130'),(112266,1,'97'),(112267,1,'130'),(112268,1,'97'),(112269,1,'130'),(112270,1,'97'),(112271,1,'130'),(112272,1,'97'),(112273,1,'130'),(112274,1,'97'),(112275,1,'130'),(112276,1,'97'),(112277,1,'130'),(112278,1,'97'),(112279,1,'130'),(112280,1,'97'),(112281,1,'130'),(112282,1,'97'),(112283,1,'130'),(112284,1,'97'),(112285,1,'130'),(112286,1,'97'),(112287,1,'130'),(112288,1,'97'),(112289,1,'130'),(112290,1,'97'),(112291,1,'97'),(112292,1,'130'),(112293,1,'97'),(112294,1,'130'),(112295,1,'97'),(112296,1,'97'),(112297,1,'130'),(112298,1,'97'),(112299,1,'130'),(112300,1,'97'),(112301,1,'97'),(112302,1,'130'),(112303,1,'97'),(112304,1,'130'),(112305,1,'97'),(112306,1,'97'),(112307,1,'130'),(112308,1,'97'),(112309,1,'130'),(112310,1,'97'),(112311,1,'130'),(112312,1,'97'),(112313,1,'130'),(112314,1,'97'),(112315,1,'130'),(112316,1,'97'),(112317,1,'130'),(112318,1,'97'),(112319,1,'130'),(112320,1,'97'),(112321,1,'130'),(112322,1,'97'),(112323,1,'130'),(112324,1,'97'),(112325,1,'130'),(112326,1,'97'),(112327,1,'130'),(112328,1,'97'),(112329,1,'130'),(112330,1,'97'),(112331,1,'130'),(112332,1,'97'),(112333,1,'130'),(112334,1,'97'),(112335,1,'130'),(112336,1,'97'),(112337,1,'130'),(112338,1,'97'),(112339,1,'130'),(112340,1,'97'),(112341,1,'130'),(112342,1,'97'),(112343,1,'130'),(112344,1,'97'),(112345,1,'130'),(112346,1,'97'),(112347,1,'130'),(112348,1,'97'),(112349,1,'130'),(112350,1,'97'),(112351,1,'130'),(112352,1,'97'),(112353,1,'130'),(112354,1,'97'),(112355,1,'130'),(112356,1,'97'),(112357,1,'130'),(112358,1,'97'),(112359,1,'97'),(112360,1,'130'),(112361,1,'97'),(112362,1,'130'),(112363,1,'97'),(112364,1,'97'),(112365,1,'130'),(112366,1,'97'),(112367,1,'130'),(112368,1,'97'),(112369,1,'97'),(112370,1,'130'),(112371,1,'97'),(112372,1,'130'),(112373,1,'97'),(112374,1,'97'),(112375,1,'130'),(112376,1,'97'),(112377,1,'130'),(112378,1,'97'),(112379,1,'130'),(112380,1,'97'),(112381,1,'130'),(112382,1,'97'),(112383,1,'130'),(112384,1,'97'),(112385,1,'130'),(112386,1,'97'),(112387,1,'130'),(112388,1,'97'),(112389,1,'130'),(112390,1,'97'),(112391,1,'130'),(112392,1,'97'),(112393,1,'130'),(112394,1,'97'),(112395,1,'130'),(112396,1,'97'),(112397,1,'130'),(112398,1,'97'),(112399,1,'130'),(112400,1,'97'),(112401,1,'130'),(112402,1,'97'),(112403,1,'130'),(112404,1,'97'),(112405,1,'130'),(112406,1,'97'),(112407,1,'130'),(112408,1,'97'),(112409,1,'130'),(112410,1,'97'),(112411,1,'130'),(112412,1,'97'),(112413,1,'130'),(112414,1,'97'),(112415,1,'130'),(112416,1,'97'),(112417,1,'130'),(112418,1,'97'),(112419,1,'130'),(112420,1,'97'),(112421,1,'130'),(112422,1,'97'),(112423,1,'130'),(112424,1,'97'),(112425,1,'130'),(112426,1,'97'),(112427,1,'97'),(112428,1,'130'),(112429,1,'97'),(112430,1,'130'),(112431,1,'97'),(112432,1,'97'),(112433,1,'130'),(112434,1,'97'),(112435,1,'130'),(112436,1,'97'),(112437,1,'97'),(112438,1,'130'),(112439,1,'97'),(112440,1,'97'),(112441,1,'130'),(112442,1,'97'),(112443,1,'130'),(112444,1,'97'),(112445,1,'130'),(112446,1,'97'),(112447,1,'130'),(112448,1,'97'),(112449,1,'97'),(112450,1,'130'),(112451,1,'97'),(112452,1,'130'),(112453,1,'97'),(112454,1,'97'),(112455,1,'130'),(112456,1,'97'),(112457,1,'130'),(112458,1,'97'),(112459,1,'130'),(112460,1,'97'),(112461,1,'130'),(112462,1,'97'),(112463,1,'130'),(112464,1,'97'),(112465,1,'130'),(112466,1,'97'),(112467,1,'130'),(112468,1,'97'),(112469,1,'130'),(112470,1,'97'),(112471,1,'130'),(112472,1,'97'),(112473,1,'130'),(112474,1,'97'),(112475,1,'130'),(112476,1,'97'),(112477,1,'130'),(112478,1,'97'),(112479,1,'130'),(112480,1,'97'),(112481,1,'130'),(112482,1,'97'),(112483,1,'130'),(112484,1,'97'),(112485,1,'130'),(112486,1,'97'),(112487,1,'130'),(112488,1,'97'),(112489,1,'130'),(112490,1,'97'),(112491,1,'130'),(112492,1,'97'),(112493,1,'130'),(112494,1,'97'),(112495,1,'130'),(112496,1,'97'),(112497,1,'130'),(112498,1,'97'),(112499,1,'130'),(112500,1,'97'),(112501,1,'130'),(112502,1,'97'),(112503,1,'130'),(112504,1,'97'),(112505,1,'130'),(112506,1,'97'),(112507,1,'97'),(112508,1,'130'),(112509,1,'97'),(112510,1,'130'),(112511,1,'97'),(112512,1,'97'),(112513,1,'130'),(112514,1,'97'),(112515,1,'130'),(112516,1,'97'),(112517,1,'97'),(112518,1,'130'),(112519,1,'97'),(112520,1,'130'),(112521,1,'97'),(112522,1,'97'),(112523,1,'130'),(112524,1,'97'),(112525,1,'130'),(112526,1,'97'),(112527,1,'130'),(112528,1,'97'),(112529,1,'130'),(112530,1,'97'),(112531,1,'130'),(112532,1,'97'),(112533,1,'130'),(112534,1,'97'),(112535,1,'130'),(112536,1,'97'),(112537,1,'130'),(112538,1,'97'),(112539,1,'130'),(112540,1,'97'),(112541,1,'130'),(112542,1,'97'),(112543,1,'130'),(112544,1,'97'),(112545,1,'130'),(112546,1,'97'),(112547,1,'130'),(112548,1,'97'),(112549,1,'130'),(112550,1,'97'),(112551,1,'130'),(112552,1,'97'),(112553,1,'130'),(112554,1,'97'),(112555,1,'130'),(112556,1,'97'),(112557,1,'130'),(112558,1,'97'),(112559,1,'130'),(112560,1,'97'),(112561,1,'130'),(112562,1,'97'),(112563,1,'130'),(112564,1,'97'),(112565,1,'130'),(112566,1,'97'),(112567,1,'130'),(112568,1,'97'),(112569,1,'130'),(112570,1,'97'),(112571,1,'130'),(112572,1,'97'),(112573,1,'130'),(112574,1,'97'),(112575,1,'97'),(112576,1,'130'),(112577,1,'97'),(112578,1,'130'),(112579,1,'97'),(112580,1,'97'),(112581,1,'130'),(112582,1,'97'),(112583,1,'130'),(112584,1,'97'),(112585,1,'97'),(112586,1,'130'),(112587,1,'97'),(112588,1,'130'),(112589,1,'97'),(112590,1,'97'),(112591,1,'130'),(112592,1,'97'),(112593,1,'130'),(112594,1,'97'),(112595,1,'130'),(112596,1,'97'),(112597,1,'130'),(112598,1,'97'),(112599,1,'130'),(112600,1,'97'),(112601,1,'130'),(112602,1,'97'),(112603,1,'130'),(112604,1,'97'),(112605,1,'130'),(112606,1,'97'),(112607,1,'130'),(112608,1,'97'),(112609,1,'130'),(112610,1,'97'),(112611,1,'130'),(112612,1,'97'),(112613,1,'130'),(112614,1,'97'),(112615,1,'130'),(112616,1,'97'),(112617,1,'130'),(112618,1,'97'),(112619,1,'130'),(112620,1,'97'),(112621,1,'130'),(112622,1,'97'),(112623,1,'130'),(112624,1,'97'),(112625,1,'130'),(112626,1,'97'),(112627,1,'130'),(112628,1,'97'),(112629,1,'130'),(112630,1,'97'),(112631,1,'130'),(112632,1,'97'),(112633,1,'130'),(112634,1,'97'),(112635,1,'130'),(112636,1,'97'),(112637,1,'130'),(112638,1,'97'),(112639,1,'130'),(112640,1,'97'),(112641,1,'130'),(112642,1,'97'),(112643,1,'97'),(112644,1,'130'),(112645,1,'97'),(112646,1,'130'),(112647,1,'97'),(112648,1,'97'),(112649,1,'130'),(112650,1,'97'),(112651,1,'130'),(112652,1,'97'),(112653,1,'97'),(112654,1,'130'),(112655,1,'97'),(112656,1,'97'),(112657,1,'130'),(112658,1,'97'),(112659,1,'130'),(112660,1,'97'),(112661,1,'130'),(112662,1,'97'),(112663,1,'130'),(112664,1,'97'),(112665,1,'97'),(112666,1,'130'),(112667,1,'97'),(112668,1,'130'),(112669,1,'97'),(112670,1,'97'),(112671,1,'130'),(112672,1,'97'),(112673,1,'130'),(112674,1,'97'),(112675,1,'130'),(112676,1,'97'),(112677,1,'130'),(112678,1,'97'),(112679,1,'130'),(112680,1,'97'),(112681,1,'130'),(112682,1,'97'),(112683,1,'130'),(112684,1,'97'),(112685,1,'130'),(112686,1,'97'),(112687,1,'130'),(112688,1,'97'),(112689,1,'130'),(112690,1,'97'),(112691,1,'130'),(112692,1,'97'),(112693,1,'130'),(112694,1,'97'),(112695,1,'130'),(112696,1,'97'),(112697,1,'130'),(112698,1,'97'),(112699,1,'130'),(112700,1,'97'),(112701,1,'130'),(112702,1,'97'),(112703,1,'130'),(112704,1,'97'),(112705,1,'130'),(112706,1,'97'),(112707,1,'130'),(112708,1,'97'),(112709,1,'130'),(112710,1,'97'),(112711,1,'130'),(112712,1,'97'),(112713,1,'130'),(112714,1,'97'),(112715,1,'130'),(112716,1,'97'),(112717,1,'130'),(112718,1,'97'),(112719,1,'130'),(112720,1,'97'),(112721,1,'130'),(112722,1,'97'),(112723,1,'97'),(112724,1,'130'),(112725,1,'97'),(112726,1,'130'),(112727,1,'97'),(112728,1,'97'),(112729,1,'130'),(112730,1,'97'),(112731,1,'130'),(112732,1,'97'),(112733,1,'97'),(112734,1,'130'),(112735,1,'97'),(112736,1,'130'),(112737,1,'97'),(112738,1,'97'),(112739,1,'130'),(112740,1,'97'),(112741,1,'130'),(112742,1,'97'),(112743,1,'130'),(112744,1,'97'),(112745,1,'130'),(112746,1,'97'),(112747,1,'130'),(112748,1,'97'),(112749,1,'130'),(112750,1,'97'),(112751,1,'130'),(112752,1,'97'),(112753,1,'130'),(112754,1,'97'),(112755,1,'130'),(112756,1,'97'),(112757,1,'130'),(112758,1,'97'),(112759,1,'130'),(112760,1,'97'),(112761,1,'130'),(112762,1,'97'),(112763,1,'130'),(112764,1,'97'),(112765,1,'130'),(112766,1,'97'),(112767,1,'130'),(112768,1,'97'),(112769,1,'130'),(112770,1,'97'),(112771,1,'130'),(112772,1,'97'),(112773,1,'130'),(112774,1,'97'),(112775,1,'130'),(112776,1,'97'),(112777,1,'130'),(112778,1,'97'),(112779,1,'130'),(112780,1,'97'),(112781,1,'130'),(112782,1,'97'),(112783,1,'130'),(112784,1,'97'),(112785,1,'130'),(112786,1,'97'),(112787,1,'130'),(112788,1,'97'),(112789,1,'130'),(112790,1,'97'),(112791,1,'97'),(112792,1,'130'),(112793,1,'97'),(112794,1,'130'),(112795,1,'97'),(112796,1,'97'),(112797,1,'130'),(112798,1,'97'),(112799,1,'130'),(112800,1,'97'),(112801,1,'97'),(112802,1,'130'),(112803,1,'97'),(112804,1,'130'),(112805,1,'97'),(112806,1,'97'),(112807,1,'130'),(112808,1,'97'),(112809,1,'130'),(112810,1,'97'),(112811,1,'130'),(112812,1,'97'),(112813,1,'130'),(112814,1,'97'),(112815,1,'130'),(112816,1,'97'),(112817,1,'130'),(112818,1,'97'),(112819,1,'130'),(112820,1,'97'),(112821,1,'130'),(112822,1,'97'),(112823,1,'130'),(112824,1,'97'),(112825,1,'130'),(112826,1,'97'),(112827,1,'130'),(112828,1,'97'),(112829,1,'130'),(112830,1,'97'),(112831,1,'130'),(112832,1,'97'),(112833,1,'130'),(112834,1,'97'),(112835,1,'130'),(112836,1,'97'),(112837,1,'130'),(112838,1,'97'),(112839,1,'130'),(112840,1,'97'),(112841,1,'130'),(112842,1,'97'),(112843,1,'130'),(112844,1,'97'),(112845,1,'130'),(112846,1,'97'),(112847,1,'130'),(112848,1,'97'),(112849,1,'130'),(112850,1,'97'),(112851,1,'130'),(112852,1,'97'),(112853,1,'130'),(112854,1,'97'),(112855,1,'130'),(112856,1,'97'),(112857,1,'130'),(112858,1,'97'),(112859,1,'97'),(112860,1,'130'),(112861,1,'97'),(112862,1,'130'),(112863,1,'97'),(112864,1,'97'),(112865,1,'130'),(112866,1,'97'),(112867,1,'130'),(112868,1,'97'),(112869,1,'97'),(112870,1,'130'),(112871,1,'97'),(112872,1,'97'),(112873,1,'130'),(112874,1,'97'),(112875,1,'130'),(112876,1,'97'),(112877,1,'130'),(112878,1,'97'),(112879,1,'130'),(112880,1,'97'),(112881,1,'97'),(112882,1,'130'),(112883,1,'97'),(112884,1,'130'),(112885,1,'97'),(112886,1,'97'),(112887,1,'130'),(112888,1,'97'),(112889,1,'130'),(112890,1,'97'),(112891,1,'130'),(112892,1,'97'),(112893,1,'130'),(112894,1,'97'),(112895,1,'130'),(112896,1,'97'),(112897,1,'130'),(112898,1,'97'),(112899,1,'130'),(112900,1,'97'),(112901,1,'130'),(112902,1,'97'),(112903,1,'130'),(112904,1,'97'),(112905,1,'130'),(112906,1,'97'),(112907,1,'130'),(112908,1,'97'),(112909,1,'130'),(112910,1,'97'),(112911,1,'130'),(112912,1,'97'),(112913,1,'130'),(112914,1,'97'),(112915,1,'130'),(112916,1,'97'),(112917,1,'130'),(112918,1,'97'),(112919,1,'130'),(112920,1,'97'),(112921,1,'130'),(112922,1,'97'),(112923,1,'130'),(112924,1,'97'),(112925,1,'130'),(112926,1,'97'),(112927,1,'130'),(112928,1,'97'),(112929,1,'130'),(112930,1,'97'),(112931,1,'130'),(112932,1,'97'),(112933,1,'130'),(112934,1,'97'),(112935,1,'130'),(112936,1,'97'),(112937,1,'130'),(112938,1,'97'),(112939,1,'97'),(112940,1,'130'),(112941,1,'97'),(112942,1,'130'),(112943,1,'97'),(112944,1,'97'),(112945,1,'130'),(112946,1,'97'),(112947,1,'130'),(112948,1,'97'),(112949,1,'97'),(112950,1,'130'),(112951,1,'97'),(112952,1,'130'),(112953,1,'97'),(112954,1,'97'),(112955,1,'130'),(112956,1,'97'),(112957,1,'130'),(112958,1,'97'),(112959,1,'130'),(112960,1,'97'),(112961,1,'130'),(112962,1,'97'),(112963,1,'130'),(112964,1,'97'),(112965,1,'130'),(112966,1,'97'),(112967,1,'130'),(112968,1,'97'),(112969,1,'130'),(112970,1,'97'),(112971,1,'130'),(112972,1,'97'),(112973,1,'130'),(112974,1,'97'),(112975,1,'130'),(112976,1,'97'),(112977,1,'130'),(112978,1,'97'),(112979,1,'130'),(112980,1,'97'),(112981,1,'130'),(112982,1,'97'),(112983,1,'130'),(112984,1,'97'),(112985,1,'130'),(112986,1,'97'),(112987,1,'130'),(112988,1,'97'),(112989,1,'130'),(112990,1,'97'),(112991,1,'130'),(112992,1,'97'),(112993,1,'130'),(112994,1,'97'),(112995,1,'130'),(112996,1,'97'),(112997,1,'130'),(112998,1,'97'),(112999,1,'130'),(113000,1,'97'),(113001,1,'130'),(113002,1,'97'),(113003,1,'130'),(113004,1,'97'),(113005,1,'130'),(113006,1,'97'),(113007,1,'97'),(113008,1,'130'),(113009,1,'97'),(113010,1,'130'),(113011,1,'97'),(113012,1,'97'),(113013,1,'130'),(113014,1,'97'),(113015,1,'130'),(113016,1,'97'),(113017,1,'97'),(113018,1,'130'),(113019,1,'97'),(113020,1,'130'),(113021,1,'97'),(113022,1,'97'),(113023,1,'130'),(113024,1,'97'),(113025,1,'130'),(113026,1,'97'),(113027,1,'130'),(113028,1,'97'),(113029,1,'130'),(113030,1,'97'),(113031,1,'130'),(113032,1,'97'),(113033,1,'130'),(113034,1,'97'),(113035,1,'130'),(113036,1,'97'),(113037,1,'130'),(113038,1,'97'),(113039,1,'130'),(113040,1,'97'),(113041,1,'130'),(113042,1,'97'),(113043,1,'130'),(113044,1,'97'),(113045,1,'130'),(113046,1,'97'),(113047,1,'130'),(113048,1,'97'),(113049,1,'130'),(113050,1,'97'),(113051,1,'130'),(113052,1,'97'),(113053,1,'130'),(113054,1,'97'),(113055,1,'130'),(113056,1,'97'),(113057,1,'130'),(113058,1,'97'),(113059,1,'130'),(113060,1,'97'),(113061,1,'130'),(113062,1,'97'),(113063,1,'130'),(113064,1,'97'),(113065,1,'130'),(113066,1,'97'),(113067,1,'130'),(113068,1,'97'),(113069,1,'130'),(113070,1,'97'),(113071,1,'130'),(113072,1,'97'),(113073,1,'130'),(113074,1,'97'),(113075,1,'97'),(113076,1,'130'),(113077,1,'97'),(113078,1,'130'),(113079,1,'97'),(113080,1,'97'),(113081,1,'130'),(113082,1,'97'),(113083,1,'130'),(113084,1,'97'),(113085,1,'97'),(113086,1,'130'),(113087,1,'97'),(113088,1,'97'),(113089,1,'130'),(113090,1,'97'),(113091,1,'130'),(113092,1,'97'),(113093,1,'130'),(113094,1,'97'),(113095,1,'130'),(113096,1,'97'),(113097,1,'97'),(113098,1,'130'),(113099,1,'97'),(113100,1,'130'),(113101,1,'97'),(113102,1,'97'),(113103,1,'130'),(113104,1,'97'),(113105,1,'130'),(113106,1,'97'),(113107,1,'130'),(113108,1,'97'),(113109,1,'130'),(113110,1,'97'),(113111,1,'130'),(113112,1,'97'),(113113,1,'130'),(113114,1,'97'),(113115,1,'130'),(113116,1,'97'),(113117,1,'130'),(113118,1,'97'),(113119,1,'130'),(113120,1,'97'),(113121,1,'130'),(113122,1,'97'),(113123,1,'130'),(113124,1,'97'),(113125,1,'130'),(113126,1,'97'),(113127,1,'130'),(113128,1,'97'),(113129,1,'130'),(113130,1,'97'),(113131,1,'130'),(113132,1,'97'),(113133,1,'130'),(113134,1,'97'),(113135,1,'130'),(113136,1,'97'),(113137,1,'130'),(113138,1,'97'),(113139,1,'130'),(113140,1,'97'),(113141,1,'130'),(113142,1,'97'),(113143,1,'130'),(113144,1,'97'),(113145,1,'130'),(113146,1,'97'),(113147,1,'130'),(113148,1,'97'),(113149,1,'130'),(113150,1,'97'),(113151,1,'130'),(113152,1,'97'),(113153,1,'130'),(113154,1,'97'),(113155,1,'97'),(113156,1,'130'),(113157,1,'97'),(113158,1,'130'),(113159,1,'97'),(113160,1,'97'),(113161,1,'130'),(113162,1,'97'),(113163,1,'130'),(113164,1,'97'),(113165,1,'97'),(113166,1,'130'),(113167,1,'97'),(113168,1,'130'),(113169,1,'97'),(113170,1,'97'),(113171,1,'130'),(113172,1,'97'),(113173,1,'130'),(113174,1,'97'),(113175,1,'130'),(113176,1,'97'),(113177,1,'130'),(113178,1,'97'),(113179,1,'130'),(113180,1,'97'),(113181,1,'130'),(113182,1,'97'),(113183,1,'130'),(113184,1,'97'),(113185,1,'130'),(113186,1,'97'),(113187,1,'130'),(113188,1,'97'),(113189,1,'130'),(113190,1,'97'),(113191,1,'130'),(113192,1,'97'),(113193,1,'130'),(113194,1,'97'),(113195,1,'130'),(113196,1,'97'),(113197,1,'130'),(113198,1,'97'),(113199,1,'130'),(113200,1,'97'),(113201,1,'130'),(113202,1,'97'),(113203,1,'130'),(113204,1,'97'),(113205,1,'130'),(113206,1,'97'),(113207,1,'130'),(113208,1,'97'),(113209,1,'130'),(113210,1,'97'),(113211,1,'130'),(113212,1,'97'),(113213,1,'130'),(113214,1,'97'),(113215,1,'130'),(113216,1,'97'),(113217,1,'130'),(113218,1,'97'),(113219,1,'130'),(113220,1,'97'),(113221,1,'130'),(113222,1,'97'),(113223,1,'97'),(113224,1,'130'),(113225,1,'97'),(113226,1,'130'),(113227,1,'97'),(113228,1,'97'),(113229,1,'130'),(113230,1,'97'),(113231,1,'130'),(113232,1,'97'),(113233,1,'97'),(113234,1,'130'),(113235,1,'97'),(113236,1,'130'),(113237,1,'97'),(113238,1,'97'),(113239,1,'130'),(113240,1,'97'),(113241,1,'130'),(113242,1,'97'),(113243,1,'130'),(113244,1,'97'),(113245,1,'130'),(113246,1,'97'),(113247,1,'130'),(113248,1,'97'),(113249,1,'130'),(113250,1,'97'),(113251,1,'130'),(113252,1,'97'),(113253,1,'130'),(113254,1,'97'),(113255,1,'130'),(113256,1,'97'),(113257,1,'130'),(113258,1,'97'),(113259,1,'130'),(113260,1,'97'),(113261,1,'130'),(113262,1,'97'),(113263,1,'130'),(113264,1,'97'),(113265,1,'130'),(113266,1,'97'),(113267,1,'130'),(113268,1,'97'),(113269,1,'130'),(113270,1,'97'),(113271,1,'130'),(113272,1,'97'),(113273,1,'130'),(113274,1,'97'),(113275,1,'130'),(113276,1,'97'),(113277,1,'130'),(113278,1,'97'),(113279,1,'130'),(113280,1,'97'),(113281,1,'130'),(113282,1,'97'),(113283,1,'130'),(113284,1,'97'),(113285,1,'130'),(113286,1,'97'),(113287,1,'130'),(113288,1,'97'),(113289,1,'130'),(113290,1,'97'),(113291,1,'97'),(113292,1,'130'),(113293,1,'97'),(113294,1,'130'),(113295,1,'97'),(113296,1,'97'),(113297,1,'130'),(113298,1,'97'),(113299,1,'130'),(113300,1,'97'),(113301,1,'97'),(113302,1,'130'),(113303,1,'97'),(113304,1,'97'),(113305,1,'130'),(113306,1,'97'),(113307,1,'130'),(113308,1,'97'),(113309,1,'130'),(113310,1,'97'),(113311,1,'130'),(113312,1,'97'),(113313,1,'97'),(113314,1,'130'),(113315,1,'97'),(113316,1,'130'),(113317,1,'97'),(113318,1,'97'),(113319,1,'130'),(113320,1,'97'),(113321,1,'130'),(113322,1,'97'),(113323,1,'130'),(113324,1,'97'),(113325,1,'130'),(113326,1,'97'),(113327,1,'130'),(113328,1,'97'),(113329,1,'130'),(113330,1,'97'),(113331,1,'130'),(113332,1,'97'),(113333,1,'130'),(113334,1,'97'),(113335,1,'130'),(113336,1,'97'),(113337,1,'130'),(113338,1,'97'),(113339,1,'130'),(113340,1,'97'),(113341,1,'130'),(113342,1,'97'),(113343,1,'130'),(113344,1,'97'),(113345,1,'130'),(113346,1,'97'),(113347,1,'130'),(113348,1,'97'),(113349,1,'130'),(113350,1,'97'),(113351,1,'130'),(113352,1,'97'),(113353,1,'130'),(113354,1,'97'),(113355,1,'130'),(113356,1,'97'),(113357,1,'130'),(113358,1,'97'),(113359,1,'130'),(113360,1,'97'),(113361,1,'130'),(113362,1,'97'),(113363,1,'130'),(113364,1,'97'),(113365,1,'130'),(113366,1,'97'),(113367,1,'130'),(113368,1,'97'),(113369,1,'130'),(113370,1,'97'),(113371,1,'97'),(113372,1,'130'),(113373,1,'97'),(113374,1,'130'),(113375,1,'97'),(113376,1,'97'),(113377,1,'130'),(113378,1,'97'),(113379,1,'130'),(113380,1,'97'),(113381,1,'97'),(113382,1,'130'),(113383,1,'97'),(113384,1,'130'),(113385,1,'97'),(113386,1,'97'),(113387,1,'130'),(113388,1,'97'),(113389,1,'130'),(113390,1,'97'),(113391,1,'130'),(113392,1,'97'),(113393,1,'130'),(113394,1,'97'),(113395,1,'130'),(113396,1,'97'),(113397,1,'130'),(113398,1,'97'),(113399,1,'130'),(113400,1,'97'),(113401,1,'130'),(113402,1,'97'),(113403,1,'130'),(113404,1,'97'),(113405,1,'130'),(113406,1,'97'),(113407,1,'130'),(113408,1,'97'),(113409,1,'130'),(113410,1,'97'),(113411,1,'130'),(113412,1,'97'),(113413,1,'130'),(113414,1,'97'),(113415,1,'130'),(113416,1,'97'),(113417,1,'130'),(113418,1,'97'),(113419,1,'130'),(113420,1,'97'),(113421,1,'130'),(113422,1,'97'),(113423,1,'130'),(113424,1,'97'),(113425,1,'130'),(113426,1,'97'),(113427,1,'130'),(113428,1,'97'),(113429,1,'130'),(113430,1,'97'),(113431,1,'130'),(113432,1,'97'),(113433,1,'130'),(113434,1,'97'),(113435,1,'130'),(113436,1,'97'),(113437,1,'130'),(113438,1,'97'),(113439,1,'97'),(113440,1,'130'),(113441,1,'97'),(113442,1,'130'),(113443,1,'97'),(113444,1,'97'),(113445,1,'130'),(113446,1,'97'),(113447,1,'130'),(113448,1,'97'),(113449,1,'97'),(113450,1,'130'),(113451,1,'97'),(113452,1,'130'),(113453,1,'97'),(113454,1,'97'),(113455,1,'130'),(113456,1,'97'),(113457,1,'130'),(113458,1,'97'),(113459,1,'130'),(113460,1,'97'),(113461,1,'130'),(113462,1,'97'),(113463,1,'130'),(113464,1,'97'),(113465,1,'130'),(113466,1,'97'),(113467,1,'130'),(113468,1,'97'),(113469,1,'130'),(113470,1,'97'),(113471,1,'130'),(113472,1,'97'),(113473,1,'130'),(113474,1,'97'),(113475,1,'130'),(113476,1,'97'),(113477,1,'130'),(113478,1,'97'),(113479,1,'130'),(113480,1,'97'),(113481,1,'130'),(113482,1,'97'),(113483,1,'130'),(113484,1,'97'),(113485,1,'130'),(113486,1,'97'),(113487,1,'130'),(113488,1,'97'),(113489,1,'130'),(113490,1,'97'),(113491,1,'130'),(113492,1,'97'),(113493,1,'130'),(113494,1,'97'),(113495,1,'130'),(113496,1,'97'),(113497,1,'130'),(113498,1,'97'),(113499,1,'130'),(113500,1,'97'),(113501,1,'130'),(113502,1,'97'),(113503,1,'130'),(113504,1,'97'),(113505,1,'130'),(113506,1,'97'),(113507,1,'97'),(113508,1,'130'),(113509,1,'97'),(113510,1,'130'),(113511,1,'97'),(113512,1,'97'),(113513,1,'130'),(113514,1,'97'),(113515,1,'130'),(113516,1,'97'),(113517,1,'97'),(113518,1,'130'),(113519,1,'97'),(113520,1,'97'),(113521,1,'130'),(113522,1,'97'),(113523,1,'130'),(113524,1,'97'),(113525,1,'130'),(113526,1,'97'),(113527,1,'130'),(113528,1,'97'),(113529,1,'97'),(113530,1,'130'),(113531,1,'97'),(113532,1,'130'),(113533,1,'97'),(113534,1,'97'),(113535,1,'130'),(113536,1,'97'),(113537,1,'130'),(113538,1,'97'),(113539,1,'130'),(113540,1,'97'),(113541,1,'130'),(113542,1,'97'),(113543,1,'130'),(113544,1,'97'),(113545,1,'130'),(113546,1,'97'),(113547,1,'130'),(113548,1,'97'),(113549,1,'130'),(113550,1,'97'),(113551,1,'130'),(113552,1,'97'),(113553,1,'130'),(113554,1,'97'),(113555,1,'130'),(113556,1,'97'),(113557,1,'130'),(113558,1,'97'),(113559,1,'130'),(113560,1,'97'),(113561,1,'130'),(113562,1,'97'),(113563,1,'130'),(113564,1,'97'),(113565,1,'130'),(113566,1,'97'),(113567,1,'130'),(113568,1,'97'),(113569,1,'130'),(113570,1,'97'),(113571,1,'130'),(113572,1,'97'),(113573,1,'130'),(113574,1,'97'),(113575,1,'130'),(113576,1,'97'),(113577,1,'130'),(113578,1,'97'),(113579,1,'130'),(113580,1,'97'),(113581,1,'130'),(113582,1,'97'),(113583,1,'130'),(113584,1,'97'),(113585,1,'130'),(113586,1,'97'),(113587,1,'97'),(113588,1,'130'),(113589,1,'97'),(113590,1,'130'),(113591,1,'97'),(113592,1,'97'),(113593,1,'130'),(113594,1,'97'),(113595,1,'130'),(113596,1,'97'),(113597,1,'97'),(113598,1,'130'),(113599,1,'97'),(113600,1,'130'),(113601,1,'97'),(113602,1,'97'),(113603,1,'130'),(113604,1,'97'),(113605,1,'130'),(113606,1,'97'),(113607,1,'130'),(113608,1,'97'),(113609,1,'130'),(113610,1,'97'),(113611,1,'130'),(113612,1,'97'),(113613,1,'130'),(113614,1,'97'),(113615,1,'130'),(113616,1,'97'),(113617,1,'130'),(113618,1,'97'),(113619,1,'130'),(113620,1,'97'),(113621,1,'130'),(113622,1,'97'),(113623,1,'130'),(113624,1,'97'),(113625,1,'130'),(113626,1,'97'),(113627,1,'130'),(113628,1,'97'),(113629,1,'130'),(113630,1,'97'),(113631,1,'130'),(113632,1,'97'),(113633,1,'130'),(113634,1,'97'),(113635,1,'130'),(113636,1,'97'),(113637,1,'130'),(113638,1,'97'),(113639,1,'130'),(113640,1,'97'),(113641,1,'130'),(113642,1,'97'),(113643,1,'130'),(113644,1,'97'),(113645,1,'130'),(113646,1,'97'),(113647,1,'130'),(113648,1,'97'),(113649,1,'130'),(113650,1,'97'),(113651,1,'130'),(113652,1,'97'),(113653,1,'130'),(113654,1,'97'),(113655,1,'97'),(113656,1,'130'),(113657,1,'97'),(113658,1,'130'),(113659,1,'97'),(113660,1,'97'),(113661,1,'130'),(113662,1,'97'),(113663,1,'130'),(113664,1,'97'),(113665,1,'97'),(113666,1,'130'),(113667,1,'97'),(113668,1,'130'),(113669,1,'97'),(113670,1,'97'),(113671,1,'130'),(113672,1,'97'),(113673,1,'130'),(113674,1,'97'),(113675,1,'130'),(113676,1,'97'),(113677,1,'130'),(113678,1,'97'),(113679,1,'130'),(113680,1,'97'),(113681,1,'130'),(113682,1,'97'),(113683,1,'130'),(113684,1,'97'),(113685,1,'130'),(113686,1,'97'),(113687,1,'130'),(113688,1,'97'),(113689,1,'130'),(113690,1,'97'),(113691,1,'130'),(113692,1,'97'),(113693,1,'130'),(113694,1,'97'),(113695,1,'130'),(113696,1,'97'),(113697,1,'130'),(113698,1,'97'),(113699,1,'130'),(113700,1,'97'),(113701,1,'130'),(113702,1,'97'),(113703,1,'130'),(113704,1,'97'),(113705,1,'130'),(113706,1,'97'),(113707,1,'130'),(113708,1,'97'),(113709,1,'130'),(113710,1,'97'),(113711,1,'130'),(113712,1,'97'),(113713,1,'130'),(113714,1,'97'),(113715,1,'130'),(113716,1,'97'),(113717,1,'130'),(113718,1,'97'),(113719,1,'130'),(113720,1,'97'),(113721,1,'130'),(113722,1,'97'),(113723,1,'97'),(113724,1,'130'),(113725,1,'97'),(113726,1,'130'),(113727,1,'97'),(113728,1,'97'),(113729,1,'130'),(113730,1,'97'),(113731,1,'130'),(113732,1,'97'),(113733,1,'97'),(113734,1,'130'),(113735,1,'97'),(113736,1,'97'),(113737,1,'130'),(113738,1,'97'),(113739,1,'130'),(113740,1,'97'),(113741,1,'130'),(113742,1,'97'),(113743,1,'130'),(113744,1,'97'),(113745,1,'97'),(113746,1,'130'),(113747,1,'97'),(113748,1,'130'),(113749,1,'97'),(113750,1,'97'),(113751,1,'130'),(113752,1,'97'),(113753,1,'130'),(113754,1,'97'),(113755,1,'130'),(113756,1,'97'),(113757,1,'130'),(113758,1,'97'),(113759,1,'130'),(113760,1,'97'),(113761,1,'130'),(113762,1,'97'),(113763,1,'130'),(113764,1,'97'),(113765,1,'130'),(113766,1,'97'),(113767,1,'130'),(113768,1,'97'),(113769,1,'130'),(113770,1,'97'),(113771,1,'130'),(113772,1,'97'),(113773,1,'130'),(113774,1,'97'),(113775,1,'130'),(113776,1,'97'),(113777,1,'130'),(113778,1,'97'),(113779,1,'130'),(113780,1,'97'),(113781,1,'130'),(113782,1,'97'),(113783,1,'130'),(113784,1,'97'),(113785,1,'130'),(113786,1,'97'),(113787,1,'130'),(113788,1,'97'),(113789,1,'130'),(113790,1,'97'),(113791,1,'130'),(113792,1,'97'),(113793,1,'130'),(113794,1,'97'),(113795,1,'130'),(113796,1,'97'),(113797,1,'130'),(113798,1,'97'),(113799,1,'130'),(113800,1,'97'),(113801,1,'130'),(113802,1,'97'),(113803,1,'97'),(113804,1,'130'),(113805,1,'97'),(113806,1,'130'),(113807,1,'97'),(113808,1,'97'),(113809,1,'130'),(113810,1,'97'),(113811,1,'130'),(113812,1,'97'),(113813,1,'97'),(113814,1,'130'),(113815,1,'97'),(113816,1,'130'),(113817,1,'97'),(113818,1,'97'),(113819,1,'130'),(113820,1,'97'),(113821,1,'130'),(113822,1,'97'),(113823,1,'130'),(113824,1,'97'),(113825,1,'130'),(113826,1,'97'),(113827,1,'130'),(113828,1,'97'),(113829,1,'130'),(113830,1,'97'),(113831,1,'130'),(113832,1,'97'),(113833,1,'130'),(113834,1,'97'),(113835,1,'130'),(113836,1,'97'),(113837,1,'130'),(113838,1,'97'),(113839,1,'130'),(113840,1,'97'),(113841,1,'130'),(113842,1,'97'),(113843,1,'130'),(113844,1,'97'),(113845,1,'130'),(113846,1,'97'),(113847,1,'130'),(113848,1,'97'),(113849,1,'130'),(113850,1,'97'),(113851,1,'130'),(113852,1,'97'),(113853,1,'130'),(113854,1,'97'),(113855,1,'130'),(113856,1,'97'),(113857,1,'130'),(113858,1,'97'),(113859,1,'130'),(113860,1,'97'),(113861,1,'130'),(113862,1,'97'),(113863,1,'130'),(113864,1,'97'),(113865,1,'130'),(113866,1,'97'),(113867,1,'130'),(113868,1,'97'),(113869,1,'130'),(113870,1,'97'),(113871,1,'97'),(113872,1,'130'),(113873,1,'97'),(113874,1,'130'),(113875,1,'97'),(113876,1,'97'),(113877,1,'130'),(113878,1,'97'),(113879,1,'130'),(113880,1,'97'),(113881,1,'97'),(113882,1,'130'),(113883,1,'97'),(113884,1,'130'),(113885,1,'97'),(113886,1,'97'),(113887,1,'130'),(113888,1,'97'),(113889,1,'130'),(113890,1,'97'),(113891,1,'130'),(113892,1,'97'),(113893,1,'130'),(113894,1,'97'),(113895,1,'130'),(113896,1,'97'),(113897,1,'130'),(113898,1,'97'),(113899,1,'130'),(113900,1,'97'),(113901,1,'130'),(113902,1,'97'),(113903,1,'130'),(113904,1,'97'),(113905,1,'130'),(113906,1,'97'),(113907,1,'130'),(113908,1,'97'),(113909,1,'130'),(113910,1,'97'),(113911,1,'130'),(113912,1,'97'),(113913,1,'130'),(113914,1,'97'),(113915,1,'130'),(113916,1,'97'),(113917,1,'130'),(113918,1,'97'),(113919,1,'130'),(113920,1,'97'),(113921,1,'130'),(113922,1,'97'),(113923,1,'130'),(113924,1,'97'),(113925,1,'130'),(113926,1,'97'),(113927,1,'130'),(113928,1,'97'),(113929,1,'130'),(113930,1,'97'),(113931,1,'130'),(113932,1,'97'),(113933,1,'130'),(113934,1,'97'),(113935,1,'130'),(113936,1,'97'),(113937,1,'130'),(113938,1,'97'),(113939,1,'97'),(113940,1,'130'),(113941,1,'97'),(113942,1,'130'),(113943,1,'97'),(113944,1,'97'),(113945,1,'130'),(113946,1,'97'),(113947,1,'130'),(113948,1,'97'),(113949,1,'97'),(113950,1,'130'),(113951,1,'97'),(113952,1,'97'),(113953,1,'130'),(113954,1,'97'),(113955,1,'130'),(113956,1,'97'),(113957,1,'130'),(113958,1,'97'),(113959,1,'130'),(113960,1,'97'),(113961,1,'97'),(113962,1,'130'),(113963,1,'97'),(113964,1,'130'),(113965,1,'97'),(113966,1,'97'),(113967,1,'130'),(113968,1,'97'),(113969,1,'130'),(113970,1,'97'),(113971,1,'130'),(113972,1,'97'),(113973,1,'130'),(113974,1,'97'),(113975,1,'130'),(113976,1,'97'),(113977,1,'130'),(113978,1,'97'),(113979,1,'130'),(113980,1,'97'),(113981,1,'130'),(113982,1,'97'),(113983,1,'130'),(113984,1,'97'),(113985,1,'130'),(113986,1,'97'),(113987,1,'130'),(113988,1,'97'),(113989,1,'130'),(113990,1,'97'),(113991,1,'130'),(113992,1,'97'),(113993,1,'130'),(113994,1,'97'),(113995,1,'130'),(113996,1,'97'),(113997,1,'130'),(113998,1,'97'),(113999,1,'130'),(114000,1,'97'),(114001,1,'130'),(114002,1,'97'),(114003,1,'130'),(114004,1,'97'),(114005,1,'130'),(114006,1,'97'),(114007,1,'130'),(114008,1,'97'),(114009,1,'130'),(114010,1,'97'),(114011,1,'130'),(114012,1,'97'),(114013,1,'130'),(114014,1,'97'),(114015,1,'130'),(114016,1,'97'),(114017,1,'130'),(114018,1,'97'),(114019,1,'97'),(114020,1,'130'),(114021,1,'97'),(114022,1,'130'),(114023,1,'97'),(114024,1,'97'),(114025,1,'130'),(114026,1,'97'),(114027,1,'130'),(114028,1,'97'),(114029,1,'97'),(114030,1,'130'),(114031,1,'97'),(114032,1,'130'),(114033,1,'97'),(114034,1,'97'),(114035,1,'130'),(114036,1,'97'),(114037,1,'130'),(114038,1,'97'),(114039,1,'130'),(114040,1,'97'),(114041,1,'130'),(114042,1,'97'),(114043,1,'130'),(114044,1,'97'),(114045,1,'130'),(114046,1,'97'),(114047,1,'130'),(114048,1,'97'),(114049,1,'130'),(114050,1,'97'),(114051,1,'130'),(114052,1,'97'),(114053,1,'130'),(114054,1,'97'),(114055,1,'130'),(114056,1,'97'),(114057,1,'130'),(114058,1,'97'),(114059,1,'130'),(114060,1,'97'),(114061,1,'130'),(114062,1,'97'),(114063,1,'130'),(114064,1,'97'),(114065,1,'130'),(114066,1,'97'),(114067,1,'130'),(114068,1,'97'),(114069,1,'130'),(114070,1,'97'),(114071,1,'130'),(114072,1,'97'),(114073,1,'130'),(114074,1,'97'),(114075,1,'130'),(114076,1,'97'),(114077,1,'130'),(114078,1,'97'),(114079,1,'130'),(114080,1,'97'),(114081,1,'130'),(114082,1,'97'),(114083,1,'130'),(114084,1,'97'),(114085,1,'130'),(114086,1,'97'),(114087,1,'97'),(114088,1,'130'),(114089,1,'97'),(114090,1,'130'),(114091,1,'97'),(114092,1,'97'),(114093,1,'130'),(114094,1,'97'),(114095,1,'130'),(114096,1,'97'),(114097,1,'97'),(114098,1,'130'),(114099,1,'97'),(114100,1,'130'),(114101,1,'97'),(114102,1,'97'),(114103,1,'130'),(114104,1,'97'),(114105,1,'130'),(114106,1,'97'),(114107,1,'130'),(114108,1,'97'),(114109,1,'130'),(114110,1,'97'),(114111,1,'130'),(114112,1,'97'),(114113,1,'130'),(114114,1,'97'),(114115,1,'130'),(114116,1,'97'),(114117,1,'130'),(114118,1,'97'),(114119,1,'130'),(114120,1,'97'),(114121,1,'130'),(114122,1,'97'),(114123,1,'130'),(114124,1,'97'),(114125,1,'130'),(114126,1,'97'),(114127,1,'130'),(114128,1,'97'),(114129,1,'130'),(114130,1,'97'),(114131,1,'130'),(114132,1,'97'),(114133,1,'130'),(114134,1,'97'),(114135,1,'130'),(114136,1,'97'),(114137,1,'130'),(114138,1,'97'),(114139,1,'130'),(114140,1,'97'),(114141,1,'130'),(114142,1,'97'),(114143,1,'130'),(114144,1,'97'),(114145,1,'130'),(114146,1,'97'),(114147,1,'130'),(114148,1,'97'),(114149,1,'130'),(114150,1,'97'),(114151,1,'130'),(114152,1,'97'),(114153,1,'130'),(114154,1,'97'),(114155,1,'97'),(114156,1,'130'),(114157,1,'97'),(114158,1,'130'),(114159,1,'97'),(114160,1,'97'),(114161,1,'130'),(114162,1,'97'),(114163,1,'130'),(114164,1,'97'),(114165,1,'97'),(114166,1,'130'),(114167,1,'97'),(114168,1,'97'),(114169,1,'130'),(114170,1,'97'),(114171,1,'130'),(114172,1,'97'),(114173,1,'130'),(114174,1,'97'),(114175,1,'130'),(114176,1,'97'),(114177,1,'97'),(114178,1,'130'),(114179,1,'97'),(114180,1,'130'),(114181,1,'97'),(114182,1,'97'),(114183,1,'130'),(114184,1,'97'),(114185,1,'130'),(114186,1,'97'),(114187,1,'130'),(114188,1,'97'),(114189,1,'130'),(114190,1,'97'),(114191,1,'130'),(114192,1,'97'),(114193,1,'130'),(114194,1,'97'),(114195,1,'130'),(114196,1,'97'),(114197,1,'130'),(114198,1,'97'),(114199,1,'130'),(114200,1,'97'),(114201,1,'130'),(114202,1,'97'),(114203,1,'130'),(114204,1,'97'),(114205,1,'130'),(114206,1,'97'),(114207,1,'130'),(114208,1,'97'),(114209,1,'130'),(114210,1,'97'),(114211,1,'130'),(114212,1,'97'),(114213,1,'130'),(114214,1,'97'),(114215,1,'130'),(114216,1,'97'),(114217,1,'130'),(114218,1,'97'),(114219,1,'130'),(114220,1,'97'),(114221,1,'130'),(114222,1,'97'),(114223,1,'130'),(114224,1,'97'),(114225,1,'130'),(114226,1,'97'),(114227,1,'130'),(114228,1,'97'),(114229,1,'130'),(114230,1,'97'),(114231,1,'130'),(114232,1,'97'),(114233,1,'130'),(114234,1,'97'),(114235,1,'97'),(114236,1,'130'),(114237,1,'97'),(114238,1,'130'),(114239,1,'97'),(114240,1,'97'),(114241,1,'130'),(114242,1,'97'),(114243,1,'130'),(114244,1,'97'),(114245,1,'97'),(114246,1,'130'),(114247,1,'97'),(114248,1,'130'),(114249,1,'97'),(114250,1,'97'),(114251,1,'130'),(114252,1,'97'),(114253,1,'130'),(114254,1,'97'),(114255,1,'130'),(114256,1,'97'),(114257,1,'130'),(114258,1,'97'),(114259,1,'130'),(114260,1,'97'),(114261,1,'130'),(114262,1,'97'),(114263,1,'130'),(114264,1,'97'),(114265,1,'130'),(114266,1,'97'),(114267,1,'130'),(114268,1,'97'),(114269,1,'130'),(114270,1,'97'),(114271,1,'130'),(114272,1,'97'),(114273,1,'130'),(114274,1,'97'),(114275,1,'130'),(114276,1,'97'),(114277,1,'130'),(114278,1,'97'),(114279,1,'130'),(114280,1,'97'),(114281,1,'130'),(114282,1,'97'),(114283,1,'130'),(114284,1,'97'),(114285,1,'130'),(114286,1,'97'),(114287,1,'130'),(114288,1,'97'),(114289,1,'130'),(114290,1,'97'),(114291,1,'130'),(114292,1,'97'),(114293,1,'130'),(114294,1,'97'),(114295,1,'130'),(114296,1,'97'),(114297,1,'130'),(114298,1,'97'),(114299,1,'130'),(114300,1,'97'),(114301,1,'130'),(114302,1,'97'),(114303,1,'97'),(114304,1,'130'),(114305,1,'97'),(114306,1,'130'),(114307,1,'97'),(114308,1,'97'),(114309,1,'130'),(114310,1,'97'),(114311,1,'130'),(114312,1,'97'),(114313,1,'97'),(114314,1,'130'),(114315,1,'97'),(114316,1,'130'),(114317,1,'97'),(114318,1,'97'),(114319,1,'130'),(114320,1,'97'),(114321,1,'130'),(114322,1,'97'),(114323,1,'130'),(114324,1,'97'),(114325,1,'130'),(114326,1,'97'),(114327,1,'130'),(114328,1,'97'),(114329,1,'130'),(114330,1,'97'),(114331,1,'130'),(114332,1,'97'),(114333,1,'130'),(114334,1,'97'),(114335,1,'130'),(114336,1,'97'),(114337,1,'130'),(114338,1,'97'),(114339,1,'130'),(114340,1,'97'),(114341,1,'130'),(114342,1,'97'),(114343,1,'130'),(114344,1,'97'),(114345,1,'130'),(114346,1,'97'),(114347,1,'130'),(114348,1,'97'),(114349,1,'130'),(114350,1,'97'),(114351,1,'130'),(114352,1,'97'),(114353,1,'130'),(114354,1,'97'),(114355,1,'130'),(114356,1,'97'),(114357,1,'130'),(114358,1,'97'),(114359,1,'130'),(114360,1,'97'),(114361,1,'130'),(114362,1,'97'),(114363,1,'130'),(114364,1,'97'),(114365,1,'130'),(114366,1,'97'),(114367,1,'130'),(114368,1,'97'),(114369,1,'130'),(114370,1,'97'),(114371,1,'97'),(114372,1,'130'),(114373,1,'97'),(114374,1,'130'),(114375,1,'97'),(114376,1,'97'),(114377,1,'130'),(114378,1,'97'),(114379,1,'130'),(114380,1,'97'),(114381,1,'97'),(114382,1,'130'),(114383,1,'97'),(114384,1,'97'),(114385,1,'130'),(114386,1,'97'),(114387,1,'130'),(114388,1,'97'),(114389,1,'130'),(114390,1,'97'),(114391,1,'130'),(114392,1,'97'),(114393,1,'97'),(114394,1,'130'),(114395,1,'97'),(114396,1,'130'),(114397,1,'97'),(114398,1,'97'),(114399,1,'130'),(114400,1,'97'),(114401,1,'130'),(114402,1,'97'),(114403,1,'130'),(114404,1,'97'),(114405,1,'130'),(114406,1,'97'),(114407,1,'130'),(114408,1,'97'),(114409,1,'130'),(114410,1,'97'),(114411,1,'130'),(114412,1,'97'),(114413,1,'130'),(114414,1,'97'),(114415,1,'130'),(114416,1,'97'),(114417,1,'130'),(114418,1,'97'),(114419,1,'130'),(114420,1,'97'),(114421,1,'130'),(114422,1,'97'),(114423,1,'130'),(114424,1,'97'),(114425,1,'130'),(114426,1,'97'),(114427,1,'130'),(114428,1,'97'),(114429,1,'130'),(114430,1,'97'),(114431,1,'130'),(114432,1,'97'),(114433,1,'130'),(114434,1,'97'),(114435,1,'130'),(114436,1,'97'),(114437,1,'130'),(114438,1,'97'),(114439,1,'130'),(114440,1,'97'),(114441,1,'130'),(114442,1,'97'),(114443,1,'130'),(114444,1,'97'),(114445,1,'130'),(114446,1,'97'),(114447,1,'130'),(114448,1,'97'),(114449,1,'130'),(114450,1,'97'),(114451,1,'97'),(114452,1,'130'),(114453,1,'97'),(114454,1,'130'),(114455,1,'97'),(114456,1,'97'),(114457,1,'130'),(114458,1,'97'),(114459,1,'130'),(114460,1,'97'),(114461,1,'97'),(114462,1,'130'),(114463,1,'97'),(114464,1,'130'),(114465,1,'97'),(114466,1,'97'),(114467,1,'130'),(114468,1,'97'),(114469,1,'130'),(114470,1,'97'),(114471,1,'130'),(114472,1,'97'),(114473,1,'130'),(114474,1,'97'),(114475,1,'130'),(114476,1,'97'),(114477,1,'130'),(114478,1,'97'),(114479,1,'130'),(114480,1,'97'),(114481,1,'130'),(114482,1,'97'),(114483,1,'130'),(114484,1,'97'),(114485,1,'130'),(114486,1,'97'),(114487,1,'130'),(114488,1,'97'),(114489,1,'130'),(114490,1,'97'),(114491,1,'130'),(114492,1,'97'),(114493,1,'130'),(114494,1,'97'),(114495,1,'130'),(114496,1,'97'),(114497,1,'130'),(114498,1,'97'),(114499,1,'130'),(114500,1,'97'),(114501,1,'130'),(114502,1,'97'),(114503,1,'130'),(114504,1,'97'),(114505,1,'130'),(114506,1,'97'),(114507,1,'130'),(114508,1,'97'),(114509,1,'130'),(114510,1,'97'),(114511,1,'130'),(114512,1,'97'),(114513,1,'130'),(114514,1,'97'),(114515,1,'130'),(114516,1,'97'),(114517,1,'130'),(114518,1,'97'),(114519,1,'97'),(114520,1,'130'),(114521,1,'97'),(114522,1,'130'),(114523,1,'97'),(114524,1,'97'),(114525,1,'130'),(114526,1,'97'),(114527,1,'130'),(114528,1,'97'),(114529,1,'97'),(114530,1,'130'),(114531,1,'97'),(114532,1,'130'),(114533,1,'97'),(114534,1,'97'),(114535,1,'130'),(114536,1,'97'),(114537,1,'130'),(114538,1,'97'),(114539,1,'130'),(114540,1,'97'),(114541,1,'130'),(114542,1,'97'),(114543,1,'130'),(114544,1,'97'),(114545,1,'130'),(114546,1,'97'),(114547,1,'130'),(114548,1,'97'),(114549,1,'130'),(114550,1,'97'),(114551,1,'130'),(114552,1,'97'),(114553,1,'130'),(114554,1,'97'),(114555,1,'130'),(114556,1,'97'),(114557,1,'130'),(114558,1,'97'),(114559,1,'130'),(114560,1,'97'),(114561,1,'130'),(114562,1,'97'),(114563,1,'130'),(114564,1,'97'),(114565,1,'130'),(114566,1,'97'),(114567,1,'130'),(114568,1,'97'),(114569,1,'130'),(114570,1,'97'),(114571,1,'130'),(114572,1,'97'),(114573,1,'130'),(114574,1,'97'),(114575,1,'130'),(114576,1,'97'),(114577,1,'130'),(114578,1,'97'),(114579,1,'130'),(114580,1,'97'),(114581,1,'130'),(114582,1,'97'),(114583,1,'130'),(114584,1,'97'),(114585,1,'130'),(114586,1,'97'),(114587,1,'97'),(114588,1,'130'),(114589,1,'97'),(114590,1,'130'),(114591,1,'97'),(114592,1,'97'),(114593,1,'130'),(114594,1,'97'),(114595,1,'130'),(114596,1,'97'),(114597,1,'97'),(114598,1,'130'),(114599,1,'97'),(114600,1,'97'),(114601,1,'130'),(114602,1,'97'),(114603,1,'130'),(114604,1,'97'),(114605,1,'130'),(114606,1,'97'),(114607,1,'130'),(114608,1,'97'),(114609,1,'97'),(114610,1,'130'),(114611,1,'97'),(114612,1,'130'),(114613,1,'97'),(114614,1,'97'),(114615,1,'130'),(114616,1,'97'),(114617,1,'130'),(114618,1,'97'),(114619,1,'130'),(114620,1,'97'),(114621,1,'130'),(114622,1,'97'),(114623,1,'130'),(114624,1,'97'),(114625,1,'130'),(114626,1,'97'),(114627,1,'130'),(114628,1,'97'),(114629,1,'130'),(114630,1,'97'),(114631,1,'130'),(114632,1,'97'),(114633,1,'130'),(114634,1,'97'),(114635,1,'130'),(114636,1,'97'),(114637,1,'130'),(114638,1,'97'),(114639,1,'130'),(114640,1,'97'),(114641,1,'130'),(114642,1,'97'),(114643,1,'130'),(114644,1,'97'),(114645,1,'130'),(114646,1,'97'),(114647,1,'130'),(114648,1,'97'),(114649,1,'130'),(114650,1,'97'),(114651,1,'130'),(114652,1,'97'),(114653,1,'130'),(114654,1,'97'),(114655,1,'130'),(114656,1,'97'),(114657,1,'130'),(114658,1,'97'),(114659,1,'130'),(114660,1,'97'),(114661,1,'130'),(114662,1,'97'),(114663,1,'130'),(114664,1,'97'),(114665,1,'130'),(114666,1,'97'),(114667,1,'97'),(114668,1,'130'),(114669,1,'97'),(114670,1,'130'),(114671,1,'97'),(114672,1,'97'),(114673,1,'130'),(114674,1,'97'),(114675,1,'130'),(114676,1,'97'),(114677,1,'97'),(114678,1,'130'),(114679,1,'97'),(114680,1,'130'),(114681,1,'97'),(114682,1,'97'),(114683,1,'130'),(114684,1,'97'),(114685,1,'130'),(114686,1,'97'),(114687,1,'130'),(114688,1,'97'),(114689,1,'130'),(114690,1,'97'),(114691,1,'130'),(114692,1,'97'),(114693,1,'130'),(114694,1,'97'),(114695,1,'130'),(114696,1,'97'),(114697,1,'130'),(114698,1,'97'),(114699,1,'130'),(114700,1,'97'),(114701,1,'130'),(114702,1,'97'),(114703,1,'130'),(114704,1,'97'),(114705,1,'130'),(114706,1,'97'),(114707,1,'130'),(114708,1,'97'),(114709,1,'130'),(114710,1,'97'),(114711,1,'130'),(114712,1,'97'),(114713,1,'130'),(114714,1,'97'),(114715,1,'130'),(114716,1,'97'),(114717,1,'130'),(114718,1,'97'),(114719,1,'130'),(114720,1,'97'),(114721,1,'130'),(114722,1,'97'),(114723,1,'130'),(114724,1,'97'),(114725,1,'130'),(114726,1,'97'),(114727,1,'130'),(114728,1,'97'),(114729,1,'130'),(114730,1,'97'),(114731,1,'130'),(114732,1,'97'),(114733,1,'130'),(114734,1,'97'),(114735,1,'97'),(114736,1,'130'),(114737,1,'97'),(114738,1,'130'),(114739,1,'97'),(114740,1,'97'),(114741,1,'130'),(114742,1,'97'),(114743,1,'130'),(114744,1,'97'),(114745,1,'97'),(114746,1,'130'),(114747,1,'97'),(114748,1,'130'),(114749,1,'97'),(114750,1,'97'),(114751,1,'130'),(114752,1,'97'),(114753,1,'130'),(114754,1,'97'),(114755,1,'130'),(114756,1,'97'),(114757,1,'130'),(114758,1,'97'),(114759,1,'130'),(114760,1,'97'),(114761,1,'130'),(114762,1,'97'),(114763,1,'130'),(114764,1,'97'),(114765,1,'130'),(114766,1,'97'),(114767,1,'130'),(114768,1,'97'),(114769,1,'130'),(114770,1,'97'),(114771,1,'130'),(114772,1,'97'),(114773,1,'130'),(114774,1,'97'),(114775,1,'130'),(114776,1,'97'),(114777,1,'130'),(114778,1,'97'),(114779,1,'130'),(114780,1,'97'),(114781,1,'130'),(114782,1,'97'),(114783,1,'130'),(114784,1,'97'),(114785,1,'130'),(114786,1,'97'),(114787,1,'130'),(114788,1,'97'),(114789,1,'130'),(114790,1,'97'),(114791,1,'130'),(114792,1,'97'),(114793,1,'130'),(114794,1,'97'),(114795,1,'130'),(114796,1,'97'),(114797,1,'130'),(114798,1,'97'),(114799,1,'130'),(114800,1,'97'),(114801,1,'130'),(114802,1,'97'),(114803,1,'97'),(114804,1,'130'),(114805,1,'97'),(114806,1,'130'),(114807,1,'97'),(114808,1,'97'),(114809,1,'130'),(114810,1,'97'),(114811,1,'130'),(114812,1,'97'),(114813,1,'97'),(114814,1,'130'),(114815,1,'97'),(114816,1,'97'),(114817,1,'130'),(114818,1,'97'),(114819,1,'130'),(114820,1,'97'),(114821,1,'130'),(114822,1,'97'),(114823,1,'130'),(114824,1,'97'),(114825,1,'97'),(114826,1,'130'),(114827,1,'97'),(114828,1,'130'),(114829,1,'97'),(114830,1,'97'),(114831,1,'130'),(114832,1,'97'),(114833,1,'130'),(114834,1,'97'),(114835,1,'130'),(114836,1,'97'),(114837,1,'130'),(114838,1,'97'),(114839,1,'130'),(114840,1,'97'),(114841,1,'130'),(114842,1,'97'),(114843,1,'130'),(114844,1,'97'),(114845,1,'130'),(114846,1,'97'),(114847,1,'130'),(114848,1,'97'),(114849,1,'130'),(114850,1,'97'),(114851,1,'130'),(114852,1,'97'),(114853,1,'130'),(114854,1,'97'),(114855,1,'130'),(114856,1,'97'),(114857,1,'130'),(114858,1,'97'),(114859,1,'130'),(114860,1,'97'),(114861,1,'130'),(114862,1,'97'),(114863,1,'130'),(114864,1,'97'),(114865,1,'130'),(114866,1,'97'),(114867,1,'130'),(114868,1,'97'),(114869,1,'130'),(114870,1,'97'),(114871,1,'130'),(114872,1,'97'),(114873,1,'130'),(114874,1,'97'),(114875,1,'130'),(114876,1,'97'),(114877,1,'130'),(114878,1,'97'),(114879,1,'130'),(114880,1,'97'),(114881,1,'130'),(114882,1,'97'),(114883,1,'97'),(114884,1,'130'),(114885,1,'97'),(114886,1,'130'),(114887,1,'97'),(114888,1,'97'),(114889,1,'130'),(114890,1,'97'),(114891,1,'130'),(114892,1,'97'),(114893,1,'97'),(114894,1,'130'),(114895,1,'97'),(114896,1,'130'),(114897,1,'97'),(114898,1,'97'),(114899,1,'130'),(114900,1,'97'),(114901,1,'130'),(114902,1,'97'),(114903,1,'130'),(114904,1,'97'),(114905,1,'130'),(114906,1,'97'),(114907,1,'130'),(114908,1,'97'),(114909,1,'130'),(114910,1,'97'),(114911,1,'130'),(114912,1,'97'),(114913,1,'130'),(114914,1,'97'),(114915,1,'130'),(114916,1,'97'),(114917,1,'130'),(114918,1,'97'),(114919,1,'130'),(114920,1,'97'),(114921,1,'130'),(114922,1,'97'),(114923,1,'130'),(114924,1,'97'),(114925,1,'130'),(114926,1,'97'),(114927,1,'130'),(114928,1,'97'),(114929,1,'130'),(114930,1,'97'),(114931,1,'130'),(114932,1,'97'),(114933,1,'130'),(114934,1,'97'),(114935,1,'130'),(114936,1,'97'),(114937,1,'130'),(114938,1,'97'),(114939,1,'130'),(114940,1,'97'),(114941,1,'130'),(114942,1,'97'),(114943,1,'130'),(114944,1,'97'),(114945,1,'130'),(114946,1,'97'),(114947,1,'130'),(114948,1,'97'),(114949,1,'130'),(114950,1,'97'),(114951,1,'97'),(114952,1,'130'),(114953,1,'97'),(114954,1,'130'),(114955,1,'97'),(114956,1,'97'),(114957,1,'130'),(114958,1,'97'),(114959,1,'130'),(114960,1,'97'),(114961,1,'97'),(114962,1,'130'),(114963,1,'97'),(114964,1,'130'),(114965,1,'97'),(114966,1,'97'),(114967,1,'130'),(114968,1,'97'),(114969,1,'130'),(114970,1,'97'),(114971,1,'130'),(114972,1,'97'),(114973,1,'130'),(114974,1,'97'),(114975,1,'130'),(114976,1,'97'),(114977,1,'130'),(114978,1,'97'),(114979,1,'130'),(114980,1,'97'),(114981,1,'130'),(114982,1,'97'),(114983,1,'130'),(114984,1,'97'),(114985,1,'130'),(114986,1,'97'),(114987,1,'130'),(114988,1,'97'),(114989,1,'130'),(114990,1,'97'),(114991,1,'130'),(114992,1,'97'),(114993,1,'130'),(114994,1,'97'),(114995,1,'130'),(114996,1,'97'),(114997,1,'130'),(114998,1,'97'),(114999,1,'130'),(115000,1,'97'),(115001,1,'130'),(115002,1,'97'),(115003,1,'130'),(115004,1,'97'),(115005,1,'130'),(115006,1,'97'),(115007,1,'130'),(115008,1,'97'),(115009,1,'130'),(115010,1,'97'),(115011,1,'130'),(115012,1,'97'),(115013,1,'130'),(115014,1,'97'),(115015,1,'130'),(115016,1,'97'),(115017,1,'130'),(115018,1,'97'),(115019,1,'97'),(115020,1,'130'),(115021,1,'97'),(115022,1,'130'),(115023,1,'97'),(115024,1,'97'),(115025,1,'130'),(115026,1,'97'),(115027,1,'130'),(115028,1,'97'),(115029,1,'97'),(115030,1,'130'),(115031,1,'97'),(115032,1,'97'),(115033,1,'130'),(115034,1,'97'),(115035,1,'130'),(115036,1,'97'),(115037,1,'130'),(115038,1,'97'),(115039,1,'130'),(115040,1,'97'),(115041,1,'97'),(115042,1,'130'),(115043,1,'97'),(115044,1,'130'),(115045,1,'97'),(115046,1,'97'),(115047,1,'130'),(115048,1,'97'),(115049,1,'130'),(115050,1,'97'),(115051,1,'130'),(115052,1,'97'),(115053,1,'130'),(115054,1,'97'),(115055,1,'130'),(115056,1,'97'),(115057,1,'130'),(115058,1,'97'),(115059,1,'130'),(115060,1,'97'),(115061,1,'130'),(115062,1,'97'),(115063,1,'130'),(115064,1,'97'),(115065,1,'130'),(115066,1,'97'),(115067,1,'130'),(115068,1,'97'),(115069,1,'130'),(115070,1,'97'),(115071,1,'130'),(115072,1,'97'),(115073,1,'130'),(115074,1,'97'),(115075,1,'130'),(115076,1,'97'),(115077,1,'130'),(115078,1,'97'),(115079,1,'130'),(115080,1,'97'),(115081,1,'130'),(115082,1,'97'),(115083,1,'130'),(115084,1,'97'),(115085,1,'130'),(115086,1,'97'),(115087,1,'130'),(115088,1,'97'),(115089,1,'130'),(115090,1,'97'),(115091,1,'130'),(115092,1,'97'),(115093,1,'130'),(115094,1,'97'),(115095,1,'130'),(115096,1,'97'),(115097,1,'130'),(115098,1,'97'),(115099,1,'97'),(115100,1,'130'),(115101,1,'97'),(115102,1,'130'),(115103,1,'97'),(115104,1,'97'),(115105,1,'130'),(115106,1,'97'),(115107,1,'130'),(115108,1,'97'),(115109,1,'97'),(115110,1,'130'),(115111,1,'97'),(115112,1,'130'),(115113,1,'97'),(115114,1,'97'),(115115,1,'130'),(115116,1,'97'),(115117,1,'130'),(115118,1,'97'),(115119,1,'130'),(115120,1,'97'),(115121,1,'130'),(115122,1,'97'),(115123,1,'130'),(115124,1,'97'),(115125,1,'130'),(115126,1,'97'),(115127,1,'130'),(115128,1,'97'),(115129,1,'130'),(115130,1,'97'),(115131,1,'130'),(115132,1,'97'),(115133,1,'130'),(115134,1,'97'),(115135,1,'130'),(115136,1,'97'),(115137,1,'130'),(115138,1,'97'),(115139,1,'130'),(115140,1,'97'),(115141,1,'130'),(115142,1,'97'),(115143,1,'130'),(115144,1,'97'),(115145,1,'130'),(115146,1,'97'),(115147,1,'130'),(115148,1,'97'),(115149,1,'130'),(115150,1,'97'),(115151,1,'130'),(115152,1,'97'),(115153,1,'130'),(115154,1,'97'),(115155,1,'130'),(115156,1,'97'),(115157,1,'130'),(115158,1,'97'),(115159,1,'130'),(115160,1,'97'),(115161,1,'130'),(115162,1,'97'),(115163,1,'130'),(115164,1,'97'),(115165,1,'130'),(115166,1,'97'),(115167,1,'97'),(115168,1,'130'),(115169,1,'97'),(115170,1,'130'),(115171,1,'97'),(115172,1,'97'),(115173,1,'130'),(115174,1,'97'),(115175,1,'130'),(115176,1,'97'),(115177,1,'97'),(115178,1,'130'),(115179,1,'97'),(115180,1,'130'),(115181,1,'97'),(115182,1,'97'),(115183,1,'130'),(115184,1,'97'),(115185,1,'130'),(115186,1,'97'),(115187,1,'130'),(115188,1,'97'),(115189,1,'130'),(115190,1,'97'),(115191,1,'130'),(115192,1,'97'),(115193,1,'130'),(115194,1,'97'),(115195,1,'130'),(115196,1,'97'),(115197,1,'130'),(115198,1,'97'),(115199,1,'130'),(115200,1,'97'),(115201,1,'130'),(115202,1,'97'),(115203,1,'130'),(115204,1,'97'),(115205,1,'130'),(115206,1,'97'),(115207,1,'130'),(115208,1,'97'),(115209,1,'130'),(115210,1,'97'),(115211,1,'130'),(115212,1,'97'),(115213,1,'130'),(115214,1,'97'),(115215,1,'130'),(115216,1,'97'),(115217,1,'130'),(115218,1,'97'),(115219,1,'130'),(115220,1,'97'),(115221,1,'130'),(115222,1,'97'),(115223,1,'130'),(115224,1,'97'),(115225,1,'130'),(115226,1,'97'),(115227,1,'130'),(115228,1,'97'),(115229,1,'130'),(115230,1,'97'),(115231,1,'130'),(115232,1,'97'),(115233,1,'130'),(115234,1,'97'),(115235,1,'97'),(115236,1,'130'),(115237,1,'97'),(115238,1,'130'),(115239,1,'97'),(115240,1,'97'),(115241,1,'130'),(115242,1,'97'),(115243,1,'130'),(115244,1,'97'),(115245,1,'97'),(115246,1,'130'),(115247,1,'97'),(115248,1,'97'),(115249,1,'130'),(115250,1,'97'),(115251,1,'130'),(115252,1,'97'),(115253,1,'130'),(115254,1,'97'),(115255,1,'130'),(115256,1,'97'),(115257,1,'97'),(115258,1,'130'),(115259,1,'97'),(115260,1,'130'),(115261,1,'97'),(115289,1,'Acrylique sur toile'),(115290,1,'97'),(115291,1,'130'),(115292,1,'21,6'),(115293,1,'34,6'),(115294,1,'13'),(115604,1,'150'),(115605,1,'150'),(115606,1,'Acrylique sur toile'),(115682,1,'162'),(115683,1,'130'),(115684,1,'Acrylique sur toile'),(115797,1,'90'),(115798,1,'120'),(115799,1,'1'),(115815,1,'70'),(115816,1,'100'),(115817,1,'1'),(115818,1,'70'),(115819,1,'100'),(115820,1,'1'),(115821,1,'70'),(115822,1,'100'),(115823,1,'1'),(115824,1,'70'),(115825,1,'100'),(115826,1,'1'),(115830,1,'70'),(115831,1,'100'),(115832,1,'1'),(116045,1,'Acrylique sur toile'),(116046,1,'65'),(116051,1,'Acrylique sur toile'),(116058,1,'Acrylique sur toile'),(116069,1,'Acrylique sur toile'),(116084,1,'Acrylique sur toile'),(116085,1,'120'),(116086,1,'90'),(116087,1,'Acrylique sur toile'),(116091,1,'Acrylique sur toile'),(116092,1,'130'),(116093,1,'90'),(116095,1,'Acrylique sur toile'),(116126,1,'150'),(116127,1,'150'),(116128,1,'Acrylique sur toile'),(116135,1,'27'),(116136,1,'35'),(116137,1,'Acrylique sur toile'),(116162,1,'150'),(116163,1,'200'),(116164,1,'Acrylique sur toile'),(116189,1,'150'),(116190,1,'150'),(116191,1,'Acrylique sur toile'),(116208,1,'papier d\'Art'),(116209,1,'70'),(116210,1,'50'),(116211,1,'1'),(116232,1,'aluminium'),(116233,1,'100'),(116234,1,'120'),(116235,1,'1'),(116236,1,'plexiglas'),(116237,1,'80'),(116238,1,'60'),(116239,1,'1'),(116240,1,'80'),(116241,1,'60'),(116242,1,'80'),(116243,1,'60'),(116244,1,'plexiglass'),(116245,1,'80'),(116246,1,'60'),(116249,1,'80'),(116250,1,'60'),(116251,1,'80'),(116252,1,'60'),(116262,1,'plexiglas'),(116263,1,'80'),(116264,1,'60'),(116268,1,'130'),(116269,1,'81'),(116270,1,'Acrylique, feutre et bombe sur toile'),(116299,1,'papier d\'Art'),(116300,1,'70'),(116301,1,'50'),(116302,1,'1'),(116351,1,'papier d\'Art'),(116352,1,'70'),(116353,1,'50'),(116354,1,'1'),(116379,1,'papier d\'Art'),(116380,1,'70'),(116381,1,'50'),(116382,1,'1');

--
-- Table structure for table `ps_ganalytics`
--

CREATE TABLE `ps_ganalytics` (
  `id_google_analytics` int(11) NOT NULL AUTO_INCREMENT,
  `id_order` int(11) NOT NULL,
  `id_customer` int(10) NOT NULL,
  `id_shop` int(11) NOT NULL,
  `sent` tinyint(1) DEFAULT NULL,
  `date_add` datetime DEFAULT NULL,
  PRIMARY KEY (`id_google_analytics`),
  KEY `id_order` (`id_order`),
  KEY `sent` (`sent`)
) ENGINE=InnoDB AUTO_INCREMENT=8 DEFAULT CHARSET=utf8;

--
-- Dumping data for table `ps_ganalytics`
--

INSERT INTO `ps_ganalytics` VALUES (1,1,0,1,1,'2019-08-17 18:36:45'),(2,2,0,1,0,'0000-00-00 00:00:00'),(3,3,0,1,1,'0000-00-00 00:00:00'),(4,4,0,1,1,'0000-00-00 00:00:00'),(5,5,0,1,1,'0000-00-00 00:00:00'),(6,6,0,1,1,'0000-00-00 00:00:00'),(7,7,0,1,1,'0000-00-00 00:00:00');

--
-- Table structure for table `ps_ganalytics_data`
--

CREATE TABLE `ps_ganalytics_data` (
  `id_cart` int(11) NOT NULL,
  `id_shop` int(11) NOT NULL,
  `data` text,
  PRIMARY KEY (`id_cart`)
) ENGINE=InnoDB DEFAULT CHARSET=utf8;

--
-- Dumping data for table `ps_ganalytics_data`
--

INSERT INTO `ps_ganalytics_data` VALUES (7,1,'{\"7\":{\"id\":\"7\",\"name\":\"marilyn\",\"category\":\"galerie-peinture-pop-art\",\"brand\":\"pola-40\",\"variant\":false,\"type\":\"typical\",\"position\":\"0\",\"quantity\":1,\"list\":\"cart\",\"url\":\"\",\"price\":0},\"8\":\"MBG.addCheckoutOption(2,\'\');\",\"9\":\"MBG.addCheckoutOption(2,\'\');\",\"10\":\"MBG.addCheckoutOption(2,\'\');\",\"11\":\"MBG.addCheckoutOption(2,\'0\');\",\"12\":\"MBG.addCheckoutOption(2,\'0\');\"}'),(9,1,'{\"5\":{\"id\":\"5\",\"name\":\"master-of-luxe\",\"category\":\"galerie-peintures-street-art\",\"brand\":\"speedy-graphito\",\"variant\":false,\"type\":\"typical\",\"position\":\"0\",\"quantity\":1,\"list\":\"cart\",\"url\":\"\",\"price\":35000}}'),(10,1,'{\"4\":{\"id\":\"4\",\"name\":\"achromatopsie\",\"category\":\"galerie-peintures-street-art\",\"brand\":\"vast\",\"variant\":false,\"type\":\"typical\",\"position\":\"0\",\"quantity\":2,\"list\":\"cart\",\"url\":\"\",\"price\":1166.666667}}'),(11,1,'{\"4\":{\"id\":\"4\",\"name\":\"achromatopsie\",\"category\":\"galerie-peintures-street-art\",\"brand\":\"vast\",\"variant\":false,\"type\":\"typical\",\"position\":\"0\",\"quantity\":1,\"list\":\"cart\",\"url\":\"\",\"price\":1166.666667},\"2\":{\"id\":\"2\",\"name\":\"street-all-over\",\"category\":\"galerie-peintures-street-art\",\"brand\":\"benjamin-spark\",\"variant\":false,\"type\":\"typical\",\"position\":\"0\",\"quantity\":1,\"list\":\"cart\",\"url\":\"\",\"price\":6500}}'),(12,1,'{\"13\":{\"id\":\"13\",\"name\":\"sous-bois\",\"category\":\"peintures\",\"brand\":\"nicolai\",\"variant\":false,\"type\":\"typical\",\"position\":\"0\",\"quantity\":1,\"list\":\"cart\",\"url\":\"\",\"price\":1800}}'),(14,1,'{\"28\":{\"id\":\"28\",\"name\":\"marie\",\"category\":\"galerie-peinture-pop-art\",\"brand\":\"yining-zhao\",\"variant\":false,\"type\":\"typical\",\"position\":\"0\",\"quantity\":1,\"list\":\"cart\",\"url\":\"\",\"price\":3000}}'),(15,1,'{\"12\":{\"id\":\"12\",\"name\":\"lost-paradise\",\"category\":\"peintures\",\"brand\":\"nicolai\",\"variant\":false,\"type\":\"typical\",\"position\":\"0\",\"quantity\":1,\"list\":\"cart\",\"url\":\"\",\"price\":3500}}'),(16,1,'{\"22\":{\"id\":\"22\",\"name\":\"daphne\",\"category\":\"galerie-peinture-pop-art\",\"brand\":\"yining-zhao\",\"variant\":false,\"type\":\"typical\",\"position\":\"0\",\"quantity\":1,\"list\":\"cart\",\"url\":\"\",\"price\":3800},\"17\":{\"id\":\"17\",\"name\":\"la-baigneuse\",\"category\":\"peintures\",\"brand\":\"nicolai\",\"variant\":false,\"type\":\"typical\",\"position\":\"0\",\"quantity\":1,\"list\":\"cart\",\"url\":\"\",\"price\":4000}}'),(17,1,'{\"28\":{\"id\":\"28\",\"name\":\"marie\",\"category\":\"galerie-peinture-pop-art\",\"brand\":\"yining-zhao\",\"variant\":false,\"type\":\"typical\",\"position\":\"0\",\"quantity\":1,\"list\":\"cart\",\"url\":\"\",\"price\":3000}}'),(18,1,'{\"20\":{\"id\":\"20\",\"name\":\"ariane-abandonnee\",\"category\":\"accueil\",\"brand\":\"nicolai\",\"variant\":false,\"type\":\"typical\",\"position\":\"0\",\"quantity\":1,\"list\":\"cart\",\"url\":\"\",\"price\":1600},\"21\":\"MBG.addCheckoutOption(2,\'\');\",\"22\":\"MBG.addCheckoutOption(2,\'\');\",\"23\":\"MBG.addCheckoutOption(2,\'\');\",\"24\":\"MBG.addCheckoutOption(2,\'\');\",\"25\":\"MBG.addCheckoutOption(2,\'\');\",\"26\":\"MBG.addCheckoutOption(2,\'\');\",\"27\":\"MBG.addCheckoutOption(2,\'\');\",\"28\":\"MBG.addCheckoutOption(2,\'\');\",\"29\":\"MBG.addCheckoutOption(2,\'\');\",\"30\":\"MBG.addCheckoutOption(2,\'\');\",\"31\":\"MBG.addCheckoutOption(2,\'\');\",\"32\":\"MBG.addCheckoutOption(2,\'\');\",\"33\":\"MBG.addCheckoutOption(2,\'\');\",\"34\":\"MBG.addCheckoutOption(2,\'\');\",\"35\":\"MBG.addCheckoutOption(2,\'\');\",\"36\":\"MBG.addCheckoutOption(2,\'\');\",\"37\":\"MBG.addCheckoutOption(2,\'\');\",\"38\":\"MBG.addCheckoutOption(2,\'\');\",\"39\":\"MBG.addCheckoutOption(2,\'\');\",\"40\":\"MBG.addCheckoutOption(2,\'\');\",\"41\":\"MBG.addCheckoutOption(2,\'\');\",\"42\":\"MBG.addCheckoutOption(2,\'\');\",\"43\":\"MBG.addCheckoutOption(2,\'\');\",\"44\":\"MBG.addCheckoutOption(2,\'\');\",\"45\":\"MBG.addCheckoutOption(2,\'\');\"}'),(20,1,'{\"31\":{\"id\":\"31\",\"name\":\"popeye-le-casseur-de-vaisselle\",\"category\":\"peintures\",\"brand\":\"jean-michel-gnidzaz\",\"variant\":false,\"type\":\"typical\",\"position\":\"0\",\"quantity\":1,\"list\":\"cart\",\"url\":\"\",\"price\":4000}}'),(22,1,'{\"12\":{\"id\":\"12\",\"name\":\"lost-paradise\",\"category\":\"peintures\",\"brand\":\"nicolai\",\"variant\":false,\"type\":\"typical\",\"position\":\"0\",\"quantity\":1,\"list\":\"cart\",\"url\":\"\",\"price\":3500}}'),(23,1,'{\"21\":{\"id\":\"21\",\"name\":\"pauline-a-la-plage\",\"category\":\"accueil\",\"brand\":\"nicolai\",\"variant\":false,\"type\":\"typical\",\"position\":\"0\",\"quantity\":1,\"list\":\"cart\",\"url\":\"\",\"price\":1800}}'),(24,1,'{\"2\":{\"id\":\"2\",\"name\":\"street-all-over\",\"category\":\"galerie-peintures-street-art\",\"brand\":\"benjamin-spark\",\"variant\":false,\"type\":\"virtual\",\"position\":\"0\",\"quantity\":-1,\"list\":\"cart\",\"url\":\"https%3A%2F%2Fwww.artop.com%2Fgalerie-peintures-street-art%2F2-street-art-allover-.html\",\"price\":6500},\"3\":\"MBG.addCheckoutOption(2,\');\"}'),(25,1,'{\"34\":{\"id\":\"34\",\"name\":\"very-very-old\",\"category\":\"peintures\",\"brand\":\"jean-michel-gnidzaz\",\"variant\":false,\"type\":\"typical\",\"position\":\"0\",\"quantity\":1,\"list\":\"cart\",\"url\":\"\",\"price\":3000},\"26\":{\"id\":\"26\",\"name\":\"sainte-therese-2\",\"category\":\"galerie-peinture-pop-art\",\"brand\":\"yining-zhao\",\"variant\":false,\"type\":\"typical\",\"position\":\"0\",\"quantity\":1,\"list\":\"cart\",\"url\":\"\",\"price\":2900}}'),(26,1,'{\"47\":{\"id\":\"47\",\"name\":\"la-sieste\",\"category\":\"accueil\",\"brand\":\"nicolai\",\"variant\":false,\"type\":\"virtual\",\"position\":\"0\",\"quantity\":-1,\"list\":\"cart\",\"url\":\"https%3A%2F%2Fwww.artop.com%2Faccueil%2F47-la-sieste.html\",\"price\":3800},\"46\":{\"id\":\"46\",\"name\":\"summer-in-majorca\",\"category\":\"peintures\",\"brand\":\"nicolai\",\"variant\":false,\"type\":\"typical\",\"position\":\"0\",\"quantity\":-1,\"list\":\"cart\",\"url\":\"https%3A%2F%2Fwww.artop.com%2Fpeintures%2F46-summer-in-majorca.html\",\"price\":5000},\"55\":{\"id\":\"55\",\"name\":\"flowers\",\"category\":\"peintures\",\"brand\":\"nicolai\",\"variant\":false,\"type\":\"virtual\",\"position\":\"0\",\"quantity\":-1,\"list\":\"cart\",\"url\":\"https%3A%2F%2Fwww.artop.com%2Fpeintures%2F55-flowers.html\",\"price\":3800}}'),(27,1,'{\"20\":{\"id\":\"20\",\"name\":\"ariane-abandonnee\",\"category\":\"accueil\",\"brand\":\"nicolai\",\"variant\":false,\"type\":\"typical\",\"position\":\"0\",\"quantity\":1,\"list\":\"cart\",\"url\":\"\",\"price\":1700}}'),(28,1,'{\"37\":{\"id\":\"37\",\"name\":\"372-l-apres-midi\",\"category\":\"accueil\",\"brand\":\"nicolai\",\"variant\":false,\"type\":\"typical\",\"position\":\"0\",\"quantity\":1,\"list\":\"cart\",\"url\":\"\",\"price\":3800},\"20\":{\"id\":\"20\",\"name\":\"ariane-abandonnee\",\"category\":\"accueil\",\"brand\":\"nicolai\",\"variant\":false,\"type\":\"typical\",\"position\":\"0\",\"quantity\":1,\"list\":\"cart\",\"url\":\"\",\"price\":1700},\"51\":{\"id\":\"51\",\"name\":\"via-margutta\",\"category\":\"peintures\",\"brand\":\"nicolai\",\"variant\":false,\"type\":\"typical\",\"position\":\"0\",\"quantity\":-1,\"list\":\"cart\",\"url\":\"https%3A%2F%2Fwww.artop.com%2Fpeintures%2F51-via-margutta.html\",\"price\":3800},\"52\":\"MBG.addCheckoutOption(2,\');\"}'),(31,1,'{\"37\":{\"id\":\"37\",\"name\":\"372-l-apres-midi\",\"category\":\"accueil\",\"brand\":\"nicolai\",\"variant\":false,\"type\":\"typical\",\"position\":\"0\",\"quantity\":1,\"list\":\"cart\",\"url\":\"\",\"price\":3800},\"50\":{\"id\":\"50\",\"name\":\"la-reverie\",\"category\":\"peintures\",\"brand\":\"nicolai\",\"variant\":false,\"type\":\"typical\",\"position\":\"0\",\"quantity\":1,\"list\":\"cart\",\"url\":\"\",\"price\":1200}}'),(32,1,'{\"20\":{\"id\":\"20\",\"name\":\"ariane-abandonnee\",\"category\":\"accueil\",\"brand\":\"nicolai\",\"variant\":false,\"type\":\"typical\",\"position\":\"0\",\"quantity\":1,\"list\":\"cart\",\"url\":\"\",\"price\":1700}}'),(33,1,'{\"53\":{\"id\":\"53\",\"name\":\"women-by-the-pool\",\"category\":\"peintures\",\"brand\":\"nicolai\",\"variant\":false,\"type\":\"typical\",\"position\":\"0\",\"quantity\":1,\"list\":\"cart\",\"url\":\"\",\"price\":1200}}'),(34,1,'{\"55\":{\"id\":\"55\",\"name\":\"flowers\",\"category\":\"peintures\",\"brand\":\"nicolai\",\"variant\":false,\"type\":\"typical\",\"position\":\"0\",\"quantity\":-1,\"list\":\"cart\",\"url\":\"https%3A%2F%2Fwww.artop.com%2Fpeintures%2F55-flowers.html\",\"price\":3800}}'),(35,1,'{\"57\":{\"id\":\"57\",\"name\":\"le-fauteuil\",\"category\":\"peintures\",\"brand\":\"nicolai\",\"variant\":false,\"type\":\"typical\",\"position\":\"0\",\"quantity\":1,\"list\":\"cart\",\"url\":\"\",\"price\":3800}}'),(36,1,'{\"57\":{\"id\":\"57\",\"name\":\"le-fauteuil\",\"category\":\"peintures\",\"brand\":\"nicolai\",\"variant\":false,\"type\":\"typical\",\"position\":\"0\",\"quantity\":1,\"list\":\"cart\",\"url\":\"\",\"price\":3800},\"58\":\"MBG.addCheckoutOption(2,\'\');\"}'),(37,1,'{\"49\":{\"id\":\"49\",\"name\":\"la-doccia\",\"category\":\"peintures\",\"brand\":\"nicolai\",\"variant\":false,\"type\":\"typical\",\"position\":\"0\",\"quantity\":1,\"list\":\"cart\",\"url\":\"\",\"price\":1200}}'),(44,1,'{\"13\":{\"id\":\"13\",\"name\":\"sous-bois\",\"category\":\"peintures\",\"brand\":\"nicolai\",\"variant\":false,\"type\":\"typical\",\"position\":\"0\",\"quantity\":1,\"list\":\"cart\",\"url\":\"\",\"price\":1800}}'),(55,1,'{\"42\":{\"id\":\"42\",\"name\":\"jeux-de-plage\",\"category\":\"peintures\",\"brand\":\"nicolai\",\"variant\":false,\"type\":\"typical\",\"position\":\"0\",\"quantity\":1,\"list\":\"cart\",\"url\":\"\",\"price\":1800}}'),(60,1,'{\"34\":{\"id\":\"34\",\"name\":\"very-very-old\",\"category\":\"peintures\",\"brand\":\"jean-michel-gnidzaz\",\"variant\":false,\"type\":\"typical\",\"position\":\"0\",\"quantity\":1,\"list\":\"cart\",\"url\":\"\",\"price\":3000}}'),(72,1,'{\"33\":{\"id\":\"33\",\"name\":\"minnie-et-mickey-mouse\",\"category\":\"peintures\",\"brand\":\"jean-michel-gnidzaz\",\"variant\":false,\"type\":\"typical\",\"position\":\"0\",\"quantity\":1,\"list\":\"cart\",\"url\":\"\",\"price\":3400}}'),(75,1,'{\"27\":{\"id\":\"27\",\"name\":\"sainte-therese-3\",\"category\":\"galerie-peinture-pop-art\",\"brand\":\"yining-zhao\",\"variant\":false,\"type\":\"typical\",\"position\":\"0\",\"quantity\":1,\"list\":\"cart\",\"url\":\"\",\"price\":2800},\"23\":{\"id\":\"23\",\"name\":\"proserpine\",\"category\":\"galerie-peinture-pop-art\",\"brand\":\"yining-zhao\",\"variant\":false,\"type\":\"typical\",\"position\":\"0\",\"quantity\":1,\"list\":\"cart\",\"url\":\"\",\"price\":3900}}'),(76,1,'{\"37\":{\"id\":\"37\",\"name\":\"372-l-apres-midi\",\"category\":\"accueil\",\"brand\":\"nicolai\",\"variant\":false,\"type\":\"typical\",\"position\":\"0\",\"quantity\":1,\"list\":\"cart\",\"url\":\"\",\"price\":3800}}'),(77,1,'{\"2\":{\"id\":\"2\",\"name\":\"street-all-over\",\"category\":\"galerie-peintures-street-art\",\"brand\":\"benjamin-spark\",\"variant\":false,\"type\":\"typical\",\"position\":\"0\",\"quantity\":1,\"list\":\"cart\",\"url\":\"\",\"price\":6500}}'),(78,1,'{\"2\":{\"id\":\"2\",\"name\":\"street-all-over\",\"category\":\"galerie-peintures-street-art\",\"brand\":\"benjamin-spark\",\"variant\":false,\"type\":\"typical\",\"position\":\"0\",\"quantity\":1,\"list\":\"cart\",\"url\":\"\",\"price\":6500}}'),(86,1,'{\"30\":{\"id\":\"30\",\"name\":\"superman\",\"category\":\"peintures\",\"brand\":\"jean-michel-gnidzaz\",\"variant\":false,\"type\":\"typical\",\"position\":\"0\",\"quantity\":1,\"list\":\"cart\",\"url\":\"\",\"price\":3400}}'),(87,1,'{\"34\":{\"id\":\"34\",\"name\":\"very-very-old\",\"category\":\"peintures\",\"brand\":\"jean-michel-gnidzaz\",\"variant\":false,\"type\":\"typical\",\"position\":\"0\",\"quantity\":1,\"list\":\"cart\",\"url\":\"\",\"price\":3000}}'),(93,1,'{\"68\":{\"id\":\"68\",\"name\":\"fighting-american\",\"category\":\"accueil\",\"brand\":\"jerome-fraignac\",\"variant\":false,\"type\":\"typical\",\"position\":\"0\",\"quantity\":1,\"list\":\"ajaxCart\",\"url\":\"\",\"price\":2800}}'),(94,1,'{\"68\":{\"id\":\"68\",\"name\":\"fighting-american\",\"category\":\"accueil\",\"brand\":\"jerome-fraignac\",\"variant\":false,\"type\":\"typical\",\"position\":\"0\",\"quantity\":1,\"list\":\"ajaxCart\",\"url\":\"\",\"price\":2800}}'),(97,1,'{\"71\":{\"id\":\"71\",\"name\":\"red-spider\",\"category\":\"peintures\",\"brand\":\"benjamin-spark\",\"variant\":false,\"type\":\"typical\",\"position\":\"0\",\"quantity\":1,\"list\":\"cart\",\"url\":\"\",\"price\":0}}'),(98,1,'{\"17\":{\"id\":\"17\",\"name\":\"la-baigneuse\",\"category\":\"accueil\",\"brand\":\"nicolai\",\"variant\":false,\"type\":\"typical\",\"position\":\"0\",\"quantity\":1,\"list\":\"cart\",\"url\":\"\",\"price\":4000}}'),(108,1,'{\"68\":{\"id\":\"68\",\"name\":\"fighting-american\",\"category\":\"accueil\",\"brand\":\"jerome-fraignac\",\"variant\":false,\"type\":\"typical\",\"position\":\"0\",\"quantity\":-1,\"list\":\"cart\",\"url\":\"https%3A%2F%2Fwww.artop.com%2Faccueil%2F68-fighting-american.html\",\"price\":2800},\"69\":{\"id\":\"69\",\"name\":\"eperdument\",\"category\":\"accueil\",\"brand\":\"jerome-fraignac\",\"variant\":false,\"type\":\"typical\",\"position\":\"0\",\"quantity\":-1,\"list\":\"cart\",\"url\":\"https%3A%2F%2Fwww.artop.com%2Faccueil%2F69-eperdument.html\",\"price\":2800}}'),(111,1,'{\"125\":{\"id\":\"125\",\"name\":\"check-point\",\"category\":\"peintures\",\"brand\":\"regis-rizzo\",\"variant\":false,\"type\":\"typical\",\"position\":\"0\",\"quantity\":1,\"list\":\"cart\",\"url\":\"\",\"price\":4000}}'),(113,1,'{\"68\":{\"id\":\"68\",\"name\":\"fighting-american\",\"category\":\"accueil\",\"brand\":\"jerome-fraignac\",\"variant\":false,\"type\":\"typical\",\"position\":\"0\",\"quantity\":3,\"list\":\"ajaxCart\",\"url\":\"\",\"price\":2800},\"69\":{\"id\":\"69\",\"name\":\"eperdument\",\"category\":\"accueil\",\"brand\":\"jerome-fraignac\",\"variant\":false,\"type\":\"typical\",\"position\":\"0\",\"quantity\":2,\"list\":\"ajaxCart\",\"url\":\"\",\"price\":2800}}'),(118,1,'{\"86\":{\"id\":\"86\",\"name\":\"monyalos-jaune\",\"category\":\"accueil\",\"brand\":\"sebastien-creteur\",\"variant\":false,\"type\":\"typical\",\"position\":\"0\",\"quantity\":1,\"list\":\"cart\",\"url\":\"\",\"price\":380}}'),(119,1,'{\"73\":{\"id\":\"73\",\"name\":\"singing-girl\",\"category\":\"accueil\",\"brand\":\"benjamin-spark\",\"variant\":false,\"type\":\"typical\",\"position\":\"0\",\"quantity\":1,\"list\":\"cart\",\"url\":\"\",\"price\":0}}'),(122,1,'{\"2\":{\"id\":\"2\",\"name\":\"street-art-all-over\",\"category\":\"peintures\",\"brand\":\"benjamin-spark\",\"variant\":false,\"type\":\"typical\",\"position\":\"0\",\"quantity\":1,\"list\":\"cart\",\"url\":\"\",\"price\":0}}'),(126,1,'{\"17\":{\"id\":\"17\",\"name\":\"la-baigneuse\",\"category\":\"accueil\",\"brand\":\"nicolai\",\"variant\":false,\"type\":\"typical\",\"position\":\"0\",\"quantity\":1,\"list\":\"cart\",\"url\":\"\",\"price\":4000}}'),(140,1,'{\"2\":{\"id\":\"2\",\"name\":\"street-art-all-over\",\"category\":\"peintures\",\"brand\":\"benjamin-spark\",\"variant\":false,\"type\":\"typical\",\"position\":\"0\",\"quantity\":2,\"list\":\"ajaxCart\",\"url\":\"\",\"price\":0},\"4\":{\"id\":\"4\",\"name\":\"achromatopsie\",\"category\":\"galerie-peintures-street-art\",\"brand\":\"vast\",\"variant\":false,\"type\":\"typical\",\"position\":\"0\",\"quantity\":1,\"list\":\"ajaxCart\",\"url\":\"\",\"price\":1400}}'),(141,1,'{\"2\":{\"id\":\"2\",\"name\":\"street-art-all-over\",\"category\":\"peintures\",\"brand\":\"benjamin-spark\",\"variant\":false,\"type\":\"typical\",\"position\":\"0\",\"quantity\":1,\"list\":\"cart\",\"url\":\"\",\"price\":0}}'),(147,1,'{\"35\":{\"id\":\"35\",\"name\":\"mickey-mouse-artiste\",\"category\":\"peintures\",\"brand\":\"jean-michel-gnidzaz\",\"variant\":false,\"type\":\"typical\",\"position\":\"0\",\"quantity\":1,\"list\":\"ajaxCart\",\"url\":\"\",\"price\":3700}}'),(150,1,'{\"74\":{\"id\":\"74\",\"name\":\"boy-on-roof\",\"category\":\"accueil\",\"brand\":\"benjamin-spark\",\"variant\":false,\"type\":\"typical\",\"position\":\"0\",\"quantity\":1,\"list\":\"cart\",\"url\":\"\",\"price\":0}}'),(161,1,'{\"166\":{\"id\":\"166\",\"name\":\"outside-sete\",\"category\":\"photo-couleurs\",\"brand\":\"anne-eliayan-christian-pic\",\"variant\":false,\"type\":\"typical\",\"position\":\"0\",\"quantity\":1,\"list\":\"cart\",\"url\":\"\",\"price\":3000}}'),(162,1,'{\"166\":{\"id\":\"166\",\"name\":\"outside-sete\",\"category\":\"photo-couleurs\",\"brand\":\"anne-eliayan-christian-pic\",\"variant\":false,\"type\":\"typical\",\"position\":\"0\",\"quantity\":1,\"list\":\"cart\",\"url\":\"\",\"price\":3000}}'),(163,1,'{\"118\":{\"id\":\"118\",\"name\":\"albert-einstein\",\"category\":\"peinture\",\"brand\":\"jean-michel-gnidzaz\",\"variant\":false,\"type\":\"typical\",\"position\":\"0\",\"quantity\":1,\"list\":\"cart\",\"url\":\"\",\"price\":2800}}'),(164,1,'{\"118\":{\"id\":\"118\",\"name\":\"albert-einstein\",\"category\":\"peinture\",\"brand\":\"jean-michel-gnidzaz\",\"variant\":false,\"type\":\"typical\",\"position\":\"0\",\"quantity\":1,\"list\":\"cart\",\"url\":\"\",\"price\":2800}}'),(166,1,'{\"2\":{\"id\":\"2\",\"name\":\"street-art-all-over\",\"category\":\"peinture\",\"brand\":\"benjamin-spark\",\"variant\":false,\"type\":\"typical\",\"position\":\"0\",\"quantity\":2,\"list\":\"ajaxCart\",\"url\":\"\",\"price\":0}}'),(169,1,'{\"2\":{\"id\":\"2\",\"name\":\"street-art-all-over\",\"category\":\"peinture\",\"brand\":\"benjamin-spark\",\"variant\":false,\"type\":\"typical\",\"position\":\"0\",\"quantity\":1,\"list\":\"cart\",\"url\":\"\",\"price\":0}}'),(173,1,'{\"169\":{\"id\":\"169\",\"name\":\"morsures-dans-le-decor\",\"category\":\"accueil\",\"brand\":\"anne-eliayan-christian-pic\",\"variant\":false,\"type\":\"typical\",\"position\":\"0\",\"quantity\":1,\"list\":\"cart\",\"url\":\"\",\"price\":800}}'),(178,1,'{\"73\":{\"id\":\"73\",\"name\":\"singing-girl\",\"category\":\"accueil\",\"brand\":\"benjamin-spark\",\"variant\":false,\"type\":\"typical\",\"position\":\"0\",\"quantity\":1,\"list\":\"cart\",\"url\":\"\",\"price\":0}}'),(185,1,'{\"165\":{\"id\":\"165\",\"name\":\"early-marseille\",\"category\":\"photo-couleurs\",\"brand\":\"anne-eliayan-christian-pic\",\"variant\":false,\"type\":\"typical\",\"position\":\"0\",\"quantity\":1,\"list\":\"cart\",\"url\":\"\",\"price\":1000}}'),(189,1,'{\"2\":{\"id\":\"2\",\"name\":\"street-art-all-over\",\"category\":\"peinture\",\"brand\":\"benjamin-spark\",\"variant\":false,\"type\":\"typical\",\"position\":\"0\",\"quantity\":-1,\"list\":\"cart\",\"url\":\"https%3A%2F%2Fwww.artop.com%2Fpeinture%2F2-street-art-all-over.html\",\"price\":0},\"35\":{\"id\":\"35\",\"name\":\"mickey-mouse-artiste\",\"category\":\"peinture\",\"brand\":\"jean-michel-gnidzaz\",\"variant\":false,\"type\":\"typical\",\"position\":\"0\",\"quantity\":1,\"list\":\"ajaxCart\",\"url\":\"\",\"price\":3700}}'),(195,1,'{\"46\":{\"id\":\"46\",\"name\":\"summer-in-mallorca\",\"category\":\"peinture\",\"brand\":\"nicolai\",\"variant\":false,\"type\":\"typical\",\"position\":\"0\",\"quantity\":1,\"list\":\"cart\",\"url\":\"\",\"price\":5000},\"17\":{\"id\":\"17\",\"name\":\"la-baigneuse\",\"category\":\"accueil\",\"brand\":\"nicolai\",\"variant\":false,\"type\":\"typical\",\"position\":\"0\",\"quantity\":1,\"list\":\"cart\",\"url\":\"\",\"price\":4000}}'),(196,1,'{\"84\":{\"id\":\"84\",\"name\":\"12-hours-after-to-make-him-love-me\",\"category\":\"peinture\",\"brand\":\"johanne-8\",\"variant\":false,\"type\":\"typical\",\"position\":\"0\",\"quantity\":1,\"list\":\"cart\",\"url\":\"\",\"price\":4600}}'),(199,1,'{\"154\":{\"id\":\"154\",\"name\":\"monyalos-vert-reflex\",\"category\":\"accueil\",\"brand\":\"sebastien-creteur\",\"variant\":false,\"type\":\"typical\",\"position\":\"0\",\"quantity\":1,\"list\":\"cart\",\"url\":\"\",\"price\":380}}'),(200,1,'{\"2\":{\"id\":\"2\",\"name\":\"street-art-all-over\",\"category\":\"peinture\",\"brand\":\"benjamin-spark\",\"variant\":false,\"type\":\"typical\",\"position\":\"0\",\"quantity\":1,\"list\":\"cart\",\"url\":\"\",\"price\":0}}'),(205,1,'{\"91\":{\"id\":\"91\",\"name\":\"vanite-contemporaine\",\"category\":\"peinture\",\"brand\":\"stan\",\"variant\":false,\"type\":\"typical\",\"position\":\"0\",\"quantity\":1,\"list\":\"cart\",\"url\":\"\",\"price\":3600}}'),(212,1,'{\"167\":{\"id\":\"167\",\"name\":\"la-croisiere\",\"category\":\"photo-couleurs\",\"brand\":\"anne-eliayan-christian-pic\",\"variant\":false,\"type\":\"typical\",\"position\":\"0\",\"quantity\":1,\"list\":\"cart\",\"url\":\"\",\"price\":450}}'),(222,1,'{\"164\":{\"id\":\"164\",\"name\":\"la-bas-syracuse-l-aube\",\"category\":\"photo-couleurs\",\"brand\":\"anne-eliayan-christian-pic\",\"variant\":false,\"type\":\"typical\",\"position\":\"0\",\"quantity\":1,\"list\":\"cart\",\"url\":\"\",\"price\":3000}}'),(223,1,'{\"174\":{\"id\":\"174\",\"name\":\"etrange-cafete\",\"category\":\"accueil\",\"brand\":\"anne-eliayan-christian-pic\",\"variant\":false,\"type\":\"typical\",\"position\":\"0\",\"quantity\":2,\"list\":\"cart\",\"url\":\"\",\"price\":2000},\"2\":{\"id\":\"2\",\"name\":\"street-art-all-over\",\"category\":\"peinture\",\"brand\":\"benjamin-spark\",\"variant\":false,\"type\":\"typical\",\"position\":\"0\",\"quantity\":2,\"list\":\"cart\",\"url\":\"\",\"price\":0},\"192\":{\"id\":\"192\",\"name\":\"alain-delon\",\"category\":\"peinture\",\"brand\":\"pola-40\",\"variant\":false,\"type\":\"typical\",\"position\":\"0\",\"quantity\":2,\"list\":\"cart\",\"url\":\"\",\"price\":1400}}'),(224,1,'{\"91\":{\"id\":\"91\",\"name\":\"vanite-contemporaine\",\"category\":\"peinture\",\"brand\":\"stan\",\"variant\":false,\"type\":\"typical\",\"position\":\"0\",\"quantity\":1,\"list\":\"cart\",\"url\":\"\",\"price\":3600}}'),(225,1,'{\"154\":{\"id\":\"154\",\"name\":\"monyalos-vert-reflex\",\"category\":\"accueil\",\"brand\":\"sebastien-creteur\",\"variant\":false,\"type\":\"typical\",\"position\":\"0\",\"quantity\":1,\"list\":\"cart\",\"url\":\"\",\"price\":380}}'),(231,1,'{\"115\":{\"id\":\"115\",\"name\":\"mona-lisa\",\"category\":\"peinture\",\"brand\":\"jean-michel-gnidzaz\",\"variant\":false,\"type\":\"typical\",\"position\":\"0\",\"quantity\":1,\"list\":\"cart\",\"url\":\"\",\"price\":3800}}'),(272,1,'{\"133\":{\"id\":\"133\",\"name\":\"liberation\",\"category\":\"accueil\",\"brand\":\"jerome-fraignac\",\"variant\":false,\"type\":\"typical\",\"position\":\"0\",\"quantity\":2,\"list\":\"cart\",\"url\":\"\",\"price\":2800}}'),(304,1,'{\"69\":{\"id\":\"69\",\"name\":\"eperdument\",\"category\":\"accueil\",\"brand\":\"jerome-fraignac\",\"variant\":false,\"type\":\"typical\",\"position\":\"0\",\"quantity\":1,\"list\":\"cart\",\"url\":\"\",\"price\":2800}}'),(329,1,'{\"179\":{\"id\":\"179\",\"name\":\"est-ce-une-saison-ou-pesent-les-serments-\",\"category\":\"accueil\",\"brand\":\"anne-eliayan-christian-pic\",\"variant\":false,\"type\":\"typical\",\"position\":\"0\",\"quantity\":1,\"list\":\"cart\",\"url\":\"\",\"price\":500},\"167\":{\"id\":\"167\",\"name\":\"la-croisiere\",\"category\":\"photo-couleurs\",\"brand\":\"anne-eliayan-christian-pic\",\"variant\":false,\"type\":\"typical\",\"position\":\"0\",\"quantity\":1,\"list\":\"cart\",\"url\":\"\",\"price\":450},\"172\":{\"id\":\"172\",\"name\":\"lost-in-museum\",\"category\":\"accueil\",\"brand\":\"anne-eliayan-christian-pic\",\"variant\":false,\"type\":\"typical\",\"position\":\"0\",\"quantity\":1,\"list\":\"cart\",\"url\":\"\",\"price\":1200}}'),(335,1,'{\"160\":{\"id\":\"160\",\"name\":\"life-as-a-long-cruise-small-world\",\"category\":\"accueil\",\"brand\":\"anne-eliayan-christian-pic\",\"variant\":false,\"type\":\"typical\",\"position\":\"0\",\"quantity\":1,\"list\":\"cart\",\"url\":\"\",\"price\":2000}}'),(395,1,'{\"171\":{\"id\":\"171\",\"name\":\"danseuse\",\"category\":\"accueil\",\"brand\":\"anne-eliayan-christian-pic\",\"variant\":false,\"type\":\"typical\",\"position\":\"0\",\"quantity\":1,\"list\":\"cart\",\"url\":\"\",\"price\":1000}}'),(461,1,'{\"138\":{\"id\":\"138\",\"name\":\"bis-loft\",\"category\":\"accueil\",\"brand\":\"cedrix-crespel\",\"variant\":false,\"type\":\"typical\",\"position\":\"0\",\"quantity\":2,\"list\":\"cart\",\"url\":\"\",\"price\":5000}}'),(500,1,'{\"35\":{\"id\":\"35\",\"name\":\"mickey-mouse-artiste\",\"category\":\"peinture\",\"brand\":\"jean-michel-gnidzaz\",\"variant\":false,\"type\":\"typical\",\"position\":\"0\",\"quantity\":1,\"list\":\"cart\",\"url\":\"\",\"price\":3900}}'),(526,1,'{\"180\":{\"id\":\"180\",\"name\":\"en-equilibre\",\"category\":\"photo-couleurs\",\"brand\":\"anne-eliayan-christian-pic\",\"variant\":false,\"type\":\"typical\",\"position\":\"0\",\"quantity\":1,\"list\":\"cart\",\"url\":\"\",\"price\":1000}}'),(575,1,'{\"160\":{\"id\":\"160\",\"name\":\"life-as-a-long-cruise-small-world\",\"category\":\"accueil\",\"brand\":\"anne-eliayan-christian-pic\",\"variant\":false,\"type\":\"typical\",\"position\":\"0\",\"quantity\":1,\"list\":\"cart\",\"url\":\"\",\"price\":2000}}'),(580,1,'{\"160\":{\"id\":\"160\",\"name\":\"life-as-a-long-cruise-small-world\",\"category\":\"accueil\",\"brand\":\"anne-eliayan-christian-pic\",\"variant\":false,\"type\":\"typical\",\"position\":\"0\",\"quantity\":1,\"list\":\"cart\",\"url\":\"\",\"price\":2000}}'),(581,1,'{\"160\":{\"id\":\"160\",\"name\":\"life-as-a-long-cruise-small-world\",\"category\":\"accueil\",\"brand\":\"anne-eliayan-christian-pic\",\"variant\":false,\"type\":\"typical\",\"position\":\"0\",\"quantity\":1,\"list\":\"cart\",\"url\":\"\",\"price\":2000}}'),(582,1,'{\"74\":{\"id\":\"74\",\"name\":\"boy-on-roof\",\"category\":\"accueil\",\"brand\":\"benjamin-spark\",\"variant\":false,\"type\":\"typical\",\"position\":\"0\",\"quantity\":1,\"list\":\"cart\",\"url\":\"\",\"price\":0}}'),(606,1,'{\"74\":{\"id\":\"74\",\"name\":\"boy-on-roof\",\"category\":\"accueil\",\"brand\":\"benjamin-spark\",\"variant\":false,\"type\":\"typical\",\"position\":\"0\",\"quantity\":-1,\"list\":\"cart\",\"url\":\"https%3A%2F%2Fwww.artop.com%2Faccueil%2F74-boy-on-roof.html\",\"price\":0}}'),(614,1,'{\"176\":{\"id\":\"176\",\"name\":\"velo-en-cage\",\"category\":\"accueil\",\"brand\":\"anne-eliayan-christian-pic\",\"variant\":false,\"type\":\"typical\",\"position\":\"0\",\"quantity\":1,\"list\":\"cart\",\"url\":\"\",\"price\":1250}}'),(664,1,'{\"78\":{\"id\":\"78\",\"name\":\"sparking-light\",\"category\":\"peinture\",\"brand\":\"pola-40\",\"variant\":false,\"type\":\"typical\",\"position\":\"0\",\"quantity\":1,\"list\":\"cart\",\"url\":\"\",\"price\":1100}}'),(692,1,'{\"80\":{\"id\":\"80\",\"name\":\"follow-the-magic\",\"category\":\"peinture\",\"brand\":\"pola-40\",\"variant\":false,\"type\":\"typical\",\"position\":\"0\",\"quantity\":1,\"list\":\"cart\",\"url\":\"\",\"price\":1100},\"20\":{\"id\":\"20\",\"name\":\"ariane-abandonnee\",\"category\":\"peinture\",\"brand\":\"nicolai\",\"variant\":false,\"type\":\"typical\",\"position\":\"0\",\"quantity\":1,\"list\":\"cart\",\"url\":\"\",\"price\":1700}}'),(736,1,'{\"71\":{\"id\":\"71\",\"name\":\"red-spider\",\"category\":\"peinture\",\"brand\":\"benjamin-spark\",\"variant\":false,\"type\":\"typical\",\"position\":\"0\",\"quantity\":1,\"list\":\"cart\",\"url\":\"\",\"price\":0}}'),(738,1,'{\"17\":{\"id\":\"17\",\"name\":\"la-baigneuse\",\"category\":\"accueil\",\"brand\":\"nicolai\",\"variant\":false,\"type\":\"typical\",\"position\":\"0\",\"quantity\":1,\"list\":\"cart\",\"url\":\"\",\"price\":4000}}'),(754,1,'{\"180\":{\"id\":\"180\",\"name\":\"en-equilibre\",\"category\":\"photo-couleurs\",\"brand\":\"anne-eliayan-christian-pic\",\"variant\":false,\"type\":\"typical\",\"position\":\"0\",\"quantity\":1,\"list\":\"cart\",\"url\":\"\",\"price\":1000}}'),(1150,1,'{\"2\":{\"id\":\"2\",\"name\":\"street-art-all-over\",\"category\":\"peinture\",\"brand\":\"benjamin-spark\",\"variant\":false,\"type\":\"typical\",\"position\":\"0\",\"quantity\":1,\"list\":\"cart\",\"url\":\"\",\"price\":0}}'),(1163,1,'{\"2\":{\"id\":\"2\",\"name\":\"street-art-all-over\",\"category\":\"peinture\",\"brand\":\"benjamin-spark\",\"variant\":false,\"type\":\"typical\",\"position\":\"0\",\"quantity\":1,\"list\":\"cart\",\"url\":\"\",\"price\":0}}'),(1165,1,'{\"4\":{\"id\":\"4\",\"name\":\"achromatopsie\",\"category\":\"galerie-peintures-street-art\",\"brand\":\"vast\",\"variant\":false,\"type\":\"typical\",\"position\":\"0\",\"quantity\":1,\"list\":\"cart\",\"url\":\"\",\"price\":1400}}'),(1180,1,'{\"2\":{\"id\":\"2\",\"name\":\"street-art-all-over\",\"category\":\"peinture\",\"brand\":\"benjamin-spark\",\"variant\":false,\"type\":\"typical\",\"position\":\"0\",\"quantity\":1,\"list\":\"cart\",\"url\":\"\",\"price\":0}}'),(1474,1,'{\"153\":{\"id\":\"153\",\"name\":\"monyalos-jaune-primaire\",\"category\":\"accueil\",\"brand\":\"sebastien-creteur\",\"variant\":false,\"type\":\"typical\",\"position\":\"0\",\"quantity\":1,\"list\":\"cart\",\"url\":\"\",\"price\":380}}'),(1661,1,'{\"91\":{\"id\":\"91\",\"name\":\"vanite-contemporaine\",\"category\":\"peinture\",\"brand\":\"stan\",\"variant\":false,\"type\":\"typical\",\"position\":\"0\",\"quantity\":1,\"list\":\"cart\",\"url\":\"\",\"price\":3600}}'),(1692,1,'{\"34\":{\"id\":\"34\",\"name\":\"very-very-old\",\"category\":\"peinture\",\"brand\":\"jean-michel-gnidzaz\",\"variant\":false,\"type\":\"typical\",\"position\":\"0\",\"quantity\":1,\"list\":\"cart\",\"url\":\"\",\"price\":3000},\"210\":{\"id\":\"210\",\"name\":\"magic-queen-210004\",\"category\":\"peinture\",\"brand\":\"pola-40\",\"variant\":false,\"type\":\"typical\",\"position\":\"0\",\"quantity\":1,\"list\":\"cart\",\"url\":\"\",\"price\":4900},\"2\":{\"id\":\"2\",\"name\":\"street-art-all-over\",\"category\":\"peinture\",\"brand\":\"benjamin-spark\",\"variant\":false,\"type\":\"typical\",\"position\":\"0\",\"quantity\":1,\"list\":\"cart\",\"url\":\"\",\"price\":0}}'),(1723,1,'{\"68\":{\"id\":\"68\",\"name\":\"fighting-american\",\"category\":\"accueil\",\"brand\":\"jerome-fraignac\",\"variant\":false,\"type\":\"typical\",\"position\":\"0\",\"quantity\":1,\"list\":\"cart\",\"url\":\"\",\"price\":2800}}'),(1773,1,'{\"4\":{\"id\":\"4\",\"name\":\"achromatopsie\",\"category\":\"galerie-peintures-street-art\",\"brand\":\"vast\",\"variant\":false,\"type\":\"typical\",\"position\":\"0\",\"quantity\":1,\"list\":\"cart\",\"url\":\"\",\"price\":1400}}'),(1775,1,'{\"2\":{\"id\":\"2\",\"name\":\"street-art-all-over\",\"category\":\"peinture\",\"brand\":\"benjamin-spark\",\"variant\":false,\"type\":\"typical\",\"position\":\"0\",\"quantity\":1,\"list\":\"cart\",\"url\":\"\",\"price\":0}}'),(1781,1,'{\"195\":{\"id\":\"195\",\"name\":\"quality-street\",\"category\":\"peinture\",\"brand\":\"speedy-graphito\",\"variant\":false,\"type\":\"typical\",\"position\":\"0\",\"quantity\":1,\"list\":\"cart\",\"url\":\"\",\"price\":18500}}'),(1783,1,'{\"113\":{\"id\":\"113\",\"name\":\"naissance-de-venus\",\"category\":\"peinture\",\"brand\":\"jean-michel-gnidzaz\",\"variant\":false,\"type\":\"typical\",\"position\":\"0\",\"quantity\":1,\"list\":\"cart\",\"url\":\"\",\"price\":3600}}'),(1848,1,'{\"80\":{\"id\":\"80\",\"name\":\"follow-the-magic\",\"category\":\"peinture\",\"brand\":\"pola-40\",\"variant\":false,\"type\":\"typical\",\"position\":\"0\",\"quantity\":2,\"list\":\"ajaxCart\",\"url\":\"\",\"price\":1500}}'),(1931,1,'{\"159\":{\"id\":\"159\",\"name\":\"voile-de-fragile-lumiere\",\"category\":\"photo-couleurs\",\"brand\":\"anne-eliayan-christian-pic\",\"variant\":false,\"type\":\"typical\",\"position\":\"0\",\"quantity\":1,\"list\":\"cart\",\"url\":\"\",\"price\":2600}}'),(2026,1,'{\"160\":{\"id\":\"160\",\"name\":\"life-as-a-long-cruise-small-world\",\"category\":\"accueil\",\"brand\":\"anne-eliayan-christian-pic\",\"variant\":false,\"type\":\"typical\",\"position\":\"0\",\"quantity\":1,\"list\":\"cart\",\"url\":\"\",\"price\":2000}}'),(2079,1,'{\"196\":{\"id\":\"196\",\"name\":\"my-romantic-adventures\",\"category\":\"peinture\",\"brand\":\"johanne-8\",\"variant\":false,\"type\":\"typical\",\"position\":\"0\",\"quantity\":1,\"list\":\"cart\",\"url\":\"\",\"price\":6500}}'),(2123,1,'{\"109\":{\"id\":\"109\",\"name\":\"beige-infini\",\"category\":\"peinture\",\"brand\":\"thomas-danel\",\"variant\":false,\"type\":\"typical\",\"position\":\"0\",\"quantity\":1,\"list\":\"cart\",\"url\":\"\",\"price\":2000}}'),(2397,1,'{\"84\":{\"id\":\"84\",\"name\":\"12-hours-to-make-him-love-me\",\"category\":\"peinture\",\"brand\":\"johanne-8\",\"variant\":false,\"type\":\"typical\",\"position\":\"0\",\"quantity\":1,\"list\":\"cart\",\"url\":\"\",\"price\":4600}}'),(2426,1,'{\"187\":{\"id\":\"187\",\"name\":\"women-by-the-sea-2\",\"category\":\"peinture\",\"brand\":\"nicolai\",\"variant\":false,\"type\":\"typical\",\"position\":\"0\",\"quantity\":1,\"list\":\"cart\",\"url\":\"\",\"price\":1000}}'),(2710,1,'{\"191\":{\"id\":\"191\",\"name\":\"bardot\",\"category\":\"peinture\",\"brand\":\"pola-40\",\"variant\":false,\"type\":\"typical\",\"position\":\"0\",\"quantity\":1,\"list\":\"cart\",\"url\":\"\",\"price\":2400}}'),(2781,1,'{\"35\":{\"id\":\"35\",\"name\":\"mickey-mouse-artiste\",\"category\":\"peinture\",\"brand\":\"jean-michel-gnidzaz\",\"variant\":false,\"type\":\"typical\",\"position\":\"0\",\"quantity\":1,\"list\":\"cart\",\"url\":\"\",\"price\":3900}}'),(2913,1,'{\"68\":{\"id\":\"68\",\"name\":\"fighting-american\",\"category\":\"accueil\",\"brand\":\"jerome-fraignac\",\"variant\":false,\"type\":\"typical\",\"position\":\"0\",\"quantity\":1,\"list\":\"cart\",\"url\":\"\",\"price\":2800}}'),(3308,1,'{\"152\":{\"id\":\"152\",\"name\":\"monyalos-blanc-de-zinc\",\"category\":\"accueil\",\"brand\":\"sebastien-creteur\",\"variant\":false,\"type\":\"typical\",\"position\":\"0\",\"quantity\":1,\"list\":\"cart\",\"url\":\"\",\"price\":380}}'),(3966,1,'{\"222\":{\"id\":\"222\",\"name\":\"fragrance-of-heroes\",\"category\":\"peinture\",\"brand\":\"speedy-graphito\",\"variant\":false,\"type\":\"typical\",\"position\":\"0\",\"quantity\":1,\"list\":\"cart\",\"url\":\"\",\"price\":34000}}'),(4363,1,'{\"2\":{\"id\":\"2\",\"name\":\"street-art-all-over\",\"category\":\"peinture\",\"brand\":\"benjamin-spark\",\"variant\":false,\"type\":\"typical\",\"position\":\"0\",\"quantity\":1,\"list\":\"ajaxCart\",\"url\":\"\",\"price\":7300}}'),(4528,1,'{\"141\":{\"id\":\"141\",\"name\":\"le-songe-du-tigre\",\"category\":\"peinture\",\"brand\":\"caroline-maurel\",\"variant\":false,\"type\":\"typical\",\"position\":\"0\",\"quantity\":1,\"list\":\"cart\",\"url\":\"\",\"price\":2000}}'),(4620,1,'{\"69\":{\"id\":\"69\",\"name\":\"eperdument\",\"category\":\"accueil\",\"brand\":\"jerome-fraignac\",\"variant\":false,\"type\":\"typical\",\"position\":\"0\",\"quantity\":1,\"list\":\"cart\",\"url\":\"\",\"price\":2800}}'),(4622,1,'{\"224\":{\"id\":\"224\",\"name\":\"batman-et-la-rousse\",\"category\":\"galerie-peinture-pop-art\",\"brand\":\"jerome-fraignac\",\"variant\":false,\"type\":\"typical\",\"position\":\"0\",\"quantity\":1,\"list\":\"cart\",\"url\":\"\",\"price\":2300}}'),(4663,1,'{\"227\":{\"id\":\"227\",\"name\":\"une-ile-le-pont-n21-30\",\"category\":\"photo-couleurs\",\"brand\":\"anne-eliayan-christian-pic\",\"variant\":false,\"type\":\"typical\",\"position\":\"0\",\"quantity\":1,\"list\":\"cart\",\"url\":\"\",\"price\":1450}}'),(4988,1,'{\"153\":{\"id\":\"153\",\"name\":\"monyalos-jaune-primaire-n2-8\",\"category\":\"accueil\",\"brand\":\"sebastien-creteur\",\"variant\":false,\"type\":\"typical\",\"position\":\"0\",\"quantity\":1,\"list\":\"cart\",\"url\":\"\",\"price\":380}}'),(5061,1,'{\"40\":{\"id\":\"40\",\"name\":\"jeux-d-eau\",\"category\":\"peinture\",\"brand\":\"nicolai\",\"variant\":false,\"type\":\"typical\",\"position\":\"0\",\"quantity\":1,\"list\":\"cart\",\"url\":\"\",\"price\":1600}}'),(5097,1,'{\"2\":{\"id\":\"2\",\"name\":\"street-art-all-over\",\"category\":\"peinture\",\"brand\":\"benjamin-spark\",\"variant\":false,\"type\":\"typical\",\"position\":\"0\",\"quantity\":1,\"list\":\"cart\",\"url\":\"\",\"price\":7300},\"166\":{\"id\":\"166\",\"name\":\"outside-sete\",\"category\":\"photo-couleurs\",\"brand\":\"anne-eliayan-christian-pic\",\"variant\":false,\"type\":\"typical\",\"position\":\"0\",\"quantity\":1,\"list\":\"cart\",\"url\":\"\",\"price\":1700}}'),(5222,1,'{\"149\":{\"id\":\"149\",\"name\":\"monyalos-rouge-carmin-naphtol-n1-8\",\"category\":\"accueil\",\"brand\":\"sebastien-creteur\",\"variant\":false,\"type\":\"typical\",\"position\":\"0\",\"quantity\":1,\"list\":\"cart\",\"url\":\"\",\"price\":380}}'),(5347,1,'{\"197\":{\"id\":\"197\",\"name\":\"andy-warhol-et-basquiat-1900056-n18-50\",\"category\":\"galerie-peinture-pop-art\",\"brand\":\"pola-40\",\"variant\":false,\"type\":\"typical\",\"position\":\"0\",\"quantity\":1,\"list\":\"cart\",\"url\":\"\",\"price\":380}}'),(5607,1,'{\"17\":{\"id\":\"17\",\"name\":\"la-baigneuse\",\"category\":\"accueil\",\"brand\":\"nicolai\",\"variant\":false,\"type\":\"typical\",\"position\":\"0\",\"quantity\":1,\"list\":\"cart\",\"url\":\"\",\"price\":4000}}'),(5688,1,'{\"200\":{\"id\":\"200\",\"name\":\"oksana-190007e-n12-50\",\"category\":\"galerie-peinture-pop-art\",\"brand\":\"pola-40\",\"variant\":false,\"type\":\"typical\",\"position\":\"0\",\"quantity\":1,\"list\":\"cart\",\"url\":\"\",\"price\":380},\"241\":{\"id\":\"241\",\"name\":\"vases-et-pot-n5\",\"category\":\"peinture\",\"brand\":\"francoise-danel\",\"variant\":false,\"type\":\"typical\",\"position\":\"0\",\"quantity\":1,\"list\":\"ajaxCart\",\"url\":\"\",\"price\":350},\"136\":{\"id\":\"136\",\"name\":\"femmes-fleurs\",\"category\":\"peinture\",\"brand\":\"francoise-danel\",\"variant\":false,\"type\":\"typical\",\"position\":\"0\",\"quantity\":1,\"list\":\"ajaxCart\",\"url\":\"\",\"price\":5300}}'),(5770,1,'{\"286\":{\"id\":\"286\",\"name\":\"la-rousse-new-3\",\"category\":\"peinture\",\"brand\":\"benjamin-spark\",\"variant\":false,\"type\":\"typical\",\"position\":\"0\",\"quantity\":1,\"list\":\"cart\",\"url\":\"\",\"price\":5500}}'),(5843,1,'{\"71\":{\"id\":\"71\",\"name\":\"lara-c16\",\"category\":\"peinture\",\"brand\":\"benjamin-spark\",\"variant\":false,\"type\":\"typical\",\"position\":\"0\",\"quantity\":1,\"list\":\"cart\",\"url\":\"\",\"price\":8900}}'),(6385,1,'{\"305\":{\"id\":\"305\",\"name\":\"abstrait-sans-titre-7\",\"category\":\"peinture\",\"brand\":\"leo-galamez\",\"variant\":false,\"type\":\"typical\",\"position\":\"0\",\"quantity\":1,\"list\":\"cart\",\"url\":\"\",\"price\":2500}}'),(7200,1,'{\"284\":{\"id\":\"284\",\"name\":\"spiderman-c12\",\"category\":\"peinture\",\"brand\":\"benjamin-spark\",\"variant\":false,\"type\":\"typical\",\"position\":\"0\",\"quantity\":1,\"list\":\"cart\",\"url\":\"\",\"price\":8900}}'),(7302,1,'{\"261\":{\"id\":\"261\",\"name\":\"bardot-190004e-n3-50\",\"category\":\"galerie-peinture-pop-art\",\"brand\":\"pola-40\",\"variant\":false,\"type\":\"typical\",\"position\":\"0\",\"quantity\":1,\"list\":\"cart\",\"url\":\"\",\"price\":380}}'),(7304,1,'{\"211\":{\"id\":\"211\",\"name\":\"be-iconic-20003\",\"category\":\"peinture\",\"brand\":\"pola-40\",\"variant\":false,\"type\":\"typical\",\"position\":\"0\",\"quantity\":1,\"list\":\"cart\",\"url\":\"\",\"price\":6900}}'),(7530,1,'{\"2\":{\"id\":\"2\",\"name\":\"street-art-all-over\",\"category\":\"peinture\",\"brand\":\"benjamin-spark\",\"variant\":false,\"type\":\"typical\",\"position\":\"0\",\"quantity\":1,\"list\":\"cart\",\"url\":\"\",\"price\":7300}}'),(8065,1,'{\"200\":{\"id\":\"200\",\"name\":\"oksana-190007e-n12-50\",\"category\":\"galerie-peinture-pop-art\",\"brand\":\"pola-40\",\"variant\":false,\"type\":\"typical\",\"position\":\"0\",\"quantity\":1,\"list\":\"cart\",\"url\":\"\",\"price\":380}}'),(8300,1,'{\"304\":{\"id\":\"304\",\"name\":\"abstrait-sans-titre-1\",\"category\":\"peinture\",\"brand\":\"leo-galamez\",\"variant\":false,\"type\":\"typical\",\"position\":\"0\",\"quantity\":1,\"list\":\"cart\",\"url\":\"\",\"price\":1500},\"299\":{\"id\":\"299\",\"name\":\"abstrait-sans-titre-2\",\"category\":\"peinture\",\"brand\":\"leo-galamez\",\"variant\":false,\"type\":\"typical\",\"position\":\"0\",\"quantity\":1,\"list\":\"cart\",\"url\":\"\",\"price\":1400}}'),(8671,1,'{\"159\":{\"id\":\"159\",\"name\":\"voile-de-fragile-lumiere-n3-3\",\"category\":\"photo-couleurs\",\"brand\":\"anne-eliayan-christian-pic\",\"variant\":false,\"type\":\"typical\",\"position\":\"0\",\"quantity\":1,\"list\":\"cart\",\"url\":\"\",\"price\":0}}'),(8967,1,'{\"277\":{\"id\":\"277\",\"name\":\"rivage-5\",\"category\":\"peinture\",\"brand\":\"regis-rizzo\",\"variant\":false,\"type\":\"typical\",\"position\":\"0\",\"quantity\":1,\"list\":\"cart\",\"url\":\"\",\"price\":1000}}'),(9312,1,'{\"2\":{\"id\":\"2\",\"name\":\"street-art-all-over\",\"category\":\"peinture\",\"brand\":\"benjamin-spark\",\"variant\":false,\"type\":\"typical\",\"position\":\"0\",\"quantity\":1,\"list\":\"ajaxCart\",\"url\":\"\",\"price\":7300}}'),(9889,1,'{\"319\":{\"id\":\"319\",\"name\":\"abstrait-sans-titre-13\",\"category\":\"peinture\",\"brand\":\"leo-galamez\",\"variant\":false,\"type\":\"typical\",\"position\":\"0\",\"quantity\":1,\"list\":\"cart\",\"url\":\"\",\"price\":6000}}'),(9907,1,'{\"222\":{\"id\":\"222\",\"name\":\"fragrance-of-heroes\",\"category\":\"peinture\",\"brand\":\"speedy-graphito\",\"variant\":false,\"type\":\"typical\",\"position\":\"0\",\"quantity\":2,\"list\":\"ajaxCart\",\"url\":\"\",\"price\":34000}}'),(10104,1,'{\"210\":{\"id\":\"210\",\"name\":\"magic-queen-210004\",\"category\":\"peinture\",\"brand\":\"pola-40\",\"variant\":false,\"type\":\"typical\",\"position\":\"0\",\"quantity\":1,\"list\":\"cart\",\"url\":\"\",\"price\":6900}}'),(10718,1,'{\"2\":{\"id\":\"2\",\"name\":\"street-art-all-over\",\"category\":\"peinture\",\"brand\":\"benjamin-spark\",\"variant\":false,\"type\":\"typical\",\"position\":\"0\",\"quantity\":1,\"list\":\"cart\",\"url\":\"\",\"price\":7300},\"285\":{\"id\":\"285\",\"name\":\"bad-girl-c18\",\"category\":\"peinture\",\"brand\":\"benjamin-spark\",\"variant\":false,\"type\":\"typical\",\"position\":\"0\",\"quantity\":2,\"list\":\"ajaxCart\",\"url\":\"\",\"price\":8900}}'),(11223,1,'{\"191\":{\"id\":\"191\",\"name\":\"bardot\",\"category\":\"peinture\",\"brand\":\"pola-40\",\"variant\":false,\"type\":\"typical\",\"position\":\"0\",\"quantity\":1,\"list\":\"cart\",\"url\":\"\",\"price\":2400}}'),(11224,1,'{\"191\":{\"id\":\"191\",\"name\":\"bardot\",\"category\":\"peinture\",\"brand\":\"pola-40\",\"variant\":false,\"type\":\"typical\",\"position\":\"0\",\"quantity\":1,\"list\":\"cart\",\"url\":\"\",\"price\":2400},\"2\":{\"id\":\"2\",\"name\":\"street-art-all-over\",\"category\":\"peinture\",\"brand\":\"benjamin-spark\",\"variant\":false,\"type\":\"typical\",\"position\":\"0\",\"quantity\":1,\"list\":\"ajaxCart\",\"url\":\"\",\"price\":7300}}'),(11315,1,'{\"228\":{\"id\":\"228\",\"name\":\"cauchem-art-plastique-vague-vague-n5-6\",\"category\":\"photo-couleurs\",\"brand\":\"anne-eliayan-christian-pic\",\"variant\":false,\"type\":\"typical\",\"position\":\"0\",\"quantity\":1,\"list\":\"cart\",\"url\":\"\",\"price\":900},\"218\":{\"id\":\"218\",\"name\":\"monyalos-rose-reflex-fuschia-n4-8\",\"category\":\"accueil\",\"brand\":\"sebastien-creteur\",\"variant\":false,\"type\":\"typical\",\"position\":\"0\",\"quantity\":1,\"list\":\"ajaxCart\",\"url\":\"\",\"price\":380}}'),(12544,1,'{\"323\":{\"id\":\"323\",\"name\":\"kate-1962521000141-n3-sur-3\",\"category\":\"galerie-peinture-pop-art\",\"brand\":\"pola-40\",\"variant\":false,\"type\":\"typical\",\"position\":\"0\",\"quantity\":1,\"list\":\"cart\",\"url\":\"\",\"price\":3500}}'),(12762,1,'{\"192\":{\"id\":\"192\",\"name\":\"alain-delon\",\"category\":\"peinture\",\"brand\":\"pola-40\",\"variant\":false,\"type\":\"typical\",\"position\":\"0\",\"quantity\":2,\"list\":\"cart\",\"url\":\"\",\"price\":2400}}'),(12795,1,'{\"191\":{\"id\":\"191\",\"name\":\"bardot\",\"category\":\"peinture\",\"brand\":\"pola-40\",\"variant\":false,\"type\":\"typical\",\"position\":\"0\",\"quantity\":1,\"list\":\"cart\",\"url\":\"\",\"price\":2400}}'),(12879,1,'{\"313\":{\"id\":\"313\",\"name\":\"la-jungle-d-henri-piece-unique\",\"category\":\"accueil\",\"brand\":\"sebastien-creteur\",\"variant\":false,\"type\":\"typical\",\"position\":\"0\",\"quantity\":1,\"list\":\"cart\",\"url\":\"\",\"price\":3000}}'),(12926,1,'{\"307\":{\"id\":\"307\",\"name\":\"abstrait-sans-titre-16\",\"category\":\"peinture\",\"brand\":\"leo-galamez\",\"variant\":false,\"type\":\"typical\",\"position\":\"0\",\"quantity\":1,\"list\":\"cart\",\"url\":\"\",\"price\":250}}'),(13007,1,'{\"97\":{\"id\":\"97\",\"name\":\"libre\",\"category\":\"peinture\",\"brand\":\"francoise-danel\",\"variant\":false,\"type\":\"typical\",\"position\":\"0\",\"quantity\":1,\"list\":\"cart\",\"url\":\"\",\"price\":4900}}'),(13022,1,'{\"192\":{\"id\":\"192\",\"name\":\"alain-delon\",\"category\":\"peinture\",\"brand\":\"pola-40\",\"variant\":false,\"type\":\"typical\",\"position\":\"0\",\"quantity\":3,\"list\":\"ajaxCart\",\"url\":\"\",\"price\":2400}}'),(13168,1,'{\"153\":{\"id\":\"153\",\"name\":\"monyalos-jaune-primaire-n2-8\",\"category\":\"accueil\",\"brand\":\"sebastien-creteur\",\"variant\":false,\"type\":\"typical\",\"position\":\"0\",\"quantity\":1,\"list\":\"cart\",\"url\":\"\",\"price\":380}}'),(13203,1,'{\"91\":{\"id\":\"91\",\"name\":\"vanite-contemporaine\",\"category\":\"peinture\",\"brand\":\"stan\",\"variant\":false,\"type\":\"typical\",\"position\":\"0\",\"quantity\":1,\"list\":\"cart\",\"url\":\"\",\"price\":3600}}'),(13204,1,'{\"298\":{\"id\":\"298\",\"name\":\"abstrait-sans-titre-9\",\"category\":\"peinture\",\"brand\":\"leo-galamez\",\"variant\":false,\"type\":\"typical\",\"position\":\"0\",\"quantity\":1,\"list\":\"cart\",\"url\":\"\",\"price\":400},\"149\":{\"id\":\"149\",\"name\":\"monyalos-rouge-carmin-naphtol-n1-8\",\"category\":\"accueil\",\"brand\":\"sebastien-creteur\",\"variant\":false,\"type\":\"typical\",\"position\":\"0\",\"quantity\":1,\"list\":\"cart\",\"url\":\"\",\"price\":380},\"71\":{\"id\":\"71\",\"name\":\"lara-c16\",\"category\":\"peinture\",\"brand\":\"benjamin-spark\",\"variant\":false,\"type\":\"typical\",\"position\":\"0\",\"quantity\":1,\"list\":\"cart\",\"url\":\"\",\"price\":8900}}'),(13261,1,'{\"193\":{\"id\":\"193\",\"name\":\"james-dean\",\"category\":\"peinture\",\"brand\":\"pola-40\",\"variant\":false,\"type\":\"typical\",\"position\":\"0\",\"quantity\":1,\"list\":\"cart\",\"url\":\"\",\"price\":2400}}'),(13359,1,'{\"222\":{\"id\":\"222\",\"name\":\"fragrance-of-heroes\",\"category\":\"peinture\",\"brand\":\"speedy-graphito\",\"variant\":false,\"type\":\"typical\",\"position\":\"0\",\"quantity\":1,\"list\":\"cart\",\"url\":\"\",\"price\":34000}}'),(13364,1,'{\"52\":{\"id\":\"52\",\"name\":\"un-bel-apres-midi\",\"category\":\"peinture\",\"brand\":\"nicolai\",\"variant\":false,\"type\":\"typical\",\"position\":\"0\",\"quantity\":1,\"list\":\"cart\",\"url\":\"\",\"price\":3000}}'),(13378,1,'{\"134\":{\"id\":\"134\",\"name\":\"le-monde\",\"category\":\"sculpture\",\"brand\":\"jerome-fraignac\",\"variant\":false,\"type\":\"typical\",\"position\":\"0\",\"quantity\":1,\"list\":\"cart\",\"url\":\"\",\"price\":2600}}'),(13379,1,'{\"134\":{\"id\":\"134\",\"name\":\"le-monde\",\"category\":\"sculpture\",\"brand\":\"jerome-fraignac\",\"variant\":false,\"type\":\"typical\",\"position\":\"0\",\"quantity\":1,\"list\":\"cart\",\"url\":\"\",\"price\":2600}}'),(13520,1,'{\"94\":{\"id\":\"94\",\"name\":\"la-menine\",\"category\":\"peinture\",\"brand\":\"francoise-danel\",\"variant\":false,\"type\":\"typical\",\"position\":\"0\",\"quantity\":1,\"list\":\"cart\",\"url\":\"\",\"price\":4900}}'),(13559,1,'{\"235\":{\"id\":\"235\",\"name\":\"mohamed-ali-1900056-n28-50\",\"category\":\"galerie-peinture-pop-art\",\"brand\":\"pola-40\",\"variant\":false,\"type\":\"typical\",\"position\":\"0\",\"quantity\":1,\"list\":\"cart\",\"url\":\"\",\"price\":380}}'),(13598,1,'{\"218\":{\"id\":\"218\",\"name\":\"monyalos-rose-reflex-fuschia-n4-8\",\"category\":\"accueil\",\"brand\":\"sebastien-creteur\",\"variant\":false,\"type\":\"typical\",\"position\":\"0\",\"quantity\":1,\"list\":\"cart\",\"url\":\"\",\"price\":380}}'),(13857,1,'{\"222\":{\"id\":\"222\",\"name\":\"fragrance-of-heroes\",\"category\":\"peinture\",\"brand\":\"speedy-graphito\",\"variant\":false,\"type\":\"typical\",\"position\":\"0\",\"quantity\":1,\"list\":\"cart\",\"url\":\"\",\"price\":34000}}'),(13890,1,'{\"16\":{\"id\":\"16\",\"name\":\"primavera\",\"category\":\"peinture\",\"brand\":\"nicolai\",\"variant\":false,\"type\":\"typical\",\"position\":\"0\",\"quantity\":1,\"list\":\"cart\",\"url\":\"\",\"price\":2200}}'),(13898,1,'{\"328\":{\"id\":\"328\",\"name\":\"abstrait-1636-de-thomas-danel\",\"category\":\"peinture\",\"brand\":\"thomas-danel\",\"variant\":false,\"type\":\"typical\",\"position\":\"0\",\"quantity\":1,\"list\":\"cart\",\"url\":\"\",\"price\":2200}}'),(13917,1,'{\"20\":{\"id\":\"20\",\"name\":\"ariane-abandonnee\",\"category\":\"peinture\",\"brand\":\"nicolai\",\"variant\":false,\"type\":\"typical\",\"position\":\"0\",\"quantity\":1,\"list\":\"cart\",\"url\":\"\",\"price\":1700}}'),(13982,1,'{\"2\":{\"id\":\"2\",\"name\":\"street-art-all-over\",\"category\":\"peinture\",\"brand\":\"benjamin-spark\",\"variant\":false,\"type\":\"typical\",\"position\":\"0\",\"quantity\":1,\"list\":\"cart\",\"url\":\"\",\"price\":7300}}'),(14124,1,'{\"338\":{\"id\":\"338\",\"name\":\"abstrait-sans-titre-1-de-leo-galamez\",\"category\":\"peinture\",\"brand\":\"leo-galamez\",\"variant\":false,\"type\":\"typical\",\"position\":\"0\",\"quantity\":1,\"list\":\"cart\",\"url\":\"\",\"price\":7500}}'),(14635,1,'{\"222\":{\"id\":\"222\",\"name\":\"fragrance-of-heroes\",\"category\":\"peinture\",\"brand\":\"speedy-graphito\",\"variant\":false,\"type\":\"typical\",\"position\":\"0\",\"quantity\":1,\"list\":\"cart\",\"url\":\"\",\"price\":34000}}'),(14803,1,'{\"214\":{\"id\":\"214\",\"name\":\"kate-190007e-n6-50\",\"category\":\"galerie-peinture-pop-art\",\"brand\":\"pola-40\",\"variant\":false,\"type\":\"typical\",\"position\":\"0\",\"quantity\":1,\"list\":\"cart\",\"url\":\"\",\"price\":380}}');

--
-- Table structure for table `ps_gender`
--

CREATE TABLE `ps_gender` (
  `id_gender` int(11) NOT NULL AUTO_INCREMENT,
  `type` tinyint(1) NOT NULL,
  PRIMARY KEY (`id_gender`)
) ENGINE=InnoDB AUTO_INCREMENT=3 DEFAULT CHARSET=utf8;

--
-- Dumping data for table `ps_gender`
--

INSERT INTO `ps_gender` VALUES (1,0),(2,1);

--
-- Table structure for table `ps_gender_lang`
--

CREATE TABLE `ps_gender_lang` (
  `id_gender` int(10) unsigned NOT NULL,
  `id_lang` int(10) unsigned NOT NULL,
  `name` varchar(20) NOT NULL,
  PRIMARY KEY (`id_gender`,`id_lang`),
  KEY `id_gender` (`id_gender`)
) ENGINE=InnoDB DEFAULT CHARSET=utf8;

--
-- Dumping data for table `ps_gender_lang`
--

INSERT INTO `ps_gender_lang` VALUES (1,1,'M'),(2,1,'Mme');

--
-- Table structure for table `ps_group`
--

CREATE TABLE `ps_group` (
  `id_group` int(10) unsigned NOT NULL AUTO_INCREMENT,
  `reduction` decimal(17,2) NOT NULL DEFAULT '0.00',
  `price_display_method` tinyint(4) NOT NULL DEFAULT '0',
  `show_prices` tinyint(1) unsigned NOT NULL DEFAULT '1',
  `date_add` datetime NOT NULL,
  `date_upd` datetime NOT NULL,
  PRIMARY KEY (`id_group`)
) ENGINE=InnoDB AUTO_INCREMENT=4 DEFAULT CHARSET=utf8;

--
-- Dumping data for table `ps_group`
--

INSERT INTO `ps_group` VALUES (1,0.00,0,1,'2019-02-03 20:01:57','2019-06-30 23:49:23'),(2,0.00,0,1,'2019-02-03 20:01:57','2019-06-30 23:49:31'),(3,0.00,0,1,'2019-02-03 20:01:57','2019-02-03 20:01:57');

--
-- Table structure for table `ps_group_lang`
--

CREATE TABLE `ps_group_lang` (
  `id_group` int(10) unsigned NOT NULL,
  `id_lang` int(10) unsigned NOT NULL,
  `name` varchar(32) NOT NULL,
  PRIMARY KEY (`id_group`,`id_lang`)
) ENGINE=InnoDB DEFAULT CHARSET=utf8;

--
-- Dumping data for table `ps_group_lang`
--

INSERT INTO `ps_group_lang` VALUES (1,1,'Visiteur'),(2,1,'Invité'),(3,1,'Client');

--
-- Table structure for table `ps_group_reduction`
--

CREATE TABLE `ps_group_reduction` (
  `id_group_reduction` mediumint(8) unsigned NOT NULL AUTO_INCREMENT,
  `id_group` int(10) unsigned NOT NULL,
  `id_category` int(10) unsigned NOT NULL,
  `reduction` decimal(4,3) NOT NULL,
  PRIMARY KEY (`id_group_reduction`),
  UNIQUE KEY `id_group` (`id_group`,`id_category`)
) ENGINE=InnoDB DEFAULT CHARSET=utf8;

--
-- Dumping data for table `ps_group_reduction`
--


--
-- Table structure for table `ps_group_shop`
--

CREATE TABLE `ps_group_shop` (
  `id_group` int(11) unsigned NOT NULL,
  `id_shop` int(11) unsigned NOT NULL,
  PRIMARY KEY (`id_group`,`id_shop`),
  KEY `id_shop` (`id_shop`)
) ENGINE=InnoDB DEFAULT CHARSET=utf8;

--
-- Dumping data for table `ps_group_shop`
--

INSERT INTO `ps_group_shop` VALUES (1,1),(2,1),(3,1);

--
-- Table structure for table `ps_gsitemap_sitemap`
--

CREATE TABLE `ps_gsitemap_sitemap` (
  `link` varchar(255) DEFAULT NULL,
  `id_shop` int(11) DEFAULT '0'
) ENGINE=InnoDB DEFAULT CHARSET=utf8;

--
-- Dumping data for table `ps_gsitemap_sitemap`
--


--
-- Table structure for table `ps_guest`
--

CREATE TABLE `ps_guest` (
  `id_guest` int(10) unsigned NOT NULL AUTO_INCREMENT,
  `id_operating_system` int(10) unsigned DEFAULT NULL,
  `id_web_browser` int(10) unsigned DEFAULT NULL,
  `id_customer` int(10) unsigned DEFAULT NULL,
  `javascript` tinyint(1) DEFAULT '0',
  `screen_resolution_x` smallint(5) unsigned DEFAULT NULL,
  `screen_resolution_y` smallint(5) unsigned DEFAULT NULL,
  `screen_color` tinyint(3) unsigned DEFAULT NULL,
  `sun_java` tinyint(1) DEFAULT NULL,
  `adobe_flash` tinyint(1) DEFAULT NULL,
  `adobe_director` tinyint(1) DEFAULT NULL,
  `apple_quicktime` tinyint(1) DEFAULT NULL,
  `real_player` tinyint(1) DEFAULT NULL,
  `windows_media` tinyint(1) DEFAULT NULL,
  `accept_language` varchar(8) DEFAULT NULL,
  `mobile_theme` tinyint(1) NOT NULL DEFAULT '0',
  PRIMARY KEY (`id_guest`),
  KEY `id_customer` (`id_customer`),
  KEY `id_operating_system` (`id_operating_system`),
  KEY `id_web_browser` (`id_web_browser`)
) ENGINE=InnoDB AUTO_INCREMENT=5 DEFAULT CHARSET=utf8mb4;

--
-- Dumping data for table `ps_guest`
--

INSERT INTO `ps_guest` VALUES (1,0,0,2,0,0,0,0,0,0,0,0,0,0,'',0),(2,0,0,0,0,0,0,0,0,0,0,0,0,0,'',0),(3,7,11,0,0,0,0,0,0,0,0,0,0,0,'fr',0),(4,7,11,0,0,0,0,0,0,0,0,0,0,0,'fr',0);

--
-- Table structure for table `ps_homeslider`
--

CREATE TABLE `ps_homeslider` (
  `id_homeslider_slides` int(10) unsigned NOT NULL AUTO_INCREMENT,
  `id_shop` int(10) unsigned NOT NULL,
  PRIMARY KEY (`id_homeslider_slides`,`id_shop`)
) ENGINE=InnoDB AUTO_INCREMENT=4 DEFAULT CHARSET=utf8;

--
-- Dumping data for table `ps_homeslider`
--

INSERT INTO `ps_homeslider` VALUES (1,1),(2,1),(3,1);

--
-- Table structure for table `ps_homeslider_slides`
--

CREATE TABLE `ps_homeslider_slides` (
  `id_homeslider_slides` int(10) unsigned NOT NULL AUTO_INCREMENT,
  `position` int(10) unsigned NOT NULL DEFAULT '0',
  `active` tinyint(1) unsigned NOT NULL DEFAULT '0',
  PRIMARY KEY (`id_homeslider_slides`)
) ENGINE=InnoDB AUTO_INCREMENT=4 DEFAULT CHARSET=utf8;

--
-- Dumping data for table `ps_homeslider_slides`
--

INSERT INTO `ps_homeslider_slides` VALUES (1,1,1),(2,2,1),(3,3,1);

--
-- Table structure for table `ps_homeslider_slides_lang`
--

CREATE TABLE `ps_homeslider_slides_lang` (
  `id_homeslider_slides` int(10) unsigned NOT NULL,
  `id_lang` int(10) unsigned NOT NULL,
  `title` varchar(255) NOT NULL,
  `description` text NOT NULL,
  `legend` varchar(255) NOT NULL,
  `url` varchar(255) NOT NULL,
  `image` varchar(255) NOT NULL,
  PRIMARY KEY (`id_homeslider_slides`,`id_lang`)
) ENGINE=InnoDB DEFAULT CHARSET=utf8;

--
-- Dumping data for table `ps_homeslider_slides_lang`
--

INSERT INTO `ps_homeslider_slides_lang` VALUES (1,1,'Sample 1','<h3>EXCEPTEUR OCCAECAT</h3>\n                <p>Lorem ipsum dolor sit amet, consectetur adipiscing elit. Proin tristique in tortor et dignissim. Quisque non tempor leo. Maecenas egestas sem elit</p>','sample-1','http://www.prestashop.com/?utm_source=back-office&utm_medium=v17_homeslider&utm_campaign=back-office-FR&utm_content=download','sample-1.jpg'),(2,1,'Sample 2','<h3>EXCEPTEUR OCCAECAT</h3>\n                <p>Lorem ipsum dolor sit amet, consectetur adipiscing elit. Proin tristique in tortor et dignissim. Quisque non tempor leo. Maecenas egestas sem elit</p>','sample-2','http://www.prestashop.com/?utm_source=back-office&utm_medium=v17_homeslider&utm_campaign=back-office-FR&utm_content=download','sample-2.jpg'),(3,1,'Sample 3','<h3>EXCEPTEUR OCCAECAT</h3>\n                <p>Lorem ipsum dolor sit amet, consectetur adipiscing elit. Proin tristique in tortor et dignissim. Quisque non tempor leo. Maecenas egestas sem elit</p>','sample-3','http://www.prestashop.com/?utm_source=back-office&utm_medium=v17_homeslider&utm_campaign=back-office-FR&utm_content=download','sample-3.jpg');

--
-- Table structure for table `ps_hook`
--

CREATE TABLE `ps_hook` (
  `id_hook` int(10) unsigned NOT NULL AUTO_INCREMENT,
  `name` varchar(64) NOT NULL,
  `title` varchar(64) NOT NULL,
  `description` text,
  `position` tinyint(1) NOT NULL DEFAULT '1',
  PRIMARY KEY (`id_hook`),
  UNIQUE KEY `hook_name` (`name`)
) ENGINE=InnoDB AUTO_INCREMENT=613 DEFAULT CHARSET=utf8;

--
-- Dumping data for table `ps_hook`
--

INSERT INTO `ps_hook` VALUES (1,'actionValidateOrder','New orders','',1),(2,'displayMaintenance','Maintenance Page','This hook displays new elements on the maintenance page',1),(3,'displayProductPageDrawer','Product Page Drawer','This hook displays content in the right sidebar of the product page',1),(4,'actionPaymentConfirmation','Payment confirmation','This hook displays new elements after the payment is validated',1),(5,'displayPaymentReturn','Payment return','',1),(6,'actionUpdateQuantity','Quantity update','Quantity is updated only when a customer effectively places their order',1),(7,'displayRightColumn','Right column blocks','This hook displays new elements in the right-hand column',1),(8,'displayWrapperTop','Main wrapper section (top)','This hook displays new elements in the top of the main wrapper',1),(9,'displayWrapperBottom','Main wrapper section (bottom)','This hook displays new elements in the bottom of the main wrapper',1),(10,'displayContentWrapperTop','Content wrapper section (top)','This hook displays new elements in the top of the content wrapper',1),(11,'displayContentWrapperBottom','Content wrapper section (bottom)','This hook displays new elements in the bottom of the content wrapper',1),(12,'displayLeftColumn','Left column blocks','This hook displays new elements in the left-hand column',1),(13,'displayHome','Homepage content','This hook displays new elements on the homepage',1),(14,'Header','Pages html head section','This hook adds additional elements in the head section of your pages (head section of html)',1),(15,'actionCartSave','Cart creation and update','This hook is displayed when a product is added to the cart or if the cart\'s content is modified',1),(16,'actionAuthentication','Successful customer authentication','This hook is displayed after a customer successfully signs in',1),(17,'actionProductAdd','Product creation','This hook is displayed after a product is created',1),(18,'actionProductUpdate','Product update','This hook is displayed after a product has been updated',1),(20,'displayBeforeBodyClosingTag','Very bottom of pages','Use this hook for your modals or any content you want to load at the very end',1),(21,'displayTop','Top of pages','This hook displays additional elements at the top of your pages',1),(22,'displayNavFullWidth','Navigation','This hook displays full width navigation menu at the top of your pages',1),(23,'displayRightColumnProduct','New elements on the product page (right column)','This hook displays new elements in the right-hand column of the product page',1),(24,'actionProductDelete','Product deletion','This hook is called when a product is deleted',1),(25,'actionObjectProductInCartDeleteBefore','Cart product removal','This hook is called before a product is removed from a cart',1),(26,'actionObjectProductInCartDeleteAfter','Cart product removal','This hook is called after a product is removed from a cart',1),(27,'displayFooterProduct','Product footer','This hook adds new blocks under the product\'s description',1),(28,'displayInvoice','Invoice','This hook displays new blocks on the invoice (order)',1),(29,'actionOrderStatusUpdate','Order status update - Event','This hook launches modules when the status of an order changes',1),(30,'displayAdminOrder','Display new elements in the Back Office, tab AdminOrder','This hook launches modules when the AdminOrder tab is displayed in the Back Office',1),(31,'displayAdminOrderTabOrder','Display new elements in Back Office, AdminOrder, panel Order','This hook launches modules when the AdminOrder tab is displayed in the Back Office and extends / override Order panel tabs',1),(32,'displayAdminOrderTabShip','Display new elements in Back Office, AdminOrder, panel Shipping','This hook launches modules when the AdminOrder tab is displayed in the Back Office and extends / override Shipping panel tabs',1),(33,'displayAdminOrderContentOrder','Display new elements in Back Office, AdminOrder, panel Order','This hook launches modules when the AdminOrder tab is displayed in the Back Office and extends / override Order panel content',1),(34,'displayAdminOrderContentShip','Display new elements in Back Office, AdminOrder, panel Shipping','This hook launches modules when the AdminOrder tab is displayed in the Back Office and extends / override Shipping panel content',1),(35,'displayFooter','Footer','This hook displays new blocks in the footer',1),(36,'displayPDFInvoice','PDF Invoice','This hook allows you to display additional information on PDF invoices',1),(37,'displayInvoiceLegalFreeText','PDF Invoice - Legal Free Text','This hook allows you to modify the legal free text on PDF invoices',1),(38,'displayAdminCustomers','Display new elements in the Back Office, tab AdminCustomers','This hook launches modules when the AdminCustomers tab is displayed in the Back Office',1),(39,'displayAdminCustomersAddressesItemAction','Display new elements in the Back Office, tab AdminCustomers, Add','This hook launches modules when the Addresses list into the AdminCustomers tab is displayed in the Back Office',1),(40,'displayOrderConfirmation','Order confirmation page','This hook is called within an order\'s confirmation page',1),(41,'actionCustomerAccountAdd','Successful customer account creation','This hook is called when a new customer creates an account successfully',1),(42,'actionCustomerAccountUpdate','Successful customer account update','This hook is called when a customer updates its account successfully',1),(43,'displayCustomerAccount','Customer account displayed in Front Office','This hook displays new elements on the customer account page',1),(44,'actionOrderSlipAdd','Order slip creation','This hook is called when a new credit slip is added regarding client order',1),(45,'displayShoppingCartFooter','Shopping cart footer','This hook displays some specific information on the shopping cart\'s page',1),(46,'displayCreateAccountEmailFormBottom','Customer authentication form','This hook displays some information on the bottom of the email form',1),(47,'displayAuthenticateFormBottom','Customer authentication form','This hook displays some information on the bottom of the authentication form',1),(48,'displayCustomerAccountForm','Customer account creation form','This hook displays some information on the form to create a customer account',1),(49,'displayAdminStatsModules','Stats - Modules','',1),(50,'displayAdminStatsGraphEngine','Graph engines','',1),(51,'actionOrderReturn','Returned product','This hook is displayed when a customer returns a product ',1),(52,'displayProductAdditionalInfo','Product page additional info','This hook adds additional information on the product page',1),(53,'displayBackOfficeHome','Administration panel homepage','This hook is displayed on the admin panel\'s homepage',1),(54,'displayAdminStatsGridEngine','Grid engines','',1),(55,'actionWatermark','Watermark','',1),(56,'actionProductCancel','Product cancelled','This hook is called when you cancel a product in an order',1),(57,'displayLeftColumnProduct','New elements on the product page (left column)','This hook displays new elements in the left-hand column of the product page',1),(58,'actionProductOutOfStock','Out-of-stock product','This hook displays new action buttons if a product is out of stock',1),(59,'actionProductAttributeUpdate','Product attribute update','This hook is displayed when a product\'s attribute is updated',1),(60,'displayCarrierList','Extra carrier (module mode)','',1),(61,'displayShoppingCart','Shopping cart - Additional button','This hook displays new action buttons within the shopping cart',1),(62,'actionCarrierUpdate','Carrier Update','This hook is called when a carrier is updated',1),(63,'actionOrderStatusPostUpdate','Post update of order status','',1),(64,'displayCustomerAccountFormTop','Block above the form for create an account','This hook is displayed above the customer\'s account creation form',1),(65,'displayBackOfficeHeader','Administration panel header','This hook is displayed in the header of the admin panel',1),(66,'displayBackOfficeTop','Administration panel hover the tabs','This hook is displayed on the roll hover of the tabs within the admin panel',1),(67,'displayAdminEndContent','Administration end of content','This hook is displayed at the end of the main content, before the footer',1),(68,'displayBackOfficeFooter','Administration panel footer','This hook is displayed within the admin panel\'s footer',1),(69,'actionProductAttributeDelete','Product attribute deletion','This hook is displayed when a product\'s attribute is deleted',1),(70,'actionCarrierProcess','Carrier process','',1),(71,'displayBeforeCarrier','Before carriers list','This hook is displayed before the carrier list in Front Office',1),(72,'displayAfterCarrier','After carriers list','This hook is displayed after the carrier list in Front Office',1),(73,'displayOrderDetail','Order detail','This hook is displayed within the order\'s details in Front Office',1),(74,'actionPaymentCCAdd','Payment CC added','',1),(75,'actionCategoryAdd','Category creation','This hook is displayed when a category is created',1),(76,'actionCategoryUpdate','Category modification','This hook is displayed when a category is modified',1),(77,'actionCategoryDelete','Category deletion','This hook is displayed when a category is deleted',1),(78,'displayPaymentTop','Top of payment page','This hook is displayed at the top of the payment page',1),(79,'actionHtaccessCreate','After htaccess creation','This hook is displayed after the htaccess creation',1),(80,'actionAdminMetaSave','After saving the configuration in AdminMeta','This hook is displayed after saving the configuration in AdminMeta',1),(81,'displayAttributeGroupForm','Add fields to the form \'attribute group\'','This hook adds fields to the form \'attribute group\'',1),(82,'actionAttributeGroupSave','Saving an attribute group','This hook is called while saving an attributes group',1),(83,'actionAttributeGroupDelete','Deleting attribute group','This hook is called while deleting an attributes  group',1),(84,'displayFeatureForm','Add fields to the form \'feature\'','This hook adds fields to the form \'feature\'',1),(85,'actionFeatureSave','Saving attributes\' features','This hook is called while saving an attributes features',1),(86,'actionFeatureDelete','Deleting attributes\' features','This hook is called while deleting an attributes features',1),(87,'actionProductSave','Saving products','This hook is called while saving products',1),(88,'displayAttributeGroupPostProcess','On post-process in admin attribute group','This hook is called on post-process in admin attribute group',1),(89,'displayFeaturePostProcess','On post-process in admin feature','This hook is called on post-process in admin feature',1),(90,'displayFeatureValueForm','Add fields to the form \'feature value\'','This hook adds fields to the form \'feature value\'',1),(91,'displayFeatureValuePostProcess','On post-process in admin feature value','This hook is called on post-process in admin feature value',1),(92,'actionFeatureValueDelete','Deleting attributes\' features\' values','This hook is called while deleting an attributes features value',1),(93,'actionFeatureValueSave','Saving an attributes features value','This hook is called while saving an attributes features value',1),(94,'displayAttributeForm','Add fields to the form \'attribute value\'','This hook adds fields to the form \'attribute value\'',1),(95,'actionAttributePostProcess','On post-process in admin feature value','This hook is called on post-process in admin feature value',1),(96,'actionAttributeDelete','Deleting an attributes features value','This hook is called while deleting an attributes features value',1),(97,'actionAttributeSave','Saving an attributes features value','This hook is called while saving an attributes features value',1),(98,'actionTaxManager','Tax Manager Factory','',1),(99,'displayMyAccountBlock','My account block','This hook displays extra information within the \'my account\' block\"',1),(100,'actionModuleInstallBefore','actionModuleInstallBefore','',1),(101,'actionModuleInstallAfter','actionModuleInstallAfter','',1),(102,'displayTopColumn','Top column blocks','This hook displays new elements in the top of columns',1),(103,'displayBackOfficeCategory','Display new elements in the Back Office, tab AdminCategories','This hook launches modules when the AdminCategories tab is displayed in the Back Office',1),(104,'displayProductListFunctionalButtons','Display new elements in the Front Office, products list','This hook launches modules when the products list is displayed in the Front Office',1),(105,'displayNav','Navigation','',1),(106,'displayOverrideTemplate','Change the default template of current controller','',1),(107,'actionAdminLoginControllerSetMedia','Set media on admin login page header','This hook is called after adding media to admin login page header',1),(108,'actionOrderEdited','Order edited','This hook is called when an order is edited',1),(109,'actionEmailAddBeforeContent','Add extra content before mail content','This hook is called just before fetching mail template',1),(110,'actionEmailAddAfterContent','Add extra content after mail content','This hook is called just after fetching mail template',1),(111,'sendMailAlterTemplateVars','Alter template vars on the fly','This hook is called when Mail::send() is called',1),(112,'displayCartExtraProductActions','Extra buttons in shopping cart','This hook adds extra buttons to the product lines, in the shopping cart',1),(113,'displayPaymentByBinaries','Payment form generated by binaries','This hook displays form generated by binaries during the checkout',1),(114,'additionalCustomerFormFields','Add fields to the Customer form','This hook returns an array of FormFields to add them to the customer registration form',1),(115,'addWebserviceResources','Add extra webservice resource','This hook is called when webservice resources list in webservice controller',1),(116,'displayCustomerLoginFormAfter','Display elements after login form','This hook displays new elements after the login form',1),(117,'actionClearCache','Clear smarty cache','This hook is called when smarty\'s cache is cleared',1),(118,'actionClearCompileCache','Clear smarty compile cache','This hook is called when smarty\'s compile cache is cleared',1),(119,'actionClearSf2Cache','Clear Sf2 cache','This hook is called when the Symfony cache is cleared',1),(120,'actionValidateCustomerAddressForm','Customer address form validation','This hook is called when a customer submit its address form',1),(121,'displayCarrierExtraContent','Display additional content for a carrier (e.g pickup points)','This hook calls only the module related to the carrier, in order to add options when needed',1),(122,'validateCustomerFormFields','Customer registration form validation','This hook is called to a module when it has sent additional fields with additionalCustomerFormFields',1),(123,'displayProductExtraContent','Display extra content on the product page','This hook expects ProductExtraContent instances, which will be properly displayed by the template on the product page',1),(124,'filterCmsContent','Filter the content page','This hook is called just before fetching content page',1),(125,'filterCmsCategoryContent','Filter the content page category','This hook is called just before fetching content page category',1),(126,'filterProductContent','Filter the content page product','This hook is called just before fetching content page product',1),(127,'filterCategoryContent','Filter the content page category','This hook is called just before fetching content page category',1),(128,'filterManufacturerContent','Filter the content page manufacturer','This hook is called just before fetching content page manufacturer',1),(129,'filterSupplierContent','Filter the content page supplier','This hook is called just before fetching content page supplier',1),(130,'filterHtmlContent','Filter HTML field before rending a page','This hook is called just before fetching a page on HTML field',1),(131,'displayDashboardTop','Dashboard Top','Displays the content in the dashboard\'s top area',1),(132,'actionUpdateLangAfter','Update \"lang\" tables','Update \"lang\" tables after adding or updating a language',1),(133,'actionOutputHTMLBefore','Before HTML output','This hook is used to filter the whole HTML page before it is rendered (only front)',1),(134,'displayAfterProductThumbs','Display extra content below product thumbs','This hook displays new elements below product images ex. additional media',1),(135,'actionDispatcherBefore','Before dispatch','This hook is called at the beginning of the dispatch method of the Dispatcher',1),(136,'actionDispatcherAfter','After dispatch','This hook is called at the end of the dispatch method of the Dispatcher',1),(137,'filterProductSearch','Filter search products result','This hook is called in order to allow to modify search product result',1),(138,'actionProductSearchAfter','Event triggered after search product completed','This hook is called after the product search. Parameters are already filter',1),(139,'actionEmailSendBefore','Before sending an email','This hook is used to filter the content or the metadata of an email before sending it or even prevent its sending',1),(140,'displayAdminProductsMainStepLeftColumnMiddle','Display new elements in back office product page, left column of','This hook launches modules when the back office product page is displayed',1),(141,'displayAdminProductsMainStepLeftColumnBottom','Display new elements in back office product page, left column of','This hook launches modules when the back office product page is displayed',1),(142,'displayAdminProductsMainStepRightColumnBottom','Display new elements in back office product page, right column o','This hook launches modules when the back office product page is displayed',1),(143,'displayAdminProductsQuantitiesStepBottom','Display new elements in back office product page, Quantities/Com','This hook launches modules when the back office product page is displayed',1),(144,'displayAdminProductsPriceStepBottom','Display new elements in back office product page, Price tab','This hook launches modules when the back office product page is displayed',1),(145,'displayAdminProductsOptionsStepTop','Display new elements in back office product page, Options tab','This hook launches modules when the back office product page is displayed',1),(146,'displayAdminProductsOptionsStepBottom','Display new elements in back office product page, Options tab','This hook launches modules when the back office product page is displayed',1),(147,'displayAdminProductsSeoStepBottom','Display new elements in back office product page, SEO tab','This hook launches modules when the back office product page is displayed',1),(148,'displayAdminProductsShippingStepBottom','Display new elements in back office product page, Shipping tab','This hook launches modules when the back office product page is displayed',1),(149,'displayAdminProductsCombinationBottom','Display new elements in back office product page, Combination ta','This hook launches modules when the back office product page is displayed',1),(150,'displayDashboardToolbarTopMenu','Display new elements in back office page with a dashboard, on to','This hook launches modules when a page with a dashboard is displayed',1),(151,'displayDashboardToolbarIcons','Display new elements in back office page with dashboard, on icon','This hook launches modules when the back office with dashboard is displayed',1),(152,'actionBuildFrontEndObject','Manage elements added to the \"prestashop\" javascript object','This hook allows you to customize the \"prestashop\" javascript object that is included in all front office pages',1),(153,'actionFrontControllerAfterInit','Perform actions after front office controller initialization','This hook is launched after the initialization of all front office controllers',1),(154,'actionAdministrationPageForm','Manage Administration Page form fields','This hook adds, update or remove fields of the Administration Page form',1),(155,'actionAdministrationPageFormSave','Processing Administration page form','This hook is called when the Administration Page form is processed',1),(156,'actionPerformancePageForm','Manage Performance Page form fields','This hook adds, update or remove fields of the Performance Page form',1),(157,'actionPerformancePageFormSave','Processing Performance page form','This hook is called when the Performance Page form is processed',1),(158,'actionMaintenancePageForm','Manage Maintenance Page form fields','This hook adds, update or remove fields of the Maintenance Page form',1),(159,'actionMaintenancePageFormSave','Processing Maintenance page form','This hook is called when the Maintenance Page form is processed',1),(160,'actionWebserviceKeyGridPresenterModifier','Modify Webservice grid view data','This hook allows to alter presented Webservice grid data',1),(161,'actionWebserviceKeyGridDefinitionModifier','Modifying Webservice grid definition','This hook allows to alter Webservice grid columns, actions and filters',1),(162,'actionWebserviceKeyGridQueryBuilderModifier','Modify Webservice grid query builder','This hook allows to alter Doctrine query builder for Webservice grid',1),(163,'actionWebserviceKeyGridFilterFormModifier','Modify filters form for Webservice grid','This hook allows to alter filters form used in Webservice',1),(164,'actionSqlRequestGridPresenterModifier','Modify SQL Manager grid view data','This hook allows to alter presented SQL Manager grid data',1),(165,'actionSqlRequestGridDefinitionModifier','Modifying SQL Manager grid definition','This hook allows to alter SQL Manager grid columns, actions and filters',1),(166,'actionSqlRequestGridQueryBuilderModifier','Modify SQL Manager grid query builder','This hook allows to alter Doctrine query builder for SQL Manager grid',1),(167,'actionSqlRequestGridFilterFormModifier','Modify filters form for SQL Manager grid','This hook allows to alter filters form used in SQL Manager',1),(168,'actionMetaGridPresenterModifier','Modify SEO and URLs grid view data','This hook allows to alter presented SEO and URLs grid data',1),(169,'actionMetaGridDefinitionModifier','Modifying SEO and URLs grid definition','This hook allows to alter SEO and URLs grid columns, actions and filters',1),(170,'actionMetaGridQueryBuilderModifier','Modify SEO and URLs grid query builder','This hook allows to alter Doctrine query builder for SEO and URLs grid',1),(171,'actionMetaGridFilterFormModifier','Modify filters form for SEO and URLs grid','This hook allows to alter filters form used in SEO and URLs',1),(172,'actionLogsGridPresenterModifier','Modify Logs grid view data','This hook allows to alter presented Logs grid data',1),(173,'actionLogsGridDefinitionModifier','Modifying Logs grid definition','This hook allows to alter Logs grid columns, actions and filters',1),(174,'actionLogsGridQueryBuilderModifier','Modify Logs grid query builder','This hook allows to alter Doctrine query builder for Logs grid',1),(175,'actionLogsGridFilterFormModifier','Modify filters form for Logs grid','This hook allows to alter filters form used in Logs',1),(176,'actionEmailLogsGridPresenterModifier','Modify E-mail grid view data','This hook allows to alter presented E-mail grid data',1),(177,'actionEmailLogsGridDefinitionModifier','Modifying E-mail grid definition','This hook allows to alter E-mail grid columns, actions and filters',1),(178,'actionEmailLogsGridQueryBuilderModifier','Modify E-mail grid query builder','This hook allows to alter Doctrine query builder for E-mail grid',1),(179,'actionEmailLogsGridFilterFormModifier','Modify filters form for E-mail grid','This hook allows to alter filters form used in E-mail',1),(180,'actionBackupGridPresenterModifier','Modify DB Backup grid view data','This hook allows to alter presented DB Backup grid data',1),(181,'actionBackupGridDefinitionModifier','Modifying DB Backup grid definition','This hook allows to alter DB Backup grid columns, actions and filters',1),(182,'actionBackupGridFilterFormModifier','Modify filters form for DB Backup grid','This hook allows to alter filters form used in DB Backup',1),(183,'registerGDPRConsent','registerGDPRConsent','',1),(184,'dashboardZoneOne','dashboardZoneOne','',1),(185,'dashboardData','dashboardData','',1),(186,'actionObjectOrderAddAfter','actionObjectOrderAddAfter','',1),(187,'actionObjectCustomerAddAfter','actionObjectCustomerAddAfter','',1),(188,'actionObjectCustomerMessageAddAfter','actionObjectCustomerMessageAddAfter','',1),(189,'actionObjectCustomerThreadAddAfter','actionObjectCustomerThreadAddAfter','',1),(190,'actionObjectOrderReturnAddAfter','actionObjectOrderReturnAddAfter','',1),(191,'actionAdminControllerSetMedia','actionAdminControllerSetMedia','',1),(192,'dashboardZoneTwo','dashboardZoneTwo','',1),(193,'actionSearch','actionSearch','',1),(194,'gSitemapAppendUrls','GSitemap Append URLs','This hook allows a module to add URLs to a generated sitemap',1),(195,'actionObjectLanguageAddAfter','actionObjectLanguageAddAfter','',1),(196,'paymentOptions','paymentOptions','',1),(197,'displayNav1','displayNav1','',1),(198,'actionAdminStoresControllerUpdate_optionsAfter','actionAdminStoresControllerUpdate_optionsAfter','',1),(199,'actionAdminCurrenciesControllerSaveAfter','actionAdminCurrenciesControllerSaveAfter','',1),(200,'actionModuleRegisterHookAfter','actionModuleRegisterHookAfter','',1),(201,'actionModuleUnRegisterHookAfter','actionModuleUnRegisterHookAfter','',1),(202,'actionShopDataDuplication','actionShopDataDuplication','',1),(203,'displayFooterBefore','displayFooterBefore','',1),(204,'displayAdminCustomersForm','displayAdminCustomersForm','',1),(205,'actionDeleteGDPRCustomer','actionDeleteGDPRCustomer','',1),(206,'actionExportGDPRData','actionExportGDPRData','',1),(207,'productSearchProvider','productSearchProvider','',1),(208,'displayOrderConfirmation2','displayOrderConfirmation2','',1),(209,'displayCrossSellingShoppingCart','displayCrossSellingShoppingCart','',1),(210,'actionAdminGroupsControllerSaveAfter','actionAdminGroupsControllerSaveAfter','',1),(211,'actionObjectCategoryUpdateAfter','actionObjectCategoryUpdateAfter','',1),(212,'actionObjectCategoryDeleteAfter','actionObjectCategoryDeleteAfter','',1),(213,'actionObjectCategoryAddAfter','actionObjectCategoryAddAfter','',1),(214,'actionObjectCmsUpdateAfter','actionObjectCmsUpdateAfter','',1),(215,'actionObjectCmsDeleteAfter','actionObjectCmsDeleteAfter','',1),(216,'actionObjectCmsAddAfter','actionObjectCmsAddAfter','',1),(217,'actionObjectSupplierUpdateAfter','actionObjectSupplierUpdateAfter','',1),(218,'actionObjectSupplierDeleteAfter','actionObjectSupplierDeleteAfter','',1),(219,'actionObjectSupplierAddAfter','actionObjectSupplierAddAfter','',1),(220,'actionObjectManufacturerUpdateAfter','actionObjectManufacturerUpdateAfter','',1),(221,'actionObjectManufacturerDeleteAfter','actionObjectManufacturerDeleteAfter','',1),(222,'actionObjectManufacturerAddAfter','actionObjectManufacturerAddAfter','',1),(223,'actionObjectProductUpdateAfter','actionObjectProductUpdateAfter','',1),(224,'actionObjectProductDeleteAfter','actionObjectProductDeleteAfter','',1),(225,'actionObjectProductAddAfter','actionObjectProductAddAfter','',1),(226,'displaySearch','displaySearch','',1),(227,'displayAdminNavBarBeforeEnd','displayAdminNavBarBeforeEnd','',1),(228,'displayAdminAfterHeader','displayAdminAfterHeader','',1),(229,'displayNav2','','',1),(230,'displayReassurance','','',1),(231,'actionAdminMetaControllerUpdate_optionsAfter','actionAdminMetaControllerUpdate_optionsAfter','',1),(232,'actionAdminPerformanceControllerSaveAfter','actionAdminPerformanceControllerSaveAfter','',1),(233,'actionObjectCarrierAddAfter','actionObjectCarrierAddAfter','',1),(234,'actionObjectContactAddAfter','actionObjectContactAddAfter','',1),(235,'actionAdminThemesControllerUpdate_optionsAfter','actionAdminThemesControllerUpdate_optionsAfter','',1),(236,'actionObjectShopUpdateAfter','actionObjectShopUpdateAfter','',1),(237,'actionAdminPreferencesControllerUpdate_optionsAfter','actionAdminPreferencesControllerUpdate_optionsAfter','',1),(238,'actionObjectShopAddAfter','actionObjectShopAddAfter','',1),(239,'actionObjectShopGroupAddAfter','actionObjectShopGroupAddAfter','',1),(240,'actionObjectCartAddAfter','actionObjectCartAddAfter','',1),(241,'actionObjectEmployeeAddAfter','actionObjectEmployeeAddAfter','',1),(242,'actionObjectImageAddAfter','actionObjectImageAddAfter','',1),(243,'actionObjectCartRuleAddAfter','actionObjectCartRuleAddAfter','',1),(244,'actionAdminStoresControllerSaveAfter','actionAdminStoresControllerSaveAfter','',1),(245,'actionAdminWebserviceControllerSaveAfter','actionAdminWebserviceControllerSaveAfter','',1),(256,'displayMobileHeader','displayMobileHeader','',1),(257,'displayAdminProductsExtra','displayAdminProductsExtra','',1),(258,'displayProductTab','displayProductTab','',1),(259,'displayProductTabContent','displayProductTabContent','',1),(261,'moduleRoutes','moduleRoutes','',1),(262,'displayProductFooter','displayProductFooter','',1),(264,'content_top','content_top','',1),(265,'content_bottom','content_bottom','',1),(266,'productTab','productTab','',1),(267,'extraProductComparison','extraProductComparison','',1),(268,'productTabContent','productTabContent','',1),(271,'displayBanner','displayBanner','',1),(272,'displayMyAccountBlockfooter','displayMyAccountBlockfooter','',1),(273,'dislayMyAccountBlock','dislayMyAccountBlock','',1),(274,'customhookname','customhookname','',1),(275,'displayHeader','','',1),(313,'actionAdminProductsControllerSaveAfter','actionAdminProductsControllerSaveAfter','',1),(314,'displaySimpleBlogPosts','displaySimpleBlogPosts','',1),(315,'displaySimpleBlogCategories','displaySimpleBlogCategories','',1),(316,'displayPrestaHomeBlogAfterPostContent','displayPrestaHomeBlogAfterPostContent','',1),(317,'displayMenu','','',1),(318,'displayProductButtons','','',1),(322,'displayTsConfig','displayTsConfig','Custom Hook for Theme Settings Config',1),(347,'comingsoon','comingsoon','',1),(348,'footer_top','footer_top','',1),(349,'footer_bottom','footer_bottom','',1),(350,'displayHomeBuilder','displayHomeBuilder','Custom Hook for HomePage Builder',1),(351,'displayCMSBuilder','displayCMSBuilder','Custom Hook for CMSPage Builder',1),(352,'displayHeaderBuilder','displayHeaderBuilder','Custom Hook for Header Builder',1),(353,'displayProductBuilder','displayProductBuilder','Custom Hook for Product Page Builder',1),(354,'displayRevSlider','displayRevSlider','Custom Hook for Revolution Slider',1),(355,'displayComingSoon','displayComingSoon','Custom Hook for Maintenance Page',1),(356,'displayFooterBottom','displayFooterBottom','Custom Hook for Theme Settings Footer Content',1),(357,'compareProducts','compareProducts','Custom Hook for Compare Products button',1),(358,'compareButton','compareButton','Custom Hook for Add to Compare button',1),(359,'displayFooterBuilder','displayFooterBuilder','Custom Hook for Footer Builder',1),(360,'displayAfterBodyOpeningTag','displayAfterBodyOpeningTag','Custom Hook for technical needs',1),(361,'displayProductRating','displayProductRating','Custom Hook for Product Rating',1),(362,'displayProductListReviews','displayProductListReviews','Custom Hook for Product Rating in a Product Miniature',1),(363,'displayFacebookConnect','displayFacebookConnect','Custom Hook for Facebook Login Module',1),(364,'displayGuide','displayGuide','Custom Hook for Size Guide module',1),(365,'displayMoreButtons','displayMoreButtons','Custom Hook for Product Page',1),(366,'displayAmpFooter','displayAmpFooter','Custom Hook for AMP Footer',1),(367,'displayAmpContent','displayAmpContent','Custom Hook for AMP HomePage',1),(368,'actionObjectCurrencyAddAfter','actionObjectCurrencyAddAfter','',1),(369,'actionCartUpdateQuantityBefore','actionCartUpdateQuantityBefore','',1),(370,'displayCustomerIdentityForm','displayCustomerIdentityForm','',1),(371,'actionObjectUpdateAfter','actionObjectUpdateAfter','',1),(372,'actionObjectDeleteAfter','actionObjectDeleteAfter','',1),(373,'actionObjectCartRuleDeleteBefore','actionObjectCartRuleDeleteBefore','',1),(374,'actionFrontControllerSetMedia','actionFrontControllerSetMedia','',1),(375,'actionObjectCartRuleUpdateAfter','actionObjectCartRuleUpdateAfter','',1),(376,'displayAdminCartsView','displayAdminCartsView','',1),(377,'actionAdminMetaAfterWriteRobotsFile','actionAdminMetaAfterWriteRobotsFile','',1),(378,'actionObjectAddAfter','actionObjectAddAfter','',1),(379,'actionObjectSpecificPriceRuleUpdateBefore','actionObjectSpecificPriceRuleUpdateBefore','',1),(380,'actionAdminSpecificPriceRuleControllerSaveAfter','actionAdminSpecificPriceRuleControllerSaveAfter','',1),(381,'actionFeatureFormBuilderModifier','actionFeatureFormBuilderModifier','',1),(382,'actionAfterCreateFeatureFormHandler','actionAfterCreateFeatureFormHandler','',1),(383,'actionAfterUpdateFeatureFormHandler','actionAfterUpdateFeatureFormHandler','',1),(384,'displayHomeTab','displayHomeTab','',1),(385,'displayHomeTabContent','displayHomeTabContent','',1),(386,'displayExpressCheckout','displayExpressCheckout','',1),(387,'displayPersonalInformationTop','displayPersonalInformationTop','',1),(388,'displayAdminOrderLeft','displayAdminOrderLeft','',1),(389,'displayAdminOrderMainBottom','displayAdminOrderMainBottom','',1),(390,'displayAdminOrderTop','displayAdminOrderTop','',1),(391,'displayAdminOrderTabLink','displayAdminOrderTabLink','',1),(392,'displayAdminOrderTabContent','displayAdminOrderTabContent','',1),(393,'actionObjectCustomerUpdateBefore','actionObjectCustomerUpdateBefore','',1),(394,'actionAdminCustomersControllerSaveBefore','actionAdminCustomersControllerSaveBefore','',1),(395,'actionAdminCustomersControllerSaveAfter','actionAdminCustomersControllerSaveAfter','',1),(396,'actionAdminCustomersControllerStatusAfter','actionAdminCustomersControllerStatusAfter','',1),(397,'actionAdminCustomersControllerDeleteBefore','actionAdminCustomersControllerDeleteBefore','',1),(398,'actionObjectCustomerDeleteBefore','actionObjectCustomerDeleteBefore','',1),(399,'actionObjectCustomerUpdateAfter','actionObjectCustomerUpdateAfter','',1),(400,'displayOrderPreview','displayOrderPreview','',1),(401,'actionListMailThemes','List the available email themes and layouts','This hook allows to add/remove available email themes (ThemeInterface) and/or to add/remove their layouts (LayoutInterface)',1),(402,'actionGetMailThemeFolder','Define the folder of an email theme','This hook allows to change the folder of an email theme (useful if you theme is in a module for example)',1),(403,'actionBuildMailLayoutVariables','Build the variables used in email layout rendering','This hook allows to change the variables used when an email layout is rendered',1),(404,'actionGetMailLayoutTransformations','Define the transformation to apply on layout','This hook allows to add/remove TransformationInterface used to generate an email layout',1),(405,'actionSqlRequestFormBuilderModifier','Modify sql request identifiable object form','This hook allows to modify sql request identifiable object forms content by modifying form builder data or FormBuilder itself',1),(406,'actionCustomerFormBuilderModifier','Modify customer identifiable object form','This hook allows to modify customer identifiable object forms content by modifying form builder data or FormBuilder itself',1),(407,'actionLanguageFormBuilderModifier','Modify language identifiable object form','This hook allows to modify language identifiable object forms content by modifying form builder data or FormBuilder itself',1),(408,'actionCurrencyFormBuilderModifier','Modify currency identifiable object form','This hook allows to modify currency identifiable object forms content by modifying form builder data or FormBuilder itself',1),(409,'actionWebserviceKeyFormBuilderModifier','Modify webservice key identifiable object form','This hook allows to modify webservice key identifiable object forms content by modifying form builder data or FormBuilder itself',1),(410,'actionMetaFormBuilderModifier','Modify meta identifiable object form','This hook allows to modify meta identifiable object forms content by modifying form builder data or FormBuilder itself',1),(411,'actionCategoryFormBuilderModifier','Modify category identifiable object form','This hook allows to modify category identifiable object forms content by modifying form builder data or FormBuilder itself',1),(412,'actionRootCategoryFormBuilderModifier','Modify root category identifiable object form','This hook allows to modify root category identifiable object forms content by modifying form builder data or FormBuilder itself',1),(413,'actionContactFormBuilderModifier','Modify contact identifiable object form','This hook allows to modify contact identifiable object forms content by modifying form builder data or FormBuilder itself',1),(414,'actionCmsPageCategoryFormBuilderModifier','Modify cms page category identifiable object form','This hook allows to modify cms page category identifiable object forms content by modifying form builder data or FormBuilder itself',1),(415,'actionTaxFormBuilderModifier','Modify tax identifiable object form','This hook allows to modify tax identifiable object forms content by modifying form builder data or FormBuilder itself',1),(416,'actionManufacturerFormBuilderModifier','Modify manufacturer identifiable object form','This hook allows to modify manufacturer identifiable object forms content by modifying form builder data or FormBuilder itself',1),(417,'actionEmployeeFormBuilderModifier','Modify employee identifiable object form','This hook allows to modify employee identifiable object forms content by modifying form builder data or FormBuilder itself',1),(418,'actionProfileFormBuilderModifier','Modify profile identifiable object form','This hook allows to modify profile identifiable object forms content by modifying form builder data or FormBuilder itself',1),(419,'actionCmsPageFormBuilderModifier','Modify cms page identifiable object form','This hook allows to modify cms page identifiable object forms content by modifying form builder data or FormBuilder itself',1),(420,'actionManufacturerAddressFormBuilderModifier','Modify manufacturer address identifiable object form','This hook allows to modify manufacturer address identifiable object forms content by modifying form builder data or FormBuilder itself',1),(421,'actionBeforeUpdateSqlRequestFormHandler','Modify sql request identifiable object data before updating it','This hook allows to modify sql request identifiable object forms data before it was updated',1),(422,'actionBeforeUpdateCustomerFormHandler','Modify customer identifiable object data before updating it','This hook allows to modify customer identifiable object forms data before it was updated',1),(423,'actionBeforeUpdateLanguageFormHandler','Modify language identifiable object data before updating it','This hook allows to modify language identifiable object forms data before it was updated',1),(424,'actionBeforeUpdateCurrencyFormHandler','Modify currency identifiable object data before updating it','This hook allows to modify currency identifiable object forms data before it was updated',1),(425,'actionBeforeUpdateWebserviceKeyFormHandler','Modify webservice key identifiable object data before updating i','This hook allows to modify webservice key identifiable object forms data before it was updated',1),(426,'actionBeforeUpdateMetaFormHandler','Modify meta identifiable object data before updating it','This hook allows to modify meta identifiable object forms data before it was updated',1),(427,'actionBeforeUpdateCategoryFormHandler','Modify category identifiable object data before updating it','This hook allows to modify category identifiable object forms data before it was updated',1),(428,'actionBeforeUpdateRootCategoryFormHandler','Modify root category identifiable object data before updating it','This hook allows to modify root category identifiable object forms data before it was updated',1),(429,'actionBeforeUpdateContactFormHandler','Modify contact identifiable object data before updating it','This hook allows to modify contact identifiable object forms data before it was updated',1),(430,'actionBeforeUpdateCmsPageCategoryFormHandler','Modify cms page category identifiable object data before updatin','This hook allows to modify cms page category identifiable object forms data before it was updated',1),(431,'actionBeforeUpdateTaxFormHandler','Modify tax identifiable object data before updating it','This hook allows to modify tax identifiable object forms data before it was updated',1),(432,'actionBeforeUpdateManufacturerFormHandler','Modify manufacturer identifiable object data before updating it','This hook allows to modify manufacturer identifiable object forms data before it was updated',1),(433,'actionBeforeUpdateEmployeeFormHandler','Modify employee identifiable object data before updating it','This hook allows to modify employee identifiable object forms data before it was updated',1),(434,'actionBeforeUpdateProfileFormHandler','Modify profile identifiable object data before updating it','This hook allows to modify profile identifiable object forms data before it was updated',1),(435,'actionBeforeUpdateCmsPageFormHandler','Modify cms page identifiable object data before updating it','This hook allows to modify cms page identifiable object forms data before it was updated',1),(436,'actionBeforeUpdateManufacturerAddressFormHandler','Modify manufacturer address identifiable object data before upda','This hook allows to modify manufacturer address identifiable object forms data before it was updated',1),(437,'actionAfterUpdateSqlRequestFormHandler','Modify sql request identifiable object data after updating it','This hook allows to modify sql request identifiable object forms data after it was updated',1),(438,'actionAfterUpdateCustomerFormHandler','Modify customer identifiable object data after updating it','This hook allows to modify customer identifiable object forms data after it was updated',1),(439,'actionAfterUpdateLanguageFormHandler','Modify language identifiable object data after updating it','This hook allows to modify language identifiable object forms data after it was updated',1),(440,'actionAfterUpdateCurrencyFormHandler','Modify currency identifiable object data after updating it','This hook allows to modify currency identifiable object forms data after it was updated',1),(441,'actionAfterUpdateWebserviceKeyFormHandler','Modify webservice key identifiable object data after updating it','This hook allows to modify webservice key identifiable object forms data after it was updated',1),(442,'actionAfterUpdateMetaFormHandler','Modify meta identifiable object data after updating it','This hook allows to modify meta identifiable object forms data after it was updated',1),(443,'actionAfterUpdateCategoryFormHandler','Modify category identifiable object data after updating it','This hook allows to modify category identifiable object forms data after it was updated',1),(444,'actionAfterUpdateRootCategoryFormHandler','Modify root category identifiable object data after updating it','This hook allows to modify root category identifiable object forms data after it was updated',1),(445,'actionAfterUpdateContactFormHandler','Modify contact identifiable object data after updating it','This hook allows to modify contact identifiable object forms data after it was updated',1),(446,'actionAfterUpdateCmsPageCategoryFormHandler','Modify cms page category identifiable object data after updating','This hook allows to modify cms page category identifiable object forms data after it was updated',1),(447,'actionAfterUpdateTaxFormHandler','Modify tax identifiable object data after updating it','This hook allows to modify tax identifiable object forms data after it was updated',1),(448,'actionAfterUpdateManufacturerFormHandler','Modify manufacturer identifiable object data after updating it','This hook allows to modify manufacturer identifiable object forms data after it was updated',1),(449,'actionAfterUpdateEmployeeFormHandler','Modify employee identifiable object data after updating it','This hook allows to modify employee identifiable object forms data after it was updated',1),(450,'actionAfterUpdateProfileFormHandler','Modify profile identifiable object data after updating it','This hook allows to modify profile identifiable object forms data after it was updated',1),(451,'actionAfterUpdateCmsPageFormHandler','Modify cms page identifiable object data after updating it','This hook allows to modify cms page identifiable object forms data after it was updated',1),(452,'actionAfterUpdateManufacturerAddressFormHandler','Modify manufacturer address identifiable object data after updat','This hook allows to modify manufacturer address identifiable object forms data after it was updated',1),(453,'actionBeforeCreateSqlRequestFormHandler','Modify sql request identifiable object data before creating it','This hook allows to modify sql request identifiable object forms data before it was created',1),(454,'actionBeforeCreateCustomerFormHandler','Modify customer identifiable object data before creating it','This hook allows to modify customer identifiable object forms data before it was created',1),(455,'actionBeforeCreateLanguageFormHandler','Modify language identifiable object data before creating it','This hook allows to modify language identifiable object forms data before it was created',1),(456,'actionBeforeCreateCurrencyFormHandler','Modify currency identifiable object data before creating it','This hook allows to modify currency identifiable object forms data before it was created',1),(457,'actionBeforeCreateWebserviceKeyFormHandler','Modify webservice key identifiable object data before creating i','This hook allows to modify webservice key identifiable object forms data before it was created',1),(458,'actionBeforeCreateMetaFormHandler','Modify meta identifiable object data before creating it','This hook allows to modify meta identifiable object forms data before it was created',1),(459,'actionBeforeCreateCategoryFormHandler','Modify category identifiable object data before creating it','This hook allows to modify category identifiable object forms data before it was created',1),(460,'actionBeforeCreateRootCategoryFormHandler','Modify root category identifiable object data before creating it','This hook allows to modify root category identifiable object forms data before it was created',1),(461,'actionBeforeCreateContactFormHandler','Modify contact identifiable object data before creating it','This hook allows to modify contact identifiable object forms data before it was created',1),(462,'actionBeforeCreateCmsPageCategoryFormHandler','Modify cms page category identifiable object data before creatin','This hook allows to modify cms page category identifiable object forms data before it was created',1),(463,'actionBeforeCreateTaxFormHandler','Modify tax identifiable object data before creating it','This hook allows to modify tax identifiable object forms data before it was created',1),(464,'actionBeforeCreateManufacturerFormHandler','Modify manufacturer identifiable object data before creating it','This hook allows to modify manufacturer identifiable object forms data before it was created',1),(465,'actionBeforeCreateEmployeeFormHandler','Modify employee identifiable object data before creating it','This hook allows to modify employee identifiable object forms data before it was created',1),(466,'actionBeforeCreateProfileFormHandler','Modify profile identifiable object data before creating it','This hook allows to modify profile identifiable object forms data before it was created',1),(467,'actionBeforeCreateCmsPageFormHandler','Modify cms page identifiable object data before creating it','This hook allows to modify cms page identifiable object forms data before it was created',1),(468,'actionBeforeCreateManufacturerAddressFormHandler','Modify manufacturer address identifiable object data before crea','This hook allows to modify manufacturer address identifiable object forms data before it was created',1),(469,'actionAfterCreateSqlRequestFormHandler','Modify sql request identifiable object data after creating it','This hook allows to modify sql request identifiable object forms data after it was created',1),(470,'actionAfterCreateCustomerFormHandler','Modify customer identifiable object data after creating it','This hook allows to modify customer identifiable object forms data after it was created',1),(471,'actionAfterCreateLanguageFormHandler','Modify language identifiable object data after creating it','This hook allows to modify language identifiable object forms data after it was created',1),(472,'actionAfterCreateCurrencyFormHandler','Modify currency identifiable object data after creating it','This hook allows to modify currency identifiable object forms data after it was created',1),(473,'actionAfterCreateWebserviceKeyFormHandler','Modify webservice key identifiable object data after creating it','This hook allows to modify webservice key identifiable object forms data after it was created',1),(474,'actionAfterCreateMetaFormHandler','Modify meta identifiable object data after creating it','This hook allows to modify meta identifiable object forms data after it was created',1),(475,'actionAfterCreateCategoryFormHandler','Modify category identifiable object data after creating it','This hook allows to modify category identifiable object forms data after it was created',1),(476,'actionAfterCreateRootCategoryFormHandler','Modify root category identifiable object data after creating it','This hook allows to modify root category identifiable object forms data after it was created',1),(477,'actionAfterCreateContactFormHandler','Modify contact identifiable object data after creating it','This hook allows to modify contact identifiable object forms data after it was created',1),(478,'actionAfterCreateCmsPageCategoryFormHandler','Modify cms page category identifiable object data after creating','This hook allows to modify cms page category identifiable object forms data after it was created',1),(479,'actionAfterCreateTaxFormHandler','Modify tax identifiable object data after creating it','This hook allows to modify tax identifiable object forms data after it was created',1),(480,'actionAfterCreateManufacturerFormHandler','Modify manufacturer identifiable object data after creating it','This hook allows to modify manufacturer identifiable object forms data after it was created',1),(481,'actionAfterCreateEmployeeFormHandler','Modify employee identifiable object data after creating it','This hook allows to modify employee identifiable object forms data after it was created',1),(482,'actionAfterCreateProfileFormHandler','Modify profile identifiable object data after creating it','This hook allows to modify profile identifiable object forms data after it was created',1),(483,'actionAfterCreateCmsPageFormHandler','Modify cms page identifiable object data after creating it','This hook allows to modify cms page identifiable object forms data after it was created',1),(484,'actionAfterCreateManufacturerAddressFormHandler','Modify manufacturer address identifiable object data after creat','This hook allows to modify manufacturer address identifiable object forms data after it was created',1),(485,'actionShippingPreferencesPageForm','Modify shipping preferences page options form content','This hook allows to modify shipping preferences page options form FormBuilder',1),(486,'actionOrdersInvoicesByDateForm','Modify orders invoices by date options form content','This hook allows to modify orders invoices by date options form FormBuilder',1),(487,'actionOrdersInvoicesByStatusForm','Modify orders invoices by status options form content','This hook allows to modify orders invoices by status options form FormBuilder',1),(488,'actionOrdersInvoicesOptionsForm','Modify orders invoices options options form content','This hook allows to modify orders invoices options options form FormBuilder',1),(489,'actionCustomerPreferencesPageForm','Modify customer preferences page options form content','This hook allows to modify customer preferences page options form FormBuilder',1),(490,'actionOrderPreferencesPageForm','Modify order preferences page options form content','This hook allows to modify order preferences page options form FormBuilder',1),(491,'actionProductPreferencesPageForm','Modify product preferences page options form content','This hook allows to modify product preferences page options form FormBuilder',1),(492,'actionGeneralPageForm','Modify general page options form content','This hook allows to modify general page options form FormBuilder',1),(493,'actionLogsPageForm','Modify logs page options form content','This hook allows to modify logs page options form FormBuilder',1),(494,'actionOrderDeliverySlipOptionsForm','Modify order delivery slip options options form content','This hook allows to modify order delivery slip options options form FormBuilder',1),(495,'actionOrderDeliverySlipPdfForm','Modify order delivery slip pdf options form content','This hook allows to modify order delivery slip pdf options form FormBuilder',1),(496,'actionGeolocationPageForm','Modify geolocation page options form content','This hook allows to modify geolocation page options form FormBuilder',1),(497,'actionLocalizationPageForm','Modify localization page options form content','This hook allows to modify localization page options form FormBuilder',1),(498,'actionPaymentPreferencesForm','Modify payment preferences options form content','This hook allows to modify payment preferences options form FormBuilder',1),(499,'actionEmailConfigurationForm','Modify email configuration options form content','This hook allows to modify email configuration options form FormBuilder',1),(500,'actionRequestSqlForm','Modify request sql options form content','This hook allows to modify request sql options form FormBuilder',1),(501,'actionBackupForm','Modify backup options form content','This hook allows to modify backup options form FormBuilder',1),(502,'actionWebservicePageForm','Modify webservice page options form content','This hook allows to modify webservice page options form FormBuilder',1),(503,'actionMetaPageForm','Modify meta page options form content','This hook allows to modify meta page options form FormBuilder',1),(504,'actionEmployeeForm','Modify employee options form content','This hook allows to modify employee options form FormBuilder',1),(505,'actionCurrencyForm','Modify currency options form content','This hook allows to modify currency options form FormBuilder',1),(506,'actionShopLogoForm','Modify shop logo options form content','This hook allows to modify shop logo options form FormBuilder',1),(507,'actionTaxForm','Modify tax options form content','This hook allows to modify tax options form FormBuilder',1),(508,'actionMailThemeForm','Modify mail theme options form content','This hook allows to modify mail theme options form FormBuilder',1),(509,'actionPerformancePageSave','Modify performance page options form saved data','This hook allows to modify data of performance page options form after it was saved',1),(510,'actionMaintenancePageSave','Modify maintenance page options form saved data','This hook allows to modify data of maintenance page options form after it was saved',1),(511,'actionAdministrationPageSave','Modify administration page options form saved data','This hook allows to modify data of administration page options form after it was saved',1),(512,'actionShippingPreferencesPageSave','Modify shipping preferences page options form saved data','This hook allows to modify data of shipping preferences page options form after it was saved',1),(513,'actionOrdersInvoicesByDateSave','Modify orders invoices by date options form saved data','This hook allows to modify data of orders invoices by date options form after it was saved',1),(514,'actionOrdersInvoicesByStatusSave','Modify orders invoices by status options form saved data','This hook allows to modify data of orders invoices by status options form after it was saved',1),(515,'actionOrdersInvoicesOptionsSave','Modify orders invoices options options form saved data','This hook allows to modify data of orders invoices options options form after it was saved',1),(516,'actionCustomerPreferencesPageSave','Modify customer preferences page options form saved data','This hook allows to modify data of customer preferences page options form after it was saved',1),(517,'actionOrderPreferencesPageSave','Modify order preferences page options form saved data','This hook allows to modify data of order preferences page options form after it was saved',1),(518,'actionProductPreferencesPageSave','Modify product preferences page options form saved data','This hook allows to modify data of product preferences page options form after it was saved',1),(519,'actionGeneralPageSave','Modify general page options form saved data','This hook allows to modify data of general page options form after it was saved',1),(520,'actionLogsPageSave','Modify logs page options form saved data','This hook allows to modify data of logs page options form after it was saved',1),(521,'actionOrderDeliverySlipOptionsSave','Modify order delivery slip options options form saved data','This hook allows to modify data of order delivery slip options options form after it was saved',1),(522,'actionOrderDeliverySlipPdfSave','Modify order delivery slip pdf options form saved data','This hook allows to modify data of order delivery slip pdf options form after it was saved',1),(523,'actionGeolocationPageSave','Modify geolocation page options form saved data','This hook allows to modify data of geolocation page options form after it was saved',1),(524,'actionLocalizationPageSave','Modify localization page options form saved data','This hook allows to modify data of localization page options form after it was saved',1),(525,'actionPaymentPreferencesSave','Modify payment preferences options form saved data','This hook allows to modify data of payment preferences options form after it was saved',1),(526,'actionEmailConfigurationSave','Modify email configuration options form saved data','This hook allows to modify data of email configuration options form after it was saved',1),(527,'actionRequestSqlSave','Modify request sql options form saved data','This hook allows to modify data of request sql options form after it was saved',1),(528,'actionBackupSave','Modify backup options form saved data','This hook allows to modify data of backup options form after it was saved',1),(529,'actionWebservicePageSave','Modify webservice page options form saved data','This hook allows to modify data of webservice page options form after it was saved',1),(530,'actionMetaPageSave','Modify meta page options form saved data','This hook allows to modify data of meta page options form after it was saved',1),(531,'actionEmployeeSave','Modify employee options form saved data','This hook allows to modify data of employee options form after it was saved',1),(532,'actionCurrencySave','Modify currency options form saved data','This hook allows to modify data of currency options form after it was saved',1),(533,'actionShopLogoSave','Modify shop logo options form saved data','This hook allows to modify data of shop logo options form after it was saved',1),(534,'actionTaxSave','Modify tax options form saved data','This hook allows to modify data of tax options form after it was saved',1),(535,'actionMailThemeSave','Modify mail theme options form saved data','This hook allows to modify data of mail theme options form after it was saved',1),(536,'actionCategoryGridDefinitionModifier','Modify category grid definition','This hook allows to alter category grid columns, actions and filters',1),(537,'actionEmployeeGridDefinitionModifier','Modify employee grid definition','This hook allows to alter employee grid columns, actions and filters',1),(538,'actionContactGridDefinitionModifier','Modify contact grid definition','This hook allows to alter contact grid columns, actions and filters',1),(539,'actionCustomerGridDefinitionModifier','Modify customer grid definition','This hook allows to alter customer grid columns, actions and filters',1),(540,'actionLanguageGridDefinitionModifier','Modify language grid definition','This hook allows to alter language grid columns, actions and filters',1),(541,'actionCurrencyGridDefinitionModifier','Modify currency grid definition','This hook allows to alter currency grid columns, actions and filters',1),(542,'actionSupplierGridDefinitionModifier','Modify supplier grid definition','This hook allows to alter supplier grid columns, actions and filters',1),(543,'actionProfileGridDefinitionModifier','Modify profile grid definition','This hook allows to alter profile grid columns, actions and filters',1),(544,'actionCmsPageCategoryGridDefinitionModifier','Modify cms page category grid definition','This hook allows to alter cms page category grid columns, actions and filters',1),(545,'actionTaxGridDefinitionModifier','Modify tax grid definition','This hook allows to alter tax grid columns, actions and filters',1),(546,'actionManufacturerGridDefinitionModifier','Modify manufacturer grid definition','This hook allows to alter manufacturer grid columns, actions and filters',1),(547,'actionManufacturerAddressGridDefinitionModifier','Modify manufacturer address grid definition','This hook allows to alter manufacturer address grid columns, actions and filters',1),(548,'actionCmsPageGridDefinitionModifier','Modify cms page grid definition','This hook allows to alter cms page grid columns, actions and filters',1),(549,'actionBackupGridQueryBuilderModifier','Modify backup grid query builder','This hook allows to alter Doctrine query builder for backup grid',1),(550,'actionCategoryGridQueryBuilderModifier','Modify category grid query builder','This hook allows to alter Doctrine query builder for category grid',1),(551,'actionEmployeeGridQueryBuilderModifier','Modify employee grid query builder','This hook allows to alter Doctrine query builder for employee grid',1),(552,'actionContactGridQueryBuilderModifier','Modify contact grid query builder','This hook allows to alter Doctrine query builder for contact grid',1),(553,'actionCustomerGridQueryBuilderModifier','Modify customer grid query builder','This hook allows to alter Doctrine query builder for customer grid',1),(554,'actionLanguageGridQueryBuilderModifier','Modify language grid query builder','This hook allows to alter Doctrine query builder for language grid',1),(555,'actionCurrencyGridQueryBuilderModifier','Modify currency grid query builder','This hook allows to alter Doctrine query builder for currency grid',1),(556,'actionSupplierGridQueryBuilderModifier','Modify supplier grid query builder','This hook allows to alter Doctrine query builder for supplier grid',1),(557,'actionProfileGridQueryBuilderModifier','Modify profile grid query builder','This hook allows to alter Doctrine query builder for profile grid',1),(558,'actionCmsPageCategoryGridQueryBuilderModifier','Modify cms page category grid query builder','This hook allows to alter Doctrine query builder for cms page category grid',1),(559,'actionTaxGridQueryBuilderModifier','Modify tax grid query builder','This hook allows to alter Doctrine query builder for tax grid',1),(560,'actionManufacturerGridQueryBuilderModifier','Modify manufacturer grid query builder','This hook allows to alter Doctrine query builder for manufacturer grid',1),(561,'actionManufacturerAddressGridQueryBuilderModifier','Modify manufacturer address grid query builder','This hook allows to alter Doctrine query builder for manufacturer address grid',1),(562,'actionCmsPageGridQueryBuilderModifier','Modify cms page grid query builder','This hook allows to alter Doctrine query builder for cms page grid',1),(563,'actionLogsGridDataModifier','Modify logs grid data','This hook allows to modify logs grid data',1),(564,'actionEmailLogsGridDataModifier','Modify email logs grid data','This hook allows to modify email logs grid data',1),(565,'actionSqlRequestGridDataModifier','Modify sql request grid data','This hook allows to modify sql request grid data',1),(566,'actionBackupGridDataModifier','Modify backup grid data','This hook allows to modify backup grid data',1),(567,'actionWebserviceKeyGridDataModifier','Modify webservice key grid data','This hook allows to modify webservice key grid data',1),(568,'actionMetaGridDataModifier','Modify meta grid data','This hook allows to modify meta grid data',1),(569,'actionCategoryGridDataModifier','Modify category grid data','This hook allows to modify category grid data',1),(570,'actionEmployeeGridDataModifier','Modify employee grid data','This hook allows to modify employee grid data',1),(571,'actionContactGridDataModifier','Modify contact grid data','This hook allows to modify contact grid data',1),(572,'actionCustomerGridDataModifier','Modify customer grid data','This hook allows to modify customer grid data',1),(573,'actionLanguageGridDataModifier','Modify language grid data','This hook allows to modify language grid data',1),(574,'actionCurrencyGridDataModifier','Modify currency grid data','This hook allows to modify currency grid data',1),(575,'actionSupplierGridDataModifier','Modify supplier grid data','This hook allows to modify supplier grid data',1),(576,'actionProfileGridDataModifier','Modify profile grid data','This hook allows to modify profile grid data',1),(577,'actionCmsPageCategoryGridDataModifier','Modify cms page category grid data','This hook allows to modify cms page category grid data',1),(578,'actionTaxGridDataModifier','Modify tax grid data','This hook allows to modify tax grid data',1),(579,'actionManufacturerGridDataModifier','Modify manufacturer grid data','This hook allows to modify manufacturer grid data',1),(580,'actionManufacturerAddressGridDataModifier','Modify manufacturer address grid data','This hook allows to modify manufacturer address grid data',1),(581,'actionCmsPageGridDataModifier','Modify cms page grid data','This hook allows to modify cms page grid data',1),(582,'actionCategoryGridFilterFormModifier','Modify category grid filters','This hook allows to modify filters for category grid',1),(583,'actionEmployeeGridFilterFormModifier','Modify employee grid filters','This hook allows to modify filters for employee grid',1),(584,'actionContactGridFilterFormModifier','Modify contact grid filters','This hook allows to modify filters for contact grid',1),(585,'actionCustomerGridFilterFormModifier','Modify customer grid filters','This hook allows to modify filters for customer grid',1),(586,'actionLanguageGridFilterFormModifier','Modify language grid filters','This hook allows to modify filters for language grid',1),(587,'actionCurrencyGridFilterFormModifier','Modify currency grid filters','This hook allows to modify filters for currency grid',1),(588,'actionSupplierGridFilterFormModifier','Modify supplier grid filters','This hook allows to modify filters for supplier grid',1),(589,'actionProfileGridFilterFormModifier','Modify profile grid filters','This hook allows to modify filters for profile grid',1),(590,'actionCmsPageCategoryGridFilterFormModifier','Modify cms page category grid filters','This hook allows to modify filters for cms page category grid',1),(591,'actionTaxGridFilterFormModifier','Modify tax grid filters','This hook allows to modify filters for tax grid',1),(592,'actionManufacturerGridFilterFormModifier','Modify manufacturer grid filters','This hook allows to modify filters for manufacturer grid',1),(593,'actionManufacturerAddressGridFilterFormModifier','Modify manufacturer address grid filters','This hook allows to modify filters for manufacturer address grid',1),(594,'actionCmsPageGridFilterFormModifier','Modify cms page grid filters','This hook allows to modify filters for cms page grid',1),(595,'actionCategoryGridPresenterModifier','Modify category grid template data','This hook allows to modify data which is about to be used in template for category grid',1),(596,'actionEmployeeGridPresenterModifier','Modify employee grid template data','This hook allows to modify data which is about to be used in template for employee grid',1),(597,'actionContactGridPresenterModifier','Modify contact grid template data','This hook allows to modify data which is about to be used in template for contact grid',1),(598,'actionCustomerGridPresenterModifier','Modify customer grid template data','This hook allows to modify data which is about to be used in template for customer grid',1),(599,'actionLanguageGridPresenterModifier','Modify language grid template data','This hook allows to modify data which is about to be used in template for language grid',1),(600,'actionCurrencyGridPresenterModifier','Modify currency grid template data','This hook allows to modify data which is about to be used in template for currency grid',1),(601,'actionSupplierGridPresenterModifier','Modify supplier grid template data','This hook allows to modify data which is about to be used in template for supplier grid',1),(602,'actionProfileGridPresenterModifier','Modify profile grid template data','This hook allows to modify data which is about to be used in template for profile grid',1),(603,'actionCmsPageCategoryGridPresenterModifier','Modify cms page category grid template data','This hook allows to modify data which is about to be used in template for cms page category grid',1),(604,'actionTaxGridPresenterModifier','Modify tax grid template data','This hook allows to modify data which is about to be used in template for tax grid',1),(605,'actionManufacturerGridPresenterModifier','Modify manufacturer grid template data','This hook allows to modify data which is about to be used in template for manufacturer grid',1),(606,'actionManufacturerAddressGridPresenterModifier','Modify manufacturer address grid template data','This hook allows to modify data which is about to be used in template for manufacturer address grid',1),(607,'actionCmsPageGridPresenterModifier','Modify cms page grid template data','This hook allows to modify data which is about to be used in template for cms page grid',1),(608,'displayGDPRConsent','displayGDPRConsent','',1),(609,'displayProductActions','displayProductActions','',1),(610,'displayProductPriceBlock','displayProductPriceBlock','',1),(611,'actionObjectOrderPaymentAddAfter','actionObjectOrderPaymentAddAfter','',1),(612,'actionObjectOrderPaymentUpdateAfter','actionObjectOrderPaymentUpdateAfter','',1);

--
-- Table structure for table `ps_hook_alias`
--

CREATE TABLE `ps_hook_alias` (
  `id_hook_alias` int(10) unsigned NOT NULL AUTO_INCREMENT,
  `alias` varchar(64) NOT NULL,
  `name` varchar(64) NOT NULL,
  PRIMARY KEY (`id_hook_alias`),
  UNIQUE KEY `alias` (`alias`)
) ENGINE=InnoDB AUTO_INCREMENT=84 DEFAULT CHARSET=utf8;

--
-- Dumping data for table `ps_hook_alias`
--

INSERT INTO `ps_hook_alias` VALUES (1,'newOrder','actionValidateOrder'),(2,'paymentConfirm','actionPaymentConfirmation'),(3,'paymentReturn','displayPaymentReturn'),(4,'updateQuantity','actionUpdateQuantity'),(5,'rightColumn','displayRightColumn'),(6,'leftColumn','displayLeftColumn'),(7,'home','displayHome'),(8,'displayHeader','Header'),(9,'cart','actionCartSave'),(10,'authentication','actionAuthentication'),(11,'addproduct','actionProductAdd'),(12,'updateproduct','actionProductUpdate'),(13,'top','displayTop'),(14,'extraRight','displayRightColumnProduct'),(15,'deleteproduct','actionProductDelete'),(16,'productfooter','displayFooterProduct'),(17,'invoice','displayInvoice'),(18,'updateOrderStatus','actionOrderStatusUpdate'),(19,'adminOrder','displayAdminOrder'),(20,'footer','displayFooter'),(21,'PDFInvoice','displayPDFInvoice'),(22,'adminCustomers','displayAdminCustomers'),(23,'orderConfirmation','displayOrderConfirmation'),(24,'createAccount','actionCustomerAccountAdd'),(25,'customerAccount','displayCustomerAccount'),(26,'orderSlip','actionOrderSlipAdd'),(27,'shoppingCart','displayShoppingCartFooter'),(28,'createAccountForm','displayCustomerAccountForm'),(29,'AdminStatsModules','displayAdminStatsModules'),(30,'GraphEngine','displayAdminStatsGraphEngine'),(31,'orderReturn','actionOrderReturn'),(32,'productActions','displayProductAdditionalInfo'),(33,'displayProductButtons','displayProductAdditionalInfo'),(34,'backOfficeHome','displayBackOfficeHome'),(35,'GridEngine','displayAdminStatsGridEngine'),(36,'watermark','actionWatermark'),(37,'cancelProduct','actionProductCancel'),(38,'extraLeft','displayLeftColumnProduct'),(39,'productOutOfStock','actionProductOutOfStock'),(40,'updateProductAttribute','actionProductAttributeUpdate'),(41,'extraCarrier','displayCarrierList'),(42,'shoppingCartExtra','displayShoppingCart'),(43,'updateCarrier','actionCarrierUpdate'),(44,'postUpdateOrderStatus','actionOrderStatusPostUpdate'),(45,'createAccountTop','displayCustomerAccountFormTop'),(46,'backOfficeHeader','displayBackOfficeHeader'),(47,'backOfficeTop','displayBackOfficeTop'),(48,'backOfficeFooter','displayBackOfficeFooter'),(49,'deleteProductAttribute','actionProductAttributeDelete'),(50,'processCarrier','actionCarrierProcess'),(51,'beforeCarrier','displayBeforeCarrier'),(52,'orderDetailDisplayed','displayOrderDetail'),(53,'paymentCCAdded','actionPaymentCCAdd'),(54,'categoryAddition','actionCategoryAdd'),(55,'categoryUpdate','actionCategoryUpdate'),(56,'categoryDeletion','actionCategoryDelete'),(57,'paymentTop','displayPaymentTop'),(58,'afterCreateHtaccess','actionHtaccessCreate'),(59,'afterSaveAdminMeta','actionAdminMetaSave'),(60,'attributeGroupForm','displayAttributeGroupForm'),(61,'afterSaveAttributeGroup','actionAttributeGroupSave'),(62,'afterDeleteAttributeGroup','actionAttributeGroupDelete'),(63,'featureForm','displayFeatureForm'),(64,'afterSaveFeature','actionFeatureSave'),(65,'afterDeleteFeature','actionFeatureDelete'),(66,'afterSaveProduct','actionProductSave'),(67,'postProcessAttributeGroup','displayAttributeGroupPostProcess'),(68,'postProcessFeature','displayFeaturePostProcess'),(69,'featureValueForm','displayFeatureValueForm'),(70,'postProcessFeatureValue','displayFeatureValuePostProcess'),(71,'afterDeleteFeatureValue','actionFeatureValueDelete'),(72,'afterSaveFeatureValue','actionFeatureValueSave'),(73,'attributeForm','displayAttributeForm'),(74,'postProcessAttribute','actionAttributePostProcess'),(75,'afterDeleteAttribute','actionAttributeDelete'),(76,'afterSaveAttribute','actionAttributeSave'),(77,'taxManager','actionTaxManager'),(78,'myAccountBlock','displayMyAccountBlock'),(79,'actionBeforeCartUpdateQty','actionCartUpdateQuantityBefore'),(80,'actionBeforeAjaxDie','actionAjaxDieBefore'),(81,'actionBeforeAuthentication','actionAuthenticationBefore'),(82,'actionBeforeSubmitAccount','actionSubmitAccountBefore'),(83,'actionAfterDeleteProductInCart','actionDeleteProductInCartAfter');

--
-- Table structure for table `ps_hook_module`
--

CREATE TABLE `ps_hook_module` (
  `id_module` int(10) unsigned NOT NULL,
  `id_shop` int(11) unsigned NOT NULL DEFAULT '1',
  `id_hook` int(10) unsigned NOT NULL,
  `position` tinyint(2) unsigned NOT NULL,
  PRIMARY KEY (`id_module`,`id_hook`,`id_shop`),
  KEY `id_hook` (`id_hook`),
  KEY `id_module` (`id_module`),
  KEY `position` (`id_shop`,`position`)
) ENGINE=InnoDB DEFAULT CHARSET=utf8;

--
-- Dumping data for table `ps_hook_module`
--

INSERT INTO `ps_hook_module` VALUES (1,1,183,1),(2,1,185,1),(2,1,186,1),(2,1,187,1),(2,1,188,1),(2,1,189,1),(2,1,190,1),(2,1,191,1),(3,1,63,1),(3,1,192,1),(5,1,193,1),(6,1,50,1),(7,1,54,1),(9,1,195,1),(10,1,12,1),(11,1,5,1),(12,1,197,1),(12,1,198,1),(13,1,199,1),(14,1,200,1),(14,1,201,1),(15,1,105,1),(16,1,202,1),(17,1,41,1),(17,1,42,1),(17,1,114,1),(17,1,205,1),(17,1,206,1),(17,1,393,1),(18,1,81,1),(18,1,82,1),(18,1,83,1),(18,1,84,1),(18,1,85,1),(18,1,86,1),(18,1,87,1),(18,1,88,1),(18,1,89,1),(18,1,90,1),(18,1,91,1),(18,1,92,1),(18,1,93,1),(18,1,94,1),(18,1,95,1),(18,1,97,1),(18,1,207,1),(18,1,379,1),(18,1,380,1),(18,1,381,1),(18,1,382,1),(18,1,383,1),(19,1,17,1),(19,1,18,1),(19,1,24,1),(19,1,76,1),(19,1,208,1),(19,1,209,1),(19,1,210,1),(20,1,14,1),(22,1,132,1),(23,1,211,1),(23,1,212,1),(23,1,213,1),(23,1,214,1),(23,1,215,1),(23,1,216,1),(23,1,217,1),(23,1,218,1),(23,1,219,1),(23,1,220,1),(23,1,221,1),(23,1,222,1),(23,1,223,1),(23,1,224,1),(23,1,225,1),(24,1,226,1),(25,1,318,1),(30,1,49,1),(40,1,16,1),(53,1,227,1),(53,1,228,1),(54,1,1,1),(54,1,29,1),(54,1,101,1),(54,1,231,1),(54,1,232,1),(54,1,233,1),(54,1,234,1),(54,1,235,1),(54,1,236,1),(54,1,237,1),(54,1,238,1),(54,1,239,1),(54,1,240,1),(54,1,241,1),(54,1,242,1),(54,1,243,1),(54,1,244,1),(54,1,245,1),(56,1,184,1),(57,1,131,1),(59,1,230,1),(61,1,123,1),(61,1,258,1),(61,1,259,1),(61,1,275,1),(62,1,261,1),(62,1,345,1),(62,1,366,1),(63,1,19,1),(63,1,251,1),(63,1,252,1),(63,1,302,1),(63,1,303,1),(63,1,305,1),(63,1,336,1),(63,1,337,1),(63,1,339,1),(63,1,357,1),(63,1,358,1),(63,1,360,1),(65,1,21,1),(67,1,111,1),(68,1,262,1),(69,1,263,1),(69,1,308,1),(69,1,342,1),(69,1,363,1),(72,1,317,1),(75,1,13,1),(76,1,35,1),(76,1,264,1),(79,1,126,1),(79,1,266,1),(79,1,267,1),(79,1,268,1),(79,1,269,1),(79,1,270,1),(79,1,306,1),(79,1,307,1),(79,1,340,1),(79,1,341,1),(79,1,361,1),(79,1,362,1),(79,1,608,1),(83,1,253,1),(83,1,326,1),(85,1,310,1),(85,1,344,1),(85,1,365,1),(88,1,203,1),(90,1,6,1),(90,1,257,1),(90,1,290,1),(90,1,309,1),(90,1,313,1),(90,1,343,1),(90,1,364,1),(93,1,27,1),(96,1,20,1),(96,1,347,1),(96,1,348,1),(96,1,349,1),(96,1,355,1),(96,1,356,1),(97,1,316,1),(98,1,75,1),(98,1,77,1),(98,1,329,1),(98,1,330,1),(98,1,331,1),(98,1,332,1),(98,1,338,1),(98,1,346,1),(98,1,350,1),(98,1,351,1),(98,1,352,1),(98,1,353,1),(98,1,359,1),(98,1,367,1),(99,1,65,1),(99,1,102,1),(99,1,273,1),(99,1,274,1),(99,1,333,1),(99,1,354,1),(100,1,22,1),(100,1,31,1),(100,1,33,1),(100,1,45,1),(100,1,134,1),(100,1,376,1),(100,1,390,1),(100,1,391,1),(100,1,392,1),(100,1,400,1),(100,1,524,1),(100,1,609,1),(102,1,15,1),(102,1,30,1),(102,1,40,1),(102,1,56,1),(102,1,70,1),(103,1,43,1),(103,1,48,1),(103,1,370,1),(104,1,99,1),(106,1,377,1),(107,1,371,1),(107,1,378,1),(108,1,26,1),(108,1,37,1),(108,1,52,1),(108,1,78,1),(108,1,113,1),(108,1,196,1),(108,1,369,1),(108,1,374,1),(108,1,386,1),(108,1,387,1),(108,1,388,1),(108,1,389,1),(108,1,610,1),(108,1,611,1),(108,1,612,1),(109,1,384,1),(109,1,385,1),(110,1,28,1),(110,1,38,1),(110,1,44,1),(110,1,51,1),(110,1,394,1),(110,1,395,1),(110,1,396,1),(110,1,397,1),(110,1,398,1),(110,1,399,1),(2,1,184,2),(3,1,185,2),(3,1,191,2),(4,1,192,2),(5,1,186,2),(11,1,196,2),(17,1,183,2),(17,1,374,2),(18,1,75,2),(18,1,77,2),(20,1,202,2),(21,1,105,2),(22,1,35,2),(23,1,76,2),(24,1,14,2),(26,1,21,2),(27,1,203,2),(29,1,5,2),(31,1,49,2),(40,1,41,2),(50,1,193,2),(54,1,187,2),(54,1,189,2),(54,1,198,2),(54,1,216,2),(54,1,225,2),(55,1,200,2),(55,1,201,2),(59,1,132,2),(61,1,18,2),(61,1,65,2),(62,1,275,2),(70,1,17,2),(70,1,24,2),(70,1,63,2),(72,1,195,2),(76,1,13,2),(79,1,339,2),(79,1,360,2),(86,1,102,2),(87,1,20,2),(88,1,265,2),(89,1,264,2),(90,1,1,2),(91,1,310,2),(91,1,344,2),(91,1,365,2),(97,1,261,2),(99,1,12,2),(100,1,30,2),(100,1,37,2),(100,1,44,2),(100,1,52,2),(100,1,230,2),(100,1,369,2),(100,1,386,2),(100,1,387,2),(102,1,27,2),(104,1,43,2),(108,1,40,2),(108,1,228,2),(108,1,238,2),(110,1,6,2),(110,1,15,2),(110,1,16,2),(110,1,29,2),(110,1,56,2),(110,1,206,2),(115,1,48,2),(4,1,185,3),(4,1,191,3),(5,1,192,3),(13,1,21,3),(13,1,105,3),(17,1,35,3),(18,1,12,3),(22,1,203,3),(23,1,202,3),(26,1,14,3),(29,1,196,3),(32,1,49,3),(54,1,186,3),(68,1,339,3),(68,1,360,3),(70,1,18,3),(74,1,13,3),(74,1,17,3),(74,1,24,3),(74,1,63,3),(74,1,264,3),(76,1,265,3),(84,1,275,3),(94,1,20,3),(98,1,76,3),(98,1,195,3),(100,1,29,3),(102,1,65,3),(104,1,27,3),(108,1,5,3),(110,1,1,3),(110,1,40,3),(110,1,41,3),(110,1,183,3),(5,1,185,4),(6,1,191,4),(18,1,76,4),(21,1,21,4),(33,1,49,4),(61,1,14,4),(63,1,275,4),(65,1,105,4),(71,1,202,4),(74,1,18,4),(89,1,13,4),(90,1,24,4),(93,1,17,4),(100,1,40,4),(100,1,63,4),(100,1,196,4),(102,1,35,4),(104,1,12,4),(107,1,65,4),(109,1,27,4),(114,1,20,4),(34,1,49,5),(62,1,14,5),(65,1,275,5),(72,1,202,5),(74,1,265,5),(90,1,18,5),(93,1,24,5),(98,1,17,5),(99,1,13,5),(103,1,35,5),(108,1,27,5),(108,1,191,5),(110,1,65,5),(35,1,49,6),(57,1,191,6),(63,1,14,6),(66,1,275,6),(70,1,13,6),(86,1,202,6),(89,1,265,6),(93,1,18,6),(98,1,24,6),(100,1,27,6),(113,1,35,6),(36,1,49,7),(65,1,14,7),(84,1,264,7),(85,1,275,7),(98,1,18,7),(99,1,202,7),(102,1,13,7),(19,1,13,8),(37,1,49,8),(66,1,14,8),(68,1,275,8),(38,1,49,9),(68,1,14,9),(69,1,275,9),(84,1,265,9),(88,1,264,9),(109,1,13,9),(39,1,49,10),(69,1,14,10),(86,1,275,10),(99,1,264,10),(99,1,265,10),(41,1,49,11),(70,1,14,11),(87,1,275,11),(42,1,49,12),(71,1,14,12),(88,1,275,12),(43,1,49,13),(70,1,275,13),(72,1,14,13),(44,1,49,14),(71,1,275,14),(74,1,14,14),(45,1,49,15),(75,1,14,15),(89,1,275,15),(46,1,49,16),(72,1,275,16),(78,1,14,16),(48,1,49,17),(74,1,275,17),(79,1,14,17),(49,1,49,18),(83,1,14,18),(90,1,275,18),(50,1,49,19),(75,1,275,19),(84,1,14,19),(51,1,49,20),(86,1,14,20),(96,1,275,20),(52,1,49,21),(78,1,275,21),(87,1,14,21),(47,1,49,22),(88,1,14,22),(91,1,275,22),(89,1,14,23),(97,1,275,23),(79,1,275,24),(90,1,14,24),(91,1,14,25),(98,1,275,25),(96,1,14,26),(99,1,275,26),(97,1,14,27),(98,1,14,28),(99,1,14,29),(102,1,14,30),(104,1,14,31),(109,1,14,32),(108,1,14,33),(110,1,14,34),(114,1,14,35),(100,1,14,36),(115,1,14,37);

--
-- Table structure for table `ps_hook_module_exceptions`
--

CREATE TABLE `ps_hook_module_exceptions` (
  `id_hook_module_exceptions` int(10) unsigned NOT NULL AUTO_INCREMENT,
  `id_shop` int(11) unsigned NOT NULL DEFAULT '1',
  `id_module` int(10) unsigned NOT NULL,
  `id_hook` int(10) unsigned NOT NULL,
  `file_name` varchar(255) DEFAULT NULL,
  PRIMARY KEY (`id_hook_module_exceptions`),
  KEY `id_module` (`id_module`),
  KEY `id_hook` (`id_hook`)
) ENGINE=InnoDB DEFAULT CHARSET=utf8;

--
-- Dumping data for table `ps_hook_module_exceptions`
--


--
-- Table structure for table `ps_image`
--

CREATE TABLE `ps_image` (
  `id_image` int(10) unsigned NOT NULL AUTO_INCREMENT,
  `id_product` int(10) unsigned NOT NULL,
  `position` smallint(2) unsigned NOT NULL DEFAULT '0',
  `cover` tinyint(1) unsigned DEFAULT NULL,
  PRIMARY KEY (`id_image`),
  UNIQUE KEY `id_product_cover` (`id_product`,`cover`),
  UNIQUE KEY `idx_product_image` (`id_image`,`id_product`,`cover`),
  KEY `image_product` (`id_product`)
) ENGINE=InnoDB AUTO_INCREMENT=1759 DEFAULT CHARSET=utf8;

--
-- Dumping data for table `ps_image`
--

INSERT INTO `ps_image` VALUES (1,2,1,1),(4,2,2,NULL),(6,4,1,1),(7,4,2,NULL),(14,7,3,NULL),(15,7,2,NULL),(16,7,1,1),(17,7,4,NULL),(18,9,1,1),(19,9,2,NULL),(23,10,1,1),(24,10,2,NULL),(25,10,3,NULL),(34,12,1,1),(35,12,2,NULL),(39,13,1,1),(40,13,2,NULL),(43,14,1,1),(44,14,2,NULL),(45,14,3,NULL),(49,16,1,1),(50,16,2,NULL),(51,16,3,NULL),(52,16,4,NULL),(67,20,1,1),(68,20,2,NULL),(71,21,1,1),(72,21,2,NULL),(78,22,1,1),(79,22,3,NULL),(80,22,4,NULL),(81,22,2,NULL),(87,23,1,1),(88,23,2,NULL),(89,23,3,NULL),(96,25,1,1),(97,25,2,NULL),(99,25,3,NULL),(103,26,1,1),(104,26,2,NULL),(105,26,3,NULL),(111,27,1,1),(112,27,2,NULL),(115,28,1,1),(117,28,2,NULL),(118,28,3,NULL),(151,37,1,1),(152,38,1,1),(154,40,1,1),(155,37,2,NULL),(156,38,2,NULL),(165,40,2,NULL),(166,40,3,NULL),(170,42,1,1),(171,42,3,NULL),(172,42,2,NULL),(175,43,1,1),(176,43,2,NULL),(177,43,3,NULL),(181,44,1,1),(182,44,2,NULL),(183,44,3,NULL),(187,45,1,1),(188,45,2,NULL),(191,46,1,1),(192,46,2,NULL),(193,46,3,NULL),(202,48,1,1),(203,48,2,NULL),(206,49,1,1),(207,49,2,NULL),(214,51,1,1),(215,51,2,NULL),(216,51,3,NULL),(220,52,1,1),(221,52,2,NULL),(225,53,1,1),(226,53,2,NULL),(231,55,1,1),(232,55,2,NULL),(235,56,1,1),(237,57,1,1),(241,57,2,NULL),(242,56,2,NULL),(243,56,3,NULL),(277,68,1,1),(278,68,2,NULL),(279,68,3,NULL),(283,69,1,1),(284,69,2,NULL),(285,69,3,NULL),(376,84,1,1),(396,90,1,1),(398,90,3,NULL),(401,91,1,1),(402,91,2,NULL),(403,90,2,NULL),(418,94,1,1),(419,94,3,NULL),(420,94,2,NULL),(424,95,1,1),(425,95,2,NULL),(429,96,1,1),(431,97,1,1),(432,97,2,NULL),(435,98,1,1),(436,98,2,NULL),(439,99,1,1),(440,99,2,NULL),(441,96,2,NULL),(444,100,1,1),(445,100,2,NULL),(448,101,1,1),(449,101,2,NULL),(450,101,3,NULL),(454,102,1,1),(455,102,2,NULL),(456,102,3,NULL),(460,103,1,1),(461,103,2,NULL),(471,105,1,1),(472,105,2,NULL),(475,106,1,1),(476,106,2,NULL),(480,107,1,1),(481,107,2,NULL),(531,121,1,1),(532,121,2,NULL),(533,121,3,NULL),(537,122,1,1),(541,123,1,1),(542,123,2,NULL),(544,123,3,NULL),(548,124,1,1),(549,124,2,NULL),(550,125,1,1),(551,125,2,NULL),(556,126,1,1),(557,126,2,NULL),(560,127,1,1),(561,127,2,NULL),(564,128,1,1),(565,128,2,NULL),(568,129,1,1),(569,129,2,NULL),(576,131,1,1),(578,131,2,NULL),(580,131,3,NULL),(593,134,1,1),(594,134,2,NULL),(598,135,1,1),(599,135,2,NULL),(600,135,3,NULL),(604,136,1,1),(605,136,2,NULL),(606,136,3,NULL),(632,141,1,1),(633,141,2,NULL),(634,141,3,NULL),(644,137,1,1),(645,137,2,NULL),(654,143,1,1),(655,143,2,NULL),(656,143,3,NULL),(657,143,4,NULL),(675,145,1,1),(676,145,2,NULL),(678,145,3,NULL),(679,145,4,NULL),(680,106,3,NULL),(681,94,4,NULL),(684,90,4,NULL),(685,95,3,NULL),(686,98,3,NULL),(687,100,3,NULL),(688,105,3,NULL),(689,103,3,NULL),(690,97,3,NULL),(691,107,3,NULL),(692,102,4,NULL),(708,147,1,1),(709,147,2,NULL),(710,147,3,NULL),(714,148,1,1),(715,148,2,NULL),(716,148,3,NULL),(717,148,4,NULL),(723,149,4,NULL),(725,150,3,NULL),(729,150,1,NULL),(730,150,2,NULL),(731,149,1,1),(732,149,2,NULL),(733,149,3,NULL),(740,151,4,NULL),(741,151,1,1),(742,151,2,NULL),(743,151,3,NULL),(749,152,1,1),(750,152,2,NULL),(751,152,3,NULL),(753,153,1,NULL),(754,153,2,NULL),(755,153,3,NULL),(756,153,4,NULL),(757,153,5,1),(758,153,6,NULL),(759,153,7,NULL),(760,154,1,NULL),(761,154,3,NULL),(762,154,2,NULL),(763,154,4,1),(768,155,1,1),(769,155,2,NULL),(770,155,3,NULL),(803,164,1,1),(805,164,2,NULL),(811,165,1,1),(812,165,2,NULL),(814,165,3,NULL),(820,167,1,1),(821,167,2,NULL),(822,167,3,NULL),(833,169,1,1),(834,169,2,NULL),(835,169,3,NULL),(839,170,1,1),(840,170,2,NULL),(843,171,1,1),(844,171,2,NULL),(845,171,3,NULL),(849,172,1,1),(850,172,2,NULL),(851,172,3,NULL),(855,173,1,1),(856,173,2,NULL),(859,174,1,1),(860,174,2,NULL),(865,176,1,1),(866,176,3,NULL),(869,177,1,1),(870,176,2,NULL),(872,177,2,NULL),(875,178,1,1),(876,178,2,NULL),(877,178,3,NULL),(878,178,4,NULL),(883,179,1,1),(884,179,2,NULL),(890,180,1,1),(891,180,2,NULL),(894,181,1,1),(895,181,2,NULL),(897,164,3,NULL),(906,84,2,NULL),(909,184,1,1),(910,184,2,NULL),(919,187,1,1),(920,187,2,NULL),(926,189,1,1),(927,189,2,NULL),(930,190,1,1),(931,190,2,NULL),(936,191,1,1),(937,191,2,NULL),(938,191,3,NULL),(942,192,1,1),(946,193,1,1),(947,193,2,NULL),(948,193,3,NULL),(950,192,2,NULL),(951,192,3,NULL),(955,194,1,1),(956,194,2,NULL),(959,194,3,NULL),(963,164,4,NULL),(983,198,1,1),(984,198,2,NULL),(985,198,3,NULL),(997,200,1,NULL),(998,200,2,NULL),(999,200,3,NULL),(1000,200,4,NULL),(1083,214,1,NULL),(1094,218,2,NULL),(1095,218,3,NULL),(1096,218,1,1),(1104,220,1,1),(1110,222,1,1),(1114,223,1,1),(1115,223,2,NULL),(1118,224,1,1),(1120,224,2,NULL),(1123,225,1,1),(1124,225,2,NULL),(1127,226,1,1),(1129,227,1,1),(1131,228,1,1),(1133,229,1,1),(1135,230,1,1),(1140,231,1,1),(1141,231,2,NULL),(1142,231,4,NULL),(1143,231,3,NULL),(1144,231,5,NULL),(1150,232,1,1),(1151,232,2,NULL),(1152,232,3,NULL),(1153,232,4,NULL),(1158,233,1,1),(1160,234,1,1),(1170,236,1,1),(1171,236,2,NULL),(1175,237,1,1),(1176,237,2,NULL),(1179,238,1,1),(1180,238,2,NULL),(1181,238,3,NULL),(1185,239,1,1),(1186,239,2,NULL),(1187,239,3,NULL),(1190,240,1,NULL),(1191,240,2,1),(1192,240,3,NULL),(1196,241,1,1),(1197,241,2,NULL),(1198,241,3,NULL),(1202,242,1,1),(1203,242,2,NULL),(1204,242,3,NULL),(1208,243,1,1),(1209,243,2,NULL),(1212,243,3,NULL),(1216,244,1,1),(1217,244,2,NULL),(1218,244,3,NULL),(1219,244,4,NULL),(1224,245,1,1),(1225,245,2,NULL),(1228,246,1,NULL),(1229,246,2,NULL),(1230,246,3,NULL),(1232,246,4,1),(1235,247,1,NULL),(1237,247,2,1),(1238,247,3,NULL),(1239,248,1,NULL),(1242,248,2,1),(1243,248,3,NULL),(1244,248,4,NULL),(1249,249,1,1),(1250,249,2,NULL),(1252,249,3,NULL),(1255,250,1,NULL),(1256,250,2,1),(1257,250,3,NULL),(1261,251,1,1),(1262,251,2,NULL),(1266,252,1,1),(1267,252,2,NULL),(1271,253,1,1),(1272,253,2,NULL),(1279,254,1,NULL),(1282,255,1,1),(1284,255,2,NULL),(1288,256,1,1),(1289,256,2,NULL),(1291,254,2,1),(1292,254,3,NULL),(1293,150,4,1),(1294,257,1,1),(1302,214,2,1),(1303,214,3,NULL),(1304,214,4,NULL),(1308,258,1,1),(1309,258,2,NULL),(1310,258,3,NULL),(1311,258,4,NULL),(1324,260,1,1),(1325,260,2,NULL),(1327,260,3,NULL),(1328,260,4,NULL),(1333,261,1,1),(1334,261,2,NULL),(1335,261,3,NULL),(1336,200,5,1),(1337,200,6,NULL),(1353,263,1,1),(1354,263,2,NULL),(1355,263,3,NULL),(1356,263,4,NULL),(1361,235,1,1),(1362,235,2,NULL),(1363,235,3,NULL),(1364,235,4,NULL),(1367,264,1,NULL),(1369,264,2,1),(1372,265,1,1),(1373,265,2,NULL),(1376,266,1,1),(1377,266,2,NULL),(1380,267,1,1),(1381,267,2,NULL),(1384,268,1,1),(1385,268,2,NULL),(1388,269,1,1),(1389,269,2,NULL),(1392,270,1,1),(1393,270,2,NULL),(1396,271,1,1),(1397,271,2,NULL),(1400,272,1,1),(1402,272,2,NULL),(1405,273,1,1),(1406,273,2,NULL),(1415,276,1,1),(1416,276,2,NULL),(1417,276,3,NULL),(1418,276,4,NULL),(1423,277,1,1),(1424,277,2,NULL),(1425,277,3,NULL),(1428,278,1,1),(1429,278,2,NULL),(1434,280,1,1),(1435,280,2,NULL),(1438,281,1,1),(1439,281,2,NULL),(1442,282,1,1),(1443,282,2,NULL),(1446,283,1,1),(1447,283,2,NULL),(1502,297,1,NULL),(1503,297,3,NULL),(1504,297,2,NULL),(1505,297,4,1),(1508,298,1,1),(1509,298,2,NULL),(1510,298,3,NULL),(1514,299,1,1),(1515,299,2,NULL),(1518,300,1,1),(1519,300,2,NULL),(1530,303,1,1),(1531,303,2,NULL),(1534,304,1,NULL),(1535,304,2,1),(1536,304,3,NULL),(1539,305,1,1),(1540,305,2,NULL),(1556,308,1,1),(1557,308,3,NULL),(1558,308,2,NULL),(1561,308,4,NULL),(1566,309,1,1),(1567,309,2,NULL),(1568,309,3,NULL),(1569,309,4,NULL),(1575,310,1,1),(1576,310,2,NULL),(1577,310,3,NULL),(1578,310,4,NULL),(1583,311,1,1),(1584,311,2,NULL),(1585,311,3,NULL),(1592,312,1,1),(1593,312,2,NULL),(1594,312,3,NULL),(1595,312,4,NULL),(1596,312,5,NULL),(1601,313,1,1),(1602,313,2,NULL),(1603,313,3,NULL),(1604,313,4,NULL),(1609,314,1,1),(1610,314,2,NULL),(1611,314,3,NULL),(1612,314,4,NULL),(1624,318,1,1),(1639,321,1,1),(1640,321,2,NULL),(1641,321,3,NULL),(1643,321,4,NULL),(1662,325,1,1),(1665,326,1,1),(1666,326,2,NULL),(1670,327,1,NULL),(1671,327,2,1),(1672,322,1,1),(1673,322,2,NULL),(1674,322,3,NULL),(1675,323,1,1),(1676,323,2,NULL),(1677,323,3,NULL),(1678,323,4,NULL),(1682,328,1,1),(1683,328,2,NULL),(1690,330,1,1),(1691,330,2,NULL),(1698,332,1,1),(1699,332,2,NULL),(1702,333,2,1),(1703,333,1,NULL),(1704,333,3,NULL),(1708,334,1,1),(1712,335,1,1),(1713,335,2,NULL),(1716,336,1,1),(1717,336,2,NULL),(1720,337,1,1),(1721,337,2,NULL),(1722,319,2,NULL),(1723,319,3,NULL),(1724,319,1,1),(1728,338,1,1),(1729,338,2,NULL),(1733,339,1,1),(1734,339,2,NULL),(1735,340,1,1),(1736,340,3,NULL),(1737,340,2,NULL),(1738,340,4,NULL),(1739,197,1,1),(1740,197,2,NULL),(1741,197,3,NULL),(1742,197,4,NULL),(1751,342,1,1),(1752,342,2,NULL),(1753,342,4,NULL),(1754,342,3,NULL),(1755,259,1,1),(1756,259,2,NULL),(1757,259,4,NULL),(1758,259,3,NULL);

--
-- Table structure for table `ps_image_lang`
--

CREATE TABLE `ps_image_lang` (
  `id_image` int(10) unsigned NOT NULL,
  `id_lang` int(10) unsigned NOT NULL,
  `legend` varchar(128) DEFAULT NULL,
  PRIMARY KEY (`id_image`,`id_lang`),
  KEY `id_image` (`id_image`)
) ENGINE=InnoDB DEFAULT CHARSET=utf8;

--
-- Dumping data for table `ps_image_lang`
--

INSERT INTO `ps_image_lang` VALUES (1,1,'STREET ALL OVER Benjamin SPaRK'),(4,1,'STREET ALL OVER Benjamin SPaRK'),(6,1,'ACHROMATOPSIE Vast'),(7,1,'ACHROMATOPSIE Vast'),(14,1,'Marilyn Pola 4.0'),(15,1,'Marilyn Pola 4.0'),(16,1,'Marilyn Pola 4.0'),(17,1,'Marilyn Pola 4.0'),(18,1,'exemple '),(19,1,'exemple '),(23,1,'COMPOSITION A LA COMMODE Nicolaï'),(24,1,'COMPOSITION A LA COMMODE Nicolaï'),(25,1,'COMPOSITION A LA COMMODE Nicolaï'),(34,1,'LOST PARADISE Nicolaï'),(35,1,'LOST PARADISE Nicolaï'),(39,1,'SOUS BOIS Nicolaï'),(40,1,'SOUS BOIS Nicolaï'),(43,1,'ETUDE DE LA JUNGLE Nicolaï'),(44,1,'ETUDE DE LA JUNGLE Nicolaï'),(45,1,'ETUDE DE LA JUNGLE Nicolaï'),(49,1,'PRIMAVERA Nicolaï'),(50,1,'PRIMAVERA Nicolaï'),(51,1,'PRIMAVERA Nicolaï'),(52,1,'PRIMAVERA Nicolaï'),(67,1,'ARIANE ABANDONNEE Nicolaï'),(68,1,'ARIANE ABANDONNEE Nicolaï'),(71,1,'PAULINE A LA PLAGE Nicolaï'),(72,1,'PAULINE A LA PLAGE Nicolaï'),(78,1,'DAPHNE Yining Zhao'),(79,1,'DAPHNE Yining Zhao'),(80,1,'DAPHNE Yining Zhao'),(81,1,'DAPHNE Yining Zhao'),(87,1,'PROSERPINE Yining Zhao'),(88,1,'PROSERPINE Yining Zhao'),(89,1,'PROSERPINE Yining Zhao'),(96,1,'SAINTE THERESE 1 Yining Zhao'),(97,1,'SAINTE THERESE 1 Yining Zhao'),(99,1,'SAINTE THERESE 1 Yining Zhao'),(103,1,'SAINTE THERESE 2 Yining Zhao'),(104,1,'SAINTE THERESE 2 Yining Zhao'),(105,1,'SAINTE THERESE 2 Yining Zhao'),(111,1,'SAINTE THERESE 3 Yining Zhao'),(112,1,'SAINTE THERESE 3 Yining Zhao'),(115,1,'MARIE Yining Zhao'),(117,1,'MARIE Yining Zhao'),(118,1,'MARIE Yining Zhao'),(151,1,'copy of PAULINE A LA PLAGE Nicolaï'),(152,1,'BAIGNEUSES Nicolaï'),(154,1,'JEUX D\'EAU Nicolaï'),(155,1,'37°2 L\'APRES-MIDI Nicolaï'),(156,1,'BAIGNEUSES Nicolaï'),(165,1,'JEUX D\'EAU Nicolaï'),(166,1,'JEUX D\'EAU Nicolaï'),(170,1,'copy of DEMANGEAISONS Nicolaï'),(171,1,'copy of DEMANGEAISONS Nicolaï'),(172,1,'copy of DEMANGEAISONS Nicolaï'),(175,1,'LE B Nicolaï'),(176,1,'LE B Nicolaï'),(177,1,'LE B Nicolaï'),(181,1,'LE PEINTRE ET SES MODELES Nicolaï'),(182,1,'LE PEINTRE ET SES MODELES Nicolaï'),(183,1,'LE PEINTRE ET SES MODELES Nicolaï'),(187,1,'WOMEN BY THE SEA Nicolaï'),(188,1,'WOMEN BY THE SEA Nicolaï'),(191,1,'SUMMER IN MAJORCA Nicolaï'),(192,1,'SUMMER IN MAJORCA Nicolaï'),(193,1,'SUMMER IN MAJORCA Nicolaï'),(202,1,'copy of LA SIESTE Nicolaï'),(203,1,'BATHERS Nicolaï'),(206,1,'LA DOCCIA Nicolaï'),(207,1,'LA DOCCIA Nicolaï'),(214,1,'VIA MARGUTTA Nicolaï'),(215,1,'VIA MARGUTTA Nicolaï'),(216,1,'VIA MARGUTTA Nicolaï'),(220,1,'copy of VIA MARGUTTA Nicolaï'),(221,1,'copy of VIA MARGUTTA Nicolaï'),(225,1,'WOMEN BY THE POOL Nicolaï'),(226,1,'WOMEN BY THE POOL Nicolaï'),(231,1,'FLOWERS Nicolaï'),(232,1,'FLOWERS Nicolaï'),(235,1,'FIGUIER Nicolaï'),(237,1,'LE FAUTEUIL Nicolaï'),(241,1,'INTERIEUR Nicolaï'),(242,1,'FIGUIER Nicolaï'),(243,1,'signature de Nicolaï'),(277,1,'Fighting American Jérôme Fraignac'),(278,1,'Fighting American Jérôme Fraignac'),(279,1,'Fighting American Jérôme Fraignac'),(283,1,'Eperdument Jérôme Fraignac'),(284,1,'Eperdument Jérôme Fraignac'),(285,1,'Eperdument Jérôme Fraignac'),(376,1,'12 hours after make love to him Benjamin SPaRK'),(396,1,'Nu jaune '),(398,1,'Nu jaune '),(401,1,'Vanité contemporaine Stan'),(402,1,'Vanité contemporaine Stan'),(403,1,'Nu jaune Françoise Danel'),(418,1,'copy of Composition Françoise Danel'),(419,1,'copy of Composition Françoise Danel'),(420,1,'copy of Composition Françoise Danel'),(424,1,'copy of La ménine Françoise Danel'),(425,1,'Architecture n°3 Françoise Danel'),(429,1,'La forteresse Françoise Danel'),(431,1,'Libre Françoise Danel'),(432,1,'Libre Françoise Danel'),(435,1,'Les danseuses Françoise Danel'),(436,1,'Les danseuses Françoise Danel'),(439,1,'Mise à nue Françoise Danel'),(440,1,'Mise à nue Françoise Danel'),(441,1,'La forteresse Françoise Danel'),(444,1,'copy of Mise à nue Françoise Danel'),(445,1,'copy of Mise à nue Françoise Danel'),(448,1,'Le passage Françoise Danel'),(449,1,'Le passage Françoise Danel'),(450,1,'Le passage Françoise Danel'),(454,1,'Le circuit Françoise Danel'),(455,1,'Le circuit Françoise Danel'),(456,1,'Le circuit Françoise Danel'),(460,1,'Bleue Françoise Danel'),(461,1,'Bleue Françoise Danel'),(471,1,'copy of Végétal Françoise Danel'),(472,1,'Les cibles noires Françoise Danel'),(475,1,'Ying Yang n Françoise Danel'),(476,1,'Ying Yang n Françoise Danel'),(480,1,'copy of Le circuit Françoise Danel'),(481,1,'copy of Le circuit Françoise Danel'),(531,1,'Hého Chirico Caroline Maurel'),(532,1,'Hého Chirico Caroline Maurel'),(533,1,'Hého Chirico Caroline Maurel'),(537,1,'La clé Caroline Maurel'),(541,1,'Le deuxième rêve Caroline Maurel'),(542,1,'Le deuxième rêve Caroline Maurel'),(544,1,'Le deuxième rêve Caroline Maurel'),(548,1,'Yayoi\'s Dream Caroline Maurel'),(549,1,'Yayoi\'s Dream Caroline Maurel'),(550,1,'Check-point Régis Rizzo'),(551,1,'Check-point Régis Rizzo'),(556,1,'After rain. Peinture de  Régis Rizzo'),(557,1,'After rain. Peinture de  Régis Rizzo'),(560,1,'Nocturne IV, 2016. Peinture de Régis Rizzo'),(561,1,'Nocturne IV, 2016. Régis Rizzo'),(564,1,'Neige III, 2018 peinture de Régis Rizzo'),(565,1,'Neige III, 2018 peinture de Régis Rizzo'),(568,1,'Bonheur Peinture de Claude Picart'),(569,1,'Bonheur Acrylique de Claude Picart'),(576,1,'copy of Fighting American Jérôme Fraignac'),(578,1,'Spiderman Jérôme Fraignac'),(580,1,'Spiderman Jérôme Fraignac'),(593,1,'Le Monde Jérôme Fraignac'),(594,1,'Le Monde Jérôme Fraignac'),(598,1,'copy of Abstrait le rouge et noir Françoise Danel'),(599,1,'copy of Abstrait le rouge et noir Françoise Danel'),(600,1,'copy of Abstrait le rouge et noir Françoise Danel'),(604,1,'Femmes fleurs Françoise Danel'),(605,1,'Femmes fleurs Françoise Danel'),(606,1,'Femmes fleurs Françoise Danel'),(632,1,'Le songe du tigre Caroline Maurel'),(633,1,'Le songe du tigre Caroline Maurel'),(634,1,'Le songe du tigre Caroline Maurel'),(644,1,'Forme féminine sur fond rouge Françoise Danel'),(645,1,'Forme féminine sur fond rouge Françoise Danel'),(654,1,'Spring Caroline Maurel'),(655,1,'Spring Caroline Maurel'),(656,1,'Spring Caroline Maurel'),(657,1,'Spring Caroline Maurel'),(675,1,'Chihuahua\'s Wheeling Caroline Maurel'),(676,1,'Chihuahua\'s Wheeling Caroline Maurel'),(678,1,'Chihuahua\'s Wheeling Caroline Maurel'),(679,1,'Chihuahua\'s Wheeling Caroline Maurel'),(680,1,'Ying Yang n°3 Françoise Danel'),(681,1,'La ménine Françoise Danel'),(684,1,'Nu jaune Françoise Danel'),(685,1,'Architecture n°3 Françoise Danel'),(686,1,'Les danseuses Françoise Danel'),(687,1,'Les liens Françoise Danel'),(688,1,'Les cibles noires Françoise Danel'),(689,1,'Bleue Françoise Danel'),(690,1,'Libre Françoise Danel'),(691,1,'Architecture Françoise Danel'),(692,1,'Le circuit Françoise Danel'),(708,1,'Monyalos Bleu de Sébastien Crêteur'),(709,1,'Monyalos Bleu Sébastien Crêteur'),(710,1,'Monyalos Bleu Sébastien Crêteur'),(714,1,'Monyalos orange de sculpture en verre de Sébastien Crêteur'),(715,1,'Monyalos Orange Sébastien Crêteur'),(716,1,'Monyalos Orange Sébastien Crêteur'),(717,1,'Monyalos Orange Sébastien Crêteur'),(723,1,'Monyalos Orange Sébastien Crêteur'),(725,1,'Monyalos Vert Sébastien Crêteur'),(729,1,'copy of Monyalos Vert Sébastien Crêteur'),(730,1,'copy of Monyalos Vert Sébastien Crêteur'),(731,1,'Monyalos Rouge naphtol de Sébastien Crêteur'),(732,1,'Monyalos Rouge Sébastien Crêteur'),(733,1,'Monyalos Rouge Sébastien Crêteur'),(740,1,'Monyalos Orange Sébastien Crêteur'),(741,1,'Monyalos Or de Sébastien Crêteur'),(742,1,'Monyalos Or Sébastien Crêteur'),(743,1,'Monyalos Or Sébastien Crêteur'),(749,1,'Monyalos Blanc de zinc N°3/8 de Sébastien Crêteur'),(750,1,'Monyalos Blanc Sébastien Crêteur'),(751,1,'Monyalos Blanc Sébastien Crêteur'),(753,1,'Monyalos Jaune primaire de Sébastien Crêteur'),(754,1,'Monyalos Jaune Sébastien Crêteur'),(755,1,'Monyalos Jaune Sébastien Crêteur'),(756,1,'Monyalos Jaune Sébastien Crêteur'),(757,1,'Monyalos Jaune'),(758,1,'Monyalos Jaune Sébastien Crêteur'),(759,1,'Monyalos Jaune Sébastien Crêteur'),(760,1,'Monyalos Vert Sébastien Crêteur'),(761,1,'Monyalos Vert Sébastien Crêteur'),(762,1,'Monyalos Vert Sébastien Crêteur'),(763,1,'Monyalos Vert de Sébastien Crêteur'),(768,1,'Monyalos Vert clair de Sébastien Crêteur'),(769,1,'Monyalos Vert clair de Sébastien Crêteur'),(770,1,'Monyalos Vert clair de Sébastien Crêteur'),(803,1,'Là-bas Syracuse (l\'aube) Anne Eliayan & Christian Pic'),(805,1,'Là-bas Syracuse (l\'aube) Anne Eliayan & Christian Pic'),(811,1,'Early Marseille d\'Anne Eliayan & Christian Pic'),(812,1,'Early Marseille Anne Eliayan & Christian Pic'),(814,1,'Early Marseille Anne Eliayan & Christian Pic'),(820,1,'La croisière Anne Eliayan & Christian Pic'),(821,1,'La croisière Anne Eliayan & Christian Pic'),(822,1,'La croisière Anne Eliayan & Christian Pic'),(833,1,'Morsures dans le décor d\'Anne Eliayan & Christian Pic'),(834,1,'Morsures dans le décor d\'Anne Eliayan & Christian Pic'),(835,1,'Morsures dans le décor d\'Anne Eliayan & Christian Pic'),(839,1,'Secret Partagé Anne Eliayan & Christian Pic'),(840,1,'Secret Partagé Anne Eliayan & Christian Pic'),(843,1,'Danseuse d\' Anne Eliayan & Christian Pic Photographie'),(844,1,'Danseuse d\'Anne Eliayan & Christian Pic'),(845,1,'Danseuse d\' Anne Eliayan & Christian Pic'),(849,1,'Lost in museum d\'Anne Eliayan & Christian Pic'),(850,1,'Lost in museum Anne Eliayan & Christian Pic'),(851,1,'Lost in museum Anne Eliayan & Christian Pic'),(855,1,'Dans les plis du tissu d\'Anne Eliayan & Christian Pic'),(856,1,'copy of Lost in museum Anne Eliayan & Christian Pic'),(859,1,'Étrange cafète d\'Anne Eliayan & Christian Pic'),(860,1,'Étrange cafète Anne Eliayan & Christian Pic'),(865,1,'Vélo en cage Anne Eliayan & Christian Pic'),(866,1,'Vélo en cage Anne Eliayan & Christian Pic'),(869,1,'Le restaurant d\'Anne Eliayan & Christian Pic'),(870,1,'Vélo en cage Anne Eliayan & Christian Pic'),(872,1,'Le restaurant Anne Eliayan & Christian Pic'),(875,1,'Le gymnase d\'Anne Eliayan & Christian Pic'),(876,1,'Le gymnase Anne Eliayan & Christian Pic'),(877,1,'Le gymnase Anne Eliayan & Christian Pic'),(878,1,'Le gymnase Anne Eliayan & Christian Pic'),(883,1,'Est-ce une saison où pèsent les serments? Anne Eliayan &'),(884,1,'Est-ce une saison où pèsent les serments? Anne Eliayan &'),(890,1,'En équilibre photo d\'Anne Eliayan & Christian Pic'),(891,1,'En équilibre photo in situ d\'Anne Eliayan & Christian Pic'),(894,1,'Géométrie des ondes photo d\'Anne Eliayan & Christian Pic'),(895,1,'Géométrie des ondes photo in situ d\'Anne Eliayan & Christian Pic'),(897,1,'Là-bas Syracuse (l\'aube) Anne Eliayan & Christian Pic'),(906,1,'12 hours after to make him love me Johanne 8'),(909,1,'Le bain de NicolaÏ'),(910,1,'BATHERS 2 Nicolaï'),(919,1,'copy of BATHERS 2 Nicolaï'),(920,1,'2019\', Women by the sea II, acrylique sur toile, 27x46cm Nicolaï'),(926,1,'La lecture Nicolaï'),(927,1,'La lecture Nicolaï'),(930,1,'Un cliché amateur, acrylique sur toile, 41x33cm'),(931,1,'toile de Nicolaï détail'),(936,1,'Bardot édition bois technique mixte'),(937,1,'Bardot n°1/8 Pola 4.0'),(938,1,'Bardot n°1/8 Pola 4.0'),(942,1,'Alain Delon n°1/8 Pola 4.0'),(946,1,'James Dean de pola 4.0'),(947,1,'James Dean Pola 4.0'),(948,1,'James Dean Pola 4.0'),(950,1,'Detail de la photo d\'Alain Delon'),(951,1,'Signature de pola 4.0'),(955,1,'Steve Mc Queen de PoLa 4.0'),(956,1,'Signature pola 4.0'),(959,1,'Steve Mac Queen Pola 4.0'),(963,1,'Là-bas Syracuse (l\'aube) Anne Eliayan & Christian Pic'),(983,1,'Steve McQueen 180057 n°28/50 Pola 4.0'),(984,1,'Steve McQueen 180057 n°28/50 Pola 4.0'),(985,1,'Steve McQueen 180057 n°28/50 Pola 4.0'),(997,1,'oksana 19000E7 n°10/50 Pola 4.0'),(998,1,'oksana 19000E7 n°10/50 Pola 4.0'),(999,1,'oksana 19000E7 n°10/50 Pola 4.0'),(1000,1,'oksana 19000E7 n°10/50 Pola 4.0'),(1083,1,'kate 190007E n°18/50 Pola 4.0'),(1094,1,'copy of Monyalos Vert Sébastien Crêteur'),(1095,1,'copy of Monyalos Vert Sébastien Crêteur'),(1096,1,'Monyalos Rose Sébastien Crêteur'),(1104,1,'PORSCHE 911 de l\'artiste Pola 4.0'),(1110,1,'Fragrance of heroes de Speedy Graphito 150X120 cm'),(1114,1,'Détail de la sculpture murale de Jérôme Fraigniac'),(1115,1,'Action Jérôme Fraignac'),(1118,1,'Batman et la rousse Jérôme Fraignac'),(1120,1,'Batman et la rousse Jérôme Fraignac'),(1123,1,'Détail de batman legends of the dark knight de Jerome Fraignac'),(1124,1,'batman legends of the dark knight de  Jérôme Fraignac'),(1127,1,'une île #10 gagner la rive Anne Eliayan & Christian Pic'),(1129,1,'Une île gagner la rive N°21/30 Anne Eliayan & Christian Pic'),(1131,1,'Cauchem Art Plastique vague vague N°5/6 Anne Eliayan &'),(1133,1,'Une île voilier dans la brume photo de Anne Eliayan & Christian Pic'),(1135,1,'Une île dans la brume le lac photo de Anne Eliayan & Christian Pic'),(1140,1,'Confinement saison 2 peinture à l\'huile de Caroline Maurel'),(1141,1,'Confinement saison 2 peinture à l\'huile de Caroline Maurel'),(1142,1,'Confinement saison 2 peinture à l\'huile de Caroline Maurel'),(1143,1,'Confinement saison 2 peinture à l\'huile de Caroline Maurel'),(1144,1,'Confinement saison 2 peinture à l\'huile de Caroline Maurel'),(1150,1,'En attendant l\'été peinture à l\'huile de Caroline Maurel'),(1151,1,'En attendant l\'été peinture à l\'huile de Caroline Maurel'),(1152,1,'En attendant l\'été Caroline Maurel'),(1153,1,'En attendant l\'été Caroline Maurel'),(1158,1,'Eros et Thanatos Caroline Maurel'),(1160,1,'Bandeau peinture de Caroline Maurel'),(1170,1,'Toile de Johanne 8'),(1171,1,'Tableau de Johanne 8'),(1175,1,'Tableau de Françoise Danel #15'),(1176,1,'Les feuilles N°15 Françoise Danel'),(1179,1,'Tableau de Françoise Danel #2'),(1180,1,'Tableau de Françoise Danel #15'),(1181,1,'Feuilles N°2 Françoise Danel'),(1185,1,'Feuille N°3  tableau de Françoise Danel'),(1186,1,'Feuille N°3  tableau de Françoise Danel'),(1187,1,'Feuille N°3  tableaux de Françoise Danel'),(1190,1,'Feuille N°3  tableaux de Françoise Danel'),(1191,1,'Feuille N°4  tableaux de Françoise Danel'),(1192,1,'Feuille N°4  tableaux de Françoise Danel'),(1196,1,'Vases et pot N°5 Françoise Danel'),(1197,1,'Vases et pot N°5 Françoise Danel'),(1198,1,'Tableaux  de Françoise Danel'),(1202,1,'Toile de  Françoise Danel'),(1203,1,'Tableau de Françoise Danel'),(1204,1,'tableaux de Françoise Danel'),(1208,1,'Forme rouge et noire N°7 Tableau de Françoise Danel'),(1209,1,'Forme rouge et noire N°7 Tableau de Françoise Danel'),(1212,1,'Tableaux de Françoise Danel'),(1216,1,'Trèfle ou Feuille N-8 petit tableau de Françoise Danel'),(1217,1,'Trèfle ou Feuille N-8 Françoise Danel'),(1218,1,'Trèfle ou Feuille N-8 Françoise Danel'),(1219,1,'Tableaux de Françoise Danel'),(1224,1,'Forme jaune et noire tableau de Françoise Danel'),(1225,1,'Forme jaune et noire N-9 Françoise Danel'),(1228,1,'Forme bleue et rouge N-10 Françoise Danel'),(1229,1,'Forme bleue et rouge N-10 Françoise Danel'),(1230,1,'Forme bleue et rouge N-10 Françoise Danel'),(1232,1,'Forme bleue, rouge et noire oeuvre d\'art de Françoise Danel'),(1235,1,'Forme bleue et rouge N-10 Françoise Danel'),(1237,1,'Forme verte et beige N-11 Françoise Danel'),(1238,1,'Forme verte et beige N-11 Françoise Danel'),(1239,1,'Tableaux de Françoise Danel'),(1242,1,'Duo de trèfles N-12 petit tableau en bois de Françoise Danel'),(1243,1,'Duo de trèfles N-12 petit tableau en bois de Françoise Danel'),(1244,1,'Duo de trèfles N-12 petit tableau en bois de Françoise Danel'),(1249,1,'Petit tableau en bois de Françoise Danel'),(1250,1,'Formes géométriques N-13 Françoise Danel'),(1252,1,'Formes géométriques N-13 Françoise Danel'),(1255,1,'Tableau de DANEL'),(1256,1,'Au delà des formes N-14 oeuvre de Françoise Danel'),(1257,1,'Au delà des formes N-14 oeuvre de Françoise Danel'),(1261,1,'Duo de formes N-15 petit tableau de Françoise Danel'),(1262,1,'Duo de formes N-15 Françoise Danel'),(1266,1,'Duo de formes black and white N-16 Françoise Danel'),(1267,1,'Duo de formes black and white N-16 Françoise Danel'),(1271,1,'copy of Duo de formes black and white N-16 Françoise Danel'),(1272,1,'copy of Duo de formes black and white N-16 Françoise Danel'),(1279,1,'Tableaux  de Françoise Danel'),(1282,1,'Trèfle bleu et blanc Françoise Danel'),(1284,1,'Trèfle bleu et blanc Françoise Danel'),(1288,1,'Discussion N-20 tableau de Françoise Danel'),(1289,1,'Discussion N-20 tableau de Françoise Danel'),(1291,1,'Trio de trèfles N-18 petit tableau en bois de Françoise Danel'),(1292,1,'Trio de trèfles N-18 petit tableau en bois de Françoise Danel'),(1293,1,'Monyalos Vert cadmium de Sébastien Crêteur'),(1294,1,'Monyalos Orange Sébastien Crêteur'),(1302,1,'Edition rehaussée Kate 190007E n°6/50 Pola 4.0'),(1303,1,'kate 190007E n°6/50 Pola 4.0'),(1304,1,'kate 190007E n°6/50 Pola 4.0'),(1308,1,'Edition rehaussée à la main Steve McQueen 180057 n°24/50 Pola 4.0'),(1309,1,'Edition rehaussée à la main Steve McQueen 180057 n°24/50 de Pola 4.0'),(1310,1,'Steve McQueen 180058 n°24/50 Pola 4.0'),(1311,1,'Steve McQueen 180058 n°24/50 Pola 4.0'),(1324,1,'Kate 19000IE n°6/50 Pola 4.0'),(1325,1,'Edition rehaussée à la main Kate 19000IE n°6/50 Pola 4.0'),(1327,1,'Edition rehaussée à la main Kate 19000IE n°6/50 Pola 4.0'),(1328,1,'Edition rehaussée à la main Kate 19000IE n°6/50 Pola 4.0'),(1333,1,'Edition rehaussée à la main de Pola 4.0 #190004E n°3/50'),(1334,1,'Bardot 190004E n°3/50 Pola 4.0'),(1335,1,'Bardot 190004E n°3/50 Pola 4.0'),(1336,1,'OKSANA 190007E n°12/50 Pola 4.0'),(1337,1,'OKSANA 190007E n°12/50 Pola 4.0'),(1353,1,'Edition rehaussée de Pola 4.0 Femme à la coiffe 2100076 n°3/50'),(1354,1,'Edition rehaussée de Pola 4.0 Femme à la coiffe 2100076 n°3/50'),(1355,1,'Edition rehaussée de Pola 4.0 Femme à la coiffe 2100076 n°3/50'),(1356,1,'Edition rehaussée de Pola 4.0 Femme à la coiffe 2100076 n°3/50'),(1361,1,'Edition rehaussée à la main Mohamed Ali 1900056 n°2/50 Pola 4.0'),(1362,1,'Edition rehaussée à la main Mohamed Ali 1900056 n°2/50 Pola 4.0'),(1363,1,'Edition rehaussée à la main Mohamed Ali 1900056 n°2/50 Pola 4.0'),(1364,1,'Mohamed Ali 1900056 n°28/50 Pola 4.0'),(1367,1,'Peinture de Claude Picart. Borsalino.'),(1369,1,'Peinture de Claude Picart. Borsalino.'),(1372,1,'En dehors du cadre Claude Picart'),(1373,1,'En dehors du cadre Claude Picart'),(1376,1,'Peinture acrylique sur toile de Claude Picart. La mort du toréro'),(1377,1,'Peinture acrylique sur toile de Claude Picart. La mort du toréro'),(1380,1,'Le prince de Hombourg peinture à l\'acrylique de Claude Picart'),(1381,1,'Le prince de Hombourg peinture à l\'acrylique de Claude Picart'),(1384,1,'N°7 de Chostakovitch peinture à l\'acrylique de Claude Picart'),(1385,1,'N°7 de Chostakovitch peinture à l\'acrylique de Claude Picart'),(1388,1,'Rupture 1 peinture à l\'acrylique de Claude Picart'),(1389,1,'Rupture 1 peinture à l\'acrylique de Claude Picart'),(1392,1,'Rupture 2 peinture à l\'acrylique de Claude Picart'),(1393,1,'Rupture 2 peinture à l\'acrylique de Claude Picart'),(1396,1,'Rupture 3 peinture à l\'acrylique de Claude Picart'),(1397,1,'Rupture 3 peinture à l\'acrylique de Claude Picart'),(1400,1,'Start peinture à l\'acrylique de Claude Picart'),(1402,1,'Start peinture à l\'acrylique de Claude Picart'),(1405,1,'Waltz for Debby peinture à l\'acrylique de Claude'),(1406,1,'Waltz for Debby peinture à l\'acrylique de Claude'),(1415,1,'Rivage 2 Régis Rizzo'),(1416,1,'Rivage 2 huile sur toile de lin de Régis Rizzo.'),(1417,1,'Rivage 2 huile sur toile de lin de Régis Rizzo.'),(1418,1,'Rivage 2 huile sur toile de lin de Régis Rizzo.'),(1423,1,'Rivage 2 huile sur toile de lin de Régis Rizzo.'),(1424,1,'Rivage 2 huile sur toile de lin de Régis Rizzo.'),(1425,1,'Rivage 5 Régis Rizzo'),(1428,1,'Norma Jeane Mortenson (Marilyne Monroe) Acrylique de Claude Picart'),(1429,1,'Norma Jeane Mortenson (Marilyne Monroe) Peinture de Claude Picart'),(1434,1,'Énigme  peinture de Claude Picart'),(1435,1,'Énigme. Acrylique de Claude Picart'),(1438,1,'Côte Normande acrylique de Claude Picart'),(1439,1,'Côte Normande toile de Claude Picart'),(1442,1,'Death of the making tableau de Claude Picart'),(1443,1,'Death of the making tableau de Claude Picart'),(1446,1,'tableau de Claude Picart'),(1447,1,'tableau de Claude Picart'),(1502,1,'Monyalos Vert Sébastien Crêteur'),(1503,1,'Monyalos Vert Sébastien Crêteur'),(1504,1,'Monyalos Vert Sébastien Crêteur'),(1505,1,'Monyalos Vert de Sébastien Crêteur'),(1508,1,'Abstrait rouge et turquoise sans titre 1 de Léo Galamez'),(1509,1,'Abstrait rouge sans titre 1 de Léo Galamez'),(1510,1,'Abstrait sans titre 1 Léo Galamez'),(1514,1,'Abstrait sans titre 2 peinture de Léo Galamez'),(1515,1,'Abstrait sans titre 2 peinture de Léo Galamez'),(1518,1,'Abstrait sans titre 3 peintre de Léo Galamez'),(1519,1,'Abstrait sans titre 3 peinture de Léo Galamez'),(1530,1,'Abstrait sans titre 5 peinture de Léo Galamez Léo Galamez'),(1531,1,'Abstrait sans titre 5 peinture de Léo Galamez Léo Galamez'),(1534,1,'Abstrait sans titre 1 acrylique de Léo Galamez'),(1535,1,'Abstrait sans titre 1 acrylique de Léo Galamez'),(1536,1,'Abstrait sans titre 1 acrylique de Léo Galamez'),(1539,1,'Abstrait sans titre 7 Léo Galamez'),(1540,1,'Abstrait sans titre 7 de Léo Galamez'),(1556,1,'Monyalos orange sculpture en verre de Sébastien Crêteur'),(1557,1,'Monyalos orange sculpture en verre de Sébastien Crêteur'),(1558,1,'Monyalos orange sculpture en verre de Sébastien Crêteur'),(1561,1,'Monyalos orange sculpture en verre de Sébastien Crêteur'),(1566,1,'Monyalos turquoise N°1 sur 5 Sébastien Crêteur'),(1567,1,'Monyalos turquoise N°1 sur 5 Sébastien Crêteur'),(1568,1,'Monyalos turquoise N°1 sur 5 Sébastien Crêteur'),(1569,1,'Monyalos turquoise N°1 sur 5 Sébastien Crêteur'),(1575,1,'Monyalos vert Sculpture en verre numérotée N°1/5 de Sébastien Crêteur'),(1576,1,'Monyalos vert Sculpture en verre numérotée N°1/5 de Sébastien Crêteur'),(1577,1,'Monyalos vert Sculpture en verre numérotée N°1/5 de Sébastien Crêteur'),(1578,1,'Monyalos vert Sculpture en verre numérotée N°1/5 de Sébastien Crêteur'),(1583,1,'Monyalos rouge N°1 sur 5 Sébastien Crêteur'),(1584,1,'Monyalos rouge N°1 sur 5 Sébastien Crêteur'),(1585,1,'Monyalos rouge N°1 sur 5 Sébastien Crêteur'),(1592,1,'copy of Monyalos turquoise N°1 sur 5 Sébastien Crêteur'),(1593,1,'copy of Monyalos turquoise N°1 sur 5 Sébastien Crêteur'),(1594,1,'copy of Monyalos turquoise N°1 sur 5 Sébastien Crêteur'),(1595,1,'copy of Monyalos turquoise N°1 sur 5 Sébastien Crêteur'),(1596,1,'copy of Monyalos turquoise N°1 sur 5 Sébastien Crêteur'),(1601,1,'La jungle d\'Henri Sculpture en verre de Sébastien Crêteur'),(1602,1,'La jungle d\'Henri Sculpture en verre de Sébastien Crêteur'),(1603,1,'La jungle d\'Henri Sculpture en verre de Sébastien Crêteur'),(1604,1,'La jungle d\'Henri Sculpture en verre de Sébastien Crêteur'),(1609,1,'Don\'t Trump Sébastien Crêteur'),(1610,1,'Don\'t Trump Sébastien Crêteur'),(1611,1,'Don\'t Trump Sébastien Crêteur'),(1612,1,'Don\'t Trump Sébastien Crêteur'),(1624,1,'Peinture de NicolaÏ'),(1639,1,'Kate 1962521000141 n°1/3 technique mixte de Pola 4.0 sur plexiglas'),(1640,1,'Kate 1962521000141 n°1/3 technique mixte de Pola 4.0 sur plexiglas'),(1641,1,'Kate 1962521000141 n°1/3 technique mixte de Pola 4.0 sur plexiglas'),(1643,1,'Kate 1962521000141 n°1/3 technique mixte de Pola 4.0 sur plexiglas'),(1662,1,'Abstrait sans titre 11 Léo Galamez'),(1665,1,'Abstrait sans titre 12 Léo Galamez'),(1666,1,'Abstrait sans titre 12 de Léo Galamez'),(1670,1,'Abstrait sans titre 15 de Léo Galamez'),(1671,1,'Abstrait sans titre 15 Léo Galamez'),(1672,1,'kate 1962521000141 n°1/2 de Pola 4.0 plexiglass'),(1673,1,'kate 1962521000141 n°1/2 de Pola 4.0 plexiglass'),(1674,1,'kate 1962521000141 n°1/2 de Pola 4.0 plexiglass'),(1675,1,'kate 1962521000141 n°3 sur 3 Pola 4.0'),(1676,1,'kate 1962521000141 n°3 sur 3 Pola 4.0'),(1677,1,'kate 1962521000141 n°3 sur 3 Pola 4.0'),(1678,1,'kate 1962521000141 n°3 sur 3 Pola 4.0'),(1682,1,'Abstrait 1635 Françoise Danel'),(1683,1,'Abstrait 1636  de Thomas Danel'),(1690,1,'Abstrait 1642 de Thomas Danel'),(1691,1,'Abstrait 1642 Thomas Danel'),(1698,1,'copy of Abstrait 1645 Thomas Danel'),(1699,1,'Abstrait 1647 Thomas Danel'),(1702,1,'abstrait Thomas Danel'),(1703,1,'abstrait Thomas Danel détail'),(1704,1,'DSC 1690 Thomas Danel'),(1708,1,'Abstrait DSC 1665 de Thomas Danel Thomas Danel'),(1712,1,'abstrait DSC 1706 de Thomas Danel Thomas Danel'),(1713,1,'abstrait DSC 1706 de Thomas Danel Thomas Danel detail'),(1716,1,'abstrait DSC 1710 de Thomas Danel Thomas Danel'),(1717,1,'abstrait DSC 1710 de Thomas Danel Thomas Danel detail'),(1720,1,'abstrait DSC 1717 de Thomas Danel Thomas Danel'),(1721,1,'abstrait DSC 1717 de Thomas Danel Thomas Danel detail'),(1722,1,'Abstrait sans titre 11 de Léo Galamez'),(1723,1,'Abstrait sans titre 11 de Léo Galamez'),(1724,1,'Abstrait sans titre 11 Léo Galamez'),(1728,1,'Abstrait sans titre 1 Léo Galamez'),(1729,1,'Abstrait sans titre 1 de Léo Galamez Léo Galamez'),(1733,1,'Abstrait sans titre 3 de Léo Galamez'),(1734,1,'Abstrait sans titre 3 de Léo Galamez Léo Galamez'),(1735,1,'Femme à la coiffe indienne 2100075 n°3/50'),(1736,1,'Femme à la coiffe indienne 2100075 n°3/50'),(1737,1,'Femme à la coiffe indienne 2100075 n°3/50 Pola 4.0'),(1738,1,'Femme à la coiffe indienne 2100075 n°3/50'),(1739,1,'Edition rehaussée Andy Warhol et Basquiat n°9/50 de Pola 4.0'),(1740,1,'Edition rehaussée Andy Warhol et Basquiat n°09/50 de Pola 4.0'),(1741,1,'Edition rehaussée Andy Warhol et Basquiat n°09/50 de Pola 4.0'),(1742,1,'Edition rehaussée Andy Warhol et Basquiat n°09/50 de Pola 4.0'),(1751,1,'Edition rehaussée Andy Warhol et Basquiat n°15/50 de Pola 4.0'),(1752,1,'Edition rehaussée Andy Warhol et Basquiat n°15/50 de Pola 4.0'),(1753,1,'Edition rehaussée Andy Warhol et Basquiat n°15/50 de Pola 4.0'),(1754,1,'Edition rehaussée Andy Warhol et Basquiat n°15/50 de Pola 4.0'),(1755,1,'Basquiat 1900064 n°2/50 Pola 4.0'),(1756,1,'Basquiat 1900064 n°2/50 Pola 4.0'),(1757,1,'Basquiat 1900064 n°2/50 Pola 4.0'),(1758,1,'Basquiat 1900064 n°2/50 Pola 4.0');

--
-- Table structure for table `ps_image_shop`
--

CREATE TABLE `ps_image_shop` (
  `id_product` int(10) unsigned NOT NULL,
  `id_image` int(11) unsigned NOT NULL,
  `id_shop` int(11) unsigned NOT NULL,
  `cover` tinyint(1) unsigned DEFAULT NULL,
  PRIMARY KEY (`id_image`,`id_shop`),
  UNIQUE KEY `id_product` (`id_product`,`id_shop`,`cover`),
  KEY `id_shop` (`id_shop`)
) ENGINE=InnoDB DEFAULT CHARSET=utf8;

--
-- Dumping data for table `ps_image_shop`
--

INSERT INTO `ps_image_shop` VALUES (2,4,1,NULL),(2,1,1,1),(4,7,1,NULL),(4,6,1,1),(7,14,1,NULL),(7,15,1,NULL),(7,17,1,NULL),(7,16,1,1),(9,19,1,NULL),(9,18,1,1),(10,24,1,NULL),(10,25,1,NULL),(10,23,1,1),(12,35,1,NULL),(12,34,1,1),(13,40,1,NULL),(13,39,1,1),(14,44,1,NULL),(14,45,1,NULL),(14,43,1,1),(16,50,1,NULL),(16,51,1,NULL),(16,52,1,NULL),(16,49,1,1),(20,68,1,NULL),(20,67,1,1),(21,72,1,NULL),(21,71,1,1),(22,79,1,NULL),(22,80,1,NULL),(22,81,1,NULL),(22,78,1,1),(23,88,1,NULL),(23,89,1,NULL),(23,87,1,1),(25,97,1,NULL),(25,99,1,NULL),(25,96,1,1),(26,104,1,NULL),(26,105,1,NULL),(26,103,1,1),(27,112,1,NULL),(27,111,1,1),(28,117,1,NULL),(28,118,1,NULL),(28,115,1,1),(37,155,1,NULL),(37,151,1,1),(38,156,1,NULL),(38,152,1,1),(40,165,1,NULL),(40,166,1,NULL),(40,154,1,1),(42,171,1,NULL),(42,172,1,NULL),(42,170,1,1),(43,176,1,NULL),(43,177,1,NULL),(43,175,1,1),(44,182,1,NULL),(44,183,1,NULL),(44,181,1,1),(45,188,1,NULL),(45,187,1,1),(46,192,1,NULL),(46,193,1,NULL),(46,191,1,1),(48,203,1,NULL),(48,202,1,1),(49,207,1,NULL),(49,206,1,1),(51,215,1,NULL),(51,216,1,NULL),(51,214,1,1),(52,221,1,NULL),(52,220,1,1),(53,226,1,NULL),(53,225,1,1),(55,232,1,NULL),(55,231,1,1),(56,242,1,NULL),(56,243,1,NULL),(56,235,1,1),(57,241,1,NULL),(57,237,1,1),(68,278,1,NULL),(68,279,1,NULL),(68,277,1,1),(69,284,1,NULL),(69,285,1,NULL),(69,283,1,1),(84,906,1,NULL),(84,376,1,1),(90,398,1,NULL),(90,403,1,NULL),(90,684,1,NULL),(90,396,1,1),(91,402,1,NULL),(91,401,1,1),(94,419,1,NULL),(94,420,1,NULL),(94,681,1,NULL),(94,418,1,1),(95,425,1,NULL),(95,685,1,NULL),(95,424,1,1),(96,441,1,NULL),(96,429,1,1),(97,432,1,NULL),(97,690,1,NULL),(97,431,1,1),(98,436,1,NULL),(98,686,1,NULL),(98,435,1,1),(99,440,1,NULL),(99,439,1,1),(100,445,1,NULL),(100,687,1,NULL),(100,444,1,1),(101,449,1,NULL),(101,450,1,NULL),(101,448,1,1),(102,455,1,NULL),(102,456,1,NULL),(102,692,1,NULL),(102,454,1,1),(103,461,1,NULL),(103,689,1,NULL),(103,460,1,1),(105,472,1,NULL),(105,688,1,NULL),(105,471,1,1),(106,476,1,NULL),(106,680,1,NULL),(106,475,1,1),(107,481,1,NULL),(107,691,1,NULL),(107,480,1,1),(121,532,1,NULL),(121,533,1,NULL),(121,531,1,1),(122,537,1,1),(123,542,1,NULL),(123,544,1,NULL),(123,541,1,1),(124,549,1,NULL),(124,548,1,1),(125,551,1,NULL),(125,550,1,1),(126,557,1,NULL),(126,556,1,1),(127,561,1,NULL),(127,560,1,1),(128,565,1,NULL),(128,564,1,1),(129,569,1,NULL),(129,568,1,1),(131,578,1,NULL),(131,580,1,NULL),(131,576,1,1),(134,594,1,NULL),(134,593,1,1),(135,599,1,NULL),(135,600,1,NULL),(135,598,1,1),(136,605,1,NULL),(136,606,1,NULL),(136,604,1,1),(137,645,1,NULL),(137,644,1,1),(141,633,1,NULL),(141,634,1,NULL),(141,632,1,1),(143,655,1,NULL),(143,656,1,NULL),(143,657,1,NULL),(143,654,1,1),(145,676,1,NULL),(145,678,1,NULL),(145,679,1,NULL),(145,675,1,1),(147,709,1,NULL),(147,710,1,NULL),(147,708,1,1),(148,715,1,NULL),(148,716,1,NULL),(148,717,1,NULL),(148,714,1,1),(149,723,1,NULL),(149,732,1,NULL),(149,733,1,NULL),(149,731,1,1),(150,725,1,NULL),(150,729,1,NULL),(150,730,1,NULL),(150,1293,1,1),(151,740,1,NULL),(151,742,1,NULL),(151,743,1,NULL),(151,741,1,1),(152,750,1,NULL),(152,751,1,NULL),(152,749,1,1),(153,753,1,NULL),(153,754,1,NULL),(153,755,1,NULL),(153,756,1,NULL),(153,758,1,NULL),(153,759,1,NULL),(153,757,1,1),(154,760,1,NULL),(154,761,1,NULL),(154,762,1,NULL),(154,763,1,1),(155,769,1,NULL),(155,770,1,NULL),(155,768,1,1),(164,805,1,NULL),(164,897,1,NULL),(164,963,1,NULL),(164,803,1,1),(165,812,1,NULL),(165,814,1,NULL),(165,811,1,1),(167,821,1,NULL),(167,822,1,NULL),(167,820,1,1),(169,834,1,NULL),(169,835,1,NULL),(169,833,1,1),(170,840,1,NULL),(170,839,1,1),(171,844,1,NULL),(171,845,1,NULL),(171,843,1,1),(172,850,1,NULL),(172,851,1,NULL),(172,849,1,1),(173,856,1,NULL),(173,855,1,1),(174,860,1,NULL),(174,859,1,1),(176,866,1,NULL),(176,870,1,NULL),(176,865,1,1),(177,872,1,NULL),(177,869,1,1),(178,876,1,NULL),(178,877,1,NULL),(178,878,1,NULL),(178,875,1,1),(179,884,1,NULL),(179,883,1,1),(180,891,1,NULL),(180,890,1,1),(181,895,1,NULL),(181,894,1,1),(184,910,1,NULL),(184,909,1,1),(187,920,1,NULL),(187,919,1,1),(189,927,1,NULL),(189,926,1,1),(190,931,1,NULL),(190,930,1,1),(191,937,1,NULL),(191,938,1,NULL),(191,936,1,1),(192,950,1,NULL),(192,951,1,NULL),(192,942,1,1),(193,947,1,NULL),(193,948,1,NULL),(193,946,1,1),(194,956,1,NULL),(194,959,1,NULL),(194,955,1,1),(197,1740,1,NULL),(197,1741,1,NULL),(197,1742,1,NULL),(197,1739,1,1),(198,984,1,NULL),(198,985,1,NULL),(198,983,1,1),(200,997,1,NULL),(200,998,1,NULL),(200,999,1,NULL),(200,1000,1,NULL),(200,1337,1,NULL),(200,1336,1,1),(214,1083,1,NULL),(214,1303,1,NULL),(214,1304,1,NULL),(214,1302,1,1),(218,1094,1,NULL),(218,1095,1,NULL),(218,1096,1,1),(220,1104,1,1),(222,1110,1,1),(223,1115,1,NULL),(223,1114,1,1),(224,1120,1,NULL),(224,1118,1,1),(225,1124,1,NULL),(225,1123,1,1),(226,1127,1,1),(227,1129,1,1),(228,1131,1,1),(229,1133,1,1),(230,1135,1,1),(231,1141,1,NULL),(231,1142,1,NULL),(231,1143,1,NULL),(231,1144,1,NULL),(231,1140,1,1),(232,1151,1,NULL),(232,1152,1,NULL),(232,1153,1,NULL),(232,1150,1,1),(233,1158,1,1),(234,1160,1,1),(235,1362,1,NULL),(235,1363,1,NULL),(235,1364,1,NULL),(235,1361,1,1),(236,1171,1,NULL),(236,1170,1,1),(237,1176,1,NULL),(237,1175,1,1),(238,1180,1,NULL),(238,1181,1,NULL),(238,1179,1,1),(239,1186,1,NULL),(239,1187,1,NULL),(239,1185,1,1),(240,1190,1,NULL),(240,1192,1,NULL),(240,1191,1,1),(241,1197,1,NULL),(241,1198,1,NULL),(241,1196,1,1),(242,1203,1,NULL),(242,1204,1,NULL),(242,1202,1,1),(243,1209,1,NULL),(243,1212,1,NULL),(243,1208,1,1),(244,1217,1,NULL),(244,1218,1,NULL),(244,1219,1,NULL),(244,1216,1,1),(245,1225,1,NULL),(245,1224,1,1),(246,1228,1,NULL),(246,1229,1,NULL),(246,1230,1,NULL),(246,1232,1,1),(247,1235,1,NULL),(247,1238,1,NULL),(247,1237,1,1),(248,1239,1,NULL),(248,1243,1,NULL),(248,1244,1,NULL),(248,1242,1,1),(249,1250,1,NULL),(249,1252,1,NULL),(249,1249,1,1),(250,1255,1,NULL),(250,1257,1,NULL),(250,1256,1,1),(251,1262,1,NULL),(251,1261,1,1),(252,1267,1,NULL),(252,1266,1,1),(253,1272,1,NULL),(253,1271,1,1),(254,1279,1,NULL),(254,1292,1,NULL),(254,1291,1,1),(255,1284,1,NULL),(255,1282,1,1),(256,1289,1,NULL),(256,1288,1,1),(257,1294,1,1),(258,1309,1,NULL),(258,1310,1,NULL),(258,1311,1,NULL),(258,1308,1,1),(259,1756,1,NULL),(259,1757,1,NULL),(259,1758,1,NULL),(259,1755,1,1),(260,1325,1,NULL),(260,1327,1,NULL),(260,1328,1,NULL),(260,1324,1,1),(261,1334,1,NULL),(261,1335,1,NULL),(261,1333,1,1),(263,1354,1,NULL),(263,1355,1,NULL),(263,1356,1,NULL),(263,1353,1,1),(264,1367,1,NULL),(264,1369,1,1),(265,1373,1,NULL),(265,1372,1,1),(266,1377,1,NULL),(266,1376,1,1),(267,1381,1,NULL),(267,1380,1,1),(268,1385,1,NULL),(268,1384,1,1),(269,1389,1,NULL),(269,1388,1,1),(270,1393,1,NULL),(270,1392,1,1),(271,1397,1,NULL),(271,1396,1,1),(272,1402,1,NULL),(272,1400,1,1),(273,1406,1,NULL),(273,1405,1,1),(276,1416,1,NULL),(276,1417,1,NULL),(276,1418,1,NULL),(276,1415,1,1),(277,1424,1,NULL),(277,1425,1,NULL),(277,1423,1,1),(278,1429,1,NULL),(278,1428,1,1),(280,1435,1,NULL),(280,1434,1,1),(281,1439,1,NULL),(281,1438,1,1),(282,1443,1,NULL),(282,1442,1,1),(283,1447,1,NULL),(283,1446,1,1),(297,1502,1,NULL),(297,1503,1,NULL),(297,1504,1,NULL),(297,1505,1,1),(298,1509,1,NULL),(298,1510,1,NULL),(298,1508,1,1),(299,1515,1,NULL),(299,1514,1,1),(300,1519,1,NULL),(300,1518,1,1),(303,1531,1,NULL),(303,1530,1,1),(304,1534,1,NULL),(304,1536,1,NULL),(304,1535,1,1),(305,1540,1,NULL),(305,1539,1,1),(308,1557,1,NULL),(308,1558,1,NULL),(308,1561,1,NULL),(308,1556,1,1),(309,1567,1,NULL),(309,1568,1,NULL),(309,1569,1,NULL),(309,1566,1,1),(310,1576,1,NULL),(310,1577,1,NULL),(310,1578,1,NULL),(310,1575,1,1),(311,1584,1,NULL),(311,1585,1,NULL),(311,1583,1,1),(312,1593,1,NULL),(312,1594,1,NULL),(312,1595,1,NULL),(312,1596,1,NULL),(312,1592,1,1),(313,1602,1,NULL),(313,1603,1,NULL),(313,1604,1,NULL),(313,1601,1,1),(314,1610,1,NULL),(314,1611,1,NULL),(314,1612,1,NULL),(314,1609,1,1),(318,1624,1,1),(319,1722,1,NULL),(319,1723,1,NULL),(319,1724,1,1),(321,1640,1,NULL),(321,1641,1,NULL),(321,1643,1,NULL),(321,1639,1,1),(322,1673,1,NULL),(322,1674,1,NULL),(322,1672,1,1),(323,1676,1,NULL),(323,1677,1,NULL),(323,1678,1,NULL),(323,1675,1,1),(325,1662,1,1),(326,1666,1,NULL),(326,1665,1,1),(327,1670,1,NULL),(327,1671,1,1),(328,1683,1,NULL),(328,1682,1,1),(330,1691,1,NULL),(330,1690,1,1),(332,1699,1,NULL),(332,1698,1,1),(333,1703,1,NULL),(333,1704,1,NULL),(333,1702,1,1),(334,1708,1,1),(335,1713,1,NULL),(335,1712,1,1),(336,1717,1,NULL),(336,1716,1,1),(337,1721,1,NULL),(337,1720,1,1),(338,1729,1,NULL),(338,1728,1,1),(339,1734,1,NULL),(339,1733,1,1),(340,1736,1,NULL),(340,1737,1,NULL),(340,1738,1,NULL),(340,1735,1,1),(342,1752,1,NULL),(342,1753,1,NULL),(342,1754,1,NULL),(342,1751,1,1);

--
