(318,1,1,'<p><span style=\"color:#777777;font-family:Roboto;font-size:16px;background-color:#fbfbfb;\">Le jeu de la lumière et les reflets sur l\'eau renvoient à David Hockney, comme un hommage.</span></p>','<p>97 x 130 cm</p>\n<p>Année 2014</p>\n<p><span style=\"color:#777777;font-family:Roboto;font-size:16px;background-color:#fbfbfb;\">Le jeu de la lumière et les reflets sur l\'eau renvoient à David Hockney, comme un hommage.</span></p>','la-nageuse','Découvrez LA NAGEUSE Peintures par Nicolaï sur ARTOP, galerie de Peintures à Lille. Paiements sécurisés. Livraison gratuite.','acheter art contemporain, composition a la commode, nicolaï, peint, touches, devient, tableau, composition, détails','LA NAGEUSE par Nicolaï | Peintures','LA NAGEUSE','','','',''),(319,1,1,'<p>L\'artiste ne souhaite pas mettre de titre. Il laisse ainsi la liberté totale de l\'interprétation. Ainsi, il fait place à l\'émotion de chacun.</p>\n<p>Le turquoise répond au rouge donnant ici une belle harmonie. L\'artiste a mis toute son énergie dans cette toile. Elle lui rappelle le jardin de son enfance.</p>\n<p>Cette oeuvre sera présente sur le stand C19 de notre GALERIE ARTOP au salon ART up du 9 au 12 mars.</p>\n<p></p>','<p>Acrylique sur toile</p>\n<p>150 x 150 cm</p>\n<p></p>\n<p></p>','abstrait-sans-titre-11-de-leo-galamez','Découvrez Abstrait sans titre 11 par Léo Galamez sur ARTOP, galerie d\'Art à Lille depuis 1998. Paiements sécurisés (solution checkout de Paypal). Livraison gratuite en Europe.','acheter art contemporain, street all over, benjamin spark, street art, acrylique, bombe, feutre, spark','Abstrait sans titre 11 de Léo Galamez | Art Abstrait','Abstrait sans titre 11 de Léo Galamez','','','',''),(321,1,1,'<p class=\"MsoNormal\">Pola 4.0 rehausse à la main l\'oeuvre au format polaroïd. L\'écriture en relief permet de personnaliser l\'oeuvre. Le rendu est stupéfiant. Pola 4.0 est une artiste en vogue.</p>\n<p class=\"MsoNormal\">Une question Danie au 0678070952.</p>\n<p class=\"MsoNormal\"></p>\n<p class=\"MsoNormal\"></p>','<p>Variante rehaussée à la main. 3 exemplaires pour ce format.</p>\n<p>Technique mixte sur plexiglass. Il donne une véritable transparence à l\'oeuvre.</p>\n<p>82X62 cm encadré        80X60 cm dimension de l\'oeuvre</p>\n<p>Caisse américaine en bois noire mate.</p>\n<p></p>','kate-1962521000141-n13','Découvrez Kate 1962521000141 n°1/3 par Pola Pola 4.0 sur ARTOP, galerie d\'Art à Lille. Paiements sécurisés. Livraison gratuite. Assurance offerte. Retour Gratuit.','acheter art contemporain, marilyn, pola 4.0, street art, peinture, technique mixte','Kate 1962521000141 n°1/3 par Pola 4.0 | Pop Art  | ARTOP galerie','kate 1962521000141 n°1/3','','','',''),(322,1,1,'<p class=\"MsoNormal\">Pola 4.0 rehausse à la main l\'oeuvre au format polaroïd. L\'écriture en relief permet de personnaliser l\'oeuvre. Le rendu est stupéfiant. Pola 4.0 est une artiste en vogue.</p>\n<p class=\"MsoNormal\">Une question Danie au 0678070952.</p>\n<p class=\"MsoNormal\"></p>\n<p class=\"MsoNormal\"></p>','<p>Variante rehaussée à la main. 3 exemplaires pour ce format.</p>\n<p>Technique mixte sur plexiglass. Il donne une véritable transparence à l\'oeuvre.</p>\n<p>82X62 cm encadré        80X60 cm dimension de l\'oeuvre</p>\n<p>Caisse américaine en bois noire mate.</p>\n<p></p>','kate-1962521000141-n2-sur-3','Découvrez Kate 1962521000141 n°2/3 par Pola Pola 4.0 sur ARTOP, galerie d\'Art à Lille. Paiements sécurisés. Livraison gratuite. Assurance offerte. Retour Gratuit.','acheter art contemporain, marilyn, pola 4.0, street art, peinture, technique mixte','Kate 1962521000141 n°2/3 par Pola 4.0 | Pop Art  | ARTOP galerie','kate 1962521000141 n°2 sur 3','','','',''),(323,1,1,'<p class=\"MsoNormal\">Pola 4.0 rehausse à la main l\'oeuvre au format polaroïd. L\'écriture en relief permet de personnaliser l\'oeuvre. Le rendu est stupéfiant. Pola 4.0 est une artiste en vogue.</p>\n<p class=\"MsoNormal\">Une question Danie au 0678070952.</p>\n<p class=\"MsoNormal\"></p>\n<p class=\"MsoNormal\"></p>','<p>Variante rehaussée à la main. 3 exemplaires pour ce format.</p>\n<p>Technique mixte sur plexiglass. Il donne une véritable transparence à l\'oeuvre.</p>\n<p>82X62 cm encadré        80X60 cm dimension de l\'oeuvre</p>\n<p>Caisse américaine en bois noire mate.</p>\n<p></p>','kate-1962521000141-n3-sur-3','Découvrez Kate 1962521000141 n°3/3 par Pola Pola 4.0 sur ARTOP, galerie d\'Art à Lille. Paiements sécurisés. Livraison gratuite. Assurance offerte. Retour Gratuit.','acheter art contemporain, marilyn, pola 4.0, street art, peinture, technique mixte','Kate 1962521000141 n°3/3 par Pola 4.0 | Pop Art  | ARTOP galerie','kate 1962521000141 n°3 sur 3','','','',''),(325,1,1,'<p></p>\n<p></p>','<p>Acrylique sur toile</p>\n<p>Encadrée caisse américaine blanche</p>\n<p>35 x 27 cm</p>\n<p></p>','abstrait-sans-titre-110','Découvrez Abstrait sans titre 110 peinture de Léo Galamez sur ARTOP, galerie d\'Art à Lille depuis 1998. Paiements sécurisés (solution checkout de Paypal). Livraison gratuite en Europe.','acheter art contemporain, street all over, benjamin spark, street art, acrylique, bombe, feutre, spark','Abstrait sans titre 110 de Léo Galamez | Art Abstrait','Abstrait sans titre 110','','','',''),(326,1,1,'<p>L\'artiste ne souhaite pas mettre de titre. Il laisse la liberté totale de l\'interprétation. Ainsi, il fait place à l\'émotion de chacun.</p>\n<p></p>','<p>Acrylique sur toile</p>\n<p>150 x 150 cm</p>\n<p></p>','abstrait-sans-titre-12','Découvrez Abstrait sans titre 12 par Léo Galamez sur ARTOP, galerie d\'Art à Lille depuis 1998. Paiements sécurisés (solution checkout de Paypal). Livraison gratuite en Europe.','acheter art contemporain, street all over, benjamin spark, street art, acrylique, bombe, feutre, spark','Abstrait sans titre 12 de Léo Galamez | Art Abstrait','Abstrait sans titre 12','','','',''),(327,1,1,'<p>L\'artiste ne souhaite pas mettre de titre. Il laisse ainsi la liberté totale de l\'interprétation. Ainsi, il fait place à l\'émotion de chacun.</p>\n<p>Les couleurs froides répondent aux couleurs chaudes donnant ici une belle harmonie.</p>\n<p></p>','<p>Acrylique et huile sur toile</p>\n<p>Caisse américaine beige</p>\n<p>130 X 97 cm</p>\n<p></p>','abstrait-sans-titre-15','Découvrez Abstrait sans titre 15 par Léo Galamez sur ARTOP, galerie d\'Art à Lille depuis 1998. Paiements sécurisés (solution checkout de Paypal). Livraison gratuite en Europe.','acheter art contemporain, street all over, benjamin spark, street art, acrylique, bombe, feutre, spark','Abstrait sans titre 15 peinture de Léo Galamez | Art Abstrait','Abstrait sans titre 15','','','',''),(328,1,1,'<p>Jeune talent Thomas DANEL maîtrise déjà l\'association des couleurs. Les couleurs sont de la même intensité respectant ainsi leurs présences. Seul, le point noir se détache venant bousculer la composition.</p>\n<p>Nous avons eu un coup de coeur. Cette peinture de Thomas Danel sera exposée sur notre stand C19 au salon ART UP du 9 mars au 12 mars.</p>','<p>90 X 110 cm</p>\n<p>Acrylique sur toile.</p>\n<p></p>\n<p></p>','abstrait-1636','Découvrez Abstrait 1636 de Thomas Danel sur ARTOP, galerie d\'Art à Lille. Paiements sécurisés. Livraison gratuite.','acheter art contemporain, nu jaune, jaune','Abstrait 1636| Peinture | ARTOP','Abstrait 1636 de Thomas Danel','','','',''),(330,1,1,'<p>Jeune talent, Thomas DANEL maîtrise déjà l\'association des couleurs. Les couleurs sont de la même intensité respectant ainsi leurs présences. Il joue avec les pleins et les vides.</p>\n<p>Il utilise le triangle comme faisceau lumineux.</p>\n<p>Nous avons eu un coup de coeur. Cette peinture de Thomas Danel sera exposée sur notre stand C19 au salon ART UP du 9 mars au 12 mars.</p>','<p>90 X 130 cm</p>\n<p>Acrylique sur toile.</p>\n<p></p>\n<p></p>','abstrait-1642','Découvrez Abstrait 1642 de Thomas Danel sur ARTOP, galerie d\'Art à Lille. Paiements sécurisés. Livraison gratuite.','acheter art contemporain, nu jaune, jaune','Abstrait 1642| Peinture | ARTOP','Abstrait 1642 de Thomas Danel','','','',''),(332,1,1,'<p>Jeune talent, Thomas DANEL maîtrise déjà l\'association des couleurs. Les couleurs sont de la même intensité respectant ainsi leurs présences. Il joue avec les pleins et les vides.</p>\n<p>Il utilise le triangle comme faisceau lumineux.</p>\n<p>Nous avons eu un coup de coeur. Cette peinture de Thomas Danel sera exposée sur notre stand C19 au salon ART UP du 9 mars au 12 mars.</p>','<p>120 X 90 cm</p>\n<p>Acrylique sur toile.</p>\n<p></p>\n<p></p>','abstrait-1647','Découvrez Abstrait 1647 de Thomas Danel sur ARTOP, galerie d\'Art à Lille. Paiements sécurisés. Livraison gratuite.','acheter art contemporain, nu jaune, jaune','Abstrait 1647| Peinture | ARTOP','Abstrait 1647 de Thomas Danel','','','',''),(333,1,1,'','<p>100 X 120 cm</p>\n<p>Acrylique sur toile.</p>\n<p></p>\n<p></p>','dsc-1690','Découvrez Abstrait DSC 1690 de Thomas Danel sur ARTOP, galerie d\'Art à Lille. Paiements sécurisés. Livraison gratuite.','acheter art contemporain, nu jaune, jaune','Abstrait DSC 1690| Peinture | ARTOP','DSC 1690 de Thomas Danel','','','',''),(334,1,1,'','<p>50 X 65 cm</p>\n<p>Acrylique sur toile.</p>\n<p></p>\n<p></p>','abstrait-dsc-1695-de-thomas-danel','Découvrez Abstrait DSC 1695 de Thomas Danel sur ARTOP, galerie d\'Art à Lille. Paiements sécurisés. Livraison gratuite.','acheter art contemporain, nu jaune, jaune','Abstrait DSC 1695 de Thomas Danel| Peinture | ARTOP','Abstrait DSC 1695 de Thomas Danel','','','',''),(335,1,1,'<p>Toile qui nous évoque des lunes jumelles dans la nuit. Le point rouge est ici pour renforcer le bleu. Cette peinture nous apaise. Elle nous touche de part sa composition atypique. </p>\n<p>Nous savons que l\'univers est immense. Il est remplie de galaxies. Il nous plaît d\'imaginer que cette constellation existe.</p>\n<p>Nous avons eu un coup de coeur. Cette peinture de Thomas Danel sera exposée sur notre stand C19 au salon ART UP du 9 mars au 12 mars.</p>','<p>100 X 80 cm</p>\n<p>Acrylique sur toile.</p>\n<p></p>\n<p></p>','abstrait-dsc-1706-de-thomas-danel','Découvrez Abstrait DSC 1706 de Thomas Danel sur ARTOP, galerie d\'Art à Lille. Paiements sécurisés. Livraison gratuite.','acheter art contemporain, nu jaune, jaune','DSC 1706| Peinture | ARTOP','abstrait DSC 1706 de Thomas Danel','','','',''),(336,1,1,'','<p>100 X 100 cm</p>\n<p>Acrylique sur toile.</p>\n<p></p>\n<p></p>','abstrait-dsc-1710-de-thomas-danel','Découvrez Abstrait DSC 1706 de Thomas Danel sur ARTOP, galerie d\'Art à Lille. Paiements sécurisés. Livraison gratuite.','acheter art contemporain, nu jaune, jaune','DSC 1706| Peinture | ARTOP','Abstrait DSC 1710 de Thomas Danel','','','',''),(337,1,1,'','<p>100 X 80 cm</p>\n<p>Acrylique sur toile.</p>\n<p></p>\n<p></p>','abstrait-dsc-1717-de-thomas-danel','Découvrez Abstrait DSC 1717 de Thomas Danel sur ARTOP, galerie d\'Art à Lille. Paiements sécurisés. Livraison gratuite.','acheter art contemporain, nu jaune, jaune','DSC 1717| Peinture | ARTOP','Abstrait DSC 1717 de Thomas Danel','','','',''),(338,1,1,'<p>L\'artiste ne souhaite pas mettre de titre. Il laisse ainsi la liberté totale de l\'interprétation. Ainsi, il fait place à l\'émotion de chacun.</p>\n<p>Le turquoise répond au rouge donnant ici une belle harmonie. L\'artiste a mis toute son énergie dans cette toile. Elle lui rappelle le jardin de son enfance.</p>\n<p>L\'artiste a évolué techniquement. Il donne un effet vitrail à sa toile. Il capture la lumière par derrière. Cette oeuvre est majeure pour nous.</p>\n<p>Cette oeuvre sera présente sur le stand C19 de notre GALERIE ARTOP au salon ART up du 9 au 12 mars.</p>\n<p></p>','<p>Acrylique sur toile</p>\n<p>150 x 200 cm</p>\n<p></p>\n<p></p>','abstrait-sans-titre-1-de-leo-galamez','Découvrez Abstrait sans titre 1 par Léo Galamez sur ARTOP, galerie d\'Art à Lille depuis 1998. Paiements sécurisés (solution checkout de Paypal). Livraison gratuite en Europe.','acheter art contemporain, street all over, benjamin spark, street art, acrylique, bombe, feutre, spark','Abstrait sans titre 1 de Léo Galamez | Art Abstrait','Abstrait sans titre 1 de Léo Galamez','','','',''),(339,1,1,'<p>L\'artiste ne souhaite pas mettre de titre. Il laisse ainsi la liberté totale de l\'interprétation. Ainsi, il fait place à l\'émotion de chacun.</p>\n<p>Cette oeuvre sera présente sur le stand C19 de notre GALERIE ARTOP au salon ART up du 9 au 12 mars.</p>\n<p></p>','<p>Acrylique sur toile</p>\n<p>150 x 150 cm</p>\n<p></p>\n<p></p>','abstrait-sans-titre-3-de-leo-galamez','Découvrez Abstrait sans titre 3 par Léo Galamez sur ARTOP, galerie d\'Art à Lille depuis 1998. Paiements sécurisés (solution checkout de Paypal). Livraison gratuite en Europe.','acheter art contemporain, street all over, benjamin spark, street art, acrylique, bombe, feutre, spark','Abstrait sans titre 3 de Léo Galamez | Art Abstrait','Abstrait sans titre 3 de Léo Galamez','','','',''),(340,1,1,'<p class=\"MsoNormal\">Pola 4.0 rehausse à la main l\'oeuvre au format polaroïd. </p>\n<p class=\"MsoNormal\">L\'écriture en relief permet de personnaliser chaque édition. Vous aurez la chance de posséder le n°3/50</p>','<p>Edition rehaussée à la main tirage en 50 exemplaires</p>\n<p>70X50 cm encadré        50X40 cm dimension oeuvre</p>\n<p>Encadré vitre plexiglass baguette Bois Blanc</p>\n<p></p>','femme-a-la-coiffe-indienne-2100075-n350','Découvrez Femme à la coiffe indienne par Pola 4.0 sur ARTOP, galerie d\'Art à Lille. Paiements sécurisés. Livraison gratuiteFemme à la coiffe indienne','acheter art contemporain, marilyn, pola 4.0, street art, peinture, technique mixte','Femme à la coiffe indienne par Pola 4.0 | Pop Art  | ARTOP','Femme à la coiffe indienne 2100075 n°3/50','','','',''),(342,1,1,'<p class=\"MsoNormal\">ANDY WARHOL et BASQUIAT étaient en compétition et amis dans la vie. Cela leurs a permis de se renouveler en permanence.</p>\n<p class=\"MsoNormal\">Pola 4.0 rehausse à la main l\'oeuvre dans un format polaroïd. Photo numérique retravaillée. L\'écriture en relief permet de personnaliser chaque édition.</p>\n<p class=\"MsoNormal\">Vous aurez la chance de posséder le n°15/50.</p>\n<p class=\"MsoNormal\">Allez voir l\'exposition QUATRE MAINS à la fondation Louis Vuitton du 05.04 2023 au 28.08.2023</p>','<p>Edition Tirage en 50 exemplaires</p>\n<p>70X50 cm encadré        50X40 cm dimension oeuvre</p>\n<p>Encadré vitre plexiglass baguette Bois Blanc</p>\n<p></p>','copy-of-andy-warhol-et-basquiat-1900056-n1550','Découvrez Andy Warhol et Basquiat par Pola 4.0 sur ARTOP, galerie d\'Art à Lille. Paiements sécurisés. Livraison gratuite.','acheter art contemporain, marilyn, pola 4.0, street art, peinture, technique mixte','Andy Warhol et Basquiat par Pola 4.0 | Pop Art  | ARTOP','Andy Warhol et Basquiat  1900056 n°15/50','','','','');

--
-- Table structure for table `ps_product_sale`
--

CREATE TABLE `ps_product_sale` (
  `id_product` int(10) unsigned NOT NULL,
  `quantity` int(10) unsigned NOT NULL DEFAULT '0',
  `sale_nbr` int(10) unsigned NOT NULL DEFAULT '0',
  `date_upd` date DEFAULT NULL,
  PRIMARY KEY (`id_product`),
  KEY `quantity` (`quantity`)
) ENGINE=InnoDB DEFAULT CHARSET=utf8;

--
-- Dumping data for table `ps_product_sale`
--

INSERT INTO `ps_product_sale` VALUES (7,1,1,'2021-09-06'),(260,1,1,'2022-12-13'),(261,1,1,'2022-09-11');

--
-- Table structure for table `ps_product_shop`
--

CREATE TABLE `ps_product_shop` (
  `id_product` int(10) unsigned NOT NULL,
  `id_shop` int(10) unsigned NOT NULL,
  `id_category_default` int(10) unsigned DEFAULT NULL,
  `id_tax_rules_group` int(11) unsigned NOT NULL,
  `on_sale` tinyint(1) unsigned NOT NULL DEFAULT '0',
  `online_only` tinyint(1) unsigned NOT NULL DEFAULT '0',
  `ecotax` decimal(17,6) NOT NULL DEFAULT '0.000000',
  `minimal_quantity` int(10) unsigned NOT NULL DEFAULT '1',
  `low_stock_threshold` int(10) DEFAULT NULL,
  `low_stock_alert` tinyint(1) NOT NULL DEFAULT '0',
  `price` decimal(20,6) NOT NULL DEFAULT '0.000000',
  `wholesale_price` decimal(20,6) NOT NULL DEFAULT '0.000000',
  `unity` varchar(255) DEFAULT NULL,
  `unit_price_ratio` decimal(20,6) NOT NULL DEFAULT '0.000000',
  `additional_shipping_cost` decimal(20,2) NOT NULL DEFAULT '0.00',
  `customizable` tinyint(2) NOT NULL DEFAULT '0',
  `uploadable_files` tinyint(4) NOT NULL DEFAULT '0',
  `text_fields` tinyint(4) NOT NULL DEFAULT '0',
  `active` tinyint(1) unsigned NOT NULL DEFAULT '0',
  `redirect_type` enum('','404','301-product','302-product','301-category','302-category') NOT NULL DEFAULT '',
  `id_type_redirected` int(10) unsigned NOT NULL DEFAULT '0',
  `available_for_order` tinyint(1) NOT NULL DEFAULT '1',
  `available_date` date DEFAULT NULL,
  `show_condition` tinyint(1) NOT NULL DEFAULT '1',
  `condition` enum('new','used','refurbished') NOT NULL DEFAULT 'new',
  `show_price` tinyint(1) NOT NULL DEFAULT '1',
  `indexed` tinyint(1) NOT NULL DEFAULT '0',
  `visibility` enum('both','catalog','search','none') NOT NULL DEFAULT 'both',
  `cache_default_attribute` int(10) unsigned DEFAULT NULL,
  `advanced_stock_management` tinyint(1) NOT NULL DEFAULT '0',
  `date_add` datetime NOT NULL,
  `date_upd` datetime NOT NULL,
  `pack_stock_type` int(11) unsigned NOT NULL DEFAULT '3',
  PRIMARY KEY (`id_product`,`id_shop`),
  KEY `id_category_default` (`id_category_default`),
  KEY `date_add` (`date_add`,`active`,`visibility`),
  KEY `indexed` (`indexed`,`active`,`id_product`)
) ENGINE=InnoDB DEFAULT CHARSET=utf8;

--
-- Dumping data for table `ps_product_shop`
--

INSERT INTO `ps_product_shop` VALUES (2,1,10,0,0,0,0.000000,1,NULL,0,7300.000000,0.000000,'',0.000000,0.00,0,0,0,1,'301-category',0,1,'0000-00-00',0,'new',1,1,'both',0,0,'2019-02-03 22:39:09','2023-04-13 15:34:35',3),(4,1,14,0,0,0,0.000000,1,NULL,0,1400.000000,0.000000,'',0.000000,0.00,0,0,0,1,'301-category',0,1,'0000-00-00',0,'new',1,1,'both',0,0,'2019-02-10 17:09:45','2021-07-22 10:52:11',3),(7,1,15,0,0,0,0.000000,1,NULL,0,1.000000,0.000000,'',0.000000,0.00,0,0,0,0,'301-category',0,1,'0000-00-00',0,'new',1,1,'both',0,0,'2019-06-30 23:27:00','2021-09-07 10:05:10',3),(9,1,15,0,0,0,0.000000,1,NULL,0,1400.000000,0.000000,'',0.000000,0.00,0,0,0,0,'301-category',0,1,'0000-00-00',0,'new',1,0,'both',0,0,'2019-07-02 10:30:04','2020-02-14 16:04:55',3),(10,1,10,0,0,0,0.000000,1,NULL,0,4000.000000,0.000000,'',0.000000,0.00,0,0,0,1,'301-category',0,1,'0000-00-00',0,'new',1,1,'both',0,0,'2019-08-17 16:09:01','2021-06-28 12:40:54',3),(12,1,29,0,0,0,0.000000,1,NULL,0,3500.000000,0.000000,'',0.000000,0.00,0,0,0,1,'301-category',0,1,'0000-00-00',0,'new',1,1,'both',0,0,'2019-08-17 17:58:16','2022-04-04 15:19:24',3),(13,1,10,0,0,0,0.000000,1,NULL,0,1800.000000,0.000000,'',0.000000,0.00,0,0,0,1,'301-category',0,1,'0000-00-00',0,'new',1,1,'both',0,0,'2019-08-17 18:43:21','2021-06-28 14:05:03',3),(14,1,10,0,0,0,0.000000,1,NULL,0,1800.000000,0.000000,'',0.000000,0.00,0,0,0,1,'301-category',0,1,'0000-00-00',0,'new',1,1,'both',0,0,'2019-08-17 19:15:01','2021-06-28 14:15:38',3),(16,1,10,0,0,0,0.000000,1,NULL,0,2200.000000,0.000000,'',0.000000,0.00,0,0,0,1,'301-category',0,1,'0000-00-00',1,'new',1,1,'both',0,0,'2019-08-17 19:30:53','2021-06-28 14:21:48',3),(20,1,10,0,0,0,0.000000,1,NULL,0,1700.000000,0.000000,'',0.000000,0.00,0,0,0,1,'301-category',0,1,'0000-00-00',0,'new',1,1,'both',0,0,'2019-08-18 13:29:57','2022-04-04 15:35:40',3),(21,1,10,0,0,0,0.000000,1,NULL,0,1800.000000,0.000000,'',0.000000,0.00,0,0,0,1,'301-category',0,1,'0000-00-00',0,'new',1,1,'both',0,0,'2019-08-18 13:44:37','2022-04-04 15:35:40',3),(22,1,15,0,0,0,0.000000,1,NULL,0,3800.000000,0.000000,'',0.000000,0.00,0,0,0,1,'301-category',0,1,'0000-00-00',0,'new',1,1,'both',0,0,'2019-08-20 13:18:39','2022-04-04 15:35:40',3),(23,1,15,0,0,0,0.000000,1,NULL,0,3900.000000,0.000000,'',0.000000,0.00,0,0,0,1,'301-category',0,1,'0000-00-00',0,'new',1,1,'both',0,0,'2019-08-20 14:17:46','2022-04-04 15:35:40',3),(25,1,15,0,0,0,0.000000,1,NULL,0,2700.000000,0.000000,'',0.000000,0.00,0,0,0,1,'301-category',0,1,'0000-00-00',0,'new',1,1,'both',0,0,'2019-08-20 16:04:06','2022-04-04 15:35:40',3),(26,1,15,0,0,0,0.000000,1,NULL,0,2900.000000,0.000000,'',0.000000,0.00,0,0,0,1,'301-category',0,1,'0000-00-00',0,'new',1,1,'both',0,0,'2019-08-20 16:16:53','2022-04-04 15:35:40',3),(27,1,15,0,0,0,0.000000,1,NULL,0,2800.000000,0.000000,'',0.000000,0.00,0,0,0,1,'301-category',0,1,'0000-00-00',0,'new',1,1,'both',0,0,'2019-08-20 16:31:52','2022-04-04 15:35:40',3),(28,1,15,0,0,0,0.000000,1,NULL,0,3000.000000,0.000000,'',0.000000,0.00,0,0,0,1,'301-category',0,1,'0000-00-00',0,'new',1,1,'both',0,0,'2019-08-22 18:02:18','2022-04-04 15:35:40',3),(37,1,10,0,0,0,0.000000,1,NULL,0,3800.000000,0.000000,'',0.000000,0.00,0,0,0,1,'301-category',0,1,'0000-00-00',0,'new',1,1,'both',0,0,'2019-09-19 12:31:23','2022-04-04 15:35:40',3),(38,1,10,0,0,0,0.000000,1,NULL,0,3800.000000,0.000000,'',0.000000,0.00,0,0,0,1,'301-category',0,1,'0000-00-00',0,'new',1,1,'both',0,0,'2019-09-19 12:45:11','2022-04-04 15:35:40',3),(40,1,10,0,0,0,0.000000,1,NULL,0,1600.000000,0.000000,'',0.000000,0.00,0,0,0,1,'301-category',0,1,'0000-00-00',0,'new',1,1,'both',0,0,'2019-09-19 12:58:38','2022-04-04 15:35:40',3),(42,1,10,0,0,0,0.000000,1,NULL,0,1800.000000,0.000000,'',0.000000,0.00,0,0,0,0,'301-category',0,1,'0000-00-00',0,'new',1,1,'both',0,0,'2019-09-19 15:12:44','2022-04-04 15:35:40',3),(43,1,10,0,0,0,0.000000,1,NULL,0,1800.000000,0.000000,'',0.000000,0.00,0,0,0,1,'301-category',0,1,'0000-00-00',0,'new',1,1,'both',0,0,'2019-09-19 15:21:14','2022-04-04 15:35:40',3),(44,1,10,0,0,0,0.000000,1,NULL,0,2200.000000,0.000000,'',0.000000,0.00,0,0,0,1,'301-category',0,1,'0000-00-00',0,'new',1,1,'both',0,0,'2019-09-19 15:50:59','2022-04-04 15:35:40',3),(45,1,10,0,0,0,0.000000,1,NULL,0,800.000000,0.000000,'',0.000000,0.00,0,0,0,1,'301-category',0,1,'0000-00-00',0,'new',1,1,'both',0,0,'2019-09-19 16:19:13','2022-04-04 15:35:40',3),(46,1,10,0,0,0,0.000000,1,NULL,0,5000.000000,0.000000,'',0.000000,0.00,0,0,0,1,'301-category',0,1,'0000-00-00',0,'new',1,1,'both',0,0,'2019-09-19 16:33:07','2022-04-04 15:35:40',3),(48,1,10,0,0,0,0.000000,1,NULL,0,3800.000000,0.000000,'',0.000000,0.00,0,0,0,1,'301-category',0,1,'0000-00-00',0,'new',1,1,'both',0,0,'2019-09-19 16:58:50','2022-04-04 15:35:40',3),(49,1,10,0,0,0,0.000000,1,NULL,0,1200.000000,0.000000,'',0.000000,0.00,0,0,0,1,'301-category',0,1,'0000-00-00',0,'new',1,1,'both',0,0,'2019-09-20 14:35:39','2022-04-04 15:35:40',3),(51,1,10,0,0,0,0.000000,1,NULL,0,3800.000000,0.000000,'',0.000000,0.00,0,0,0,1,'301-category',0,1,'0000-00-00',0,'new',1,1,'both',0,0,'2019-09-20 16:20:38','2022-04-04 15:35:40',3),(52,1,10,0,0,0,0.000000,1,NULL,0,3000.000000,0.000000,'',0.000000,0.00,0,0,0,1,'301-category',0,1,'0000-00-00',0,'new',1,1,'both',0,0,'2019-09-20 17:26:56','2022-04-04 15:35:40',3),(53,1,10,0,0,0,0.000000,1,NULL,0,1200.000000,0.000000,'',0.000000,0.00,0,0,0,1,'301-category',0,1,'0000-00-00',0,'new',1,1,'both',0,0,'2019-09-20 17:29:46','2022-04-04 15:35:40',3),(55,1,10,0,0,0,0.000000,1,NULL,0,3800.000000,0.000000,'',0.000000,0.00,0,0,0,1,'301-category',0,1,'0000-00-00',0,'new',1,1,'both',0,0,'2019-09-21 16:08:44','2022-04-04 15:35:40',3),(56,1,10,0,0,0,0.000000,1,NULL,0,4000.000000,0.000000,'',0.000000,0.00,0,0,0,1,'301-category',0,1,'0000-00-00',0,'new',1,1,'both',0,0,'2019-09-23 15:11:27','2022-04-04 15:35:40',3),(57,1,10,0,0,0,0.000000,1,NULL,0,3800.000000,0.000000,'',0.000000,0.00,0,0,0,1,'301-category',0,1,'0000-00-00',0,'new',1,1,'both',0,0,'2019-10-05 14:36:29','2022-04-04 15:35:40',3),(68,1,15,0,0,0,0.000000,1,NULL,0,2800.000000,0.000000,'',0.000000,0.00,0,0,0,1,'301-category',0,1,'0000-00-00',1,'new',1,1,'both',0,0,'2020-02-21 18:12:37','2023-03-27 15:02:36',3),(69,1,11,0,0,0,0.000000,1,NULL,0,2800.000000,0.000000,'',0.000000,0.00,0,0,0,1,'301-category',0,1,'0000-00-00',0,'new',1,1,'both',0,0,'2020-02-21 18:30:30','2022-02-09 15:30:49',3),(84,1,10,0,0,0,0.000000,1,NULL,0,4800.000000,0.000000,'',0.000000,0.00,0,0,0,1,'301-category',0,1,'0000-00-00',0,'new',1,1,'both',0,0,'2020-02-29 15:00:00','2023-04-13 15:37:47',3),(90,1,2,0,0,0,0.000000,1,NULL,0,4900.000000,0.000000,'',0.000000,0.00,0,0,0,0,'301-category',0,1,'0000-00-00',0,'new',1,1,'both',0,0,'2020-04-29 16:11:21','2023-04-13 14:27:15',3),(91,1,10,0,0,0,0.000000,1,NULL,0,3600.000000,0.000000,'',0.000000,0.00,0,0,0,1,'301-category',0,1,'0000-00-00',0,'new',1,1,'both',0,0,'2020-05-02 16:01:43','2023-04-13 14:27:15',3),(94,1,10,0,0,0,0.000000,1,NULL,0,4900.000000,0.000000,'',0.000000,0.00,0,0,0,1,'301-category',0,1,'0000-00-00',0,'new',1,1,'both',0,0,'2020-05-05 10:54:16','2023-04-13 14:27:15',3),(95,1,10,0,0,0,0.000000,1,NULL,0,4900.000000,0.000000,'',0.000000,0.00,0,0,0,1,'301-category',0,1,'0000-00-00',0,'new',1,1,'both',0,0,'2020-05-05 13:35:39','2023-04-13 14:27:15',3),(96,1,10,0,0,0,0.000000,1,NULL,0,4900.000000,0.000000,'',0.000000,0.00,0,0,0,1,'301-category',0,1,'0000-00-00',0,'new',1,1,'both',0,0,'2020-05-05 13:57:05','2023-04-13 14:27:15',3),(97,1,10,0,0,0,0.000000,1,NULL,0,4900.000000,0.000000,'',0.000000,0.00,0,0,0,1,'301-category',0,1,'0000-00-00',0,'new',1,1,'both',0,0,'2020-05-05 14:09:19','2023-04-13 14:27:15',3),(98,1,10,0,0,0,0.000000,1,NULL,0,5300.000000,0.000000,'',0.000000,0.00,0,0,0,1,'301-category',0,1,'0000-00-00',0,'new',1,1,'both',0,0,'2020-05-05 14:14:30','2023-04-13 14:27:15',3),(99,1,10,0,0,0,0.000000,1,NULL,0,4900.000000,0.000000,'',0.000000,0.00,0,0,0,1,'301-category',0,1,'0000-00-00',0,'new',1,1,'both',0,0,'2020-05-05 14:26:13','2023-04-13 14:27:15',3),(100,1,10,0,0,0,0.000000,1,NULL,0,4600.000000,0.000000,'',0.000000,0.00,0,0,0,1,'301-category',0,1,'0000-00-00',0,'new',1,1,'both',0,0,'2020-05-05 14:50:26','2023-04-13 14:27:15',3),(101,1,10,0,0,0,0.000000,1,NULL,0,4900.000000,0.000000,'',0.000000,0.00,0,0,0,0,'301-category',0,1,'0000-00-00',0,'new',1,1,'both',0,0,'2020-05-05 15:39:02','2023-04-13 14:27:15',3),(102,1,10,0,0,0,0.000000,1,NULL,0,5100.000000,0.000000,'',0.000000,0.00,0,0,0,1,'301-category',0,1,'0000-00-00',0,'new',1,1,'both',0,0,'2020-05-05 16:04:15','2023-04-13 14:27:15',3),(103,1,10,0,0,0,0.000000,1,NULL,0,4800.000000,0.000000,'',0.000000,0.00,0,0,0,0,'301-category',0,1,'0000-00-00',0,'new',1,0,'both',0,0,'2020-05-05 17:15:18','2023-04-13 14:27:15',3),(105,1,10,0,0,0,0.000000,1,NULL,0,5300.000000,0.000000,'',0.000000,0.00,0,0,0,1,'301-category',0,1,'0000-00-00',0,'new',1,1,'both',0,0,'2020-05-05 17:59:41','2023-04-13 14:27:15',3),(106,1,10,0,0,0,0.000000,1,NULL,0,4700.000000,0.000000,'',0.000000,0.00,0,0,0,1,'301-category',0,1,'0000-00-00',0,'new',1,1,'both',0,0,'2020-05-05 18:12:30','2023-04-13 14:27:15',3),(107,1,10,0,0,0,0.000000,1,NULL,0,4900.000000,0.000000,'',0.000000,0.00,0,0,0,1,'301-category',0,1,'0000-00-00',0,'new',1,1,'both',0,0,'2020-05-05 18:21:41','2023-04-13 14:27:15',3),(121,1,10,0,0,0,0.000000,1,NULL,0,1200.000000,0.000000,'',0.000000,0.00,0,0,0,1,'301-category',0,1,'0000-00-00',1,'new',1,1,'both',0,0,'2020-05-26 17:13:12','2023-04-13 14:27:15',3),(122,1,10,0,0,0,0.000000,1,NULL,0,1200.000000,0.000000,'',0.000000,0.00,0,0,0,1,'301-category',0,1,'0000-00-00',1,'new',1,1,'both',0,0,'2020-05-27 16:36:57','2023-04-13 14:27:15',3),(123,1,10,0,0,0,0.000000,1,NULL,0,1900.000000,0.000000,'',0.000000,0.00,0,0,0,1,'301-category',0,1,'0000-00-00',1,'new',1,1,'both',0,0,'2020-05-27 16:50:25','2023-04-13 14:27:15',3),(124,1,10,0,0,0,0.000000,1,NULL,0,1800.000000,0.000000,'',0.000000,0.00,0,0,0,1,'301-category',0,1,'0000-00-00',1,'new',1,1,'both',0,0,'2020-05-27 17:15:12','2023-04-13 14:27:15',3),(125,1,10,0,0,0,0.000000,1,NULL,0,5000.000000,0.000000,'',0.000000,0.00,0,0,0,1,'301-category',0,1,'0000-00-00',1,'new',1,1,'both',0,0,'2020-05-27 17:48:51','2023-04-13 14:27:15',3),(126,1,10,0,0,0,0.000000,1,NULL,0,4700.000000,0.000000,'',0.000000,0.00,0,0,0,1,'301-category',0,1,'0000-00-00',1,'new',1,1,'both',0,0,'2020-05-29 11:50:38','2023-04-13 14:27:15',3),(127,1,10,0,0,0,0.000000,1,NULL,0,4500.000000,0.000000,'',0.000000,0.00,0,0,0,1,'301-category',0,1,'0000-00-00',1,'new',1,1,'both',0,0,'2020-05-29 12:15:42','2023-04-13 14:27:15',3),(128,1,10,0,0,0,0.000000,1,NULL,0,2400.000000,0.000000,'',0.000000,0.00,0,0,0,1,'301-category',0,1,'0000-00-00',1,'new',1,1,'both',0,0,'2020-05-29 12:29:27','2023-04-13 14:27:15',3),(129,1,10,0,0,0,0.000000,1,NULL,0,1000.000000,0.000000,'',0.000000,0.00,0,0,0,1,'301-category',0,1,'0000-00-00',0,'new',1,1,'both',0,0,'2020-05-29 17:23:41','2023-04-13 14:27:15',3),(131,1,15,0,0,0,0.000000,1,NULL,0,2800.000000,0.000000,'',0.000000,0.00,0,0,0,1,'301-category',0,1,'0000-00-00',0,'new',1,1,'both',0,0,'2020-06-01 13:56:41','2023-04-13 14:27:15',3),(134,1,11,0,0,0,0.000000,1,NULL,0,2600.000000,0.000000,'',0.000000,0.00,0,0,0,1,'301-category',0,1,'0000-00-00',1,'new',1,1,'both',0,0,'2020-06-01 15:04:44','2022-04-03 14:33:57',3),(135,1,10,0,0,0,0.000000,1,NULL,0,4200.000000,0.000000,'',0.000000,0.00,0,0,0,0,'301-category',0,1,'0000-00-00',1,'new',1,1,'both',0,0,'2020-06-05 13:38:23','2023-04-13 14:27:15',3),(136,1,10,0,0,0,0.000000,1,NULL,0,5300.000000,0.000000,'',0.000000,0.00,0,0,0,1,'301-category',0,1,'0000-00-00',1,'new',1,1,'both',0,0,'2020-06-05 13:55:17','2023-04-13 14:27:15',3),(137,1,10,0,0,0,0.000000,1,NULL,0,4200.000000,0.000000,'',0.000000,0.00,0,0,0,0,'301-category',0,1,'0000-00-00',1,'new',1,1,'both',0,0,'2020-06-05 14:15:26','2023-04-13 14:27:15',3),(141,1,10,0,0,0,0.000000,1,NULL,0,2000.000000,0.000000,'',0.000000,0.00,0,0,0,1,'301-category',0,1,'0000-00-00',1,'new',1,1,'both',0,0,'2020-06-08 09:04:43','2023-04-13 14:27:15',3),(143,1,10,0,0,0,0.000000,1,NULL,0,1600.000000,0.000000,'',0.000000,0.00,0,0,0,1,'301-category',0,1,'0000-00-00',1,'new',1,1,'both',0,0,'2020-07-02 15:12:13','2023-04-13 14:27:15',3),(145,1,10,0,0,0,0.000000,1,NULL,0,2300.000000,0.000000,'',0.000000,0.00,0,0,0,1,'301-category',0,1,'0000-00-00',1,'new',1,1,'both',0,0,'2020-07-02 16:11:57','2023-04-13 14:27:15',3),(147,1,2,0,0,0,0.000000,1,NULL,0,380.000000,0.000000,'',0.000000,0.00,0,0,0,0,'301-category',0,1,'0000-00-00',1,'new',1,0,'both',0,0,'2020-09-11 12:24:07','2023-04-13 14:27:15',3),(148,1,2,0,0,0,0.000000,1,NULL,0,380.000000,0.000000,'',0.000000,0.00,0,0,0,0,'301-category',0,1,'0000-00-00',1,'new',1,1,'both',0,0,'2020-09-11 12:36:49','2023-08-02 13:36:41',3),(149,1,2,0,0,0,0.000000,1,NULL,0,380.000000,0.000000,'',0.000000,0.00,0,0,0,1,'301-category',0,1,'0000-00-00',1,'new',1,1,'both',0,0,'2020-09-11 13:59:04','2023-04-13 14:27:15',3),(150,1,2,0,0,0,0.000000,1,NULL,0,380.000000,0.000000,'',0.000000,0.00,0,0,0,1,'301-category',0,1,'0000-00-00',1,'new',1,1,'both',0,0,'2020-09-11 14:57:40','2023-04-13 14:27:15',3),(151,1,2,0,0,0,0.000000,1,NULL,0,380.000000,0.000000,'',0.000000,0.00,0,0,0,1,'301-category',0,1,'0000-00-00',1,'new',1,1,'both',0,0,'2020-09-11 15:52:21','2023-04-13 14:27:15',3),(152,1,2,0,0,0,0.000000,1,NULL,0,380.000000,0.000000,'',0.000000,0.00,0,0,0,1,'301-category',0,1,'0000-00-00',1,'new',1,1,'both',0,0,'2020-09-12 12:06:26','2023-04-13 14:27:15',3),(153,1,2,0,0,0,0.000000,1,NULL,0,380.000000,0.000000,'',0.000000,0.00,0,0,0,1,'301-category',0,1,'0000-00-00',1,'new',1,1,'both',0,0,'2020-09-12 16:29:57','2023-04-13 14:27:15',3),(154,1,2,0,0,0,0.000000,1,NULL,0,380.000000,0.000000,'',0.000000,0.00,0,0,0,0,'301-category',0,1,'0000-00-00',1,'new',1,0,'both',0,0,'2020-09-12 16:33:54','2023-04-13 14:27:15',3),(155,1,2,0,0,0,0.000000,1,NULL,0,380.000000,0.000000,'',0.000000,0.00,0,0,0,1,'301-category',0,1,'0000-00-00',1,'new',1,1,'both',0,0,'2020-09-12 16:44:04','2023-04-13 14:27:15',3),(164,1,28,0,0,0,0.000000,1,NULL,0,1500.000000,0.000000,'',0.000000,0.00,0,0,0,1,'301-category',0,1,'0000-00-00',1,'new',1,1,'both',0,0,'2020-09-17 16:06:55','2023-04-13 14:27:15',3),(165,1,28,0,0,0,0.000000,1,NULL,0,1300.000000,0.000000,'',0.000000,0.00,0,0,0,1,'301-category',0,1,'0000-00-00',1,'new',1,1,'both',0,0,'2020-09-17 16:33:43','2023-04-13 14:26:26',3),(167,1,28,0,0,0,0.000000,1,NULL,0,550.000000,0.000000,'',0.000000,0.00,0,0,0,1,'301-category',0,1,'0000-00-00',1,'new',1,1,'both',0,0,'2020-09-17 17:07:05','2023-04-13 14:27:15',3),(169,1,13,0,0,0,0.000000,1,NULL,0,1000.000000,0.000000,'',0.000000,0.00,0,0,0,1,'301-category',0,1,'0000-00-00',1,'new',1,1,'both',0,0,'2020-09-28 14:14:06','2023-04-13 14:26:26',3),(170,1,13,0,0,0,0.000000,1,NULL,0,1450.000000,0.000000,'',0.000000,0.00,0,0,0,1,'301-category',0,1,'0000-00-00',1,'new',1,1,'both',0,0,'2020-09-28 14:28:57','2023-04-13 14:26:26',3),(171,1,13,0,0,0,0.000000,1,NULL,0,1000.000000,0.000000,'',0.000000,0.00,0,0,0,1,'301-category',0,1,'0000-00-00',1,'new',1,1,'both',0,0,'2020-09-28 14:39:38','2023-04-13 14:26:26',3),(172,1,13,0,0,0,0.000000,1,NULL,0,900.000000,0.000000,'',0.000000,0.00,0,0,0,1,'301-category',0,1,'0000-00-00',1,'new',1,1,'both',0,0,'2020-09-28 14:47:57','2023-04-13 14:26:26',3),(173,1,13,0,0,0,0.000000,1,NULL,0,550.000000,0.000000,'',0.000000,0.00,0,0,0,1,'301-category',0,1,'0000-00-00',1,'new',1,1,'both',0,0,'2020-09-28 14:55:06','2023-04-13 14:26:26',3),(174,1,13,0,0,0,0.000000,1,NULL,0,1250.000000,0.000000,'',0.000000,0.00,0,0,0,1,'301-category',0,1,'0000-00-00',1,'new',1,1,'both',0,0,'2020-09-28 15:08:39','2023-04-13 14:26:26',3),(176,1,13,0,0,0,0.000000,1,NULL,0,1250.000000,0.000000,'',0.000000,0.00,0,0,0,1,'301-category',0,1,'0000-00-00',1,'new',1,1,'both',0,0,'2020-09-28 15:20:07','2023-04-13 14:26:26',3),(177,1,13,0,0,0,0.000000,1,NULL,0,1250.000000,0.000000,'',0.000000,0.00,0,0,0,1,'301-category',0,1,'0000-00-00',1,'new',1,1,'both',0,0,'2020-09-28 15:29:11','2023-04-13 14:26:26',3),(178,1,13,0,0,0,0.000000,1,NULL,0,1250.000000,0.000000,'',0.000000,0.00,0,0,0,1,'301-category',0,1,'0000-00-00',1,'new',1,1,'both',0,0,'2020-09-28 15:58:51','2023-04-13 14:26:26',3),(179,1,13,0,0,0,0.000000,1,NULL,0,550.000000,0.000000,'',0.000000,0.00,0,0,0,1,'301-category',0,1,'0000-00-00',1,'new',1,1,'both',0,0,'2020-09-28 16:05:35','2023-04-13 14:26:26',3),(180,1,28,0,0,0,0.000000,1,NULL,0,1000.000000,0.000000,'',0.000000,0.00,0,0,0,1,'301-category',0,1,'0000-00-00',1,'new',1,1,'both',0,0,'2020-11-16 10:59:23','2023-04-13 14:27:15',3),(181,1,28,0,0,0,0.000000,1,NULL,0,1450.000000,0.000000,'',0.000000,0.00,0,0,0,1,'301-category',0,1,'0000-00-00',1,'new',1,1,'both',0,0,'2020-11-16 12:27:59','2023-04-13 14:27:15',3),(184,1,10,0,0,0,0.000000,1,NULL,0,3500.000000,0.000000,'',0.000000,0.00,0,0,0,1,'301-category',0,1,'0000-00-00',1,'new',1,1,'both',0,0,'2020-12-15 15:46:33','2023-04-13 14:27:15',3),(187,1,10,0,0,0,0.000000,1,NULL,0,1000.000000,0.000000,'',0.000000,0.00,0,0,0,1,'301-category',0,1,'0000-00-00',1,'new',1,1,'both',0,0,'2020-12-15 16:21:51','2023-04-13 14:27:15',3),(189,1,10,0,0,0,0.000000,1,NULL,0,1700.000000,0.000000,'',0.000000,0.00,0,0,0,1,'301-category',0,1,'0000-00-00',1,'new',1,1,'both',0,0,'2020-12-15 16:33:05','2023-04-13 14:27:15',3),(190,1,10,0,0,0,0.000000,1,NULL,0,1000.000000,0.000000,'',0.000000,0.00,0,0,0,1,'301-category',0,1,'0000-00-00',1,'new',1,1,'both',0,0,'2020-12-15 16:44:23','2023-04-13 14:27:15',3),(191,1,10,0,0,0,0.000000,1,NULL,0,4900.000000,0.000000,'',0.000000,0.00,0,0,0,1,'301-category',0,1,'0000-00-00',1,'new',1,1,'both',0,0,'2020-12-15 17:07:46','2023-04-13 14:27:15',3),(192,1,10,0,0,0,0.000000,1,NULL,0,4900.000000,0.000000,'',0.000000,0.00,0,0,0,1,'301-category',0,1,'0000-00-00',1,'new',1,1,'both',0,0,'2020-12-15 17:42:16','2023-04-13 14:27:15',3),(193,1,10,0,0,0,0.000000,1,NULL,0,4900.000000,0.000000,'',0.000000,0.00,0,0,0,1,'301-category',0,1,'0000-00-00',1,'new',1,1,'both',0,0,'2020-12-17 15:50:20','2023-04-13 14:27:15',3),(194,1,10,0,0,0,0.000000,1,NULL,0,4900.000000,0.000000,'',0.000000,0.00,0,0,0,1,'301-category',0,1,'0000-00-00',1,'new',1,1,'both',0,0,'2020-12-17 16:28:59','2023-04-13 14:27:15',3),(197,1,15,0,0,0,0.000000,1,NULL,0,380.000000,0.000000,'',0.000000,0.00,0,0,0,1,'301-category',0,1,'0000-00-00',1,'new',1,1,'both',0,0,'2021-03-29 11:41:19','2023-04-15 16:24:50',3),(198,1,15,0,0,0,0.000000,1,NULL,0,380.000000,0.000000,'',0.000000,0.00,0,0,0,1,'301-category',0,1,'0000-00-00',0,'new',1,1,'both',0,0,'2021-03-29 15:24:13','2023-04-13 15:34:35',3),(200,1,15,0,0,0,0.000000,1,NULL,0,380.000000,0.000000,'',0.000000,0.00,0,0,0,1,'301-category',0,1,'0000-00-00',0,'new',1,1,'both',0,0,'2021-04-05 15:53:37','2023-04-13 15:34:35',3),(214,1,15,0,0,0,0.000000,1,NULL,0,380.000000,0.000000,'',0.000000,0.00,0,0,0,1,'301-category',0,1,'0000-00-00',0,'new',1,1,'both',0,0,'2021-05-06 15:29:53','2023-04-13 15:34:35',3),(218,1,2,0,0,0,0.000000,1,NULL,0,380.000000,0.000000,'',0.000000,0.00,0,0,0,1,'301-category',0,1,'0000-00-00',1,'new',1,1,'both',0,0,'2021-05-28 15:28:44','2023-04-13 15:34:35',3),(220,1,15,0,0,0,0.000000,1,NULL,0,7500.000000,0.000000,'',0.000000,0.00,0,0,0,1,'301-category',0,1,'0000-00-00',0,'new',1,1,'both',0,0,'2021-06-03 10:25:12','2023-04-13 15:34:35',3),(222,1,10,0,0,0,0.000000,1,NULL,0,34000.000000,0.000000,'',0.000000,0.00,0,0,0,1,'301-category',0,1,'0000-00-00',0,'new',1,1,'both',0,0,'2021-06-07 10:09:33','2023-04-13 15:34:35',3),(223,1,15,0,0,0,0.000000,1,NULL,0,2100.000000,0.000000,'',0.000000,0.00,0,0,0,1,'301-category',0,1,'0000-00-00',0,'new',1,1,'both',0,0,'2021-07-15 15:05:13','2023-04-13 15:34:35',3),(224,1,15,0,0,0,0.000000,1,NULL,0,2300.000000,0.000000,'',0.000000,0.00,0,0,0,1,'301-category',0,1,'0000-00-00',0,'new',1,1,'both',0,0,'2021-07-15 16:40:15','2023-04-13 15:34:35',3),(225,1,15,0,0,0,0.000000,1,NULL,0,2800.000000,0.000000,'',0.000000,0.00,0,0,0,1,'301-category',0,1,'0000-00-00',0,'new',1,1,'both',0,0,'2021-07-15 17:09:57','2023-04-13 15:34:35',3),(226,1,28,0,0,0,0.000000,1,NULL,0,1000.000000,0.000000,'',0.000000,0.00,0,0,0,1,'301-category',0,1,'0000-00-00',0,'new',1,1,'both',0,0,'2021-09-15 15:27:59','2023-04-13 15:34:35',3),(227,1,28,0,0,0,0.000000,1,NULL,0,1450.000000,0.000000,'',0.000000,0.00,0,0,0,1,'301-category',0,1,'0000-00-00',0,'new',1,1,'both',0,0,'2021-09-16 10:39:02','2023-04-13 15:34:35',3),(228,1,28,0,0,0,0.000000,1,NULL,0,900.000000,0.000000,'',0.000000,0.00,0,0,0,1,'301-category',0,1,'0000-00-00',0,'new',1,1,'both',0,0,'2021-09-16 11:44:01','2023-04-13 14:26:26',3),(229,1,28,0,0,0,0.000000,1,NULL,0,1000.000000,0.000000,'',0.000000,0.00,0,0,0,1,'301-category',0,1,'0000-00-00',0,'new',1,1,'both',0,0,'2021-09-16 12:07:38','2023-04-13 14:26:26',3),(230,1,28,0,0,0,0.000000,1,NULL,0,2600.000000,0.000000,'',0.000000,0.00,0,0,0,1,'301-category',0,1,'0000-00-00',0,'new',1,1,'both',0,0,'2021-09-20 16:27:38','2023-04-13 14:26:26',3),(231,1,10,0,0,0,0.000000,1,NULL,0,2600.000000,0.000000,'',0.000000,0.00,0,0,0,1,'301-category',0,1,'0000-00-00',0,'new',1,1,'both',0,0,'2021-09-23 17:11:40','2023-04-13 15:34:35',3),(232,1,10,0,0,0,0.000000,1,NULL,0,1900.000000,0.000000,'',0.000000,0.00,0,0,0,1,'301-category',0,1,'0000-00-00',0,'new',1,1,'both',0,0,'2021-09-27 10:53:16','2023-04-13 15:34:35',3),(233,1,10,0,0,0,0.000000,1,NULL,0,2400.000000,0.000000,'',0.000000,0.00,0,0,0,1,'301-category',0,1,'0000-00-00',0,'new',1,1,'both',0,0,'2021-09-27 11:10:17','2023-04-13 15:34:35',3),(234,1,10,0,0,0,0.000000,1,NULL,0,2400.000000,0.000000,'',0.000000,0.00,0,0,0,1,'301-category',0,1,'0000-00-00',0,'new',1,1,'both',0,0,'2021-09-27 11:21:36','2023-04-13 15:34:35',3),(235,1,15,0,0,0,0.000000,1,NULL,0,380.000000,0.000000,'',0.000000,0.00,0,0,0,1,'301-category',0,1,'0000-00-00',0,'new',1,1,'both',0,0,'2021-10-04 14:20:45','2023-04-13 15:34:35',3),(236,1,10,0,0,0,0.000000,1,NULL,0,7500.000000,0.000000,'',0.000000,0.00,0,0,0,1,'301-category',0,1,'0000-00-00',0,'new',1,1,'both',0,0,'2021-10-12 11:14:35','2023-04-13 15:34:35',3),(237,1,10,0,0,0,0.000000,1,NULL,0,800.000000,0.000000,'',0.000000,0.00,0,0,0,1,'301-category',0,1,'0000-00-00',1,'new',1,1,'both',0,0,'2021-10-13 17:52:20','2023-04-13 15:34:35',3),(238,1,10,0,0,0,0.000000,1,NULL,0,350.000000,0.000000,'',0.000000,0.00,0,0,0,1,'301-category',0,1,'0000-00-00',1,'new',1,1,'both',0,0,'2021-10-13 18:12:28','2023-04-13 15:34:35',3),(239,1,10,0,0,0,0.000000,1,NULL,0,350.000000,0.000000,'',0.000000,0.00,0,0,0,1,'301-category',0,1,'0000-00-00',0,'new',1,1,'both',0,0,'2021-10-13 18:29:34','2023-04-13 15:34:35',3),(240,1,10,0,0,0,0.000000,1,NULL,0,350.000000,0.000000,'',0.000000,0.00,0,0,0,1,'301-category',0,1,'0000-00-00',1,'new',1,1,'both',0,0,'2021-10-14 10:43:24','2023-04-13 15:34:35',3),(241,1,10,0,0,0,0.000000,1,NULL,0,350.000000,0.000000,'',0.000000,0.00,0,0,0,1,'301-category',0,1,'0000-00-00',1,'new',1,1,'both',0,0,'2021-10-14 10:59:28','2023-04-13 15:34:35',3),(242,1,10,0,0,0,0.000000,1,NULL,0,350.000000,0.000000,'',0.000000,0.00,0,0,0,1,'301-category',0,1,'0000-00-00',1,'new',1,1,'both',0,0,'2021-10-14 11:14:31','2023-04-13 15:34:35',3),(243,1,10,0,0,0,0.000000,1,NULL,0,350.000000,0.000000,'',0.000000,0.00,0,0,0,1,'301-category',0,1,'0000-00-00',0,'new',1,1,'both',0,0,'2021-10-14 11:38:58','2023-04-13 15:34:35',3),(244,1,10,0,0,0,0.000000,1,NULL,0,350.000000,0.000000,'',0.000000,0.00,0,0,0,1,'301-category',0,1,'0000-00-00',1,'new',1,1,'both',0,0,'2021-10-14 15:55:11','2023-04-13 15:34:35',3),(245,1,10,0,0,0,0.000000,1,NULL,0,350.000000,0.000000,'',0.000000,0.00,0,0,0,1,'301-category',0,1,'0000-00-00',1,'new',1,1,'both',0,0,'2021-10-14 16:13:42','2023-04-13 15:34:35',3),(246,1,10,0,0,0,0.000000,1,NULL,0,350.000000,0.000000,'',0.000000,0.00,0,0,0,1,'301-category',0,1,'0000-00-00',0,'new',1,1,'both',0,0,'2021-10-14 16:22:23','2023-04-13 15:34:35',3),(247,1,10,0,0,0,0.000000,1,NULL,0,350.000000,0.000000,'',0.000000,0.00,0,0,0,1,'301-category',0,1,'0000-00-00',0,'new',1,1,'both',0,0,'2021-10-14 16:41:44','2023-04-13 15:34:35',3),(248,1,10,0,0,0,0.000000,1,NULL,0,350.000000,0.000000,'',0.000000,0.00,0,0,0,1,'301-category',0,1,'0000-00-00',0,'new',1,1,'both',0,0,'2021-10-14 16:52:14','2023-04-13 15:34:35',3),(249,1,10,0,0,0,0.000000,1,NULL,0,380.000000,0.000000,'',0.000000,0.00,0,0,0,1,'301-category',0,1,'0000-00-00',0,'new',1,1,'both',0,0,'2021-10-15 10:02:42','2023-04-13 15:34:35',3),(250,1,10,0,0,0,0.000000,1,NULL,0,380.000000,0.000000,'',0.000000,0.00,0,0,0,1,'301-category',0,1,'0000-00-00',0,'new',1,1,'both',0,0,'2021-10-15 10:16:29','2023-04-13 15:34:35',3),(251,1,10,0,0,0,0.000000,1,NULL,0,350.000000,0.000000,'',0.000000,0.00,0,0,0,1,'301-category',0,1,'0000-00-00',0,'new',1,1,'both',0,0,'2021-10-15 10:34:25','2023-04-13 15:34:35',3),(252,1,10,0,0,0,0.000000,1,NULL,0,350.000000,0.000000,'',0.000000,0.00,0,0,0,1,'301-category',0,1,'0000-00-00',0,'new',1,1,'both',0,0,'2021-10-15 10:50:40','2023-04-13 15:34:35',3),(253,1,10,0,0,0,0.000000,1,NULL,0,380.000000,0.000000,'',0.000000,0.00,0,0,0,1,'301-category',0,1,'0000-00-00',0,'new',1,1,'both',0,0,'2021-10-15 11:28:24','2023-04-13 15:34:35',3),(254,1,10,0,0,0,0.000000,1,NULL,0,500.000000,0.000000,'',0.000000,0.00,0,0,0,1,'301-category',0,1,'0000-00-00',0,'new',1,1,'both',0,0,'2021-10-15 13:13:45','2023-04-13 15:34:35',3),(255,1,10,0,0,0,0.000000,1,NULL,0,1500.000000,0.000000,'',0.000000,0.00,0,0,0,1,'301-category',0,1,'0000-00-00',1,'new',1,1,'both',0,0,'2021-10-15 13:48:48','2023-04-13 15:34:35',3),(256,1,10,0,0,0,0.000000,1,NULL,0,3800.000000,0.000000,'',0.000000,0.00,0,0,0,1,'301-category',0,1,'0000-00-00',0,'new',1,1,'both',0,0,'2021-10-15 14:13:25','2023-04-13 15:34:35',3),(257,1,2,0,0,0,0.000000,1,NULL,0,380.000000,0.000000,'',0.000000,0.00,0,0,0,0,'301-category',0,1,'0000-00-00',1,'new',1,0,'both',0,0,'2021-10-30 15:18:57','2023-04-13 15:34:35',3),(258,1,15,0,0,0,0.000000,1,NULL,0,380.000000,0.000000,'',0.000000,0.00,0,0,0,1,'301-category',0,1,'0000-00-00',0,'new',1,1,'both',0,0,'2021-11-10 15:07:26','2023-04-13 15:34:35',3),(259,1,15,0,0,0,0.000000,1,NULL,0,380.000000,0.000000,'',0.000000,0.00,0,0,0,1,'301-category',0,1,'0000-00-00',0,'new',1,1,'both',0,0,'2021-11-10 15:15:58','2023-04-15 16:44:33',3),(260,1,15,0,0,0,0.000000,1,NULL,0,380.000000,0.000000,'',0.000000,0.00,0,0,0,1,'301-category',0,1,'0000-00-00',0,'new',1,1,'both',0,0,'2021-11-10 15:32:34','2023-04-13 15:34:35',3),(261,1,15,0,0,0,0.000000,1,NULL,0,380.000000,0.000000,'',0.000000,0.00,0,0,0,0,'301-category',0,1,'0000-00-00',0,'new',1,1,'both',0,0,'2021-11-10 15:53:20','2023-04-13 15:34:35',3),(263,1,15,0,0,0,0.000000,1,NULL,0,380.000000,0.000000,'',0.000000,0.00,0,0,0,1,'301-category',0,1,'0000-00-00',0,'new',1,1,'both',0,0,'2021-11-10 16:24:44','2023-04-13 15:34:35',3),(264,1,10,0,0,0,0.000000,1,NULL,0,2800.000000,0.000000,'',0.000000,0.00,0,0,0,1,'301-category',0,1,'0000-00-00',0,'new',1,1,'both',0,0,'2021-11-29 15:26:41','2023-04-13 15:34:35',3),(265,1,10,0,0,0,0.000000,1,NULL,0,1800.000000,0.000000,'',0.000000,0.00,0,0,0,1,'301-category',0,1,'0000-00-00',0,'new',1,1,'both',0,0,'2021-11-30 11:00:22','2023-04-13 15:34:35',3),(266,1,10,0,0,0,0.000000,1,NULL,0,1500.000000,0.000000,'',0.000000,0.00,0,0,0,1,'301-category',0,1,'0000-00-00',0,'new',1,1,'both',0,0,'2021-11-30 11:29:28','2023-04-13 15:34:35',3),(267,1,10,0,0,0,0.000000,1,NULL,0,2100.000000,0.000000,'',0.000000,0.00,0,0,0,1,'301-category',0,1,'0000-00-00',0,'new',1,1,'both',0,0,'2021-11-30 12:09:46','2023-04-13 15:34:35',3),(268,1,10,0,0,0,0.000000,1,NULL,0,3300.000000,0.000000,'',0.000000,0.00,0,0,0,1,'301-category',0,1,'0000-00-00',0,'new',1,1,'both',0,0,'2021-11-30 12:23:26','2023-04-13 15:34:35',3),(269,1,10,0,0,0,0.000000,1,NULL,0,1500.000000,0.000000,'',0.000000,0.00,0,0,0,1,'301-category',0,1,'0000-00-00',0,'new',1,1,'both',0,0,'2021-11-30 15:31:25','2023-04-13 15:34:35',3),(270,1,10,0,0,0,0.000000,1,NULL,0,1500.000000,0.000000,'',0.000000,0.00,0,0,0,1,'301-category',0,1,'0000-00-00',0,'new',1,1,'both',0,0,'2021-11-30 15:44:00','2023-04-13 15:34:35',3),(271,1,10,0,0,0,0.000000,1,NULL,0,1500.000000,0.000000,'',0.000000,0.00,0,0,0,1,'301-category',0,1,'0000-00-00',0,'new',1,1,'both',0,0,'2021-11-30 15:50:25','2023-04-13 15:34:35',3),(272,1,10,0,0,0,0.000000,1,NULL,0,1500.000000,0.000000,'',0.000000,0.00,0,0,0,1,'301-category',0,1,'0000-00-00',0,'new',1,1,'both',0,0,'2021-11-30 16:02:02','2023-04-13 15:34:35',3),(273,1,10,0,0,0,0.000000,1,NULL,0,1800.000000,0.000000,'',0.000000,0.00,0,0,0,1,'301-category',0,1,'0000-00-00',0,'new',1,1,'both',0,0,'2021-11-30 16:13:28','2023-04-13 15:34:35',3),(276,1,10,0,0,0,0.000000,1,NULL,0,1000.000000,0.000000,'',0.000000,0.00,0,0,0,1,'301-category',0,1,'0000-00-00',1,'new',1,1,'both',0,0,'2022-01-13 15:15:23','2023-04-13 15:34:35',3),(277,1,10,0,0,0,0.000000,1,NULL,0,1000.000000,0.000000,'',0.000000,0.00,0,0,0,1,'301-category',0,1,'0000-00-00',1,'new',1,1,'both',0,0,'2022-01-13 15:25:55','2023-04-13 15:34:35',3),(278,1,10,0,0,0,0.000000,1,NULL,0,900.000000,0.000000,'',0.000000,0.00,0,0,0,1,'301-category',0,1,'0000-00-00',0,'new',1,1,'both',0,0,'2022-01-21 14:38:15','2023-04-13 15:34:35',3),(280,1,10,0,0,0,0.000000,1,NULL,0,3600.000000,0.000000,'',0.000000,0.00,0,0,0,1,'301-category',0,1,'0000-00-00',0,'new',1,1,'both',0,0,'2022-01-21 14:53:28','2023-04-13 15:34:35',3),(281,1,10,0,0,0,0.000000,1,NULL,0,1250.000000,0.000000,'',0.000000,0.00,0,0,0,1,'301-category',0,1,'0000-00-00',0,'new',1,1,'both',0,0,'2022-01-21 15:06:52','2023-04-13 15:34:35',3),(282,1,10,0,0,0,0.000000,1,NULL,0,1800.000000,0.000000,'',0.000000,0.00,0,0,0,1,'301-category',0,1,'0000-00-00',0,'new',1,1,'both',0,0,'2022-01-25 11:20:24','2023-04-13 15:34:35',3),(283,1,10,0,0,0,0.000000,1,NULL,0,3900.000000,0.000000,'',0.000000,0.00,0,0,0,1,'301-category',0,1,'0000-00-00',0,'new',1,1,'both',0,0,'2022-01-25 11:38:28','2023-04-13 15:34:35',3),(297,1,2,0,0,0,0.000000,1,NULL,0,380.000000,0.000000,'',0.000000,0.00,0,0,0,0,'301-category',0,1,'0000-00-00',1,'new',1,0,'both',0,0,'2022-03-17 10:08:56','2023-04-13 15:34:35',3),(298,1,10,0,0,0,0.000000,1,NULL,0,400.000000,0.000000,'',0.000000,0.00,0,0,0,1,'301-category',0,1,'0000-00-00',1,'new',1,1,'both',0,0,'2022-03-31 11:37:52','2023-04-13 15:34:35',3),(299,1,10,0,0,0,0.000000,1,NULL,0,1400.000000,0.000000,'',0.000000,0.00,0,0,0,1,'301-category',0,1,'0000-00-00',1,'new',1,1,'both',0,0,'2022-03-31 15:21:59','2023-04-13 15:34:35',3),(300,1,10,0,0,0,0.000000,1,NULL,0,2900.000000,0.000000,'',0.000000,0.00,0,0,0,1,'301-category',0,1,'0000-00-00',1,'new',1,1,'both',0,0,'2022-03-31 15:35:28','2023-04-13 15:34:35',3),(303,1,10,0,0,0,0.000000,1,NULL,0,1500.000000,0.000000,'',0.000000,0.00,0,0,0,1,'301-category',0,1,'0000-00-00',1,'new',1,1,'both',0,0,'2022-03-31 16:29:41','2023-04-13 15:34:35',3),(304,1,10,0,0,0,0.000000,1,NULL,0,1500.000000,0.000000,'',0.000000,0.00,0,0,0,1,'301-category',0,1,'0000-00-00',1,'new',1,1,'both',0,0,'2022-03-31 16:39:47','2023-04-13 15:34:35',3),(305,1,10,0,0,0,0.000000,1,NULL,0,2500.000000,0.000000,'',0.000000,0.00,0,0,0,0,'301-category',0,1,'0000-00-00',1,'new',1,1,'both',0,0,'2022-03-31 17:02:20','2023-04-13 15:34:35',3),(308,1,2,0,0,0,0.000000,1,NULL,0,680.000000,0.000000,'',0.000000,0.00,0,0,0,0,'301-category',0,1,'0000-00-00',1,'new',1,1,'both',0,0,'2022-04-04 11:04:36','2023-04-13 15:34:35',3),(309,1,2,0,0,0,0.000000,1,NULL,0,680.000000,0.000000,'',0.000000,0.00,0,0,0,1,'301-category',0,1,'0000-00-00',1,'new',1,1,'both',0,0,'2022-04-04 11:31:11','2023-04-13 15:34:35',3),(310,1,2,0,0,0,0.000000,1,NULL,0,680.000000,0.000000,'',0.000000,0.00,0,0,0,1,'301-category',0,1,'0000-00-00',1,'new',1,1,'both',0,0,'2022-04-04 11:37:40','2023-04-13 15:34:35',3),(311,1,2,0,0,0,0.000000,1,NULL,0,680.000000,0.000000,'',0.000000,0.00,0,0,0,1,'301-category',0,1,'0000-00-00',1,'new',1,1,'both',0,0,'2022-04-04 14:20:19','2023-04-13 15:34:35',3),(312,1,2,0,0,0,0.000000,1,NULL,0,680.000000,0.000000,'',0.000000,0.00,0,0,0,1,'301-category',0,1,'0000-00-00',1,'new',1,1,'both',0,0,'2022-04-04 14:25:48','2023-04-13 15:34:35',3),(313,1,2,0,0,0,0.000000,1,NULL,0,3000.000000,0.000000,'',0.000000,0.00,0,0,0,1,'301-category',0,1,'0000-00-00',1,'new',1,1,'both',0,0,'2022-04-04 14:44:45','2023-04-13 15:34:35',3),(314,1,10,0,0,0,0.000000,1,NULL,0,4500.000000,0.000000,'',0.000000,0.00,0,0,0,1,'301-category',0,1,'0000-00-00',1,'new',1,1,'both',0,0,'2022-04-04 14:58:47','2023-04-13 15:34:35',3),(318,1,10,0,0,0,0.000000,1,NULL,0,4000.000000,0.000000,'',0.000000,0.00,0,0,0,1,'301-category',0,1,'0000-00-00',0,'new',1,1,'both',0,0,'2022-04-04 15:23:51','2023-04-13 15:34:35',3),(319,1,10,0,0,0,0.000000,1,NULL,0,6000.000000,0.000000,'',0.000000,0.00,0,0,0,1,'301-category',0,1,'0000-00-00',1,'new',1,1,'both',0,0,'2022-04-20 16:29:34','2023-04-13 15:34:35',3),(321,1,15,0,0,0,0.000000,1,NULL,0,5900.000000,0.000000,'',0.000000,0.00,0,0,0,1,'301-category',0,1,'0000-00-00',0,'new',1,1,'both',0,0,'2022-04-30 17:03:02','2023-04-13 15:34:35',3),(322,1,15,0,0,0,0.000000,1,NULL,0,5900.000000,0.000000,'',0.000000,0.00,0,0,0,1,'301-category',0,1,'0000-00-00',0,'new',1,1,'both',0,0,'2022-05-11 15:55:00','2023-04-13 15:34:35',3),(323,1,15,0,0,0,0.000000,1,NULL,0,5900.000000,0.000000,'',0.000000,0.00,0,0,0,1,'301-category',0,1,'0000-00-00',0,'new',1,1,'both',0,0,'2022-05-11 15:56:24','2023-04-13 15:34:35',3),(325,1,10,0,0,0,0.000000,1,NULL,0,250.000000,0.000000,'',0.000000,0.00,0,0,0,1,'301-category',0,1,'0000-00-00',0,'new',1,1,'both',0,0,'2022-05-11 16:32:21','2023-04-13 15:34:35',3),(326,1,10,0,0,0,0.000000,1,NULL,0,4500.000000,0.000000,'',0.000000,0.00,0,0,0,1,'301-category',0,1,'0000-00-00',1,'new',1,1,'both',0,0,'2022-05-11 16:43:12','2023-04-13 15:34:35',3),(327,1,10,0,0,0,0.000000,1,NULL,0,4200.000000,0.000000,'',0.000000,0.00,0,0,0,1,'301-category',0,1,'0000-00-00',1,'new',1,1,'both',0,0,'2022-05-11 16:53:17','2023-04-13 15:34:35',3),(328,1,10,0,0,0,0.000000,1,NULL,0,2200.000000,0.000000,'',0.000000,0.00,0,0,0,1,'301-category',0,1,'0000-00-00',0,'new',1,1,'both',0,0,'2022-11-07 14:14:48','2023-04-13 15:34:35',3),(330,1,10,0,0,0,0.000000,1,NULL,0,2400.000000,0.000000,'',0.000000,0.00,0,0,0,1,'301-category',0,1,'0000-00-00',1,'new',1,1,'both',0,0,'2022-11-07 14:43:54','2023-04-13 15:34:35',3),(332,1,10,0,0,0,0.000000,1,NULL,0,2300.000000,0.000000,'',0.000000,0.00,0,0,0,1,'301-category',0,1,'0000-00-00',1,'new',1,1,'both',0,0,'2022-11-07 15:09:57','2023-04-13 15:34:35',3),(333,1,10,0,0,0,0.000000,1,NULL,0,2400.000000,0.000000,'',0.000000,0.00,0,0,0,1,'301-category',0,1,'0000-00-00',0,'new',1,1,'both',0,0,'2023-02-13 17:39:32','2023-04-13 15:34:35',3),(334,1,10,0,0,0,0.000000,1,NULL,0,900.000000,0.000000,'',0.000000,0.00,0,0,0,1,'301-category',0,1,'0000-00-00',0,'new',1,1,'both',0,0,'2023-02-13 18:05:06','2023-04-13 15:34:35',3),(335,1,10,0,0,0,0.000000,1,NULL,0,2000.000000,0.000000,'',0.000000,0.00,0,0,0,1,'301-category',0,1,'0000-00-00',0,'new',1,1,'both',0,0,'2023-02-13 18:27:52','2023-04-13 15:34:35',3),(336,1,10,0,0,0,0.000000,1,NULL,0,2200.000000,0.000000,'',0.000000,0.00,0,0,0,1,'301-category',0,1,'0000-00-00',0,'new',1,1,'both',0,0,'2023-02-16 17:08:19','2023-04-13 15:34:35',3),(337,1,10,0,0,0,0.000000,1,NULL,0,2000.000000,0.000000,'',0.000000,0.00,0,0,0,1,'301-category',0,1,'0000-00-00',0,'new',1,1,'both',0,0,'2023-02-16 17:16:00','2023-04-13 15:34:35',3),(338,1,10,0,0,0,0.000000,1,NULL,0,7500.000000,0.000000,'',0.000000,0.00,0,0,0,1,'301-category',0,1,'0000-00-00',1,'new',1,1,'both',0,0,'2023-02-21 14:25:14','2023-04-13 15:34:35',3),(339,1,10,0,0,0,0.000000,1,NULL,0,6000.000000,0.000000,'',0.000000,0.00,0,0,0,1,'301-category',0,1,'0000-00-00',1,'new',1,1,'both',0,0,'2023-02-21 15:01:36','2023-04-13 15:34:35',3),(340,1,15,0,0,0,0.000000,1,NULL,0,380.000000,0.000000,'',0.000000,0.00,0,0,0,0,'301-category',0,1,'0000-00-00',0,'new',1,1,'both',0,0,'2023-02-23 22:11:00','2023-04-13 15:34:35',3),(342,1,15,0,0,0,0.000000,1,NULL,0,380.000000,0.000000,'',0.000000,0.00,0,0,0,1,'301-category',0,1,'0000-00-00',1,'new',1,1,'both',0,0,'2023-04-15 16:25:09','2023-04-15 16:34:56',3);

--
-- Table structure for table `ps_product_supplier`
--

CREATE TABLE `ps_product_supplier` (
  `id_product_supplier` int(11) unsigned NOT NULL AUTO_INCREMENT,
  `id_product` int(11) unsigned NOT NULL,
  `id_product_attribute` int(11) unsigned NOT NULL DEFAULT '0',
  `id_supplier` int(11) unsigned NOT NULL,
  `product_supplier_reference` varchar(64) DEFAULT NULL,
  `product_supplier_price_te` decimal(20,6) NOT NULL DEFAULT '0.000000',
  `id_currency` int(11) unsigned NOT NULL,
  PRIMARY KEY (`id_product_supplier`),
  UNIQUE KEY `id_product` (`id_product`,`id_product_attribute`,`id_supplier`),
  KEY `id_supplier` (`id_supplier`,`id_product`)
) ENGINE=InnoDB DEFAULT CHARSET=utf8;

--
-- Dumping data for table `ps_product_supplier`
--


--
-- Table structure for table `ps_product_tag`
--

CREATE TABLE `ps_product_tag` (
  `id_product` int(10) unsigned NOT NULL,
  `id_tag` int(10) unsigned NOT NULL,
  `id_lang` int(10) unsigned NOT NULL,
  PRIMARY KEY (`id_product`,`id_tag`),
  KEY `id_tag` (`id_tag`),
  KEY `id_lang` (`id_lang`,`id_tag`)
) ENGINE=InnoDB DEFAULT CHARSET=utf8;

--
-- Dumping data for table `ps_product_tag`
--

INSERT INTO `ps_product_tag` VALUES (2,20,1),(4,20,1),(7,20,1),(42,20,1),(68,20,1),(84,20,1),(91,20,1),(197,20,1),(198,20,1),(200,20,1),(214,20,1),(222,20,1),(223,20,1),(224,20,1),(225,20,1),(235,20,1),(236,20,1),(258,20,1),(259,20,1),(260,20,1),(261,20,1),(263,20,1),(321,20,1),(322,20,1),(323,20,1),(340,20,1),(342,20,1),(2,128,1),(4,128,1),(7,128,1),(10,128,1),(12,128,1),(13,128,1),(14,128,1),(16,128,1),(20,128,1),(21,128,1),(22,128,1),(23,128,1),(25,128,1),(26,128,1),(27,128,1),(28,128,1),(37,128,1),(38,128,1),(40,128,1),(42,128,1),(43,128,1),(44,128,1),(45,128,1),(46,128,1),(48,128,1),(49,128,1),(51,128,1),(52,128,1),(53,128,1),(55,128,1),(56,128,1),(57,128,1),(84,128,1),(90,128,1),(94,128,1),(95,128,1),(96,128,1),(97,128,1),(98,128,1),(99,128,1),(100,128,1),(102,128,1),(103,128,1),(105,128,1),(106,128,1),(107,128,1),(121,128,1),(122,128,1),(123,128,1),(124,128,1),(125,128,1),(126,128,1),(127,128,1),(128,128,1),(129,128,1),(135,128,1),(136,128,1),(137,128,1),(141,128,1),(143,128,1),(145,128,1),(147,128,1),(148,128,1),(149,128,1),(150,128,1),(151,128,1),(152,128,1),(153,128,1),(154,128,1),(155,128,1),(184,128,1),(187,128,1),(189,128,1),(190,128,1),(191,128,1),(192,128,1),(193,128,1),(194,128,1),(197,128,1),(198,128,1),(200,128,1),(214,128,1),(218,128,1),(220,128,1),(222,128,1),(231,128,1),(232,128,1),(233,128,1),(234,128,1),(235,128,1),(237,128,1),(238,128,1),(239,128,1),(240,128,1),(241,128,1),(242,128,1),(243,128,1),(244,128,1),(245,128,1),(246,128,1),(247,128,1),(248,128,1),(249,128,1),(250,128,1),(251,128,1),(252,128,1),(253,128,1),(254,128,1),(255,128,1),(256,128,1),(257,128,1),(258,128,1),(259,128,1),(260,128,1),(261,128,1),(263,128,1),(264,128,1),(265,128,1),(266,128,1),(267,128,1),(268,128,1),(269,128,1),(270,128,1),(271,128,1),(272,128,1),(273,128,1),(276,128,1),(277,128,1),(278,128,1),(280,128,1),(281,128,1),(282,128,1),(283,128,1),(297,128,1),(308,128,1),(309,128,1),(310,128,1),(311,128,1),(312,128,1),(313,128,1),(314,128,1),(318,128,1),(321,128,1),(322,128,1),(323,128,1),(328,128,1),(330,128,1),(332,128,1),(333,128,1),(334,128,1),(335,128,1),(336,128,1),(337,128,1),(340,128,1),(342,128,1),(7,129,1),(42,129,1),(191,129,1),(192,129,1),(193,129,1),(194,129,1),(197,129,1),(198,129,1),(200,129,1),(214,129,1),(220,129,1),(235,129,1),(258,129,1),(259,129,1),(260,129,1),(261,129,1),(263,129,1),(321,129,1),(322,129,1),(323,129,1),(340,129,1),(342,129,1),(7,130,1),(42,130,1),(4,131,1),(7,131,1),(22,131,1),(42,131,1),(68,131,1),(69,131,1),(84,131,1),(95,131,1),(96,131,1),(97,131,1),(102,131,1),(126,131,1),(131,131,1),(134,131,1),(164,131,1),(165,131,1),(167,131,1),(178,131,1),(180,131,1),(181,131,1),(191,131,1),(192,131,1),(193,131,1),(194,131,1),(197,131,1),(198,131,1),(200,131,1),(214,131,1),(220,131,1),(223,131,1),(224,131,1),(225,131,1),(235,131,1),(236,131,1),(256,131,1),(258,131,1),(259,131,1),(260,131,1),(261,131,1),(263,131,1),(321,131,1),(322,131,1),(323,131,1),(340,131,1),(342,131,1),(2,143,1),(10,143,1),(12,143,1),(13,143,1),(14,143,1),(16,143,1),(20,143,1),(21,143,1),(22,143,1),(23,143,1),(25,143,1),(26,143,1),(28,143,1),(37,143,1),(38,143,1),(40,143,1),(43,143,1),(44,143,1),(45,143,1),(46,143,1),(48,143,1),(49,143,1),(51,143,1),(52,143,1),(53,143,1),(55,143,1),(56,143,1),(57,143,1),(84,143,1),(90,143,1),(91,143,1),(94,143,1),(95,143,1),(96,143,1),(97,143,1),(98,143,1),(99,143,1),(100,143,1),(102,143,1),(103,143,1),(105,143,1),(106,143,1),(107,143,1),(129,143,1),(136,143,1),(147,143,1),(148,143,1),(149,143,1),(150,143,1),(151,143,1),(152,143,1),(153,143,1),(154,143,1),(155,143,1),(184,143,1),(187,143,1),(189,143,1),(190,143,1),(218,143,1),(222,143,1),(236,143,1),(256,143,1),(257,143,1),(264,143,1),(265,143,1),(266,143,1),(267,143,1),(268,143,1),(269,143,1),(270,143,1),(271,143,1),(272,143,1),(273,143,1),(278,143,1),(280,143,1),(281,143,1),(282,143,1),(283,143,1),(297,143,1),(298,143,1),(299,143,1),(300,143,1),(303,143,1),(304,143,1),(305,143,1),(308,143,1),(309,143,1),(310,143,1),(311,143,1),(312,143,1),(313,143,1),(314,143,1),(318,143,1),(319,143,1),(325,143,1),(326,143,1),(327,143,1),(328,143,1),(330,143,1),(332,143,1),(333,143,1),(334,143,1),(335,143,1),(336,143,1),(337,143,1),(338,143,1),(339,143,1),(2,144,1),(84,144,1),(91,144,1),(236,144,1),(2,145,1),(84,145,1),(91,145,1),(236,145,1),(2,146,1),(222,146,1),(129,208,1),(236,208,1),(269,208,1),(270,208,1),(271,208,1),(272,208,1),(273,208,1),(276,208,1),(277,208,1),(278,208,1),(280,208,1),(281,208,1),(282,208,1),(283,208,1),(298,208,1),(299,208,1),(300,208,1),(303,208,1),(304,208,1),(305,208,1),(319,208,1),(325,208,1),(326,208,1),(327,208,1),(338,208,1),(339,208,1),(90,209,1),(129,209,1),(220,209,1),(236,209,1),(239,209,1),(240,209,1),(241,209,1),(242,209,1),(243,209,1),(244,209,1),(245,209,1),(246,209,1),(247,209,1),(248,209,1),(249,209,1),(250,209,1),(251,209,1),(252,209,1),(253,209,1),(254,209,1),(269,209,1),(270,209,1),(271,209,1),(272,209,1),(273,209,1),(276,209,1),(277,209,1),(278,209,1),(280,209,1),(281,209,1),(282,209,1),(283,209,1),(298,209,1),(299,209,1),(300,209,1),(303,209,1),(304,209,1),(305,209,1),(319,209,1),(325,209,1),(326,209,1),(327,209,1),(338,209,1),(339,209,1),(68,210,1),(84,210,1),(131,210,1),(223,210,1),(224,210,1),(225,210,1),(236,210,1),(20,291,1),(21,291,1),(37,291,1),(45,291,1),(49,291,1),(51,291,1),(52,291,1),(53,291,1),(121,291,1),(122,291,1),(123,291,1),(125,291,1),(129,291,1),(136,291,1),(137,291,1),(141,291,1),(145,291,1),(170,291,1),(171,291,1),(191,291,1),(200,291,1),(214,291,1),(231,291,1),(232,291,1),(233,291,1),(234,291,1),(256,291,1),(260,291,1),(261,291,1),(263,291,1),(264,291,1),(265,291,1),(270,291,1),(271,291,1),(272,291,1),(273,291,1),(278,291,1),(280,291,1),(318,291,1),(321,291,1),(322,291,1),(323,291,1),(340,291,1),(10,297,1),(12,297,1),(13,297,1),(16,297,1),(20,297,1),(21,297,1),(22,297,1),(23,297,1),(25,297,1),(26,297,1),(27,297,1),(28,297,1),(37,297,1),(38,297,1),(40,297,1),(43,297,1),(44,297,1),(45,297,1),(46,297,1),(48,297,1),(49,297,1),(51,297,1),(52,297,1),(53,297,1),(55,297,1),(56,297,1),(57,297,1),(94,297,1),(96,297,1),(97,297,1),(98,297,1),(99,297,1),(100,297,1),(102,297,1),(103,297,1),(105,297,1),(106,297,1),(107,297,1),(121,297,1),(122,297,1),(123,297,1),(124,297,1),(125,297,1),(126,297,1),(127,297,1),(128,297,1),(129,297,1),(136,297,1),(141,297,1),(145,297,1),(184,297,1),(187,297,1),(189,297,1),(190,297,1),(231,297,1),(232,297,1),(233,297,1),(234,297,1),(236,297,1),(264,297,1),(265,297,1),(266,297,1),(267,297,1),(268,297,1),(269,297,1),(270,297,1),(271,297,1),(272,297,1),(273,297,1),(276,297,1),(277,297,1),(278,297,1),(280,297,1),(281,297,1),(282,297,1),(283,297,1),(298,297,1),(299,297,1),(300,297,1),(303,297,1),(304,297,1),(305,297,1),(318,297,1),(319,297,1),(325,297,1),(326,297,1),(327,297,1),(328,297,1),(330,297,1),(332,297,1),(333,297,1),(334,297,1),(335,297,1),(336,297,1),(337,297,1),(338,297,1),(339,297,1),(14,305,1),(16,305,1),(55,305,1),(135,305,1),(136,305,1),(137,305,1),(237,305,1),(238,305,1),(239,305,1),(240,305,1),(242,305,1),(243,305,1),(244,305,1),(245,305,1),(246,305,1),(247,305,1),(248,305,1),(249,305,1),(250,305,1),(251,305,1),(252,305,1),(254,305,1),(255,305,1),(2,367,1),(222,367,1),(2,368,1),(222,368,1),(2,369,1),(222,369,1),(2,370,1),(222,370,1),(2,371,1),(91,371,1),(222,371,1),(2,372,1),(91,372,1),(222,372,1),(2,373,1),(91,373,1),(222,373,1),(2,374,1),(91,374,1),(222,374,1),(2,375,1),(91,375,1),(2,376,1),(91,376,1),(222,376,1),(2,377,1),(91,377,1),(222,377,1),(2,378,1),(91,378,1),(222,378,1),(2,379,1),(91,379,1),(222,379,1),(2,380,1),(84,380,1),(222,380,1),(236,380,1),(121,430,1),(122,430,1),(123,430,1),(131,430,1),(141,430,1),(143,430,1),(145,430,1),(222,430,1),(231,430,1),(232,430,1),(233,430,1),(234,430,1),(280,430,1),(121,431,1),(122,431,1),(123,431,1),(131,431,1),(141,431,1),(143,431,1),(145,431,1),(231,431,1),(232,431,1),(233,431,1),(234,431,1),(121,459,1),(122,459,1),(123,459,1),(141,459,1),(143,459,1),(145,459,1),(236,459,1),(121,460,1),(122,460,1),(123,460,1),(124,460,1),(141,460,1),(143,460,1),(145,460,1),(231,460,1),(232,460,1),(233,460,1),(234,460,1),(121,461,1),(122,461,1),(123,461,1),(124,461,1),(141,461,1),(143,461,1),(145,461,1),(231,461,1),(232,461,1),(233,461,1),(234,461,1),(121,462,1),(122,462,1),(123,462,1),(124,462,1),(125,462,1),(126,462,1),(127,462,1),(128,462,1),(141,462,1),(143,462,1),(145,462,1),(231,462,1),(232,462,1),(233,462,1),(234,462,1),(276,462,1),(277,462,1),(121,463,1),(122,463,1),(123,463,1),(124,463,1),(141,463,1),(143,463,1),(145,463,1),(231,463,1),(121,479,1),(122,479,1),(123,479,1),(124,479,1),(141,479,1),(145,479,1),(231,479,1),(232,479,1),(233,479,1),(234,479,1),(125,541,1),(126,541,1),(127,541,1),(128,541,1),(276,541,1),(277,541,1),(125,542,1),(126,542,1),(127,542,1),(128,542,1),(276,542,1),(277,542,1),(125,545,1),(126,545,1),(127,545,1),(128,545,1),(276,545,1),(277,545,1),(131,648,1),(191,648,1),(192,648,1),(193,648,1),(194,648,1),(197,648,1),(198,648,1),(235,648,1),(258,648,1),(259,648,1),(321,648,1),(322,648,1),(323,648,1),(342,648,1),(68,650,1),(69,650,1),(131,650,1),(223,650,1),(224,650,1),(225,650,1),(68,651,1),(69,651,1),(131,651,1),(223,651,1),(224,651,1),(225,651,1),(68,652,1),(69,652,1),(131,652,1),(134,652,1),(223,652,1),(224,652,1),(225,652,1),(94,733,1),(95,733,1),(96,733,1),(97,733,1),(98,733,1),(99,733,1),(100,733,1),(102,733,1),(103,733,1),(105,733,1),(106,733,1),(107,733,1),(135,733,1),(136,733,1),(137,733,1),(237,733,1),(238,733,1),(239,733,1),(240,733,1),(241,733,1),(242,733,1),(243,733,1),(244,733,1),(245,733,1),(246,733,1),(247,733,1),(248,733,1),(249,733,1),(250,733,1),(251,733,1),(252,733,1),(253,733,1),(254,733,1),(255,733,1),(256,733,1),(328,733,1),(330,733,1),(332,733,1),(333,733,1),(334,733,1),(335,733,1),(336,733,1),(337,733,1),(135,734,1),(137,734,1),(237,734,1),(238,734,1),(239,734,1),(240,734,1),(241,734,1),(242,734,1),(243,734,1),(244,734,1),(245,734,1),(246,734,1),(247,734,1),(248,734,1),(249,734,1),(250,734,1),(251,734,1),(252,734,1),(253,734,1),(254,734,1),(255,734,1),(94,735,1),(95,735,1),(96,735,1),(97,735,1),(98,735,1),(99,735,1),(100,735,1),(102,735,1),(103,735,1),(105,735,1),(106,735,1),(107,735,1),(135,735,1),(136,735,1),(137,735,1),(237,735,1),(238,735,1),(239,735,1),(240,735,1),(241,735,1),(242,735,1),(243,735,1),(244,735,1),(245,735,1),(246,735,1),(247,735,1),(248,735,1),(249,735,1),(250,735,1),(251,735,1),(252,735,1),(253,735,1),(254,735,1),(255,735,1),(328,735,1),(330,735,1),(332,735,1),(333,735,1),(334,735,1),(335,735,1),(336,735,1),(337,735,1),(94,736,1),(95,736,1),(96,736,1),(97,736,1),(98,736,1),(99,736,1),(100,736,1),(102,736,1),(103,736,1),(105,736,1),(106,736,1),(107,736,1),(135,736,1),(136,736,1),(137,736,1),(226,736,1),(227,736,1),(228,736,1),(229,736,1),(230,736,1),(237,736,1),(238,736,1),(239,736,1),(240,736,1),(241,736,1),(242,736,1),(243,736,1),(244,736,1),(245,736,1),(246,736,1),(247,736,1),(248,736,1),(249,736,1),(250,736,1),(251,736,1),(252,736,1),(253,736,1),(254,736,1),(255,736,1),(328,736,1),(330,736,1),(332,736,1),(333,736,1),(334,736,1),(335,736,1),(336,736,1),(337,736,1),(94,737,1),(95,737,1),(96,737,1),(97,737,1),(98,737,1),(99,737,1),(100,737,1),(102,737,1),(103,737,1),(105,737,1),(106,737,1),(107,737,1),(135,737,1),(136,737,1),(137,737,1),(237,737,1),(238,737,1),(239,737,1),(240,737,1),(241,737,1),(242,737,1),(243,737,1),(244,737,1),(245,737,1),(246,737,1),(247,737,1),(248,737,1),(249,737,1),(250,737,1),(251,737,1),(252,737,1),(253,737,1),(254,737,1),(255,737,1),(256,737,1),(328,737,1),(330,737,1),(332,737,1),(333,737,1),(334,737,1),(335,737,1),(336,737,1),(337,737,1),(90,738,1),(95,738,1),(96,738,1),(107,738,1),(135,738,1),(137,738,1),(222,738,1),(237,738,1),(238,738,1),(239,738,1),(240,738,1),(241,738,1),(242,738,1),(243,738,1),(244,738,1),(245,738,1),(246,738,1),(247,738,1),(248,738,1),(249,738,1),(250,738,1),(251,738,1),(252,738,1),(253,738,1),(254,738,1),(255,738,1),(256,738,1),(328,738,1),(330,738,1),(332,738,1),(333,738,1),(334,738,1),(335,738,1),(336,738,1),(337,738,1),(2,739,1),(10,739,1),(14,739,1),(16,739,1),(20,739,1),(21,739,1),(22,739,1),(23,739,1),(25,739,1),(26,739,1),(27,739,1),(28,739,1),(37,739,1),(38,739,1),(40,739,1),(43,739,1),(44,739,1),(45,739,1),(46,739,1),(48,739,1),(49,739,1),(51,739,1),(52,739,1),(53,739,1),(55,739,1),(56,739,1),(57,739,1),(94,739,1),(95,739,1),(97,739,1),(98,739,1),(99,739,1),(100,739,1),(102,739,1),(103,739,1),(105,739,1),(106,739,1),(107,739,1),(129,739,1),(135,739,1),(136,739,1),(137,739,1),(147,739,1),(148,739,1),(149,739,1),(150,739,1),(151,739,1),(152,739,1),(153,739,1),(154,739,1),(155,739,1),(184,739,1),(187,739,1),(189,739,1),(190,739,1),(218,739,1),(222,739,1),(237,739,1),(238,739,1),(239,739,1),(240,739,1),(241,739,1),(242,739,1),(243,739,1),(244,739,1),(245,739,1),(246,739,1),(247,739,1),(248,739,1),(249,739,1),(250,739,1),(251,739,1),(252,739,1),(253,739,1),(254,739,1),(255,739,1),(256,739,1),(257,739,1),(264,739,1),(265,739,1),(266,739,1),(267,739,1),(268,739,1),(269,739,1),(270,739,1),(271,739,1),(272,739,1),(273,739,1),(278,739,1),(280,739,1),(281,739,1),(282,739,1),(283,739,1),(297,739,1),(308,739,1),(309,739,1),(310,739,1),(311,739,1),(312,739,1),(313,739,1),(314,739,1),(318,739,1),(328,739,1),(330,739,1),(332,739,1),(333,739,1),(334,739,1),(335,739,1),(336,739,1),(337,739,1),(2,740,1),(135,740,1),(137,740,1),(222,740,1),(237,740,1),(238,740,1),(239,740,1),(240,740,1),(241,740,1),(242,740,1),(243,740,1),(244,740,1),(245,740,1),(246,740,1),(247,740,1),(248,740,1),(249,740,1),(250,740,1),(251,740,1),(252,740,1),(253,740,1),(254,740,1),(255,740,1),(135,741,1),(137,741,1),(237,741,1),(238,741,1),(239,741,1),(240,741,1),(241,741,1),(242,741,1),(243,741,1),(244,741,1),(245,741,1),(246,741,1),(247,741,1),(248,741,1),(249,741,1),(250,741,1),(251,741,1),(252,741,1),(253,741,1),(254,741,1),(255,741,1),(135,742,1),(137,742,1),(237,742,1),(238,742,1),(239,742,1),(240,742,1),(241,742,1),(242,742,1),(243,742,1),(244,742,1),(245,742,1),(246,742,1),(247,742,1),(248,742,1),(249,742,1),(250,742,1),(251,742,1),(252,742,1),(253,742,1),(254,742,1),(255,742,1),(135,743,1),(137,743,1),(237,743,1),(238,743,1),(239,743,1),(240,743,1),(241,743,1),(242,743,1),(243,743,1),(244,743,1),(245,743,1),(246,743,1),(247,743,1),(248,743,1),(249,743,1),(250,743,1),(251,743,1),(252,743,1),(253,743,1),(254,743,1),(255,743,1),(13,756,1),(14,756,1),(16,756,1),(55,756,1),(56,756,1),(135,756,1),(136,756,1),(237,756,1),(238,756,1),(239,756,1),(240,756,1),(242,756,1),(243,756,1),(244,756,1),(245,756,1),(246,756,1),(247,756,1),(248,756,1),(249,756,1),(250,756,1),(251,756,1),(252,756,1),(253,756,1),(254,756,1),(255,756,1),(319,756,1),(326,756,1),(338,756,1),(339,756,1),(121,837,1),(122,837,1),(123,837,1),(124,837,1),(125,837,1),(126,837,1),(127,837,1),(128,837,1),(141,837,1),(143,837,1),(145,837,1),(231,837,1),(232,837,1),(233,837,1),(234,837,1),(276,837,1),(277,837,1),(143,838,1),(121,839,1),(122,839,1),(123,839,1),(141,839,1),(143,839,1),(145,839,1),(236,839,1),(124,866,1),(145,867,1),(167,868,1),(179,868,1),(181,868,1),(22,909,1),(23,909,1),(25,909,1),(26,909,1),(28,909,1),(68,909,1),(84,909,1),(197,909,1),(223,909,1),(224,909,1),(225,909,1),(235,909,1),(236,909,1),(342,909,1),(12,920,1),(14,920,1),(16,920,1),(20,920,1),(21,920,1),(37,920,1),(38,920,1),(40,920,1),(43,920,1),(44,920,1),(45,920,1),(46,920,1),(48,920,1),(49,920,1),(51,920,1),(52,920,1),(53,920,1),(55,920,1),(56,920,1),(57,920,1),(68,920,1),(125,920,1),(126,920,1),(127,920,1),(128,920,1),(129,920,1),(184,920,1),(187,920,1),(189,920,1),(190,920,1),(223,920,1),(224,920,1),(225,920,1),(264,920,1),(265,920,1),(266,920,1),(267,920,1),(268,920,1),(269,920,1),(270,920,1),(271,920,1),(272,920,1),(273,920,1),(276,920,1),(277,920,1),(278,920,1),(280,920,1),(281,920,1),(282,920,1),(283,920,1),(143,939,1),(2,949,1),(222,949,1),(2,950,1),(222,950,1),(2,951,1),(222,951,1),(2,952,1),(2,953,1),(222,953,1),(90,963,1),(94,963,1),(95,963,1),(96,963,1),(97,963,1),(98,963,1),(99,963,1),(100,963,1),(102,963,1),(103,963,1),(105,963,1),(106,963,1),(107,963,1),(136,963,1),(256,963,1),(90,964,1),(94,964,1),(95,964,1),(96,964,1),(97,964,1),(98,964,1),(99,964,1),(100,964,1),(102,964,1),(103,964,1),(105,964,1),(106,964,1),(107,964,1),(136,964,1),(237,964,1),(238,964,1),(239,964,1),(240,964,1),(241,964,1),(242,964,1),(243,964,1),(244,964,1),(245,964,1),(246,964,1),(247,964,1),(248,964,1),(249,964,1),(250,964,1),(251,964,1),(252,964,1),(253,964,1),(254,964,1),(255,964,1),(256,964,1),(298,964,1),(299,964,1),(300,964,1),(303,964,1),(304,964,1),(305,964,1),(319,964,1),(325,964,1),(326,964,1),(327,964,1),(328,964,1),(330,964,1),(332,964,1),(333,964,1),(334,964,1),(335,964,1),(336,964,1),(337,964,1),(338,964,1),(339,964,1),(90,965,1),(94,965,1),(95,965,1),(96,965,1),(97,965,1),(98,965,1),(99,965,1),(100,965,1),(102,965,1),(103,965,1),(105,965,1),(107,965,1),(147,965,1),(148,965,1),(149,965,1),(150,965,1),(151,965,1),(152,965,1),(153,965,1),(154,965,1),(155,965,1),(218,965,1),(256,965,1),(257,965,1),(297,965,1),(308,965,1),(309,965,1),(310,965,1),(311,965,1),(312,965,1),(328,965,1),(330,965,1),(332,965,1),(333,965,1),(334,965,1),(335,965,1),(336,965,1),(337,965,1),(90,966,1),(155,966,1),(165,966,1),(180,966,1),(220,966,1),(226,966,1),(227,966,1),(228,966,1),(229,966,1),(230,966,1),(236,966,1),(252,966,1),(94,970,1),(95,970,1),(96,970,1),(97,970,1),(98,970,1),(99,970,1),(100,970,1),(102,970,1),(103,970,1),(105,970,1),(106,970,1),(107,970,1),(136,970,1),(237,970,1),(238,970,1),(239,970,1),(240,970,1),(241,970,1),(242,970,1),(243,970,1),(244,970,1),(245,970,1),(246,970,1),(247,970,1),(248,970,1),(249,970,1),(250,970,1),(251,970,1),(252,970,1),(253,970,1),(254,970,1),(255,970,1),(256,970,1),(328,970,1),(330,970,1),(332,970,1),(333,970,1),(334,970,1),(335,970,1),(336,970,1),(337,970,1),(68,977,1),(69,977,1),(131,977,1),(134,977,1),(147,977,1),(148,977,1),(149,977,1),(150,977,1),(151,977,1),(152,977,1),(153,977,1),(154,977,1),(155,977,1),(218,977,1),(223,977,1),(224,977,1),(225,977,1),(257,977,1),(297,977,1),(308,977,1),(309,977,1),(310,977,1),(311,977,1),(312,977,1),(313,977,1),(314,977,1),(12,978,1),(14,978,1),(16,978,1),(20,978,1),(21,978,1),(37,978,1),(38,978,1),(40,978,1),(43,978,1),(44,978,1),(45,978,1),(46,978,1),(48,978,1),(49,978,1),(51,978,1),(52,978,1),(53,978,1),(55,978,1),(56,978,1),(57,978,1),(68,978,1),(125,978,1),(126,978,1),(127,978,1),(128,978,1),(129,978,1),(184,978,1),(187,978,1),(189,978,1),(190,978,1),(223,978,1),(224,978,1),(225,978,1),(264,978,1),(265,978,1),(266,978,1),(267,978,1),(268,978,1),(269,978,1),(270,978,1),(271,978,1),(272,978,1),(273,978,1),(276,978,1),(277,978,1),(278,978,1),(280,978,1),(281,978,1),(282,978,1),(283,978,1),(298,979,1),(299,979,1),(300,979,1),(303,979,1),(304,979,1),(305,979,1),(319,979,1),(325,979,1),(326,979,1),(327,979,1),(338,979,1),(339,979,1),(147,985,1),(148,985,1),(149,985,1),(150,985,1),(151,985,1),(152,985,1),(153,985,1),(154,985,1),(155,985,1),(218,985,1),(257,985,1),(297,985,1),(308,985,1),(309,985,1),(310,985,1),(311,985,1),(312,985,1),(313,985,1),(314,985,1),(147,986,1),(148,986,1),(149,986,1),(150,986,1),(151,986,1),(152,986,1),(153,986,1),(154,986,1),(155,986,1),(218,986,1),(257,986,1),(297,986,1),(308,986,1),(309,986,1),(310,986,1),(311,986,1),(312,986,1),(313,986,1),(314,986,1),(147,987,1),(148,987,1),(149,987,1),(150,987,1),(151,987,1),(152,987,1),(153,987,1),(154,987,1),(155,987,1),(218,987,1),(257,987,1),(297,987,1),(308,987,1),(309,987,1),(310,987,1),(311,987,1),(312,987,1),(147,1026,1),(148,1026,1),(149,1026,1),(150,1026,1),(151,1026,1),(152,1026,1),(153,1026,1),(154,1026,1),(155,1026,1),(218,1026,1),(257,1026,1),(297,1026,1),(308,1026,1),(309,1026,1),(310,1026,1),(311,1026,1),(312,1026,1),(313,1026,1),(314,1026,1),(147,1027,1),(148,1027,1),(149,1027,1),(150,1027,1),(151,1027,1),(152,1027,1),(153,1027,1),(154,1027,1),(155,1027,1),(218,1027,1),(257,1027,1),(297,1027,1),(308,1027,1),(309,1027,1),(310,1027,1),(311,1027,1),(312,1027,1),(313,1027,1),(314,1027,1),(14,1065,1),(23,1065,1),(26,1065,1),(27,1065,1),(28,1065,1),(105,1065,1),(106,1065,1),(148,1065,1),(308,1065,1),(309,1065,1),(310,1065,1),(311,1065,1),(312,1065,1),(319,1065,1),(326,1065,1),(338,1065,1),(339,1065,1),(14,1085,1),(16,1085,1),(56,1085,1),(97,1085,1),(98,1085,1),(99,1085,1),(100,1085,1),(106,1085,1),(107,1085,1),(121,1085,1),(126,1085,1),(127,1085,1),(150,1085,1),(154,1085,1),(155,1085,1),(164,1085,1),(169,1085,1),(178,1085,1),(247,1085,1),(248,1085,1),(249,1085,1),(250,1085,1),(251,1085,1),(252,1085,1),(253,1085,1),(254,1085,1),(297,1085,1),(310,1085,1),(311,1085,1),(313,1085,1),(314,1085,1),(328,1085,1),(330,1085,1),(332,1085,1),(333,1085,1),(334,1085,1),(335,1085,1),(336,1085,1),(337,1085,1),(22,1122,1),(23,1122,1),(25,1122,1),(26,1122,1),(37,1122,1),(44,1122,1),(46,1122,1),(57,1122,1),(103,1122,1),(126,1122,1),(127,1122,1),(128,1122,1),(134,1122,1),(136,1122,1),(145,1122,1),(147,1122,1),(164,1122,1),(167,1122,1),(170,1122,1),(173,1122,1),(176,1122,1),(177,1122,1),(178,1122,1),(179,1122,1),(181,1122,1),(184,1122,1),(187,1122,1),(190,1122,1),(192,1122,1),(194,1122,1),(240,1122,1),(241,1122,1),(242,1122,1),(243,1122,1),(244,1122,1),(245,1122,1),(246,1122,1),(247,1122,1),(248,1122,1),(249,1122,1),(250,1122,1),(251,1122,1),(252,1122,1),(255,1122,1),(265,1122,1),(266,1122,1),(267,1122,1),(268,1122,1),(276,1122,1),(277,1122,1),(303,1122,1),(312,1122,1),(332,1122,1),(10,1133,1),(13,1133,1),(14,1133,1),(16,1133,1),(22,1133,1),(23,1133,1),(25,1133,1),(26,1133,1),(27,1133,1),(55,1133,1),(91,1133,1),(121,1133,1),(122,1133,1),(123,1133,1),(124,1133,1),(126,1133,1),(129,1133,1),(131,1133,1),(141,1133,1),(145,1133,1),(198,1133,1),(231,1133,1),(232,1133,1),(233,1133,1),(234,1133,1),(236,1133,1),(258,1133,1),(259,1133,1),(264,1133,1),(265,1133,1),(266,1133,1),(267,1133,1),(268,1133,1),(269,1133,1),(270,1133,1),(271,1133,1),(272,1133,1),(273,1133,1),(278,1133,1),(280,1133,1),(281,1133,1),(282,1133,1),(283,1133,1),(318,1133,1),(13,1134,1),(48,1134,1),(121,1134,1),(151,1134,1),(153,1134,1),(245,1134,1),(246,1134,1),(247,1134,1),(248,1134,1),(249,1134,1),(250,1134,1),(251,1134,1),(252,1134,1),(253,1134,1),(277,1134,1),(280,1134,1),(281,1134,1),(282,1134,1),(283,1134,1),(303,1134,1),(328,1134,1),(333,1134,1),(334,1134,1),(335,1134,1),(336,1134,1),(337,1134,1),(4,1137,1),(37,1137,1),(44,1137,1),(94,1137,1),(95,1137,1),(97,1137,1),(99,1137,1),(100,1137,1),(102,1137,1),(103,1137,1),(106,1137,1),(107,1137,1),(125,1137,1),(128,1137,1),(129,1137,1),(134,1137,1),(152,1137,1),(169,1137,1),(171,1137,1),(174,1137,1),(176,1137,1),(179,1137,1),(181,1137,1),(187,1137,1),(193,1137,1),(198,1137,1),(200,1137,1),(214,1137,1),(239,1137,1),(240,1137,1),(242,1137,1),(243,1137,1),(244,1137,1),(245,1137,1),(246,1137,1),(247,1137,1),(248,1137,1),(249,1137,1),(250,1137,1),(251,1137,1),(252,1137,1),(254,1137,1),(255,1137,1),(258,1137,1),(259,1137,1),(260,1137,1),(261,1137,1),(263,1137,1),(264,1137,1),(265,1137,1),(266,1137,1),(267,1137,1),(268,1137,1),(269,1137,1),(270,1137,1),(271,1137,1),(272,1137,1),(273,1137,1),(276,1137,1),(278,1137,1),(280,1137,1),(281,1137,1),(282,1137,1),(283,1137,1),(321,1137,1),(322,1137,1),(323,1137,1),(328,1137,1),(330,1137,1),(332,1137,1),(333,1137,1),(334,1137,1),(335,1137,1),(336,1137,1),(337,1137,1),(340,1137,1),(164,1138,1),(165,1138,1),(167,1138,1),(169,1138,1),(170,1138,1),(171,1138,1),(172,1138,1),(173,1138,1),(174,1138,1),(176,1138,1),(177,1138,1),(178,1138,1),(179,1138,1),(180,1138,1),(181,1138,1),(190,1138,1),(226,1138,1),(227,1138,1),(228,1138,1),(229,1138,1),(230,1138,1),(164,1139,1),(165,1139,1),(167,1139,1),(169,1139,1),(170,1139,1),(171,1139,1),(172,1139,1),(173,1139,1),(174,1139,1),(176,1139,1),(177,1139,1),(178,1139,1),(179,1139,1),(180,1139,1),(181,1139,1),(226,1139,1),(227,1139,1),(228,1139,1),(229,1139,1),(230,1139,1),(164,1140,1),(165,1140,1),(167,1140,1),(169,1140,1),(170,1140,1),(171,1140,1),(172,1140,1),(173,1140,1),(174,1140,1),(176,1140,1),(177,1140,1),(178,1140,1),(179,1140,1),(180,1140,1),(181,1140,1),(191,1140,1),(192,1140,1),(193,1140,1),(194,1140,1),(197,1140,1),(198,1140,1),(200,1140,1),(214,1140,1),(220,1140,1),(226,1140,1),(227,1140,1),(228,1140,1),(229,1140,1),(230,1140,1),(235,1140,1),(258,1140,1),(259,1140,1),(260,1140,1),(261,1140,1),(263,1140,1),(321,1140,1),(322,1140,1),(323,1140,1),(340,1140,1),(342,1140,1),(164,1141,1),(165,1141,1),(167,1141,1),(169,1141,1),(170,1141,1),(171,1141,1),(172,1141,1),(173,1141,1),(174,1141,1),(176,1141,1),(177,1141,1),(178,1141,1),(179,1141,1),(180,1141,1),(181,1141,1),(226,1141,1),(227,1141,1),(228,1141,1),(229,1141,1),(230,1141,1),(164,1143,1),(165,1143,1),(167,1143,1),(169,1143,1),(170,1143,1),(171,1143,1),(172,1143,1),(173,1143,1),(174,1143,1),(176,1143,1),(177,1143,1),(178,1143,1),(179,1143,1),(180,1143,1),(181,1143,1),(226,1143,1),(227,1143,1),(228,1143,1),(229,1143,1),(230,1143,1),(169,1216,1),(170,1216,1),(171,1216,1),(172,1216,1),(173,1216,1),(174,1216,1),(176,1216,1),(177,1216,1),(178,1216,1),(179,1216,1),(165,1281,1),(167,1281,1),(169,1281,1),(180,1281,1),(226,1281,1),(227,1281,1),(228,1281,1),(229,1281,1),(230,1281,1),(165,1282,1),(167,1282,1),(169,1282,1),(170,1282,1),(171,1282,1),(172,1282,1),(173,1282,1),(174,1282,1),(176,1282,1),(177,1282,1),(178,1282,1),(179,1282,1),(180,1282,1),(181,1282,1),(226,1282,1),(227,1282,1),(228,1282,1),(229,1282,1),(230,1282,1),(164,1283,1),(165,1283,1),(167,1283,1),(169,1283,1),(170,1283,1),(171,1283,1),(172,1283,1),(173,1283,1),(174,1283,1),(176,1283,1),(177,1283,1),(178,1283,1),(179,1283,1),(180,1283,1),(181,1283,1),(226,1283,1),(227,1283,1),(228,1283,1),(229,1283,1),(230,1283,1),(164,1284,1),(165,1284,1),(167,1284,1),(169,1284,1),(170,1284,1),(171,1284,1),(172,1284,1),(173,1284,1),(174,1284,1),(176,1284,1),(177,1284,1),(178,1284,1),(179,1284,1),(180,1284,1),(181,1284,1),(226,1284,1),(227,1284,1),(228,1284,1),(229,1284,1),(230,1284,1),(164,1285,1),(165,1285,1),(167,1285,1),(169,1285,1),(170,1285,1),(171,1285,1),(172,1285,1),(174,1285,1),(176,1285,1),(177,1285,1),(178,1285,1),(179,1285,1),(180,1285,1),(181,1285,1),(226,1285,1),(227,1285,1),(228,1285,1),(229,1285,1),(230,1285,1),(164,1286,1),(165,1286,1),(167,1286,1),(169,1286,1),(170,1286,1),(171,1286,1),(172,1286,1),(173,1286,1),(174,1286,1),(176,1286,1),(177,1286,1),(178,1286,1),(179,1286,1),(180,1286,1),(181,1286,1),(226,1286,1),(227,1286,1),(228,1286,1),(229,1286,1),(230,1286,1),(164,1287,1),(165,1287,1),(167,1287,1),(180,1287,1),(181,1287,1),(226,1287,1),(227,1287,1),(228,1287,1),(229,1287,1),(230,1287,1),(164,1288,1),(165,1288,1),(167,1288,1),(180,1288,1),(181,1288,1),(164,1292,1),(165,1292,1),(167,1292,1),(180,1292,1),(181,1292,1),(226,1292,1),(227,1292,1),(228,1292,1),(229,1292,1),(230,1292,1),(164,1323,1),(167,1323,1),(170,1323,1),(171,1323,1),(172,1323,1),(173,1323,1),(174,1323,1),(176,1323,1),(177,1323,1),(178,1323,1),(179,1323,1),(181,1323,1),(10,1324,1),(12,1324,1),(13,1324,1),(16,1324,1),(20,1324,1),(21,1324,1),(22,1324,1),(23,1324,1),(25,1324,1),(26,1324,1),(27,1324,1),(28,1324,1),(37,1324,1),(38,1324,1),(40,1324,1),(43,1324,1),(44,1324,1),(45,1324,1),(46,1324,1),(48,1324,1),(49,1324,1),(51,1324,1),(52,1324,1),(53,1324,1),(55,1324,1),(56,1324,1),(57,1324,1),(94,1324,1),(96,1324,1),(97,1324,1),(98,1324,1),(99,1324,1),(100,1324,1),(102,1324,1),(103,1324,1),(105,1324,1),(106,1324,1),(107,1324,1),(121,1324,1),(122,1324,1),(123,1324,1),(124,1324,1),(125,1324,1),(126,1324,1),(127,1324,1),(128,1324,1),(129,1324,1),(136,1324,1),(141,1324,1),(145,1324,1),(170,1324,1),(184,1324,1),(187,1324,1),(189,1324,1),(190,1324,1),(264,1324,1),(265,1324,1),(266,1324,1),(267,1324,1),(268,1324,1),(269,1324,1),(270,1324,1),(271,1324,1),(272,1324,1),(273,1324,1),(276,1324,1),(277,1324,1),(278,1324,1),(280,1324,1),(281,1324,1),(282,1324,1),(283,1324,1),(318,1324,1),(328,1324,1),(330,1324,1),(332,1324,1),(333,1324,1),(334,1324,1),(335,1324,1),(336,1324,1),(337,1324,1),(165,1410,1),(180,1410,1),(226,1410,1),(91,1470,1),(91,1481,1),(135,1492,1),(38,1521,1),(40,1521,1),(43,1521,1),(44,1521,1),(48,1521,1),(167,1521,1),(181,1521,1),(184,1521,1),(187,1521,1),(189,1521,1),(190,1521,1),(228,1521,1),(38,1522,1),(48,1522,1),(184,1522,1),(187,1522,1),(189,1522,1),(20,1523,1),(21,1523,1),(37,1523,1),(38,1523,1),(40,1523,1),(43,1523,1),(44,1523,1),(45,1523,1),(46,1523,1),(48,1523,1),(49,1523,1),(51,1523,1),(53,1523,1),(167,1523,1),(170,1523,1),(181,1523,1),(184,1523,1),(187,1523,1),(189,1523,1),(190,1523,1),(318,1523,1),(48,1524,1),(184,1524,1),(189,1524,1),(10,1525,1),(12,1525,1),(13,1525,1),(14,1525,1),(16,1525,1),(20,1525,1),(21,1525,1),(37,1525,1),(38,1525,1),(40,1525,1),(43,1525,1),(44,1525,1),(45,1525,1),(46,1525,1),(48,1525,1),(49,1525,1),(51,1525,1),(52,1525,1),(53,1525,1),(55,1525,1),(56,1525,1),(57,1525,1),(184,1525,1),(187,1525,1),(189,1525,1),(190,1525,1),(318,1525,1),(187,1526,1),(51,1557,1),(53,1557,1),(69,1557,1),(189,1557,1),(48,1558,1),(184,1558,1),(187,1558,1),(189,1558,1),(190,1558,1),(318,1558,1),(167,1571,1),(190,1571,1),(227,1571,1),(229,1571,1),(230,1571,1),(191,1673,1),(192,1673,1),(193,1673,1),(194,1673,1),(191,1674,1),(192,1674,1),(193,1674,1),(194,1674,1),(191,1675,1),(192,1675,1),(193,1675,1),(194,1675,1),(191,1679,1),(192,1679,1),(220,1679,1),(191,1680,1),(192,1680,1),(193,1680,1),(214,1680,1),(220,1680,1),(260,1680,1),(261,1680,1),(321,1680,1),(322,1680,1),(323,1680,1),(191,1681,1),(192,1681,1),(193,1681,1),(194,1681,1),(272,1681,1),(273,1681,1),(278,1681,1),(280,1681,1),(191,1683,1),(192,1683,1),(194,1683,1),(191,1685,1),(192,1685,1),(193,1685,1),(194,1685,1),(193,1704,1),(194,1704,1),(321,1704,1),(322,1704,1),(323,1704,1),(192,1705,1),(193,1705,1),(194,1705,1),(197,1705,1),(342,1705,1),(194,1754,1),(198,1754,1),(258,1754,1),(193,1759,1),(220,1759,1),(180,1798,1),(178,1799,1),(180,1799,1),(226,1799,1),(235,1799,1),(180,1800,1),(200,1824,1),(214,1824,1),(260,1824,1),(261,1824,1),(263,1824,1),(321,1824,1),(322,1824,1),(323,1824,1),(340,1824,1),(22,1909,1),(198,1909,1),(220,1909,1),(258,1909,1),(102,1911,1),(127,1911,1),(128,1911,1),(198,1911,1),(220,1911,1),(258,1911,1),(194,1912,1),(198,1912,1),(258,1912,1),(198,1936,1),(258,1936,1),(259,1936,1),(84,1979,1),(265,1979,1),(266,1979,1),(267,1979,1),(268,1979,1),(269,1979,1),(270,1979,1),(271,1979,1),(272,1979,1),(273,1979,1),(278,1979,1),(280,1979,1),(281,1979,1),(282,1979,1),(283,1979,1),(200,2011,1),(214,2011,1),(260,2011,1),(261,2011,1),(263,2011,1),(321,2011,1),(322,2011,1),(323,2011,1),(340,2011,1),(129,2012,1),(172,2012,1),(214,2012,1),(220,2012,1),(231,2012,1),(232,2012,1),(233,2012,1),(234,2012,1),(236,2012,1),(256,2012,1),(260,2012,1),(261,2012,1),(269,2012,1),(270,2012,1),(271,2012,1),(272,2012,1),(273,2012,1),(276,2012,1),(277,2012,1),(278,2012,1),(280,2012,1),(281,2012,1),(282,2012,1),(283,2012,1),(298,2012,1),(299,2012,1),(300,2012,1),(303,2012,1),(304,2012,1),(305,2012,1),(319,2012,1),(321,2012,1),(322,2012,1),(323,2012,1),(325,2012,1),(326,2012,1),(327,2012,1),(338,2012,1),(339,2012,1),(200,2013,1),(214,2013,1),(220,2013,1),(260,2013,1),(261,2013,1),(263,2013,1),(340,2013,1),(126,2018,1),(127,2018,1),(178,2018,1),(22,2277,1),(84,2277,1),(270,2277,1),(271,2277,1),(272,2277,1),(273,2277,1),(197,2405,1),(200,2405,1),(214,2405,1),(235,2405,1),(260,2405,1),(261,2405,1),(263,2405,1),(321,2405,1),(322,2405,1),(323,2405,1),(340,2405,1),(342,2405,1),(222,2431,1),(222,2432,1),(222,2434,1),(191,2717,1),(192,2717,1),(193,2717,1),(194,2717,1),(198,2717,1),(258,2717,1),(259,2717,1),(214,2718,1),(220,2718,1),(260,2718,1),(261,2718,1),(321,2718,1),(322,2718,1),(323,2718,1),(197,2739,1),(214,2739,1),(220,2739,1),(260,2739,1),(261,2739,1),(319,2739,1),(321,2739,1),(322,2739,1),(323,2739,1),(326,2739,1),(338,2739,1),(339,2739,1),(342,2739,1),(220,2810,1),(220,2811,1),(220,2812,1),(220,2813,1),(220,2814,1),(220,2815,1),(220,2816,1),(220,2817,1),(220,2818,1),(220,2819,1),(220,2820,1),(220,2821,1),(220,2822,1),(220,2823,1),(265,2823,1),(266,2823,1),(267,2823,1),(268,2823,1),(269,2823,1),(270,2823,1),(271,2823,1),(272,2823,1),(273,2823,1),(278,2823,1),(280,2823,1),(281,2823,1),(282,2823,1),(283,2823,1),(22,2824,1),(25,2824,1),(27,2824,1),(28,2824,1),(48,2824,1),(122,2824,1),(129,2824,1),(184,2824,1),(187,2824,1),(218,2824,1),(276,2824,1),(314,2824,1),(330,2824,1),(128,2839,1),(222,2839,1),(68,2840,1),(131,2840,1),(222,2840,1),(223,2840,1),(224,2840,1),(225,2840,1),(4,2849,1),(94,2849,1),(95,2849,1),(96,2849,1),(97,2849,1),(102,2849,1),(105,2849,1),(106,2849,1),(107,2849,1),(125,2849,1),(126,2849,1),(127,2849,1),(134,2849,1),(136,2849,1),(145,2849,1),(170,2849,1),(172,2849,1),(173,2849,1),(177,2849,1),(178,2849,1),(192,2849,1),(193,2849,1),(194,2849,1),(197,2849,1),(200,2849,1),(214,2849,1),(235,2849,1),(245,2849,1),(246,2849,1),(247,2849,1),(248,2849,1),(249,2849,1),(250,2849,1),(251,2849,1),(252,2849,1),(254,2849,1),(260,2849,1),(261,2849,1),(263,2849,1),(321,2849,1),(322,2849,1),(323,2849,1),(328,2849,1),(333,2849,1),(334,2849,1),(335,2849,1),(336,2849,1),(337,2849,1),(340,2849,1),(342,2849,1),(4,2850,1),(128,2850,1),(10,2853,1),(12,2853,1),(13,2853,1),(16,2853,1),(20,2853,1),(21,2853,1),(22,2853,1),(25,2853,1),(26,2853,1),(27,2853,1),(28,2853,1),(37,2853,1),(38,2853,1),(40,2853,1),(43,2853,1),(44,2853,1),(45,2853,1),(46,2853,1),(48,2853,1),(49,2853,1),(51,2853,1),(52,2853,1),(53,2853,1),(55,2853,1),(56,2853,1),(57,2853,1),(94,2853,1),(95,2853,1),(96,2853,1),(97,2853,1),(98,2853,1),(99,2853,1),(100,2853,1),(102,2853,1),(103,2853,1),(105,2853,1),(106,2853,1),(107,2853,1),(122,2853,1),(123,2853,1),(124,2853,1),(125,2853,1),(126,2853,1),(127,2853,1),(128,2853,1),(129,2853,1),(136,2853,1),(141,2853,1),(145,2853,1),(184,2853,1),(187,2853,1),(189,2853,1),(190,2853,1),(231,2853,1),(232,2853,1),(233,2853,1),(234,2853,1),(256,2853,1),(264,2853,1),(265,2853,1),(266,2853,1),(267,2853,1),(268,2853,1),(269,2853,1),(270,2853,1),(271,2853,1),(272,2853,1),(273,2853,1),(276,2853,1),(277,2853,1),(278,2853,1),(280,2853,1),(281,2853,1),(282,2853,1),(283,2853,1),(318,2853,1),(328,2853,1),(330,2853,1),(332,2853,1),(333,2853,1),(334,2853,1),(335,2853,1),(336,2853,1),(337,2853,1),(10,2854,1),(12,2854,1),(13,2854,1),(16,2854,1),(20,2854,1),(21,2854,1),(22,2854,1),(23,2854,1),(25,2854,1),(26,2854,1),(27,2854,1),(28,2854,1),(37,2854,1),(38,2854,1),(40,2854,1),(43,2854,1),(44,2854,1),(45,2854,1),(46,2854,1),(48,2854,1),(49,2854,1),(51,2854,1),(52,2854,1),(53,2854,1),(55,2854,1),(56,2854,1),(57,2854,1),(94,2854,1),(95,2854,1),(96,2854,1),(97,2854,1),(98,2854,1),(99,2854,1),(100,2854,1),(102,2854,1),(103,2854,1),(105,2854,1),(106,2854,1),(107,2854,1),(129,2854,1),(136,2854,1),(184,2854,1),(187,2854,1),(189,2854,1),(190,2854,1),(256,2854,1),(264,2854,1),(265,2854,1),(266,2854,1),(267,2854,1),(268,2854,1),(269,2854,1),(270,2854,1),(271,2854,1),(272,2854,1),(273,2854,1),(278,2854,1),(280,2854,1),(281,2854,1),(282,2854,1),(283,2854,1),(318,2854,1),(328,2854,1),(330,2854,1),(332,2854,1),(333,2854,1),(334,2854,1),(335,2854,1),(336,2854,1),(337,2854,1),(12,2865,1),(13,2865,1),(14,2865,1),(52,2865,1),(53,2865,1),(55,2865,1),(164,2865,1),(298,2865,1),(299,2865,1),(300,2865,1),(303,2865,1),(304,2865,1),(305,2865,1),(319,2865,1),(325,2865,1),(326,2865,1),(327,2865,1),(338,2865,1),(339,2865,1),(10,2868,1),(12,2868,1),(13,2868,1),(14,2868,1),(16,2868,1),(20,2868,1),(21,2868,1),(37,2868,1),(38,2868,1),(40,2868,1),(43,2868,1),(44,2868,1),(45,2868,1),(46,2868,1),(48,2868,1),(49,2868,1),(51,2868,1),(52,2868,1),(53,2868,1),(55,2868,1),(56,2868,1),(57,2868,1),(125,2868,1),(126,2868,1),(127,2868,1),(128,2868,1),(184,2868,1),(187,2868,1),(189,2868,1),(190,2868,1),(276,2868,1),(277,2868,1),(318,2868,1),(13,2871,1),(14,2871,1),(129,2871,1),(264,2871,1),(265,2871,1),(266,2871,1),(267,2871,1),(268,2871,1),(269,2871,1),(270,2871,1),(271,2871,1),(272,2871,1),(273,2871,1),(278,2871,1),(280,2871,1),(13,2872,1),(56,2872,1),(327,2872,1),(10,2876,1),(57,2876,1),(10,2877,1),(22,2877,1),(23,2877,1),(25,2877,1),(26,2877,1),(27,2877,1),(37,2877,1),(97,2877,1),(98,2877,1),(103,2877,1),(106,2877,1),(126,2877,1),(127,2877,1),(318,2877,1),(12,2884,1),(128,2884,1),(14,2887,1),(16,2887,1),(16,2891,1),(48,2891,1),(56,2891,1),(57,2891,1),(184,2891,1),(187,2891,1),(189,2891,1),(190,2891,1),(16,2892,1),(51,2892,1),(52,2892,1),(55,2892,1),(56,2892,1),(169,2892,1),(313,2892,1),(314,2892,1),(16,2893,1),(21,2893,1),(102,2893,1),(121,2893,1),(124,2893,1),(127,2893,1),(128,2893,1),(145,2893,1),(149,2893,1),(169,2893,1),(170,2893,1),(171,2893,1),(172,2893,1),(173,2893,1),(174,2893,1),(176,2893,1),(177,2893,1),(191,2893,1),(192,2893,1),(194,2893,1),(197,2893,1),(200,2893,1),(235,2893,1),(246,2893,1),(247,2893,1),(248,2893,1),(249,2893,1),(250,2893,1),(251,2893,1),(252,2893,1),(257,2893,1),(263,2893,1),(269,2893,1),(270,2893,1),(271,2893,1),(272,2893,1),(273,2893,1),(276,2893,1),(277,2893,1),(311,2893,1),(319,2893,1),(326,2893,1),(338,2893,1),(339,2893,1),(340,2893,1),(342,2893,1),(20,2895,1),(22,2895,1),(23,2895,1),(20,2897,1),(21,2897,1),(40,2897,1),(43,2897,1),(44,2897,1),(45,2897,1),(46,2897,1),(169,2897,1),(187,2897,1),(20,2898,1),(45,2898,1),(170,2898,1),(20,2899,1),(21,2899,1),(37,2899,1),(38,2899,1),(40,2899,1),(43,2899,1),(44,2899,1),(45,2899,1),(46,2899,1),(21,2900,1),(40,2900,1),(22,2901,1),(23,2901,1),(25,2901,1),(26,2901,1),(27,2901,1),(28,2901,1),(22,2902,1),(23,2902,1),(25,2902,1),(26,2902,1),(27,2902,1),(28,2902,1),(22,2903,1),(23,2903,1),(25,2903,1),(26,2903,1),(27,2903,1),(28,2903,1),(22,2908,1),(23,2908,1),(25,2929,1),(26,2929,1),(27,2929,1),(25,2930,1),(26,2930,1),(27,2930,1),(25,2931,1),(26,2931,1),(27,2931,1),(25,2932,1),(26,2932,1),(27,2932,1),(25,2933,1),(26,2933,1),(27,2933,1),(28,2943,1),(52,2943,1),(53,2943,1),(55,2943,1),(28,2945,1),(56,2945,1),(126,2945,1),(127,2945,1),(174,2945,1),(28,2947,1),(107,2947,1),(40,2958,1),(43,2958,1),(46,2958,1),(192,2963,1),(194,2963,1),(198,2963,1),(258,2963,1),(91,2964,1),(37,2965,1),(53,2965,1),(167,2965,1),(170,2965,1),(318,2965,1),(38,2968,1),(40,2968,1),(187,2968,1),(40,2969,1),(189,2969,1),(190,2969,1),(192,2969,1),(194,2969,1),(198,2969,1),(256,2969,1),(258,2969,1),(259,2969,1),(40,2970,1),(193,2970,1),(40,2971,1),(43,2972,1),(43,2973,1),(43,2974,1),(44,2975,1),(46,2975,1),(167,2975,1),(45,2976,1),(45,2977,1),(49,2977,1),(45,2978,1),(49,2978,1),(52,2978,1),(45,2979,1),(46,2979,1),(170,2979,1),(187,2979,1),(189,2979,1),(46,2980,1),(46,2981,1),(164,2981,1),(173,2981,1),(174,2981,1),(176,2981,1),(177,2981,1),(178,2981,1),(179,2981,1),(230,2981,1),(46,2982,1),(46,2983,1),(266,2983,1),(46,2984,1),(46,2985,1),(184,2985,1),(46,2986,1),(48,2987,1),(184,2987,1),(48,2988,1),(184,2988,1),(48,2989,1),(184,2989,1),(48,2990,1),(184,2990,1),(49,2991,1),(49,2992,1),(49,2993,1),(49,2994,1),(51,2995,1),(51,2996,1),(125,2996,1),(172,2996,1),(51,2997,1),(51,2998,1),(53,2998,1),(51,2999,1),(52,2999,1),(53,2999,1),(57,2999,1),(51,3000,1),(53,3000,1),(125,3000,1),(173,3000,1),(189,3000,1),(190,3000,1),(52,3001,1),(57,3001,1),(53,3003,1),(55,3004,1),(56,3005,1),(56,3006,1),(56,3007,1),(56,3008,1),(57,3009,1),(57,3010,1),(57,3011,1),(189,3011,1),(68,3017,1),(69,3017,1),(131,3017,1),(134,3017,1),(223,3017,1),(224,3017,1),(225,3017,1),(68,3018,1),(69,3018,1),(131,3018,1),(223,3018,1),(224,3018,1),(225,3018,1),(69,3019,1),(131,3019,1),(189,3019,1),(126,3028,1),(191,3028,1),(192,3028,1),(193,3028,1),(194,3028,1),(235,3041,1),(123,3043,1),(91,3049,1),(197,3049,1),(235,3049,1),(342,3049,1),(91,3051,1),(145,3051,1),(231,3051,1),(232,3051,1),(233,3051,1),(234,3051,1),(94,3061,1),(95,3061,1),(96,3061,1),(98,3061,1),(100,3061,1),(102,3061,1),(103,3061,1),(105,3061,1),(107,3061,1),(136,3061,1),(147,3061,1),(148,3061,1),(149,3061,1),(150,3061,1),(151,3061,1),(152,3061,1),(153,3061,1),(154,3061,1),(155,3061,1),(218,3061,1),(256,3061,1),(257,3061,1),(297,3061,1),(308,3061,1),(309,3061,1),(310,3061,1),(311,3061,1),(312,3061,1),(313,3061,1),(314,3061,1),(328,3061,1),(330,3061,1),(332,3061,1),(333,3061,1),(334,3061,1),(335,3061,1),(336,3061,1),(337,3061,1),(94,3062,1),(95,3062,1),(96,3062,1),(97,3062,1),(98,3062,1),(99,3062,1),(100,3062,1),(102,3062,1),(103,3062,1),(105,3062,1),(106,3062,1),(107,3062,1),(136,3062,1),(237,3062,1),(238,3062,1),(239,3062,1),(240,3062,1),(242,3062,1),(243,3062,1),(244,3062,1),(245,3062,1),(246,3062,1),(247,3062,1),(248,3062,1),(249,3062,1),(250,3062,1),(251,3062,1),(252,3062,1),(253,3062,1),(254,3062,1),(255,3062,1),(256,3062,1),(298,3062,1),(299,3062,1),(300,3062,1),(303,3062,1),(304,3062,1),(305,3062,1),(319,3062,1),(325,3062,1),(326,3062,1),(327,3062,1),(328,3062,1),(330,3062,1),(332,3062,1),(333,3062,1),(334,3062,1),(335,3062,1),(336,3062,1),(337,3062,1),(338,3062,1),(339,3062,1),(100,3063,1),(102,3063,1),(103,3063,1),(105,3063,1),(106,3063,1),(107,3063,1),(136,3063,1),(147,3063,1),(148,3063,1),(149,3063,1),(150,3063,1),(151,3063,1),(152,3063,1),(153,3063,1),(154,3063,1),(155,3063,1),(218,3063,1),(257,3063,1),(297,3063,1),(308,3063,1),(309,3063,1),(310,3063,1),(311,3063,1),(312,3063,1),(328,3063,1),(330,3063,1),(332,3063,1),(333,3063,1),(334,3063,1),(335,3063,1),(336,3063,1),(337,3063,1),(94,3064,1),(95,3064,1),(96,3064,1),(97,3064,1),(98,3064,1),(99,3064,1),(100,3064,1),(102,3064,1),(103,3064,1),(105,3064,1),(106,3064,1),(107,3064,1),(136,3064,1),(237,3064,1),(238,3064,1),(239,3064,1),(240,3064,1),(241,3064,1),(242,3064,1),(243,3064,1),(244,3064,1),(245,3064,1),(246,3064,1),(247,3064,1),(248,3064,1),(249,3064,1),(250,3064,1),(251,3064,1),(252,3064,1),(253,3064,1),(254,3064,1),(255,3064,1),(256,3064,1),(94,3065,1),(95,3065,1),(96,3065,1),(97,3065,1),(98,3065,1),(99,3065,1),(100,3065,1),(102,3065,1),(103,3065,1),(105,3065,1),(106,3065,1),(107,3065,1),(136,3065,1),(256,3065,1),(328,3065,1),(330,3065,1),(332,3065,1),(333,3065,1),(334,3065,1),(335,3065,1),(336,3065,1),(337,3065,1),(94,3066,1),(95,3066,1),(96,3066,1),(98,3066,1),(99,3066,1),(100,3066,1),(167,3066,1),(170,3066,1),(191,3066,1),(192,3066,1),(193,3066,1),(194,3066,1),(197,3066,1),(198,3066,1),(247,3066,1),(248,3066,1),(249,3066,1),(250,3066,1),(251,3066,1),(252,3066,1),(253,3066,1),(254,3066,1),(256,3066,1),(258,3066,1),(342,3066,1),(95,3067,1),(96,3067,1),(97,3067,1),(102,3067,1),(169,3067,1),(174,3067,1),(176,3067,1),(177,3067,1),(178,3067,1),(197,3067,1),(200,3067,1),(214,3067,1),(235,3067,1),(260,3067,1),(261,3067,1),(263,3067,1),(321,3067,1),(322,3067,1),(323,3067,1),(340,3067,1),(342,3067,1),(95,3068,1),(96,3068,1),(97,3068,1),(102,3068,1),(95,3069,1),(96,3069,1),(107,3069,1),(328,3069,1),(330,3069,1),(332,3069,1),(333,3069,1),(334,3069,1),(335,3069,1),(336,3069,1),(337,3069,1),(96,3072,1),(281,3072,1),(282,3072,1),(283,3072,1),(96,3073,1),(105,3073,1),(136,3073,1),(98,3074,1),(98,3075,1),(99,3075,1),(100,3075,1),(102,3075,1),(103,3075,1),(105,3075,1),(106,3075,1),(107,3075,1),(136,3075,1),(226,3075,1),(227,3075,1),(228,3075,1),(229,3075,1),(230,3075,1),(304,3075,1),(319,3075,1),(326,3075,1),(328,3075,1),(330,3075,1),(332,3075,1),(333,3075,1),(334,3075,1),(335,3075,1),(336,3075,1),(337,3075,1),(338,3075,1),(339,3075,1),(100,3076,1),(167,3076,1),(171,3076,1),(172,3076,1),(179,3076,1),(191,3076,1),(198,3076,1),(214,3076,1),(258,3076,1),(260,3076,1),(261,3076,1),(321,3076,1),(322,3076,1),(323,3076,1),(107,3078,1),(107,3079,1),(121,3091,1),(122,3091,1),(123,3091,1),(124,3091,1),(125,3091,1),(126,3091,1),(127,3091,1),(128,3091,1),(141,3091,1),(145,3091,1),(231,3091,1),(232,3091,1),(233,3091,1),(234,3091,1),(276,3091,1),(277,3091,1),(121,3092,1),(123,3092,1),(124,3092,1),(141,3092,1),(121,3093,1),(122,3093,1),(123,3093,1),(141,3093,1),(122,3097,1),(122,3098,1),(123,3098,1),(124,3098,1),(141,3098,1),(122,3099,1),(123,3099,1),(124,3099,1),(124,3101,1),(231,3101,1),(232,3101,1),(233,3101,1),(234,3101,1),(124,3102,1),(123,3103,1),(125,3106,1),(126,3106,1),(127,3106,1),(128,3106,1),(276,3106,1),(277,3106,1),(126,3116,1),(127,3116,1),(172,3116,1),(178,3116,1),(126,3118,1),(127,3118,1),(128,3118,1),(276,3118,1),(277,3118,1),(321,3118,1),(322,3118,1),(323,3118,1),(127,3120,1),(127,3121,1),(128,3121,1),(276,3121,1),(277,3121,1),(126,3122,1),(126,3123,1),(126,3124,1),(190,3124,1),(126,3125,1),(171,3125,1),(125,3128,1),(176,3128,1),(125,3129,1),(145,3129,1),(231,3129,1),(129,3143,1),(136,3143,1),(249,3143,1),(250,3143,1),(251,3143,1),(252,3143,1),(253,3143,1),(264,3143,1),(265,3143,1),(266,3143,1),(267,3143,1),(268,3143,1),(269,3143,1),(270,3143,1),(271,3143,1),(272,3143,1),(273,3143,1),(134,3146,1),(134,3150,1),(141,3157,1),(231,3157,1),(145,3158,1),(231,3158,1),(232,3158,1),(233,3158,1),(234,3158,1),(145,3159,1),(231,3159,1),(232,3159,1),(233,3159,1),(234,3159,1),(147,3160,1),(148,3160,1),(149,3160,1),(150,3160,1),(151,3160,1),(152,3160,1),(153,3160,1),(154,3160,1),(155,3160,1),(218,3160,1),(257,3160,1),(297,3160,1),(308,3160,1),(309,3160,1),(310,3160,1),(311,3160,1),(312,3160,1),(313,3160,1),(314,3160,1),(147,3161,1),(148,3161,1),(149,3161,1),(150,3161,1),(151,3161,1),(152,3161,1),(153,3161,1),(154,3161,1),(155,3161,1),(218,3161,1),(257,3161,1),(297,3161,1),(308,3161,1),(309,3161,1),(310,3161,1),(311,3161,1),(312,3161,1),(313,3161,1),(314,3161,1),(147,3162,1),(148,3162,1),(149,3162,1),(150,3162,1),(151,3162,1),(152,3162,1),(153,3162,1),(154,3162,1),(155,3162,1),(218,3162,1),(257,3162,1),(297,3162,1),(308,3162,1),(309,3162,1),(310,3162,1),(311,3162,1),(312,3162,1),(313,3162,1),(314,3162,1),(147,3163,1),(148,3163,1),(149,3163,1),(150,3163,1),(151,3163,1),(152,3163,1),(153,3163,1),(154,3163,1),(155,3163,1),(218,3163,1),(257,3163,1),(297,3163,1),(308,3163,1),(309,3163,1),(310,3163,1),(311,3163,1),(312,3163,1),(313,3163,1),(314,3163,1),(147,3165,1),(148,3165,1),(149,3165,1),(150,3165,1),(151,3165,1),(152,3165,1),(153,3165,1),(154,3165,1),(155,3165,1),(218,3165,1),(257,3165,1),(263,3165,1),(297,3165,1),(308,3165,1),(309,3165,1),(310,3165,1),(311,3165,1),(312,3165,1),(313,3165,1),(314,3165,1),(147,3168,1),(148,3168,1),(149,3168,1),(150,3168,1),(151,3168,1),(152,3168,1),(153,3168,1),(154,3168,1),(155,3168,1),(218,3168,1),(257,3168,1),(297,3168,1),(308,3168,1),(309,3168,1),(310,3168,1),(311,3168,1),(312,3168,1),(147,3169,1),(148,3169,1),(149,3169,1),(150,3169,1),(151,3169,1),(152,3169,1),(153,3169,1),(154,3169,1),(155,3169,1),(218,3169,1),(257,3169,1),(297,3169,1),(308,3169,1),(309,3169,1),(310,3169,1),(311,3169,1),(312,3169,1),(147,3170,1),(148,3170,1),(149,3170,1),(150,3170,1),(151,3170,1),(152,3170,1),(153,3170,1),(154,3170,1),(155,3170,1),(218,3170,1),(257,3170,1),(297,3170,1),(308,3170,1),(309,3170,1),(310,3170,1),(311,3170,1),(312,3170,1),(147,3171,1),(148,3171,1),(149,3171,1),(150,3171,1),(151,3171,1),(152,3171,1),(153,3171,1),(154,3171,1),(155,3171,1),(218,3171,1),(257,3171,1),(297,3171,1),(308,3171,1),(309,3171,1),(310,3171,1),(311,3171,1),(312,3171,1),(151,3172,1),(151,3173,1),(174,3174,1),(176,3174,1),(177,3174,1),(178,3174,1),(177,3175,1),(164,3177,1),(167,3177,1),(169,3177,1),(170,3177,1),(171,3177,1),(172,3177,1),(173,3177,1),(174,3177,1),(176,3177,1),(177,3177,1),(178,3177,1),(179,3177,1),(181,3177,1),(164,3178,1),(167,3178,1),(169,3178,1),(170,3178,1),(171,3178,1),(172,3178,1),(173,3178,1),(174,3178,1),(176,3178,1),(177,3178,1),(178,3178,1),(179,3178,1),(181,3178,1),(164,3179,1),(167,3179,1),(169,3179,1),(170,3179,1),(171,3179,1),(172,3179,1),(173,3179,1),(174,3179,1),(176,3179,1),(177,3179,1),(178,3179,1),(179,3179,1),(181,3179,1),(164,3183,1),(167,3183,1),(170,3183,1),(171,3183,1),(172,3183,1),(173,3183,1),(174,3183,1),(179,3183,1),(181,3183,1),(174,3184,1),(177,3184,1),(167,3185,1),(176,3185,1),(177,3185,1),(179,3185,1),(181,3185,1),(189,3185,1),(164,3186,1),(169,3186,1),(169,3192,1),(169,3194,1),(177,3194,1),(197,3194,1),(200,3194,1),(235,3194,1),(263,3194,1),(340,3194,1),(342,3194,1),(170,3196,1),(171,3196,1),(172,3196,1),(173,3196,1),(174,3196,1),(176,3196,1),(177,3196,1),(178,3196,1),(179,3196,1),(181,3196,1),(173,3203,1),(173,3204,1),(173,3205,1),(174,3206,1),(177,3206,1),(187,3214,1),(277,3214,1),(187,3215,1),(190,3216,1),(190,3217,1),(191,3222,1),(192,3222,1),(193,3222,1),(194,3222,1),(236,3231,1),(236,3232,1),(256,3233,1),(270,3233,1),(271,3233,1),(272,3233,1),(227,3235,1),(229,3235,1),(230,3235,1),(236,3236,1),(197,3239,1),(235,3239,1),(342,3239,1),(10,3269,1),(10,3270,1),(10,3271,1),(12,3276,1),(12,3277,1),(12,3278,1),(12,3279,1),(12,3280,1),(12,3281,1),(12,3282,1),(12,3283,1),(13,3284,1),(13,3285,1),(14,3286,1),(16,3289,1),(16,3290,1),(22,3301,1),(22,3302,1),(22,3303,1),(22,3304,1),(23,3310,1),(23,3311,1),(23,3312,1),(23,3313,1),(23,3314,1),(28,3315,1),(28,3316,1),(28,3317,1),(28,3318,1),(28,3319,1),(37,3331,1),(38,3333,1),(68,3334,1),(223,3334,1),(68,3335,1),(223,3335,1),(224,3335,1),(225,3335,1),(91,3352,1),(91,3353,1),(91,3354,1),(266,3354,1),(91,3355,1),(129,3360,1),(264,3360,1),(265,3360,1),(266,3360,1),(267,3360,1),(268,3360,1),(269,3360,1),(270,3360,1),(271,3360,1),(272,3360,1),(273,3360,1),(278,3360,1),(280,3360,1),(281,3360,1),(282,3360,1),(283,3360,1),(129,3361,1),(264,3361,1),(265,3361,1),(266,3361,1),(267,3361,1),(268,3361,1),(269,3361,1),(270,3361,1),(271,3361,1),(272,3361,1),(273,3361,1),(278,3361,1),(280,3361,1),(281,3361,1),(282,3361,1),(283,3361,1),(129,3362,1),(264,3362,1),(265,3362,1),(266,3362,1),(267,3362,1),(268,3362,1),(269,3362,1),(270,3362,1),(271,3362,1),(272,3362,1),(273,3362,1),(278,3362,1),(280,3362,1),(281,3362,1),(282,3362,1),(283,3362,1),(129,3365,1),(264,3365,1),(265,3365,1),(266,3365,1),(267,3365,1),(268,3365,1),(131,3402,1),(131,3403,1),(224,3404,1),(225,3404,1),(4,3409,1),(4,3410,1),(4,3411,1),(303,3411,1),(4,3412,1),(226,3660,1),(227,3660,1),(228,3660,1),(229,3660,1),(230,3660,1),(226,3661,1),(227,3661,1),(228,3661,1),(229,3661,1),(230,3661,1),(226,3662,1),(227,3662,1),(228,3662,1),(229,3662,1),(230,3662,1),(226,3663,1),(227,3663,1),(228,3663,1),(229,3663,1),(230,3663,1),(226,3664,1),(227,3664,1),(228,3664,1),(229,3664,1),(230,3664,1),(226,3665,1),(226,3666,1),(227,3666,1),(228,3666,1),(229,3666,1),(230,3666,1),(226,3667,1),(227,3667,1),(228,3667,1),(229,3667,1),(230,3667,1),(226,3668,1),(227,3668,1),(228,3668,1),(229,3668,1),(230,3668,1),(226,3669,1),(226,3670,1),(226,3671,1),(227,3703,1),(228,3703,1),(229,3703,1),(230,3703,1),(229,3710,1),(229,3711,1),(230,3711,1),(229,3712,1),(227,3716,1),(227,3717,1),(227,3718,1),(228,3719,1),(228,3720,1),(228,3721,1),(172,3726,1),(172,3727,1),(172,3728,1),(172,3729,1),(169,3730,1),(265,3745,1),(265,3746,1),(230,3753,1),(230,3754,1),(231,3832,1),(232,3832,1),(233,3832,1),(234,3832,1),(231,3833,1),(232,3833,1),(233,3833,1),(234,3833,1),(231,3834,1),(232,3834,1),(233,3834,1),(234,3834,1),(231,3835,1),(232,3835,1),(233,3835,1),(234,3835,1),(231,3836,1),(232,3836,1),(233,3836,1),(234,3836,1),(231,3837,1),(232,3837,1),(233,3837,1),(234,3837,1),(231,3838,1),(232,3838,1),(233,3838,1),(234,3838,1),(232,3847,1),(232,3848,1),(233,3855,1),(233,3856,1),(261,3863,1),(261,3864,1),(321,3867,1),(322,3867,1),(191,3900,1),(265,3900,1),(266,3900,1),(267,3900,1),(268,3900,1),(269,3900,1),(270,3900,1),(271,3900,1),(272,3900,1),(273,3900,1),(2,3967,1),(236,3974,1),(236,3975,1),(237,3996,1),(238,3996,1),(239,3996,1),(240,3996,1),(242,3996,1),(243,3996,1),(244,3996,1),(245,3996,1),(246,3996,1),(247,3996,1),(248,3996,1),(249,3996,1),(250,3996,1),(251,3996,1),(252,3996,1),(253,3996,1),(254,3996,1),(255,3996,1),(237,3997,1),(238,3997,1),(239,3997,1),(249,3997,1),(250,3997,1),(251,3997,1),(252,3997,1),(253,3997,1),(309,3997,1),(319,3997,1),(326,3997,1),(338,3997,1),(339,3997,1),(237,3998,1),(238,3998,1),(239,3998,1),(240,3998,1),(241,3998,1),(242,3998,1),(243,3998,1),(244,3998,1),(245,3998,1),(246,3998,1),(247,3998,1),(248,3998,1),(249,3998,1),(250,3998,1),(251,3998,1),(252,3998,1),(253,3998,1),(254,3998,1),(255,3998,1),(237,3999,1),(238,3999,1),(239,3999,1),(240,3999,1),(241,3999,1),(242,3999,1),(243,3999,1),(244,3999,1),(245,3999,1),(246,3999,1),(247,3999,1),(248,3999,1),(249,3999,1),(250,3999,1),(251,3999,1),(252,3999,1),(253,3999,1),(254,3999,1),(255,3999,1),(237,4000,1),(238,4000,1),(239,4000,1),(240,4000,1),(242,4000,1),(243,4000,1),(244,4000,1),(245,4000,1),(246,4000,1),(247,4000,1),(248,4000,1),(249,4000,1),(250,4000,1),(251,4000,1),(252,4000,1),(253,4000,1),(254,4000,1),(255,4000,1),(239,4061,1),(240,4061,1),(242,4061,1),(243,4061,1),(244,4061,1),(245,4061,1),(246,4061,1),(247,4061,1),(248,4061,1),(249,4061,1),(250,4061,1),(251,4061,1),(252,4061,1),(253,4061,1),(254,4061,1),(319,4061,1),(326,4061,1),(338,4061,1),(339,4061,1),(239,4062,1),(239,4063,1),(240,4063,1),(241,4063,1),(242,4063,1),(243,4063,1),(244,4063,1),(245,4063,1),(246,4063,1),(247,4063,1),(248,4063,1),(249,4063,1),(250,4063,1),(251,4063,1),(252,4063,1),(253,4063,1),(254,4063,1),(298,4063,1),(299,4063,1),(300,4063,1),(303,4063,1),(304,4063,1),(305,4063,1),(319,4063,1),(325,4063,1),(326,4063,1),(327,4063,1),(338,4063,1),(339,4063,1),(239,4064,1),(240,4064,1),(241,4064,1),(242,4064,1),(243,4064,1),(244,4064,1),(245,4064,1),(246,4064,1),(247,4064,1),(248,4064,1),(249,4064,1),(250,4064,1),(251,4064,1),(252,4064,1),(253,4064,1),(254,4064,1),(239,4065,1),(240,4065,1),(241,4065,1),(242,4065,1),(243,4065,1),(244,4065,1),(245,4065,1),(246,4065,1),(247,4065,1),(248,4065,1),(249,4065,1),(250,4065,1),(251,4065,1),(252,4065,1),(253,4065,1),(254,4065,1),(239,4066,1),(240,4066,1),(241,4066,1),(242,4066,1),(243,4066,1),(244,4066,1),(245,4066,1),(246,4066,1),(247,4066,1),(248,4066,1),(249,4066,1),(250,4066,1),(251,4066,1),(252,4066,1),(253,4066,1),(254,4066,1),(280,4066,1),(281,4066,1),(282,4066,1),(283,4066,1),(298,4066,1),(299,4066,1),(300,4066,1),(303,4066,1),(304,4066,1),(305,4066,1),(319,4066,1),(325,4066,1),(326,4066,1),(327,4066,1),(338,4066,1),(339,4066,1),(240,4071,1),(241,4071,1),(242,4071,1),(243,4071,1),(244,4071,1),(245,4071,1),(246,4071,1),(247,4071,1),(248,4071,1),(249,4071,1),(250,4071,1),(251,4071,1),(252,4071,1),(253,4071,1),(254,4071,1),(241,4078,1),(241,4079,1),(248,4084,1),(249,4084,1),(250,4084,1),(251,4084,1),(252,4084,1),(253,4084,1),(254,4084,1),(249,4100,1),(250,4100,1),(251,4100,1),(252,4100,1),(253,4100,1),(249,4101,1),(250,4101,1),(251,4101,1),(252,4101,1),(253,4101,1),(249,4102,1),(250,4102,1),(251,4102,1),(252,4102,1),(253,4102,1),(250,4113,1),(251,4113,1),(252,4113,1),(253,4113,1),(250,4114,1),(251,4114,1),(252,4114,1),(253,4114,1),(251,4122,1),(252,4122,1),(253,4126,1),(197,4129,1),(255,4129,1),(342,4129,1),(129,4130,1),(197,4130,1),(255,4130,1),(265,4130,1),(266,4130,1),(267,4130,1),(268,4130,1),(269,4130,1),(270,4130,1),(271,4130,1),(272,4130,1),(273,4130,1),(276,4130,1),(277,4130,1),(278,4130,1),(280,4130,1),(281,4130,1),(282,4130,1),(283,4130,1),(298,4130,1),(299,4130,1),(300,4130,1),(303,4130,1),(304,4130,1),(305,4130,1),(319,4130,1),(325,4130,1),(326,4130,1),(327,4130,1),(338,4130,1),(339,4130,1),(342,4130,1),(256,4135,1),(256,4136,1),(256,4137,1),(256,4138,1),(218,4141,1),(150,4154,1),(150,4155,1),(155,4157,1),(197,4163,1),(259,4163,1),(342,4163,1),(198,4192,1),(258,4192,1),(198,4193,1),(258,4193,1),(198,4194,1),(258,4194,1),(198,4195,1),(258,4195,1),(261,4206,1),(261,4207,1),(261,4208,1),(261,4209,1),(261,4210,1),(200,4223,1),(263,4223,1),(340,4223,1),(200,4224,1),(263,4224,1),(340,4224,1),(235,4282,1),(235,4283,1),(235,4284,1),(235,4285,1),(259,4285,1),(235,4286,1),(235,4287,1),(259,4287,1),(235,4288,1),(263,4300,1),(263,4301,1),(263,4302,1),(263,4303,1),(263,4304,1),(328,4304,1),(330,4304,1),(332,4304,1),(333,4304,1),(334,4304,1),(335,4304,1),(336,4304,1),(337,4304,1),(252,4307,1),(252,4308,1),(265,4380,1),(266,4380,1),(267,4380,1),(268,4380,1),(269,4380,1),(270,4380,1),(271,4380,1),(272,4380,1),(273,4380,1),(278,4380,1),(280,4380,1),(281,4380,1),(282,4380,1),(283,4380,1),(265,4381,1),(266,4381,1),(267,4381,1),(268,4381,1),(269,4381,1),(270,4381,1),(271,4381,1),(272,4381,1),(273,4381,1),(278,4381,1),(280,4381,1),(281,4381,1),(282,4381,1),(283,4381,1),(265,4382,1),(266,4382,1),(267,4382,1),(268,4382,1),(269,4382,1),(270,4382,1),(271,4382,1),(272,4382,1),(273,4382,1),(278,4382,1),(280,4382,1),(281,4382,1),(282,4382,1),(283,4382,1),(265,4383,1),(266,4383,1),(267,4383,1),(268,4383,1),(269,4383,1),(270,4383,1),(271,4383,1),(272,4383,1),(273,4383,1),(265,4384,1),(266,4384,1),(267,4384,1),(268,4384,1),(269,4384,1),(270,4384,1),(271,4384,1),(272,4384,1),(273,4384,1),(265,4385,1),(266,4385,1),(267,4385,1),(268,4385,1),(269,4385,1),(270,4385,1),(271,4385,1),(272,4385,1),(273,4385,1),(278,4385,1),(280,4385,1),(281,4385,1),(282,4385,1),(283,4385,1),(265,4386,1),(266,4386,1),(267,4386,1),(268,4386,1),(269,4386,1),(270,4386,1),(271,4386,1),(272,4386,1),(197,4387,1),(265,4387,1),(342,4387,1),(265,4388,1),(266,4388,1),(267,4388,1),(268,4388,1),(269,4388,1),(270,4388,1),(271,4388,1),(272,4388,1),(273,4388,1),(278,4388,1),(280,4388,1),(281,4388,1),(282,4388,1),(283,4388,1),(266,4402,1),(266,4403,1),(266,4404,1),(266,4405,1),(269,4412,1),(270,4412,1),(271,4412,1),(272,4412,1),(273,4412,1),(278,4412,1),(280,4412,1),(281,4412,1),(282,4412,1),(283,4412,1),(129,4413,1),(269,4413,1),(270,4413,1),(271,4413,1),(272,4413,1),(273,4413,1),(278,4413,1),(280,4413,1),(281,4413,1),(282,4413,1),(283,4413,1),(298,4413,1),(299,4413,1),(300,4413,1),(303,4413,1),(304,4413,1),(305,4413,1),(319,4413,1),(325,4413,1),(326,4413,1),(327,4413,1),(338,4413,1),(339,4413,1),(129,4414,1),(269,4414,1),(270,4414,1),(271,4414,1),(272,4414,1),(273,4414,1),(278,4414,1),(280,4414,1),(281,4414,1),(282,4414,1),(283,4414,1),(270,4431,1),(271,4431,1),(272,4431,1),(270,4432,1),(271,4432,1),(272,4432,1),(270,4433,1),(271,4433,1),(272,4433,1),(270,4434,1),(271,4434,1),(272,4434,1),(271,4439,1),(272,4439,1),(278,4439,1),(245,4440,1),(272,4461,1),(278,4461,1),(272,4462,1),(278,4462,1),(272,4463,1),(278,4463,1),(273,4485,1),(273,4486,1),(273,4487,1),(100,4491,1),(197,4505,1),(321,4505,1),(322,4505,1),(323,4505,1),(342,4505,1),(129,4508,1),(197,4508,1),(276,4508,1),(277,4508,1),(298,4508,1),(299,4508,1),(300,4508,1),(303,4508,1),(304,4508,1),(305,4508,1),(319,4508,1),(325,4508,1),(326,4508,1),(327,4508,1),(338,4508,1),(339,4508,1),(342,4508,1),(197,4509,1),(298,4509,1),(299,4509,1),(300,4509,1),(303,4509,1),(304,4509,1),(305,4509,1),(319,4509,1),(325,4509,1),(326,4509,1),(327,4509,1),(338,4509,1),(339,4509,1),(342,4509,1),(276,4512,1),(277,4512,1),(278,4519,1),(278,4520,1),(280,4545,1),(280,4546,1),(280,4547,1),(281,4547,1),(282,4547,1),(283,4547,1),(330,4547,1),(332,4547,1),(280,4548,1),(264,4552,1),(129,4568,1),(129,4569,1),(129,4570,1),(300,4570,1),(303,4570,1),(305,4570,1),(327,4570,1),(281,4579,1),(282,4579,1),(281,4580,1),(282,4580,1),(281,4581,1),(282,4581,1),(283,4581,1),(281,4582,1),(282,4582,1),(283,4582,1),(283,4584,1),(298,4728,1),(299,4728,1),(300,4728,1),(303,4728,1),(304,4728,1),(305,4728,1),(319,4728,1),(325,4728,1),(326,4728,1),(327,4728,1),(338,4728,1),(339,4728,1),(298,4731,1),(299,4731,1),(300,4731,1),(303,4731,1),(304,4731,1),(305,4731,1),(319,4731,1),(325,4731,1),(326,4731,1),(327,4731,1),(338,4731,1),(339,4731,1),(298,4734,1),(299,4734,1),(300,4734,1),(303,4734,1),(304,4734,1),(305,4734,1),(319,4734,1),(325,4734,1),(326,4734,1),(327,4734,1),(338,4734,1),(339,4734,1),(298,4846,1),(299,4846,1),(300,4846,1),(303,4846,1),(304,4846,1),(305,4846,1),(319,4846,1),(325,4846,1),(326,4846,1),(327,4846,1),(338,4846,1),(339,4846,1),(298,4881,1),(299,4881,1),(300,4881,1),(303,4881,1),(304,4881,1),(305,4881,1),(319,4881,1),(325,4881,1),(326,4881,1),(327,4881,1),(338,4881,1),(339,4881,1),(20,4897,1),(20,4898,1),(69,4906,1),(69,4907,1),(69,4908,1),(69,4909,1),(69,4910,1),(338,4930,1),(338,4931,1),(298,4944,1),(299,4944,1),(300,4944,1),(303,4944,1),(304,4944,1),(305,4944,1),(319,4944,1),(325,4944,1),(326,4944,1),(327,4944,1),(338,4944,1),(339,4944,1),(298,4945,1),(299,4945,1),(300,4945,1),(303,4945,1),(304,4945,1),(305,4945,1),(319,4945,1),(325,4945,1),(326,4945,1),(327,4945,1),(338,4945,1),(339,4945,1),(298,4946,1),(299,4946,1),(300,4946,1),(303,4946,1),(304,4946,1),(305,4946,1),(319,4946,1),(325,4946,1),(326,4946,1),(327,4946,1),(338,4946,1),(339,4946,1),(300,4967,1),(303,4967,1),(305,4967,1),(327,4967,1),(300,4968,1),(303,4968,1),(305,4968,1),(327,4968,1),(300,4969,1),(303,4969,1),(305,4969,1),(325,4969,1),(327,4969,1),(300,4970,1),(303,4970,1),(305,4970,1),(325,4970,1),(327,4970,1),(304,4977,1),(326,4977,1),(304,4978,1),(319,4978,1),(326,4978,1),(338,4978,1),(339,4978,1),(304,4979,1),(319,4979,1),(326,4979,1),(338,4979,1),(339,4979,1),(170,4983,1),(171,4984,1),(171,4985,1),(134,4987,1),(134,4988,1),(134,4989,1),(313,4998,1),(313,4999,1),(165,5001,1),(318,5030,1),(318,5031,1),(314,5032,1),(314,5033,1),(314,5034,1),(314,5035,1),(321,5196,1),(322,5196,1),(323,5196,1),(321,5197,1),(322,5197,1),(323,5197,1),(321,5198,1),(322,5198,1),(323,5198,1),(321,5199,1),(322,5199,1),(323,5199,1),(321,5200,1),(322,5200,1),(323,5200,1),(321,5201,1),(322,5201,1),(323,5201,1),(321,5202,1),(322,5202,1),(323,5202,1),(321,5203,1),(322,5203,1),(323,5203,1),(321,5204,1),(322,5204,1),(323,5204,1),(319,5208,1),(326,5208,1),(338,5208,1),(339,5208,1),(327,5251,1),(327,5252,1),(176,5261,1),(178,5262,1),(178,5263,1),(179,5265,1),(328,5268,1),(330,5268,1),(332,5268,1),(333,5268,1),(334,5268,1),(335,5268,1),(336,5268,1),(337,5268,1),(328,5269,1),(330,5269,1),(332,5269,1),(333,5269,1),(334,5269,1),(335,5269,1),(336,5269,1),(337,5269,1),(332,5291,1),(332,5292,1),(332,5293,1),(319,5304,1),(338,5304,1),(339,5304,1),(325,5307,1),(191,5314,1),(191,5315,1),(191,5316,1),(191,5317,1),(192,5318,1),(321,5319,1),(321,5320,1),(193,5324,1),(193,5325,1),(193,5326,1),(194,5327,1),(323,5331,1),(84,5336,1),(84,5337,1),(84,5338,1),(84,5339,1),(197,5373,1),(342,5373,1),(197,5374,1),(342,5374,1),(197,5375,1),(342,5375,1),(197,5376,1),(342,5376,1),(197,5377,1),(342,5377,1),(197,5378,1),(342,5378,1),(259,5385,1);

--
-- Table structure for table `ps_profile`
--

CREATE TABLE `ps_profile` (
  `id_profile` int(10) unsigned NOT NULL AUTO_INCREMENT,
  PRIMARY KEY (`id_profile`)
) ENGINE=InnoDB AUTO_INCREMENT=7 DEFAULT CHARSET=utf8;

--
-- Dumping data for table `ps_profile`
--

INSERT INTO `ps_profile` VALUES (1),(2),(3),(4),(5),(6);

--
-- Table structure for table `ps_profile_lang`
--

CREATE TABLE `ps_profile_lang` (
  `id_lang` int(10) unsigned NOT NULL,
  `id_profile` int(10) unsigned NOT NULL,
  `name` varchar(128) NOT NULL,
  PRIMARY KEY (`id_profile`,`id_lang`)
) ENGINE=InnoDB DEFAULT CHARSET=utf8;

--
-- Dumping data for table `ps_profile_lang`
--

INSERT INTO `ps_profile_lang` VALUES (1,1,'SuperAdmin'),(1,2,'Logisticien'),(1,3,'Traducteur'),(1,4,'Commercial'),(1,5,'UTILISATEUR ARTOP'),(1,6,'PDA');

--
-- Table structure for table `ps_psblog_blog`
--

CREATE TABLE `ps_psblog_blog` (
  `id_psblog_blog` int(11) NOT NULL AUTO_INCREMENT,
  `id_psblogcat` int(11) NOT NULL,
  `position` int(11) NOT NULL,
  `date_add` date NOT NULL,
  `active` tinyint(1) NOT NULL,
  `user_id` int(11) NOT NULL,
  `hits` int(11) NOT NULL,
  `image` varchar(255) DEFAULT NULL,
  `thumb` varchar(255) DEFAULT NULL,
  `date_upd` datetime NOT NULL,
  `video_code` text,
  `params` text,
  `featured` tinyint(1) NOT NULL,
  `indexation` int(11) NOT NULL,
  `id_employee` int(11) NOT NULL,
  `product_ids` varchar(255) DEFAULT NULL,
  PRIMARY KEY (`id_psblog_blog`)
) ENGINE=InnoDB AUTO_INCREMENT=10 DEFAULT CHARSET=utf8;

--
-- Dumping data for table `ps_psblog_blog`
--

INSERT INTO `ps_psblog_blog` VALUES (3,4,0,'2017-11-28',1,0,40,'b-blog-1.jpg','','2017-12-20 09:55:38','<iframe width=\"560\" height=\"315\" src=\"//www.youtube.com/embed/lzY4lkT8ElU\" frameborder=\"0\" allowfullscreen></iframe>','',0,1,1,''),(4,4,2,'2017-12-04',1,0,105,'b-blog-2.jpg','','2017-12-18 06:31:14','','',0,1,1,''),(5,4,3,'2017-12-16',1,0,9,'b-blog-3.jpg','','2017-12-19 01:21:28','','',0,0,1,''),(6,4,4,'2017-12-18',1,0,121,'b-blog-4.jpg','','2017-12-20 09:54:03','','',0,0,1,''),(7,4,5,'2017-12-18',1,0,71,'b-blog-5.jpg','','2017-12-20 01:04:46','','',0,0,1,''),(8,4,1,'2017-12-18',1,0,3,'b-blog-6.jpg','','2017-12-19 22:50:10','','',0,0,1,''),(9,4,6,'2017-12-18',1,0,0,'b-blog-7.jpg','','2017-12-18 03:32:42','','',0,1,1,'');

--
-- Table structure for table `ps_psblog_blog_lang`
--

CREATE TABLE `ps_psblog_blog_lang` (
  `id_psblog_blog` int(11) NOT NULL,
  `id_lang` int(11) NOT NULL,
  `meta_description` varchar(255) NOT NULL,
  `meta_keywords` varchar(250) NOT NULL,
  `meta_title` varchar(250) NOT NULL,
  `link_rewrite` varchar(255) NOT NULL,
  `content` text NOT NULL,
  `description` text NOT NULL,
  `tags` varchar(255) NOT NULL,
  PRIMARY KEY (`id_psblog_blog`,`id_lang`)
) ENGINE=InnoDB DEFAULT CHARSET=utf8;

--
-- Dumping data for table `ps_psblog_blog_lang`
--

INSERT INTO `ps_psblog_blog_lang` VALUES (3,1,'','','At risus pretium urna tortor metus fringilla','at-risus-pretium-urna-tortor-metus-fringilla','<p>Odio ut pretium ligula quam Vestibulum consequat convallis fringilla Vestibulum nulla. Accumsan morbi tristique auctor. At risus pretium urna tortor metus fringilla interdum mauris tempor congue Odio ut pretium ligula quam Vestibulum consequat convallis fringilla Vestibulum nulla. Accumsan morbi tristique auctor. At risus pretium urna tortor metus fringilla interdum mauris tempor congue Odio ut pretium ligula quam Vestibulum consequat convallis fringilla Vestibulum nulla. Accumsan morbi tristique auctor. At risus pretium urna tortor metus fringilla interdum mauris tempor congue</p>\r\n<p> </p>\r\n<p>Odio ut pretium ligula quam Vestibulum consequat convallis fringilla Vestibulum nulla. Accumsan morbi tristique auctor. At risus pretium urna tortor metus fringilla interdum mauris tempor congue</p>\r\n<p> </p>\r\n<p>Odio ut pretium ligula quam Vestibulum consequat convallis fringilla Vestibulum nulla. Accumsan morbi tristique auctor. At risus pretium urna tortor metus fringilla interdum mauris tempor congue Odio ut pretium ligula quam Vestibulum consequat convallis fringilla Vestibulum nulla. Accumsan morbi tristique auctor. At risus pretium urna tortor metus fringilla interdum mauris tempor congue</p>\r\n<p> </p>\r\n<p>Odio ut pretium ligula quam Vestibulum consequat convallis fringilla Vestibulum nulla. Accumsan morbi tristique auctor. At risus pretium urna tortor metus fringilla interdum mauris tempor congue Odio ut pretium ligula quam Vestibulum consequat convallis fringilla Vestibulum nulla. Accumsan morbi tristique auctor. At risus pretium urna tortor metus fringilla interdum mauris tempor congue</p>','<p>Odio ut pretium ligula quam Vestibulum consequat convallis fringilla Vestibulum nulla. Accumsan morbi tristique auctor. At risus pretium urna tortor metus fringilla interdum mauris tempor congue</p>','joomla,wordpress'),(4,1,'','','Ipsum cursus vestibulum at interdum Vivamus','ipsum-cursus-vestibulum-at-interdum-vivamus','<p>Donec tellus Nulla lorem Nullam elit id ut elit feugiat lacus. Congue eget dapibus congue tincidunt senectus nibh risus Phasellus tristique justo. Justo Pellentesque Donec lobortis faucibus Vestibulum Praesent mauris volutpat vitae metus. Ipsum cursus vestibulum at interdum Vivamus nunc fringilla Curabitur ac quis. Nam lacinia wisi tortor orci quis vitae. Donec tellus Nulla lorem Nullam elit id ut elit feugiat lacus. Congue eget dapibus congue tincidunt senectus nibh risus Phasellus tristique justo. Justo Pellentesque Donec lobortis faucibus Vestibulum Praesent mauris volutpat vitae metus. Ipsum cursus vestibulum at interdum Vivamus nunc fringilla Curabitur ac quis. Nam lacinia wisi tortor orci quis vitae. Donec tellus Nulla lorem Nullam elit id ut elit feugiat lacus. Congue eget dapibus congue tincidunt senectus nibh risus Phasellus tristique justo. Justo Pellentesque Donec lobortis faucibus Vestibulum Praesent mauris volutpat vitae metus. Ipsum cursus vestibulum at interdum Vivamus nunc fringilla Curabitur ac quis. Nam lacinia wisi tortor orci quis vitae.</p>\r\n<p>Donec tellus Nulla lorem Nullam elit id ut elit feugiat lacus. Congue eget dapibus congue tincidunt senectus nibh risus Phasellus tristique justo. Justo Pellentesque Donec lobortis faucibus Vestibulum Praesent mauris volutpat vitae metus. Ipsum cursus vestibulum at interdum Vivamus nunc fringilla Curabitur ac quis. Nam lacinia wisi tortor orci quis vitae.Donec tellus Nulla lorem Nullam elit id ut elit feugiat lacus. Congue eget dapibus congue tincidunt senectus nibh risus Phasellus tristique justo. Justo Pellentesque Donec lobortis faucibus Vestibulum Praesent mauris volutpat vitae metus. Ipsum cursus vestibulum at interdum Vivamus nunc fringilla Curabitur ac quis. Nam lacinia wisi tortor orci quis vitae.Donec tellus Nulla lorem Nullam elit id ut elit feugiat lacus. Congue eget dapibus congue tincidunt senectus nibh risus Phasellus tristique justo. Justo Pellentesque Donec lobortis faucibus Vestibulum Praesent mauris volutpat vitae metus. Ipsum cursus vestibulum at interdum Vivamus nunc fringilla Curabitur ac quis. Nam lacinia wisi tortor orci quis vitae.</p>','<p>Donec tellus Nulla lorem Nullam elit id ut elit feugiat lacus. Congue eget dapibus congue tincidunt senectus nibh risus Phasellus tristique justo. Justo Pellentesque Donec lobortis faucibus</p>','joomla,prestashop,pstheme'),(5,1,'','joomla,prestashop,pstheme,prestashop theme','Urna pretium elit mauris cursus Curabitur at elit Vestibulum','urna-pretium-elit-mauris-cursus-curabitur-at-elit-vestibulum','<p>Mi vitae magnis Fusce laoreet nibh felis porttitor laoreet Vestibulum faucibus. At Nulla id tincidunt ut sed semper vel Lorem condimentum ornare. Laoreet Vestibulum lacinia massa a commodo habitasse velit Vestibulum tincidunt In. Turpis at eleifend ps mi elit Aenean porta ac sed faucibus. Nunc urna Morbi fringilla vitae orci convallis condimentum auctor sit dui. Urna pretium elit mauris cursus Curabitur at elit Vestibulum.</p>','<p>Mi vitae magnis Fusce laoreet nibh felis porttitor laoreet Vestibulum faucibus. At Nulla id tincidunt ut sed semper vel Lorem condimentum ornare.</p>','Joomla'),(6,1,'','','Urna pretium elit mauris cursus Curabitur at elit Vestibulum','urna-pretium-elit-mauris-cursus-curabitur-at-elit-vestibulum','<p>Mi vitae magnis Fusce laoreet nibh felis porttitor laoreet Vestibulum faucibus. At Nulla id tincidunt ut sed semper vel Lorem condimentum ornare. Laoreet Vestibulum lacinia massa a commodo habitasse velit Vestibulum tincidunt In. Turpis at eleifend ps mi elit Aenean porta ac sed faucibus. Nunc urna Morbi fringilla vitae orci convallis condimentum auctor sit dui. Urna pretium elit mauris cursus Curabitur at elit Vestibulum. Mi vitae magnis Fusce laoreet nibh felis porttitor laoreet Vestibulum faucibus. At Nulla id tincidunt ut sed semper vel Lorem condimentum ornare. Laoreet Vestibulum lacinia massa a commodo habitasse velit Vestibulum tincidunt In. Turpis at eleifend ps mi elit Aenean porta ac sed faucibus. Nunc urna Morbi fringilla vitae orci convallis condimentum auctor sit dui. Urna pretium elit mauris cursus Curabitur at elit Vestibulum.</p>','<p>Mi vitae magnis Fusce laoreet nibh felis porttitor laoreet Vestibulum faucibus. At Nulla id tincidunt ut sed semper vel Lorem condimentum ornare.</p>','pstheme,prestashop,theme'),(7,1,'','','Morbi condimentum molestie Nam enim odio sodales','morbi-condimentum-molestie-nam-enim-odio-sodales','<p>Odio ut pretium ligula quam Vestibulum consequat convallis fringilla Vestibulum nulla. Accumsan morbi tristique auctor. At risus pretium urna tortor metus fringilla interdum mauris tempor congue.</p><p>Commodo laoreet semper tincidunt lorem Vestibulum nunc at In Curabitur magna. Euismod euismod Suspendisse tortor ante adipiscing risus Aenean Lorem vitae id. Odio ut pretium ligula quam Vestibulum consequat convallis fringilla Vestibulum nulla. Accumsan morbi tristique auctor Aenean nulla lacinia Nullam elit vel vel. At risus pretium urna tortor metus fringilla interdum mauris tempor congue.</p><p>Donec tellus Nulla lorem Nullam elit id ut elit feugiat lacus. Congue eget dapibus congue tincidunt senectus nibh risus Phasellus tristique justo. Justo Pellentesque Donec lobortis faucibus Vestibulum Praesent mauris volutpat vitae metus. Ipsum cursus vestibulum at interdum Vivamus nunc fringilla Curabitur ac quis. Nam lacinia wisi tortor orci quis vitae.</p><p>Sed mauris Pellentesque elit Aliquam at lacus interdum nascetur elit ipsum. Enim ipsum hendrerit Suspendisse turpis laoreet fames tempus ligula pede ac. Et Lorem penatibus orci eu ultrices egestas Nam quam Vivamus nibh. Morbi condimentum molestie Nam enim odio sodales pretium eros sem pellentesque. Sit tellus Integer elit egestas lacus turpis id auctor nascetur ut. Ac elit vitae.</p><p>Mi vitae magnis Fusce laoreet nibh felis porttitor laoreet Vestibulum faucibus. At Nulla id tincidunt ut sed semper vel Lorem condimentum ornare. Laoreet Vestibulum lacinia massa a commodo habitasse velit Vestibulum tincidunt In. Turpis at eleifend ps mi elit Aenean porta ac sed faucibus. Nunc urna Morbi fringilla vitae orci convallis condimentum auctor sit dui. Urna pretium elit mauris cursus Curabitur at elit Vestibulum.</p>','<p>Sed mauris Pellentesque elit Aliquam at lacus interdum nascetur elit ipsum. Enim ipsum hendrerit Suspendisse turpis laoreet fames tempus ligula pede ac. Et Lorem penatibus orci eu ultrices egestas Nam quam Vivamus nibh.</p>','pstheme,prestashop,magento,opencart'),(8,1,'','','Turpis at eleifend ps mi elit Aenean porta ac sed faucibus','turpis-at-eleifend-ps-mi-elit-aenean-porta-ac-sed-faucibus','<p>Odio ut pretium ligula quam Vestibulum consequat convallis fringilla Vestibulum nulla. Accumsan morbi tristique auctor. At risus pretium urna tortor metus fringilla interdum mauris tempor congue.</p><p>Commodo laoreet semper tincidunt lorem Vestibulum nunc at In Curabitur magna. Euismod euismod Suspendisse tortor ante adipiscing risus Aenean Lorem vitae id. Odio ut pretium ligula quam Vestibulum consequat convallis fringilla Vestibulum nulla. Accumsan morbi tristique auctor Aenean nulla lacinia Nullam elit vel vel. At risus pretium urna tortor metus fringilla interdum mauris tempor congue.</p>\r\n<p>Donec tellus Nulla lorem Nullam elit id ut elit feugiat lacus. Congue eget dapibus congue tincidunt senectus nibh risus Phasellus tristique justo. Justo Pellentesque Donec lobortis faucibus Vestibulum Praesent mauris volutpat vitae metus. Ipsum cursus vestibulum at interdum Vivamus nunc fringilla Curabitur ac quis. Nam lacinia wisi tortor orci quis vitae.</p>\r\n<p>Sed mauris Pellentesque elit Aliquam at lacus interdum nascetur elit ipsum. Enim ipsum hendrerit Suspendisse turpis laoreet fames tempus ligula pede ac. Et Lorem penatibus orci eu ultrices egestas Nam quam Vivamus nibh. Morbi condimentum molestie Nam enim odio sodales pretium eros sem pellentesque. Sit tellus Integer elit egestas lacus turpis id auctor nascetur ut. Ac elit vitae.</p>\r\n<p>Mi vitae magnis Fusce laoreet nibh felis porttitor laoreet Vestibulum faucibus. At Nulla id tincidunt ut sed semper vel Lorem condimentum ornare. Laoreet Vestibulum lacinia massa a commodo habitasse velit Vestibulum tincidunt In. Turpis at eleifend ps mi elit Aenean porta ac sed faucibus. Nunc urna Morbi fringilla vitae orci convallis condimentum auctor sit dui. Urna pretium elit mauris cursus Curabitur at elit Vestibulum.</p>','<p>Turpis at eleifend ps mi elit Aenean porta ac sed faucibus. Nunc urna Morbi fringilla vitae orci convallis condimentum auctor sit dui. Urna pretium elit mauris cursus Curabitur at elit Vestibulum</p>','magento,opencart,template'),(9,1,'','','Nullam ullamcorper nisl quis ornare molestie','nullam-ullamcorper-nisl-quis-ornare-molestie','<p>Sed ut perspiciatis unde omnis iste natus error sit voluptatem accusantium doloremque laudantium, totam rem aperiam, eaque ipsa quae ab illo inventore veritatis et quas.</p><p>Suspendisse posuere, diam in bibendum lobortis, turpis ipsum aliquam risus, sit amet dictum ligula lorem non nisl. Ut vitae nibh id massa vulputate euismod ut quis justo. Ut bibendum sem at massa lacinia, eget elementum ante consectetur. Nulla id pharetra dui, at rhoncus urna. Maecenas non porttitor purus. Nullam ullamcorper nisl quis ornare molestie.</p>\r\n<p>Etiam eget erat est. Phasellus elit justo, mattis non lorem non, aliquam aliquam ps. Sed fermentum consectetur magna, eget semper ante. Aliquam scelerisque justo velit. Fusce cursus blandit dolor, in sodales urna vulputate lobortis. Nulla ut tellus turpis. Nullam lacus sem, volutpat id odio sed, cursus tristique eros. Duis at pellentesque magna. Donec magna nisi, vulputate ac nulla eu, ultricies tincidunt tellus. Nunc tincidunt sem urna, nec venenatis libero vehicula ut.</p>\r\n<p>Vestibulum ante ipsum primis in faucibus orci luctus et ultrices posuere cubilia Curae; Curabitur faucibus aliquam pulvinar. Vivamus mattis volutpat erat, et congue nisi semper quis. Cras vehicula dignissim libero in elementum. Mauris sit amet dolor justo. Morbi consequat velit vel est fermentum euismod. Curabitur in magna augue.</p>','<p>Suspendisse posuere, diam in bibendum lobortis, turpis ipsum aliquam risus, sit amet dictum ligula lorem non nisl Urna pretium elit mauris cursus Curabitur at elit Vestibulum</p>','opencart,theme');

--
-- Table structure for table `ps_psblog_blog_shop`
--

CREATE TABLE `ps_psblog_blog_shop` (
  `id_psblog_blog` int(11) NOT NULL DEFAULT '0',
  `id_shop` int(11) NOT NULL DEFAULT '0',
  PRIMARY KEY (`id_psblog_blog`,`id_shop`)
) ENGINE=InnoDB DEFAULT CHARSET=utf8;

--
-- Dumping data for table `ps_psblog_blog_shop`
--

INSERT INTO `ps_psblog_blog_shop` VALUES (3,1),(4,1),(5,1),(6,1),(7,1),(8,1),(9,1);

--
-- Table structure for table `ps_psblog_comment`
--

CREATE TABLE `ps_psblog_comment` (
  `id_comment` int(11) unsigned NOT NULL AUTO_INCREMENT,
  `id_shop` int(11) NOT NULL DEFAULT '0',
  `id_psblog_blog` int(11) unsigned NOT NULL,
  `comment` text NOT NULL,
  `active` tinyint(1) NOT NULL DEFAULT '0',
  `date_add` datetime DEFAULT NULL,
  `user` varchar(255) NOT NULL,
  `email` varchar(255) NOT NULL,
  PRIMARY KEY (`id_comment`,`id_shop`),
  KEY `FK_blog_comment` (`id_psblog_blog`)
) ENGINE=InnoDB AUTO_INCREMENT=5 DEFAULT CHARSET=utf8;

--
-- Dumping data for table `ps_psblog_comment`
--

INSERT INTO `ps_psblog_comment` VALUES (3,1,3,' At Nulla id tincidunt ut sed semper vel Lorem condimentum ornare. Laoreet Vestibulum lacinia massa a commodo habitasse velit Vestibulum tincidunt In',1,'2017-12-11 22:18:13','ha cong tien','admin@email.com'),(4,1,3,' At Nulla id tincidunt ut sed semper vel Lorem condimentum ornare. Laoreet Vestibulum lacinia massa a commodo habitasse velit Vestibulum tincidunt In',1,'2017-12-11 22:18:33','ha cong tien','admin@email.com');

--
-- Table structure for table `ps_psblogcat`
--

CREATE TABLE `ps_psblogcat` (
  `id_psblogcat` int(11) NOT NULL AUTO_INCREMENT,
  `image` varchar(255) NOT NULL,
  `id_parent` int(11) NOT NULL,
  `item` varchar(255) DEFAULT NULL,
  `level_depth` smallint(6) NOT NULL,
  `active` tinyint(1) NOT NULL,
  `show_title` tinyint(1) NOT NULL,
  `position` int(11) NOT NULL,
  `submenu_content` text NOT NULL,
  `privacy` smallint(6) DEFAULT NULL,
  `position_type` varchar(25) DEFAULT NULL,
  `menu_class` varchar(25) DEFAULT NULL,
  `content` text,
  `icon_class` varchar(255) DEFAULT NULL,
  `level` int(11) NOT NULL,
  `left` int(11) NOT NULL,
  `right` int(11) NOT NULL,
  `date_add` datetime DEFAULT NULL,
  `date_upd` datetime DEFAULT NULL,
  `template` varchar(200) NOT NULL,
  PRIMARY KEY (`id_psblogcat`)
) ENGINE=InnoDB AUTO_INCREMENT=6 DEFAULT CHARSET=utf8;

--
-- Dumping data for table `ps_psblogcat`
--

INSERT INTO `ps_psblogcat` VALUES (1,'',0,NULL,0,0,0,0,'',NULL,NULL,NULL,NULL,NULL,0,0,0,NULL,NULL,''),(3,'category-3.jpg',1,'',1,1,0,0,'',0,'','','','',0,0,0,'2017-11-27 01:06:52','2017-12-18 03:07:22','default'),(4,'category-2.jpg',3,'',2,1,0,0,'',0,'','','','',0,0,0,'2017-11-27 01:07:34','2017-12-18 03:07:50','default'),(5,'category-1.jpg',3,NULL,2,1,0,1,'',0,NULL,'',NULL,'',0,0,0,'2017-12-16 08:44:07','2017-12-18 03:05:46','default');

--
-- Table structure for table `ps_psblogcat_lang`
--

CREATE TABLE `ps_psblogcat_lang` (
  `id_psblogcat` int(11) NOT NULL,
  `id_lang` int(11) NOT NULL,
  `title` varchar(255) DEFAULT NULL,
  `content_text` text,
  `description` varchar(200) NOT NULL,
  `meta_keywords` varchar(255) NOT NULL,
  `meta_description` varchar(255) NOT NULL,
  `link_rewrite` varchar(250) NOT NULL,
  PRIMARY KEY (`id_psblogcat`,`id_lang`)
) ENGINE=InnoDB DEFAULT CHARSET=utf8;

--
-- Dumping data for table `ps_psblogcat_lang`
--

INSERT INTO `ps_psblogcat_lang` VALUES (1,1,'Root',NULL,'','','',''),(3,1,'Category 1','<p>Odio ut pretium ligula quam Vestibulum consequat convallis fringilla Vestibulum nulla. Accumsan morbi tristique auctor. At risus pretium urna tortor metus fringilla interdum mauris tempor congue</p>','','','\r\n','category-1'),(4,1,'Sub Category 1','<p>Odio ut pretium ligula quam Vestibulum consequat convallis fringilla Vestibulum nulla. Accumsan morbi tristique auctor. At risus pretium urna tortor metus fringilla interdum mauris tempor congue</p>','','joomla,prestashop,pstheme,pavothemes','','sub-category-1'),(5,1,'Sub Category 2','<p>Odio ut pretium ligula quam Vestibulum consequat convallis fringilla Vestibulum nulla. Accumsan morbi tristique auctor. At risus pretium urna tortor metus fringilla interdum mauris tempor congue</p>','','haha,joomla,magento','gogogoel','sub-category-2');

--
-- Table structure for table `ps_psblogcat_shop`
--

CREATE TABLE `ps_psblogcat_shop` (
  `id_psblogcat` int(11) NOT NULL DEFAULT '0',
  `id_shop` int(11) NOT NULL DEFAULT '0',
  PRIMARY KEY (`id_psblogcat`,`id_shop`)
) ENGINE=InnoDB DEFAULT CHARSET=utf8;

--
-- Dumping data for table `ps_psblogcat_shop`
--

INSERT INTO `ps_psblogcat_shop` VALUES (1,1),(3,1),(4,1),(5,1);

--
-- Table structure for table `ps_pscheckout_cart`
--

CREATE TABLE `ps_pscheckout_cart` (
  `id_pscheckout_cart` int(10) unsigned NOT NULL AUTO_INCREMENT,
  `id_cart` int(10) unsigned NOT NULL,
  `paypal_intent` varchar(20) DEFAULT 'CAPTURE',
  `paypal_order` varchar(20) DEFAULT NULL,
  `paypal_status` varchar(20) DEFAULT NULL,
  `paypal_funding` varchar(20) DEFAULT NULL,
  `paypal_token` text,
  `paypal_token_expire` datetime DEFAULT NULL,
  `paypal_authorization_expire` datetime DEFAULT NULL,
  `isExpressCheckout` tinyint(1) unsigned NOT NULL DEFAULT '0',
  `isHostedFields` tinyint(1) unsigned NOT NULL DEFAULT '0',
  `date_add` datetime NOT NULL,
  `date_upd` datetime NOT NULL,
  PRIMARY KEY (`id_pscheckout_cart`)
) ENGINE=InnoDB AUTO_INCREMENT=14 DEFAULT CHARSET=utf8;

--
-- Dumping data for table `ps_pscheckout_cart`
--

INSERT INTO `ps_pscheckout_cart` VALUES (1,223,'CAPTURE','7334439775778483V','CREATED','paypal','eyJicmFpbnRyZWUiOnsiYXV0aG9yaXphdGlvbkZpbmdlcnByaW50IjoiYjUwYWNmN2EwNzg2MDU3MjY3MzVmOTMwOTA1ZWExZTA4NDcyZmM4ZDI1OTliNzk5ZWNmMjI4NzNlODdiZTFkY3xtZXJjaGFudF9pZD1yd3dua3FnMnhnNTZobTJuJnB1YmxpY19rZXk9ajJmYzJqcHhkZzZ2cDg0ZiZjcmVhdGVkX2F0PTIwMjAtMTItMjVUMjE6MDU6MjEuOTA4WiIsInZlcnNpb24iOiIzLXBheXBhbCJ9LCJwYXlwYWwiOnsiYWNjZXNzVG9rZW4iOiJBMjFBQU95LWV5aXRfZjBuMzl1QmE2MkcybGphZnhBUDYwdk5uaUJKUzgwWG5ZQXBGeEZqNVZYVU5yZi1ubDBqSmw1OGZQaWNOeHEyZWplelJZZXhVM1dNaVNzNXZVWlVnIn19','2020-12-25 23:04:33',NULL,1,0,'2020-12-25 22:05:23','2020-12-25 22:05:23'),(2,1846,NULL,'',NULL,NULL,'eyJicmFpbnRyZWUiOnsiYXV0aG9yaXphdGlvbkZpbmdlcnByaW50IjoiNDFlODMyZDdkNDY3MTJjY2UzNWFjYmFjMjY5YjJlOGI5NzM4NzZmZmIzMjgxNDEwMDkyNmU5MGVmMzM0YjZhM3xtZXJjaGFudF9pZD1yd3dua3FnMnhnNTZobTJuJnB1YmxpY19rZXk9ajJmYzJqcHhkZzZ2cDg0ZiZjcmVhdGVkX2F0PTIwMjEtMDctMTlUMTY6MjY6MzguOTczWiIsInZlcnNpb24iOiIzLXBheXBhbCJ9LCJwYXlwYWwiOnsiaWRUb2tlbiI6bnVsbCwiYWNjZXNzVG9rZW4iOiJBMjFBQU9ldm8td21HUmxQX3luX1hRa2xOZE9tNlFEdUtpemk4cUwxLWtBSXNGa2p1d0tuN0NSR2dBZkxfTzg1ejF5WHFDMjJLaDRvTkhQR0dzeEJaeW1IVkZVZTFYVmlnIn19','2021-07-19 19:25:49',NULL,0,0,'2021-07-19 18:26:39','2021-07-19 18:26:39'),(3,1889,'CAPTURE','3LF52194J1707160U','CREATED','card','eyJicmFpbnRyZWUiOnsiYXV0aG9yaXphdGlvbkZpbmdlcnByaW50IjoiMGRhYjU1NWVmMzJiZWE5MjEzMWE2YTA5ZjMxZDc5YWRlNjJjYmMzYWQ5ZWUwNTZmNWU1ZGQ3MDM4YzViNzMzN3xtZXJjaGFudF9pZD1yd3dua3FnMnhnNTZobTJuJnB1YmxpY19rZXk9ajJmYzJqcHhkZzZ2cDg0ZiZjcmVhdGVkX2F0PTIwMjEtMDctMjNUMDc6MzE6NDcuMzcwWiIsInZlcnNpb24iOiIzLXBheXBhbCJ9LCJwYXlwYWwiOnsiaWRUb2tlbiI6bnVsbCwiYWNjZXNzVG9rZW4iOiJBMjFBQVB3dnZDUnZaeXFIQjhQZFVyOWVIemR0dFo5VkVEaDZGSFpPUnZZVE9INkRhazBZT2pBSW0tWGJ2VVI5NHBhcXJuY2kxTFEyMHhOX19FcEFWVVlRaDFRNVhQSlR3In19','2021-07-23 10:30:57',NULL,0,0,'2021-07-23 09:31:47','2021-07-23 09:31:47'),(4,2478,'CAPTURE','5LA52679L3035673S','COMPLETED','card','eyJicmFpbnRyZWUiOnsiYXV0aG9yaXphdGlvbkZpbmdlcnByaW50IjoiZDUwODdlYmE1ZWQ4Y2Q1NzRjYmFlZWUyMjM3YTQ3ZDYxN2UzYzA1YWY2Y2IxYjFmN2RjY2U3NWViYzNjZjlmOXxtZXJjaGFudF9pZD1yd3dua3FnMnhnNTZobTJuJnB1YmxpY19rZXk9ajJmYzJqcHhkZzZ2cDg0ZiZjcmVhdGVkX2F0PTIwMjEtMDktMDZUMTU6MzU6MDMuNTMzWiIsInZlcnNpb24iOiIzLXBheXBhbCJ9LCJwYXlwYWwiOnsiaWRUb2tlbiI6bnVsbCwiYWNjZXNzVG9rZW4iOiJBMjFBQU85a3IxNnVxZVN5bkJYR3hpS0JSRG41cE1IZDlPalFjY2s5VVNPS0poU1YwOWZWb3lGQTFuWnoxWmJLWjA1ejh5eFdQMVRoME9kNHRYb280MkRXWDA3d0I3bVdBIn19','2021-09-06 18:34:14',NULL,0,0,'2021-09-06 17:35:04','2021-09-06 17:38:25'),(5,9131,'CAPTURE','9PG94188BV585704J','COMPLETED','paypal','eyJicmFpbnRyZWUiOnsiYXV0aG9yaXphdGlvbkZpbmdlcnByaW50IjoiNzliOGQxYWM0ZTY4ODlhMDg0NzYwZDBmZGUzYzhkMjU0M2ZhNmZiOTgwMDk2MGUyNDIwM2MzZDhhMTM5YTU1ZXxtZXJjaGFudF9pZD1yd3dua3FnMnhnNTZobTJuJnB1YmxpY19rZXk9ajJmYzJqcHhkZzZ2cDg0ZiZjcmVhdGVkX2F0PTIwMjItMDktMTFUMjA6NTI6MDEuOTMyWiIsInZlcnNpb24iOiIzLXBheXBhbCJ9LCJwYXlwYWwiOnsiaWRUb2tlbiI6bnVsbCwiYWNjZXNzVG9rZW4iOiJBMjFBQU5zTGdlVW9ON1ZzUHBpVV8tbU52N0ZTRFRvbzJ6R25Md2xHT1U2dTNDVWJVYU9vMlZjeUF6emtfNmd4MG90VmtRUzJLMEdCTEg0cVpha240WVV3NXlVSE9PbVFRIn19','2022-09-11 23:51:12',NULL,0,0,'2022-09-11 22:52:02','2022-09-11 22:56:59'),(6,11199,'CAPTURE','7J644200N95058928','COMPLETED','paypal','eyJicmFpbnRyZWUiOnsiYXV0aG9yaXphdGlvbkZpbmdlcnByaW50IjoiMDg0ZjYwNDZjZGNmOThkODJkMjg1MjFiN2I0ZGI3NmE2YjNkNDZmNzQ3ZDMxYWQ0OTE5NzAxMjg2OWQ5M2Y5NnxtZXJjaGFudF9pZD1yd3dua3FnMnhnNTZobTJuJnB1YmxpY19rZXk9ajJmYzJqcHhkZzZ2cDg0ZiZjcmVhdGVkX2F0PTIwMjItMTItMTNUMTc6MDE6MjYuOTI0WiIsInZlcnNpb24iOiIzLXBheXBhbCJ9LCJwYXlwYWwiOnsiaWRUb2tlbiI6bnVsbCwiYWNjZXNzVG9rZW4iOiJBMjFBQU9SV3E1YnVnUDQ4RWRuYXJXWWtHRnF6c0sxR0Y0LTR6S3lqWENIcDAwMC1TSU90YkhkbXdRUHRCUTdOSDBkV0tUWDM3eGZ4Ykg0ZllxWlkxbnJfcWNDd1pfRXFRIn19','2022-12-13 19:00:38',NULL,0,0,'2022-12-13 18:01:28','2022-12-13 18:04:15'),(8,12990,'CAPTURE','1T595034XF9243343','CREATED','card','eyJicmFpbnRyZWUiOnsiYXV0aG9yaXphdGlvbkZpbmdlcnByaW50IjoiY2M3YTk5MjdhOTc3N2FhZmRkMDIyMWU3NWI4MGJhYzMyYTVmMmE4NDU0NDI5NTg5YzhjOTQyY2EzYmQyOGNlNnxtZXJjaGFudF9pZD1yd3dua3FnMnhnNTZobTJuJnB1YmxpY19rZXk9ajJmYzJqcHhkZzZ2cDg0ZiZjcmVhdGVkX2F0PTIwMjMtMDItMjNUMjE6MDU6MjYuNTg4WiIsInZlcnNpb24iOiIzLXBheXBhbCJ9LCJwYXlwYWwiOnsiaWRUb2tlbiI6bnVsbCwiYWNjZXNzVG9rZW4iOiJBMjFBQU9Ja0Q0dGsxc1N1TWhwRzlSWms2OVhBV0lpT01PQXVrVDZzUXA5RFdnNWEwYmpwdUxvM0pXOGQtVFhUaG1CQkF1MXJqd0YzQkFfaVVOcXlmd210RE9UVzFkcFB3In19','2023-02-23 23:04:36',NULL,0,0,'2023-02-23 22:05:26','2023-02-23 22:05:26'),(10,13016,'CAPTURE','259010531J030545P','CREATED','card','eyJicmFpbnRyZWUiOnsiYXV0aG9yaXphdGlvbkZpbmdlcnByaW50IjoiMDA3YWU4MmI2OTQ1ZGQ5N2M3NjZmNzNmMDM2ODU3MDc3ZDcyNzkzNmZhMmJmOTcxNWZhNjFjMTc0YzlkOTZkY3xtZXJjaGFudF9pZD1yd3dua3FnMnhnNTZobTJuJnB1YmxpY19rZXk9ajJmYzJqcHhkZzZ2cDg0ZiZjcmVhdGVkX2F0PTIwMjMtMDItMjRUMTc6NTM6MTAuMjU1WiIsInZlcnNpb24iOiIzLXBheXBhbCJ9LCJwYXlwYWwiOnsiaWRUb2tlbiI6bnVsbCwiYWNjZXNzVG9rZW4iOiJBMjFBQVBMTExWUnFibG04UjN0LUUyUXNPaGM5WGo5dEFzXzZXZ0dDUkVIZnFqcnpPNDdBbDhpWEJ2UG5LOUMxS3Q5YVhKbnpNLVpydjZiVTJUV0piVWZuYktsYUpfelZRIn19','2023-02-24 19:52:20',NULL,0,0,'2023-02-24 18:53:10','2023-02-24 18:53:10'),(11,14425,'CAPTURE','6YN801814Y179115H','CREATED','card','eyJicmFpbnRyZWUiOnsiYXV0aG9yaXphdGlvbkZpbmdlcnByaW50IjoiZDhmZDM2MDY5ZmJiZjNjZDdiZmQyNjBmZmFiMWRkOTlhMWU1YmJmM2IwYmFmZTk1YWFjZDE3MDQ2MzEzNjhiYXxtZXJjaGFudF9pZD1yd3dua3FnMnhnNTZobTJuJnB1YmxpY19rZXk9ajJmYzJqcHhkZzZ2cDg0ZiZjcmVhdGVkX2F0PTIwMjMtMDYtMjdUMTQ6MDQ6MDkuNzE0WiIsInZlcnNpb24iOiIzLXBheXBhbCJ9LCJwYXlwYWwiOnsiaWRUb2tlbiI6bnVsbCwiYWNjZXNzVG9rZW4iOiJBMjFBQU9rZDRzRWtzOGJqc1FWN0ZnQmQyVTVBZ2VWM1F2cGN0QUZXVGYxRVMzM3h0MW8tOHExQ3VNa28teHFwNFhvWnp2WUxCc1Z3VmtUYS1YVWVCTW9wLXI4UjBheFBBIn19','2023-06-27 17:03:20',NULL,0,0,'2023-06-27 12:34:16','2023-06-27 16:04:10'),(12,14488,NULL,'',NULL,NULL,'eyJicmFpbnRyZWUiOnsiYXV0aG9yaXphdGlvbkZpbmdlcnByaW50IjoiNWNlMjZjM2EzNjViNTZmNTY4NWU1NDA5OWJhM2Q3NjNmNTk4YmUxNjY5YjFhMjgxZTdhNzc1MTEwNjI1NDEyNHxtZXJjaGFudF9pZD1yd3dua3FnMnhnNTZobTJuJnB1YmxpY19rZXk9ajJmYzJqcHhkZzZ2cDg0ZiZjcmVhdGVkX2F0PTIwMjMtMDYtMzBUMDk6NDk6NTIuNDQyWiIsInZlcnNpb24iOiIzLXBheXBhbCJ9LCJwYXlwYWwiOnsiaWRUb2tlbiI6bnVsbCwiYWNjZXNzVG9rZW4iOiJBMjFBQU1FeVFTVXJZV1poaFR4b0NhSDlUU25uMlg5ZlBqNEtraWU5OWFoU080X1ptdkd4X0MyN2wzd1lGck4zRjgwNW5CbHFJRGh6a3k3V1RyLTUyeW5GMnc4OEpFM3ZRIn19','2023-06-30 12:49:02',NULL,0,0,'2023-06-30 11:49:52','2023-06-30 11:49:52'),(13,14493,NULL,'',NULL,NULL,'eyJicmFpbnRyZWUiOnsiYXV0aG9yaXphdGlvbkZpbmdlcnByaW50IjoiYmU1OGI2N2QwMmU5NjA1MjdhNWI4YzFiZDllODhiMjZkYjM2MmM0ODE4ZGY4OWY1ZTkxYjBhZWMwYTBkNzQ1OHxtZXJjaGFudF9pZD1yd3dua3FnMnhnNTZobTJuJnB1YmxpY19rZXk9ajJmYzJqcHhkZzZ2cDg0ZiZjcmVhdGVkX2F0PTIwMjMtMDYtMzBUMTQ6MTA6NTUuMDU0WiIsInZlcnNpb24iOiIzLXBheXBhbCJ9LCJwYXlwYWwiOnsiaWRUb2tlbiI6bnVsbCwiYWNjZXNzVG9rZW4iOiJBMjFBQU9Ra3ZiR2hZQkFNdmJlcmlFZXNOY1F6Qm1rdlNuX3RmUlVCejMzSUJ4ZEhvYlR1Y192TWZWMmFPTkNMWTk3WTJYRm15cUxXak1XR09qQkd2UGhyWWRhRlI0U2xnIn19','2023-06-30 17:10:05',NULL,0,0,'2023-06-30 16:10:55','2023-06-30 16:10:55');

--
-- Table structure for table `ps_pscheckout_funding_source`
--

CREATE TABLE `ps_pscheckout_funding_source` (
  `name` varchar(20) NOT NULL,
  `active` tinyint(1) unsigned NOT NULL DEFAULT '0',
  `position` tinyint(2) unsigned NOT NULL,
  `id_shop` int(10) unsigned NOT NULL,
  PRIMARY KEY (`name`,`id_shop`),
  KEY `id_shop` (`id_shop`)
) ENGINE=InnoDB DEFAULT CHARSET=utf8;

--
-- Dumping data for table `ps_pscheckout_funding_source`
--

INSERT INTO `ps_pscheckout_funding_source` VALUES ('bancontact',0,3,1),('card',1,2,1),('eps',0,4,1),('giropay',0,5,1),('ideal',0,6,1),('mybank',0,7,1),('p24',0,8,1),('sofort',0,9,1);

--
-- Table structure for table `ps_pscheckout_order_matrice`
--

CREATE TABLE `ps_pscheckout_order_matrice` (
  `id_order_matrice` int(10) unsigned NOT NULL AUTO_INCREMENT,
  `id_order_prestashop` int(10) unsigned NOT NULL,
  `id_order_paypal` varchar(20) NOT NULL,
  PRIMARY KEY (`id_order_matrice`)
) ENGINE=InnoDB AUTO_INCREMENT=4 DEFAULT CHARSET=utf8;

--
-- Dumping data for table `ps_pscheckout_order_matrice`
--

INSERT INTO `ps_pscheckout_order_matrice` VALUES (1,3,'5LA52679L3035673S'),(2,4,'9PG94188BV585704J'),(3,5,'7J644200N95058928');

--
-- Table structure for table `ps_psgdpr_log`
--

CREATE TABLE `ps_psgdpr_log` (
  `id_gdpr_log` int(10) unsigned NOT NULL AUTO_INCREMENT,
  `id_customer` int(10) unsigned DEFAULT NULL,
  `id_guest` int(10) unsigned DEFAULT NULL,
  `client_name` varchar(250) DEFAULT NULL,
  `id_module` int(10) unsigned NOT NULL,
  `request_type` int(10) NOT NULL,
  `date_add` datetime NOT NULL,
  `date_upd` datetime NOT NULL,
  PRIMARY KEY (`id_gdpr_log`)
) ENGINE=InnoDB DEFAULT CHARSET=utf8;

--
-- Dumping data for table `ps_psgdpr_log`
--


--
-- Table structure for table `ps_psreassurance`
--

CREATE TABLE `ps_psreassurance` (
  `id_psreassurance` int(10) unsigned NOT NULL AUTO_INCREMENT,
  `icon` varchar(255) DEFAULT NULL,
  `custom_icon` varchar(255) DEFAULT NULL,
  `status` int(10) unsigned NOT NULL,
  `position` int(10) unsigned NOT NULL,
  `id_shop` int(10) unsigned NOT NULL,
  `type_link` int(10) unsigned DEFAULT NULL,
  `id_cms` int(10) unsigned DEFAULT NULL,
  `date_add` datetime NOT NULL,
  `date_upd` datetime DEFAULT NULL,
  PRIMARY KEY (`id_psreassurance`)
) ENGINE=InnoDB AUTO_INCREMENT=5 DEFAULT CHARSET=utf8;

--
-- Dumping data for table `ps_psreassurance`
--

INSERT INTO `ps_psreassurance` VALUES (1,'/modules/blockreassurance/img/ic_verified_user_black_36dp_1x.png',NULL,1,1,1,NULL,NULL,'2019-10-14 22:34:43',NULL),(2,'/modules/blockreassurance/img/ic_local_shipping_black_36dp_1x.png',NULL,1,2,1,NULL,NULL,'2019-10-14 22:34:43',NULL),(3,'/modules/blockreassurance/img/reassurance-3-1.jpg',NULL,1,3,1,NULL,NULL,'2019-10-14 22:34:43',NULL),(4,'/modules/blockreassurance/img/reassurance-4-1.jpg',NULL,1,4,1,NULL,NULL,'2019-10-14 22:34:43',NULL);

--
-- Table structure for table `ps_psreassurance_lang`
--

CREATE TABLE `ps_psreassurance_lang` (
  `id_psreassurance` int(10) unsigned NOT NULL,
  `id_lang` int(10) unsigned NOT NULL,
  `id_shop` int(10) unsigned NOT NULL,
  `title` varchar(255) NOT NULL,
  `description` varchar(255) NOT NULL,
  `link` varchar(255) NOT NULL,
  PRIMARY KEY (`id_psreassurance`,`id_shop`,`id_lang`)
) ENGINE=InnoDB DEFAULT CHARSET=utf8;

--
-- Dumping data for table `ps_psreassurance_lang`
--

INSERT INTO `ps_psreassurance_lang` VALUES (1,1,1,'PAIEMENT SECURISE. Paiement en ligne 100% sécurisé.','',''),(2,1,1,'LIVRAISON OFFERTE. Nos œuvres sont livrables gratuitement en Europe. Livraison dans la pièce de votre choix pour les grands formats.','',''),(3,1,1,'EXPERTISE & CONSEILS, Nos experts étudient tous vos projets, particulier ou entreprise.','','');

--
-- Table structure for table `ps_quick_access`
--

CREATE TABLE `ps_quick_access` (
  `id_quick_access` int(10) unsigned NOT NULL AUTO_INCREMENT,
  `new_window` tinyint(1) NOT NULL DEFAULT '0',
  `link` varchar(255) NOT NULL,
  PRIMARY KEY (`id_quick_access`)
) ENGINE=InnoDB AUTO_INCREMENT=10 DEFAULT CHARSET=utf8;

--
-- Dumping data for table `ps_quick_access`
--

INSERT INTO `ps_quick_access` VALUES (1,0,'index.php?controller=AdminOrders'),(2,0,'index.php?controller=AdminCartRules&addcart_rule'),(3,0,'index.php/sell/catalog/products/new'),(4,0,'index.php?controller=AdminCategories&addcategory'),(5,0,'index.php/improve/modules/manage'),(6,0,'index.php?controller=AdminStats&module=statscheckup'),(8,0,'index.php/configure/advanced/performance/?-Ac2-FjVVBKkbRm7xaMWCThzW1e8oNN3OCBQoZUI'),(9,0,'index.php?controller=AdminModules&configure=revsliderprestashop&tab_module=front_office_features&module_name=revsliderprestashop');

--
-- Table structure for table `ps_quick_access_lang`
--

CREATE TABLE `ps_quick_access_lang` (
  `id_quick_access` int(10) unsigned NOT NULL,
  `id_lang` int(10) unsigned NOT NULL,
  `name` varchar(32) NOT NULL,
  PRIMARY KEY (`id_quick_access`,`id_lang`)
) ENGINE=InnoDB DEFAULT CHARSET=utf8;

--
-- Dumping data for table `ps_quick_access_lang`
--

INSERT INTO `ps_quick_access_lang` VALUES (1,1,'Commandes'),(2,1,'Nouveau bon de réduction'),(3,1,'Nouveau produit'),(4,1,'Nouvelle catégorie'),(5,1,'Modules installés'),(6,1,'Évaluation du catalogue'),(8,1,'Performances - Liste'),(9,1,'Revolution Slider');

--
-- Table structure for table `ps_quotation_product`
--

CREATE TABLE `ps_quotation_product` (
  `id_ns_quotation` int(10) unsigned NOT NULL,
  `id_product` int(10) unsigned NOT NULL,
  `id_shop` int(10) unsigned NOT NULL DEFAULT '1',
  `product_qty` int(10) unsigned NOT NULL DEFAULT '0',
  `date_add` datetime NOT NULL,
  KEY `quotation_product_index` (`id_ns_quotation`,`id_product`),
  KEY `id_product` (`id_product`)
) ENGINE=InnoDB DEFAULT CHARSET=utf8;

--
-- Dumping data for table `ps_quotation_product`
--


--
-- Table structure for table `ps_range_price`
--

CREATE TABLE `ps_range_price` (
  `id_range_price` int(10) unsigned NOT NULL AUTO_INCREMENT,
  `id_carrier` int(10) unsigned NOT NULL,
  `delimiter1` decimal(20,6) NOT NULL,
  `delimiter2` decimal(20,6) NOT NULL,
  PRIMARY KEY (`id_range_price`),
  UNIQUE KEY `id_carrier` (`id_carrier`,`delimiter1`,`delimiter2`)
) ENGINE=InnoDB AUTO_INCREMENT=2 DEFAULT CHARSET=utf8;

--
-- Dumping data for table `ps_range_price`
--

INSERT INTO `ps_range_price` VALUES (1,2,0.000000,10000.000000);

--
-- Table structure for table `ps_range_weight`
--

CREATE TABLE `ps_range_weight` (
  `id_range_weight` int(10) unsigned NOT NULL AUTO_INCREMENT,
  `id_carrier` int(10) unsigned NOT NULL,
  `delimiter1` decimal(20,6) NOT NULL,
  `delimiter2` decimal(20,6) NOT NULL,
  PRIMARY KEY (`id_range_weight`),
  UNIQUE KEY `id_carrier` (`id_carrier`,`delimiter1`,`delimiter2`)
) ENGINE=InnoDB AUTO_INCREMENT=2 DEFAULT CHARSET=utf8;

--
-- Dumping data for table `ps_range_weight`
--

INSERT INTO `ps_range_weight` VALUES (1,2,0.000000,10000.000000);

--
-- Table structure for table `ps_reassurance`
--

CREATE TABLE `ps_reassurance` (
  `id_reassurance` int(10) unsigned NOT NULL AUTO_INCREMENT,
  `id_shop` int(10) unsigned NOT NULL,
  `file_name` varchar(100) NOT NULL,
  PRIMARY KEY (`id_reassurance`)
) ENGINE=InnoDB AUTO_INCREMENT=5 DEFAULT CHARSET=utf8;

--
-- Dumping data for table `ps_reassurance`
--

INSERT INTO `ps_reassurance` VALUES (1,1,'ic_verified_user_black_36dp_1x.png'),(2,1,'ic_local_shipping_black_36dp_1x.png'),(3,1,'reassurance-3-1.jpg'),(4,1,'reassurance-4-1.jpg');

--
-- Table structure for table `ps_reassurance_lang`
--

CREATE TABLE `ps_reassurance_lang` (
  `id_reassurance` int(10) unsigned NOT NULL AUTO_INCREMENT,
  `id_lang` int(10) unsigned NOT NULL,
  `text` varchar(300) NOT NULL,
  PRIMARY KEY (`id_reassurance`,`id_lang`)
) ENGINE=InnoDB AUTO_INCREMENT=5 DEFAULT CHARSET=utf8;

--
-- Dumping data for table `ps_reassurance_lang`
--

INSERT INTO `ps_reassurance_lang` VALUES (1,1,'PAIEMENT SECURISE. Paiement en ligne 100% sécurisé.'),(2,1,'LIVRAISON OFFERTE. Nos œuvres sont livrables gratuitement en Europe. Livraison dans la pièce de votre choix pour les grands formats.'),(3,1,'EXPERTISE & CONSEILS, Nos experts étudient tous vos projets, particulier ou entreprise.'),(4,1,'MECENAT D\'ENTREPRISES. Accompagnement dans vos démarches, sélection d\'oeuvres ou d\'artistes conformes à vos valeurs, gestions d\'actif et politique d\'image');

--
-- Table structure for table `ps_referrer`
--

CREATE TABLE `ps_referrer` (
  `id_referrer` int(10) unsigned NOT NULL AUTO_INCREMENT,
  `name` varchar(64) NOT NULL,
  `passwd` varchar(255) DEFAULT NULL,
  `http_referer_regexp` varchar(64) DEFAULT NULL,
  `http_referer_like` varchar(64) DEFAULT NULL,
  `request_uri_regexp` varchar(64) DEFAULT NULL,
  `request_uri_like` varchar(64) DEFAULT NULL,
  `http_referer_regexp_not` varchar(64) DEFAULT NULL,
  `http_referer_like_not` varchar(64) DEFAULT NULL,
  `request_uri_regexp_not` varchar(64) DEFAULT NULL,
  `request_uri_like_not` varchar(64) DEFAULT NULL,
  `base_fee` decimal(5,2) NOT NULL DEFAULT '0.00',
  `percent_fee` decimal(5,2) NOT NULL DEFAULT '0.00',
  `click_fee` decimal(5,2) NOT NULL DEFAULT '0.00',
  `date_add` datetime NOT NULL,
  PRIMARY KEY (`id_referrer`)
) ENGINE=InnoDB DEFAULT CHARSET=utf8;

--
-- Dumping data for table `ps_referrer`
--


--
-- Table structure for table `ps_referrer_cache`
--

CREATE TABLE `ps_referrer_cache` (
  `id_connections_source` int(11) unsigned NOT NULL,
  `id_referrer` int(11) unsigned NOT NULL,
  PRIMARY KEY (`id_connections_source`,`id_referrer`)
) ENGINE=InnoDB DEFAULT CHARSET=utf8;

--
-- Dumping data for table `ps_referrer_cache`
--


--
-- Table structure for table `ps_referrer_shop`
--

CREATE TABLE `ps_referrer_shop` (
  `id_referrer` int(10) unsigned NOT NULL AUTO_INCREMENT,
  `id_shop` int(10) unsigned NOT NULL DEFAULT '1',
  `cache_visitors` int(11) DEFAULT NULL,
  `cache_visits` int(11) DEFAULT NULL,
  `cache_pages` int(11) DEFAULT NULL,
  `cache_registrations` int(11) DEFAULT NULL,
  `cache_orders` int(11) DEFAULT NULL,
  `cache_sales` decimal(17,2) DEFAULT NULL,
  `cache_reg_rate` decimal(5,4) DEFAULT NULL,
  `cache_order_rate` decimal(5,4) DEFAULT NULL,
  PRIMARY KEY (`id_referrer`,`id_shop`)
) ENGINE=InnoDB DEFAULT CHARSET=utf8;

--
-- Dumping data for table `ps_referrer_shop`
--


--
-- Table structure for table `ps_request_sql`
--

CREATE TABLE `ps_request_sql` (
  `id_request_sql` int(11) NOT NULL AUTO_INCREMENT,
  `name` varchar(200) NOT NULL,
  `sql` text NOT NULL,
  PRIMARY KEY (`id_request_sql`)
) ENGINE=InnoDB DEFAULT CHARSET=utf8;

--
-- Dumping data for table `ps_request_sql`
--


--
-- Table structure for table `ps_required_field`
--

CREATE TABLE `ps_required_field` (
  `id_required_field` int(11) NOT NULL AUTO_INCREMENT,
  `object_name` varchar(32) NOT NULL,
  `field_name` varchar(32) NOT NULL,
  PRIMARY KEY (`id_required_field`),
  KEY `object_name` (`object_name`)
) ENGINE=InnoDB DEFAULT CHARSET=utf8;

--
-- Dumping data for table `ps_required_field`
--


--
-- Table structure for table `ps_revslider_attachment_images`
--

CREATE TABLE `ps_revslider_attachment_images` (
  `ID` int(10) NOT NULL AUTO_INCREMENT,
  `file_name` varchar(100) NOT NULL,
  PRIMARY KEY (`ID`)
) ENGINE=InnoDB AUTO_INCREMENT=9108 DEFAULT CHARSET=utf8;

--
-- Dumping data for table `ps_revslider_attachment_images`
--

INSERT INTO `ps_revslider_attachment_images` VALUES (1,'alysum_slider01_slide02.jpg'),(2,'alysum_slider01_slide01.jpg'),(3,'1.jpg'),(4,'2-1240-868.jpg'),(9100,'alysum_slider01_slide02.jpg'),(9101,'alysum_slider01_slide01.jpg'),(9102,'oldstyle_image_01.jpg'),(9103,'oldstyle_image_02.jpg'),(9104,'oldstyle_image_03.jpg'),(9105,'oldstyle_image_04.jpg'),(9106,'oldstyle_image_05.jpg'),(9107,'145382105_1722916681248191_1595996174041707933_n.png');

--
-- Table structure for table `ps_revslider_css`
--

CREATE TABLE `ps_revslider_css` (
  `id` int(9) NOT NULL AUTO_INCREMENT,
  `handle` text NOT NULL,
  `settings` mediumtext,
  `hover` mediumtext,
  `params` mediumtext NOT NULL,
  `advanced` mediumtext,
  PRIMARY KEY (`id`)
) ENGINE=InnoDB AUTO_INCREMENT=99 DEFAULT CHARSET=utf8;

--
-- Dumping data for table `ps_revslider_css`
--

INSERT INTO `ps_revslider_css` VALUES (1,'.tp-caption.MarkerDisplay','{\"translated\":5,\"type\":\"text\",\"version\":\"5.0\"}','{\"color\":\"#ff0000\",\"text-decoration\":\"none\",\"background-color\":\"transparent\",\"background-transparency\":\"1\",\"border-color\":\"transparent\",\"border-style\":\"none\",\"border-width\":\"0\",\"border-radius\":[\"0px\",\"0px\",\"0px\",\"0px\"],\"skewx\":\"0\",\"skewy\":\"0\",\"scalex\":\"1\",\"scaley\":\"1\",\"opacity\":\"1\",\"xrotate\":\"0\",\"yrotate\":\"0\",\"2d_rotation\":\"0\"}','{\"font-style\":\"normal\",\"font-family\":\"Permanent Marker\",\"padding\":\"0px 0px 0px 0px\",\"text-decoration\":\"none\",\"background-color\":\"transparent\",\"background-transparency\":\"1\",\"border-color\":\"#000000\",\"border-style\":\"none\",\"border-width\":\"0px\",\"border-radius\":\"0px 0px 0px 0px\",\"z\":\"0\",\"skewx\":\"0\",\"skewy\":\"0\",\"scalex\":\"1\",\"scaley\":\"1\",\"opacity\":\"1\",\"xrotate\":\"0\",\"yrotate\":\"0\",\"2d_rotation\":\"0\",\"2d_origin_x\":\"50\",\"2d_origin_y\":\"50\",\"pers\":\"600\"}','{\"idle\":{\"text-shadow\":\"none\"},\"hover\":\"\"}'),(2,'.tp-caption.Restaurant-Display','{\"hover\":\"false\",\"version\":\"5.0\",\"translated\":\"5\"}','{\"color\":\"#ffffff\",\"text-decoration\":\"none\",\"background-color\":\"transparent\",\"background-transparency\":\"0\",\"border-color\":\"transparent\",\"border-style\":\"none\",\"border-width\":\"0\",\"border-radius\":[\"0\",\"0\",\"0\",\"0\"],\"skewx\":\"0\",\"skewy\":\"0\",\"scalex\":\"1\",\"scaley\":\"1\",\"opacity\":\"1\",\"xrotate\":\"0\",\"yrotate\":\"0\",\"2d_rotation\":\"0\"}','{\"color\":\"#ffffff\",\"font-size\":\"120px\",\"line-height\":\"120px\",\"font-weight\":\"700\",\"font-style\":\"normal\",\"font-family\":\"Roboto\",\"padding\":[\"0\",\"0\",\"0\",\"0\"],\"text-decoration\":\"none\",\"background-color\":\"transparent\",\"background-transparency\":\"1\",\"border-color\":\"transparent\",\"border-style\":\"none\",\"border-width\":\"0\",\"border-radius\":[\"0\",\"0\",\"0\",\"0\"],\"z\":\"0\",\"skewx\":\"0\",\"skewy\":\"0\",\"scalex\":\"1\",\"scaley\":\"1\",\"opacity\":\"1\",\"xrotate\":\"0\",\"yrotate\":\"0\",\"2d_rotation\":\"0\",\"2d_origin_x\":\"50\",\"2d_origin_y\":\"50\",\"pers\":\"600\"}','{\"idle\":\"\",\"hover\":\"\"}'),(3,'.tp-caption.Restaurant-Cursive','{\"hover\":\"false\",\"version\":\"5.0\",\"translated\":\"5\"}','{\"color\":\"#ffffff\",\"text-decoration\":\"none\",\"background-color\":\"transparent\",\"background-transparency\":\"0\",\"border-color\":\"transparent\",\"border-style\":\"none\",\"border-width\":\"0\",\"border-radius\":[\"0\",\"0\",\"0\",\"0\"],\"skewx\":\"0\",\"skewy\":\"0\",\"scalex\":\"1\",\"scaley\":\"1\",\"opacity\":\"1\",\"xrotate\":\"0\",\"yrotate\":\"0\",\"2d_rotation\":\"0\"}','{\"color\":\"#ffffff\",\"font-size\":\"30px\",\"line-height\":\"30px\",\"font-weight\":\"400\",\"font-style\":\"normal\",\"font-family\":\"Nothing you could do\",\"padding\":[\"0\",\"0\",\"0\",\"0\"],\"text-decoration\":\"none\",\"background-color\":\"transparent\",\"background-transparency\":\"1\",\"border-color\":\"transparent\",\"border-style\":\"none\",\"border-width\":\"0\",\"border-radius\":[\"0\",\"0\",\"0\",\"0\"],\"z\":\"0\",\"skewx\":\"0\",\"skewy\":\"0\",\"scalex\":\"1\",\"scaley\":\"1\",\"opacity\":\"1\",\"xrotate\":\"0\",\"yrotate\":\"0\",\"2d_rotation\":\"0\",\"2d_origin_x\":\"50\",\"2d_origin_y\":\"50\",\"pers\":\"600\"}','{\"idle\":{\"letter-spacing\":\"2px\"},\"hover\":\"\"}'),(4,'.tp-caption.Restaurant-ScrollDownText','{\"hover\":\"false\",\"version\":\"5.0\",\"translated\":\"5\"}','{\"color\":\"#ffffff\",\"text-decoration\":\"none\",\"background-color\":\"transparent\",\"background-transparency\":\"0\",\"border-color\":\"transparent\",\"border-style\":\"none\",\"border-width\":\"0\",\"border-radius\":[\"0\",\"0\",\"0\",\"0\"],\"skewx\":\"0\",\"skewy\":\"0\",\"scalex\":\"1\",\"scaley\":\"1\",\"opacity\":\"1\",\"xrotate\":\"0\",\"yrotate\":\"0\",\"2d_rotation\":\"0\"}','{\"color\":\"#ffffff\",\"font-size\":\"17px\",\"line-height\":\"17px\",\"font-weight\":\"400\",\"font-style\":\"normal\",\"font-family\":\"Roboto\",\"padding\":[\"0\",\"0\",\"0\",\"0\"],\"text-decoration\":\"none\",\"background-color\":\"transparent\",\"background-transparency\":\"1\",\"border-color\":\"transparent\",\"border-style\":\"none\",\"border-width\":\"0\",\"border-radius\":[\"0\",\"0\",\"0\",\"0\"],\"z\":\"0\",\"skewx\":\"0\",\"skewy\":\"0\",\"scalex\":\"1\",\"scaley\":\"1\",\"opacity\":\"1\",\"xrotate\":\"0\",\"yrotate\":\"0\",\"2d_rotation\":\"0\",\"2d_origin_x\":\"50\",\"2d_origin_y\":\"50\",\"pers\":\"600\"}','{\"idle\":{\"letter-spacing\":\"2px\"},\"hover\":\"\"}'),(5,'.tp-caption.Restaurant-Description','{\"hover\":\"false\",\"version\":\"5.0\",\"translated\":\"5\"}','{\"color\":\"#ffffff\",\"text-decoration\":\"none\",\"background-color\":\"transparent\",\"background-transparency\":\"0\",\"border-color\":\"transparent\",\"border-style\":\"none\",\"border-width\":\"0\",\"border-radius\":[\"0\",\"0\",\"0\",\"0\"],\"skewx\":\"0\",\"skewy\":\"0\",\"scalex\":\"1\",\"scaley\":\"1\",\"opacity\":\"1\",\"xrotate\":\"0\",\"yrotate\":\"0\",\"2d_rotation\":\"0\"}','{\"color\":\"#ffffff\",\"font-size\":\"20px\",\"line-height\":\"30px\",\"font-weight\":\"300\",\"font-style\":\"normal\",\"font-family\":\"Roboto\",\"padding\":[\"0\",\"0\",\"0\",\"0\"],\"text-decoration\":\"none\",\"background-color\":\"transparent\",\"background-transparency\":\"1\",\"border-color\":\"transparent\",\"border-style\":\"none\",\"border-width\":\"0\",\"border-radius\":[\"0\",\"0\",\"0\",\"0\"],\"z\":\"0\",\"skewx\":\"0\",\"skewy\":\"0\",\"scalex\":\"1\",\"scaley\":\"1\",\"opacity\":\"1\",\"xrotate\":\"0\",\"yrotate\":\"0\",\"2d_rotation\":\"0\",\"2d_origin_x\":\"50\",\"2d_origin_y\":\"50\",\"pers\":\"600\"}','{\"idle\":{\"letter-spacing\":\"3px\"},\"hover\":\"\"}'),(6,'.tp-caption.Restaurant-Price','{\"hover\":\"false\",\"version\":\"5.0\",\"translated\":\"5\"}','{\"color\":\"#ffffff\",\"text-decoration\":\"none\",\"background-color\":\"transparent\",\"background-transparency\":\"0\",\"border-color\":\"transparent\",\"border-style\":\"none\",\"border-width\":\"0\",\"border-radius\":[\"0\",\"0\",\"0\",\"0\"],\"skewx\":\"0\",\"skewy\":\"0\",\"scalex\":\"1\",\"scaley\":\"1\",\"opacity\":\"1\",\"xrotate\":\"0\",\"yrotate\":\"0\",\"2d_rotation\":\"0\"}','{\"color\":\"#ffffff\",\"font-size\":\"30px\",\"line-height\":\"30px\",\"font-weight\":\"300\",\"font-style\":\"normal\",\"font-family\":\"Roboto\",\"padding\":[\"0\",\"0\",\"0\",\"0\"],\"text-decoration\":\"none\",\"background-color\":\"transparent\",\"background-transparency\":\"1\",\"border-color\":\"transparent\",\"border-style\":\"none\",\"border-width\":\"0\",\"border-radius\":[\"0\",\"0\",\"0\",\"0\"],\"z\":\"0\",\"skewx\":\"0\",\"skewy\":\"0\",\"scalex\":\"1\",\"scaley\":\"1\",\"opacity\":\"1\",\"xrotate\":\"0\",\"yrotate\":\"0\",\"2d_rotation\":\"0\",\"2d_origin_x\":\"50\",\"2d_origin_y\":\"50\",\"pers\":\"600\"}','{\"idle\":{\"letter-spacing\":\"3px\"},\"hover\":\"\"}'),(7,'.tp-caption.Restaurant-Menuitem','{\"hover\":\"false\",\"type\":\"text\",\"version\":\"5.0\",\"translated\":\"5\"}','{\"color\":\"#000000\",\"color-transparency\":\"1\",\"text-decoration\":\"none\",\"background-color\":\"#ffffff\",\"background-transparency\":\"1\",\"border-color\":\"transparent\",\"border-transparency\":\"1\",\"border-style\":\"none\",\"border-width\":\"0\",\"border-radius\":[\"0\",\"0\",\"0\",\"0\"],\"opacity\":\"1\",\"scalex\":\"1\",\"scaley\":\"1\",\"skewx\":\"0\",\"skewy\":\"0\",\"xrotate\":\"0\",\"yrotate\":\"0\",\"2d_rotation\":\"0\",\"css_cursor\":\"pointer\",\"speed\":\"500\",\"easing\":\"Power2.easeInOut\"}','{\"color\":\"#ffffff\",\"color-transparency\":\"1\",\"font-size\":\"17px\",\"line-height\":\"17px\",\"font-weight\":\"400\",\"font-style\":\"normal\",\"font-family\":\"Roboto\",\"padding\":[\"10px\",\"30px\",\"10px\",\"30px\"],\"text-decoration\":\"none\",\"text-align\":\"left\",\"background-color\":\"#000000\",\"background-transparency\":\"1\",\"border-color\":\"transparent\",\"border-transparency\":\"1\",\"border-style\":\"none\",\"border-width\":\"0\",\"border-radius\":[\"0\",\"0\",\"0\",\"0\"],\"z\":\"0\",\"skewx\":\"0\",\"skewy\":\"0\",\"scalex\":\"1\",\"scaley\":\"1\",\"opacity\":\"1\",\"xrotate\":\"0\",\"yrotate\":\"0\",\"2d_rotation\":\"0\",\"2d_origin_x\":\"50\",\"2d_origin_y\":\"50\",\"pers\":\"600\",\"corner_left\":\"nothing\",\"corner_right\":\"nothing\",\"parallax\":\"-\"}','{\"idle\":{\"letter-spacing\":\"2px\"},\"hover\":\"\"}'),(8,'.tp-caption.Furniture-LogoText','{\"hover\":\"false\",\"version\":\"5.0\",\"translated\":\"5\"}','{\"color\":\"#ffffff\",\"color-transparency\":\"1\",\"text-decoration\":\"none\",\"background-color\":\"transparent\",\"background-transparency\":\"0\",\"border-color\":\"transparent\",\"border-transparency\":\"1\",\"border-style\":\"none\",\"border-width\":\"0\",\"border-radius\":[\"0\",\"0\",\"0\",\"0\"],\"opacity\":\"1\",\"scalex\":\"1\",\"scaley\":\"1\",\"skewx\":\"0\",\"skewy\":\"0\",\"xrotate\":\"0\",\"yrotate\":\"0\",\"2d_rotation\":\"0\",\"speed\":\"0\",\"easing\":\"Linear.easeNone\"}','{\"color\":\"#e6cfa3\",\"color-transparency\":\"1\",\"font-size\":\"160px\",\"line-height\":\"150px\",\"font-weight\":\"300\",\"font-style\":\"normal\",\"font-family\":\"\\\"Raleway\\\"\",\"padding\":[\"0\",\"0\",\"0\",\"0\"],\"text-decoration\":\"none\",\"background-color\":\"transparent\",\"background-transparency\":\"1\",\"border-color\":\"transparent\",\"border-transparency\":\"1\",\"border-style\":\"none\",\"border-width\":\"0\",\"border-radius\":[\"0\",\"0\",\"0\",\"0\"],\"z\":\"0\",\"skewx\":\"0\",\"skewy\":\"0\",\"scalex\":\"1\",\"scaley\":\"1\",\"opacity\":\"1\",\"xrotate\":\"0\",\"yrotate\":\"0\",\"2d_rotation\":\"0\",\"2d_origin_x\":\"50\",\"2d_origin_y\":\"50\",\"pers\":\"600\"}','{\"idle\":{\"text-shadow\":\"none\"},\"hover\":\"\"}'),(9,'.tp-caption.Furniture-Plus','{\"hover\":\"false\",\"version\":\"5.0\",\"translated\":\"5\"}','{\"color\":\"#ffffff\",\"color-transparency\":\"1\",\"text-decoration\":\"none\",\"background-color\":\"#000000\",\"background-transparency\":\"1\",\"border-color\":\"transparent\",\"border-transparency\":\"1\",\"border-style\":\"none\",\"border-width\":\"0\",\"border-radius\":[\"30px\",\"30px\",\"30px\",\"30px\"],\"opacity\":\"1\",\"scalex\":\"1\",\"scaley\":\"1\",\"skewx\":\"0\",\"skewy\":\"0\",\"xrotate\":\"0\",\"yrotate\":\"0\",\"2d_rotation\":\"0\",\"speed\":\"0.5\",\"easing\":\"Linear.easeNone\"}','{\"color\":\"#e6cfa3\",\"color-transparency\":\"1\",\"font-size\":\"20\",\"line-height\":\"20px\",\"font-weight\":\"400\",\"font-style\":\"normal\",\"font-family\":\"\\\"Raleway\\\"\",\"padding\":[\"6px\",\"7px\",\"4px\",\"7px\"],\"text-decoration\":\"none\",\"background-color\":\"#ffffff\",\"background-transparency\":\"1\",\"border-color\":\"transparent\",\"border-transparency\":\"1\",\"border-style\":\"none\",\"border-width\":\"0\",\"border-radius\":[\"30px\",\"30px\",\"30px\",\"30px\"],\"z\":\"0\",\"skewx\":\"0\",\"skewy\":\"0\",\"scalex\":\"1\",\"scaley\":\"1\",\"opacity\":\"1\",\"xrotate\":\"0\",\"yrotate\":\"0\",\"2d_rotation\":\"0\",\"2d_origin_x\":\"50\",\"2d_origin_y\":\"50\",\"pers\":\"600\"}','{\"idle\":{\"text-shadow\":\"none\",\"box-shadow\":\"rgba(0,0,0,0.1) 0 1px 3px\"},\"hover\":\"\"}'),(10,'.tp-caption.Furniture-Title','{\"hover\":\"false\",\"version\":\"5.0\",\"translated\":\"5\"}','{\"color\":\"#ffffff\",\"color-transparency\":\"1\",\"text-decoration\":\"none\",\"background-color\":\"transparent\",\"background-transparency\":\"0\",\"border-color\":\"transparent\",\"border-transparency\":\"1\",\"border-style\":\"none\",\"border-width\":\"0\",\"border-radius\":[\"0\",\"0\",\"0\",\"0\"],\"opacity\":\"1\",\"scalex\":\"1\",\"scaley\":\"1\",\"skewx\":\"0\",\"skewy\":\"0\",\"xrotate\":\"0\",\"yrotate\":\"0\",\"2d_rotation\":\"0\",\"speed\":\"0\",\"easing\":\"Linear.easeNone\"}','{\"color\":\"#000000\",\"color-transparency\":\"1\",\"font-size\":\"20px\",\"line-height\":\"20px\",\"font-weight\":\"700\",\"font-style\":\"normal\",\"font-family\":\"\\\"Raleway\\\"\",\"padding\":[\"0\",\"0\",\"0\",\"0\"],\"text-decoration\":\"none\",\"background-color\":\"transparent\",\"background-transparency\":\"1\",\"border-color\":\"transparent\",\"border-transparency\":\"1\",\"border-style\":\"none\",\"border-width\":\"0\",\"border-radius\":[\"0\",\"0\",\"0\",\"0\"],\"z\":\"0\",\"skewx\":\"0\",\"skewy\":\"0\",\"scalex\":\"1\",\"scaley\":\"1\",\"opacity\":\"1\",\"xrotate\":\"0\",\"yrotate\":\"0\",\"2d_rotation\":\"0\",\"2d_origin_x\":\"50\",\"2d_origin_y\":\"50\",\"pers\":\"600\"}','{\"idle\":{\"text-shadow\":\"none\",\"letter-spacing\":\"3px\"},\"hover\":\"\"}'),(11,'.tp-caption.Furniture-Subtitle','{\"hover\":\"false\",\"version\":\"5.0\",\"translated\":\"5\"}','{\"color\":\"#ffffff\",\"color-transparency\":\"1\",\"text-decoration\":\"none\",\"background-color\":\"transparent\",\"background-transparency\":\"0\",\"border-color\":\"transparent\",\"border-transparency\":\"1\",\"border-style\":\"none\",\"border-width\":\"0\",\"border-radius\":[\"0\",\"0\",\"0\",\"0\"],\"opacity\":\"1\",\"scalex\":\"1\",\"scaley\":\"1\",\"skewx\":\"0\",\"skewy\":\"0\",\"xrotate\":\"0\",\"yrotate\":\"0\",\"2d_rotation\":\"0\",\"speed\":\"0\",\"easing\":\"Linear.easeNone\"}','{\"color\":\"#000000\",\"color-transparency\":\"1\",\"font-size\":\"17px\",\"line-height\":\"20px\",\"font-weight\":\"300\",\"font-style\":\"normal\",\"font-family\":\"\\\"Raleway\\\"\",\"padding\":[\"0\",\"0\",\"0\",\"0\"],\"text-decoration\":\"none\",\"background-color\":\"transparent\",\"background-transparency\":\"1\",\"border-color\":\"transparent\",\"border-transparency\":\"1\",\"border-style\":\"none\",\"border-width\":\"0\",\"border-radius\":[\"0\",\"0\",\"0\",\"0\"],\"z\":\"0\",\"skewx\":\"0\",\"skewy\":\"0\",\"scalex\":\"1\",\"scaley\":\"1\",\"opacity\":\"1\",\"xrotate\":\"0\",\"yrotate\":\"0\",\"2d_rotation\":\"0\",\"2d_origin_x\":\"50\",\"2d_origin_y\":\"50\",\"pers\":\"600\"}','{\"idle\":{\"text-shadow\":\"none\"},\"hover\":\"\"}'),(12,'.tp-caption.Gym-Display','{\"hover\":\"false\",\"version\":\"5.0\",\"translated\":\"5\"}','{\"color\":\"#ffffff\",\"color-transparency\":\"1\",\"text-decoration\":\"none\",\"background-color\":\"transparent\",\"background-transparency\":\"0\",\"border-color\":\"transparent\",\"border-transparency\":\"1\",\"border-style\":\"none\",\"border-width\":\"0\",\"border-radius\":[\"0\",\"0\",\"0\",\"0\"],\"opacity\":\"1\",\"scalex\":\"1\",\"scaley\":\"1\",\"skewx\":\"0\",\"skewy\":\"0\",\"xrotate\":\"0\",\"yrotate\":\"0\",\"2d_rotation\":\"0\",\"speed\":\"0\",\"easing\":\"Linear.easeNone\"}','{\"color\":\"#ffffff\",\"color-transparency\":\"1\",\"font-size\":\"80px\",\"line-height\":\"70px\",\"font-weight\":\"900\",\"font-style\":\"normal\",\"font-family\":\"Raleway\",\"padding\":[\"0\",\"0\",\"0\",\"0\"],\"text-decoration\":\"none\",\"background-color\":\"transparent\",\"background-transparency\":\"1\",\"border-color\":\"transparent\",\"border-transparency\":\"1\",\"border-style\":\"none\",\"border-width\":\"0\",\"border-radius\":[\"0\",\"0\",\"0\",\"0\"],\"z\":\"0\",\"skewx\":\"0\",\"skewy\":\"0\",\"scalex\":\"1\",\"scaley\":\"1\",\"opacity\":\"1\",\"xrotate\":\"0\",\"yrotate\":\"0\",\"2d_rotation\":\"0\",\"2d_origin_x\":\"50\",\"2d_origin_y\":\"50\",\"pers\":\"600\"}','{\"idle\":\"\",\"hover\":\"\"}'),(13,'.tp-caption.Gym-Subline','{\"hover\":\"false\",\"version\":\"5.0\",\"translated\":\"5\"}','{\"color\":\"#ffffff\",\"color-transparency\":\"1\",\"text-decoration\":\"none\",\"background-color\":\"transparent\",\"background-transparency\":\"0\",\"border-color\":\"transparent\",\"border-transparency\":\"1\",\"border-style\":\"none\",\"border-width\":\"0\",\"border-radius\":[\"0\",\"0\",\"0\",\"0\"],\"opacity\":\"1\",\"scalex\":\"1\",\"scaley\":\"1\",\"skewx\":\"0\",\"skewy\":\"0\",\"xrotate\":\"0\",\"yrotate\":\"0\",\"2d_rotation\":\"0\",\"speed\":\"0\",\"easing\":\"Linear.easeNone\"}','{\"color\":\"#ffffff\",\"color-transparency\":\"1\",\"font-size\":\"30px\",\"line-height\":\"30px\",\"font-weight\":\"100\",\"font-style\":\"normal\",\"font-family\":\"Raleway\",\"padding\":[\"0\",\"0\",\"0\",\"0\"],\"text-decoration\":\"none\",\"background-color\":\"transparent\",\"background-transparency\":\"1\",\"border-color\":\"transparent\",\"border-transparency\":\"1\",\"border-style\":\"none\",\"border-width\":\"0\",\"border-radius\":[\"0\",\"0\",\"0\",\"0\"],\"z\":\"0\",\"skewx\":\"0\",\"skewy\":\"0\",\"scalex\":\"1\",\"scaley\":\"1\",\"opacity\":\"1\",\"xrotate\":\"0\",\"yrotate\":\"0\",\"2d_rotation\":\"0\",\"2d_origin_x\":\"50\",\"2d_origin_y\":\"50\",\"pers\":\"600\"}','{\"idle\":{\"letter-spacing\":\"5px\"},\"hover\":\"\"}'),(14,'.tp-caption.Gym-SmallText','{\"hover\":\"false\",\"version\":\"5.0\",\"translated\":\"5\"}','{\"color\":\"#ffffff\",\"color-transparency\":\"1\",\"text-decoration\":\"none\",\"background-color\":\"transparent\",\"background-transparency\":\"0\",\"border-color\":\"transparent\",\"border-transparency\":\"1\",\"border-style\":\"none\",\"border-width\":\"0\",\"border-radius\":[\"0\",\"0\",\"0\",\"0\"],\"opacity\":\"1\",\"scalex\":\"1\",\"scaley\":\"1\",\"skewx\":\"0\",\"skewy\":\"0\",\"xrotate\":\"0\",\"yrotate\":\"0\",\"2d_rotation\":\"0\",\"speed\":\"0\",\"easing\":\"Linear.easeNone\"}','{\"color\":\"#ffffff\",\"color-transparency\":\"1\",\"font-size\":\"17px\",\"line-height\":\"22\",\"font-weight\":\"300\",\"font-style\":\"normal\",\"font-family\":\"Raleway\",\"padding\":[\"0\",\"0\",\"0\",\"0\"],\"text-decoration\":\"none\",\"background-color\":\"transparent\",\"background-transparency\":\"1\",\"border-color\":\"transparent\",\"border-transparency\":\"1\",\"border-style\":\"none\",\"border-width\":\"0\",\"border-radius\":[\"0\",\"0\",\"0\",\"0\"],\"z\":\"0\",\"skewx\":\"0\",\"skewy\":\"0\",\"scalex\":\"1\",\"scaley\":\"1\",\"opacity\":\"1\",\"xrotate\":\"0\",\"yrotate\":\"0\",\"2d_rotation\":\"0\",\"2d_origin_x\":\"50\",\"2d_origin_y\":\"50\",\"pers\":\"600\"}','{\"idle\":{\"text-shadow\":\"none\"},\"hover\":\"\"}'),(15,'.tp-caption.Fashion-SmallText','{\"hover\":\"false\",\"version\":\"5.0\",\"translated\":\"5\"}','{\"color\":\"#ffffff\",\"color-transparency\":\"1\",\"text-decoration\":\"none\",\"background-color\":\"transparent\",\"background-transparency\":\"0\",\"border-color\":\"transparent\",\"border-transparency\":\"1\",\"border-style\":\"none\",\"border-width\":\"0\",\"border-radius\":[\"0\",\"0\",\"0\",\"0\"],\"opacity\":\"1\",\"scalex\":\"1\",\"scaley\":\"1\",\"skewx\":\"0\",\"skewy\":\"0\",\"xrotate\":\"0\",\"yrotate\":\"0\",\"2d_rotation\":\"0\",\"speed\":\"0\",\"easing\":\"Linear.easeNone\"}','{\"color\":\"#ffffff\",\"color-transparency\":\"1\",\"font-size\":\"12px\",\"line-height\":\"20px\",\"font-weight\":\"600\",\"font-style\":\"normal\",\"font-family\":\"Raleway\",\"padding\":[\"0\",\"0\",\"0\",\"0\"],\"text-decoration\":\"none\",\"background-color\":\"transparent\",\"background-transparency\":\"1\",\"border-color\":\"transparent\",\"border-transparency\":\"1\",\"border-style\":\"none\",\"border-width\":\"0\",\"border-radius\":[\"0\",\"0\",\"0\",\"0\"],\"z\":\"0\",\"skewx\":\"0\",\"skewy\":\"0\",\"scalex\":\"1\",\"scaley\":\"1\",\"opacity\":\"1\",\"xrotate\":\"0\",\"yrotate\":\"0\",\"2d_rotation\":\"0\",\"2d_origin_x\":\"50\",\"2d_origin_y\":\"50\",\"pers\":\"600\"}','{\"idle\":{\"letter-spacing\":\"2px\"},\"hover\":\"\"}'),(16,'.tp-caption.Fashion-BigDisplay','{\"hover\":\"false\",\"version\":\"5.0\",\"translated\":\"5\"}','{\"color\":\"#ffffff\",\"color-transparency\":\"1\",\"text-decoration\":\"none\",\"background-color\":\"transparent\",\"background-transparency\":\"0\",\"border-color\":\"transparent\",\"border-transparency\":\"1\",\"border-style\":\"none\",\"border-width\":\"0\",\"border-radius\":[\"0\",\"0\",\"0\",\"0\"],\"opacity\":\"1\",\"scalex\":\"1\",\"scaley\":\"1\",\"skewx\":\"0\",\"skewy\":\"0\",\"xrotate\":\"0\",\"yrotate\":\"0\",\"2d_rotation\":\"0\",\"speed\":\"0\",\"easing\":\"Linear.easeNone\"}','{\"color\":\"#000000\",\"color-transparency\":\"1\",\"font-size\":\"60px\",\"line-height\":\"60px\",\"font-weight\":\"900\",\"font-style\":\"normal\",\"font-family\":\"Raleway\",\"padding\":[\"0\",\"0\",\"0\",\"0\"],\"text-decoration\":\"none\",\"background-color\":\"transparent\",\"background-transparency\":\"1\",\"border-color\":\"transparent\",\"border-transparency\":\"1\",\"border-style\":\"none\",\"border-width\":\"0\",\"border-radius\":[\"0\",\"0\",\"0\",\"0\"],\"z\":\"0\",\"skewx\":\"0\",\"skewy\":\"0\",\"scalex\":\"1\",\"scaley\":\"1\",\"opacity\":\"1\",\"xrotate\":\"0\",\"yrotate\":\"0\",\"2d_rotation\":\"0\",\"2d_origin_x\":\"50\",\"2d_origin_y\":\"50\",\"pers\":\"600\"}','{\"idle\":{\"letter-spacing\":\"2px\"},\"hover\":\"\"}'),(17,'.tp-caption.Fashion-TextBlock','{\"hover\":\"false\",\"version\":\"5.0\",\"translated\":\"5\"}','{\"color\":\"#ffffff\",\"color-transparency\":\"1\",\"text-decoration\":\"none\",\"background-color\":\"transparent\",\"background-transparency\":\"0\",\"border-color\":\"transparent\",\"border-transparency\":\"1\",\"border-style\":\"none\",\"border-width\":\"0\",\"border-radius\":[\"0\",\"0\",\"0\",\"0\"],\"opacity\":\"1\",\"scalex\":\"1\",\"scaley\":\"1\",\"skewx\":\"0\",\"skewy\":\"0\",\"xrotate\":\"0\",\"yrotate\":\"0\",\"2d_rotation\":\"0\",\"speed\":\"0\",\"easing\":\"Linear.easeNone\"}','{\"color\":\"#000000\",\"color-transparency\":\"1\",\"font-size\":\"20px\",\"line-height\":\"40px\",\"font-weight\":\"400\",\"font-style\":\"normal\",\"font-family\":\"Raleway\",\"padding\":[\"0\",\"0\",\"0\",\"0\"],\"text-decoration\":\"none\",\"background-color\":\"transparent\",\"background-transparency\":\"1\",\"border-color\":\"transparent\",\"border-transparency\":\"1\",\"border-style\":\"none\",\"border-width\":\"0\",\"border-radius\":[\"0\",\"0\",\"0\",\"0\"],\"z\":\"0\",\"skewx\":\"0\",\"skewy\":\"0\",\"scalex\":\"1\",\"scaley\":\"1\",\"opacity\":\"1\",\"xrotate\":\"0\",\"yrotate\":\"0\",\"2d_rotation\":\"0\",\"2d_origin_x\":\"50\",\"2d_origin_y\":\"50\",\"pers\":\"600\"}','{\"idle\":{\"letter-spacing\":\"2px\"},\"hover\":\"\"}'),(18,'.tp-caption.Sports-Display','{\"translated\":5,\"type\":\"text\",\"version\":\"5.0\"}','{\"color\":\"#ffffff\",\"color-transparency\":\"1\",\"text-decoration\":\"none\",\"background-color\":\"transparent\",\"background-transparency\":\"0\",\"border-color\":\"transparent\",\"border-transparency\":\"1\",\"border-style\":\"none\",\"border-width\":\"0\",\"border-radius\":[\"0\",\"0\",\"0\",\"0\"],\"opacity\":\"1\",\"scalex\":\"1\",\"scaley\":\"1\",\"skewx\":\"0\",\"skewy\":\"0\",\"xrotate\":\"0\",\"yrotate\":\"0\",\"2d_rotation\":\"0\",\"speed\":\"0\",\"easing\":\"Linear.easeNone\"}','{\"color\":\"#ffffff\",\"color-transparency\":\"1\",\"font-size\":\"130px\",\"line-height\":\"130px\",\"font-weight\":\"100\",\"font-style\":\"normal\",\"font-family\":\"\\\"Raleway\\\"\",\"padding\":\"0 0 0 0\",\"text-decoration\":\"none\",\"background-color\":\"transparent\",\"background-transparency\":\"1\",\"border-color\":\"transparent\",\"border-transparency\":\"1\",\"border-style\":\"none\",\"border-width\":\"0\",\"border-radius\":\"0 0 0 0\",\"z\":\"0\",\"skewx\":\"0\",\"skewy\":\"0\",\"scalex\":\"1\",\"scaley\":\"1\",\"opacity\":\"1\",\"xrotate\":\"0\",\"yrotate\":\"0\",\"2d_rotation\":\"0\",\"2d_origin_x\":\"50\",\"2d_origin_y\":\"50\",\"pers\":\"600\"}','{\"idle\":{\"letter-spacing\":\"13px\"},\"hover\":\"\"}'),(19,'.tp-caption.Sports-DisplayFat','{\"translated\":5,\"type\":\"text\",\"version\":\"5.0\"}','{\"color\":\"#ffffff\",\"color-transparency\":\"1\",\"text-decoration\":\"none\",\"background-color\":\"transparent\",\"background-transparency\":\"0\",\"border-color\":\"transparent\",\"border-transparency\":\"1\",\"border-style\":\"none\",\"border-width\":\"0\",\"border-radius\":[\"0\",\"0\",\"0\",\"0\"],\"opacity\":\"1\",\"scalex\":\"1\",\"scaley\":\"1\",\"skewx\":\"0\",\"skewy\":\"0\",\"xrotate\":\"0\",\"yrotate\":\"0\",\"2d_rotation\":\"0\",\"speed\":\"0\",\"easing\":\"Linear.easeNone\"}','{\"color\":\"#ffffff\",\"color-transparency\":\"1\",\"font-size\":\"130px\",\"line-height\":\"130px\",\"font-weight\":\"900\",\"font-style\":\"normal\",\"font-family\":\"\\\"Raleway\\\"\",\"padding\":\"0 0 0 0\",\"text-decoration\":\"none\",\"background-color\":\"transparent\",\"background-transparency\":\"1\",\"border-color\":\"transparent\",\"border-transparency\":\"1\",\"border-style\":\"none\",\"border-width\":\"0\",\"border-radius\":\"0 0 0 0\",\"z\":\"0\",\"skewx\":\"0\",\"skewy\":\"0\",\"scalex\":\"1\",\"scaley\":\"1\",\"opacity\":\"1\",\"xrotate\":\"0\",\"yrotate\":\"0\",\"2d_rotation\":\"0\",\"2d_origin_x\":\"50\",\"2d_origin_y\":\"50\",\"pers\":\"600\"}','{\"idle\":[\"\"],\"hover\":\"\"}'),(20,'.tp-caption.Sports-Subline','{\"translated\":5,\"type\":\"text\",\"version\":\"5.0\"}','{\"color\":\"#ffffff\",\"color-transparency\":\"1\",\"text-decoration\":\"none\",\"background-color\":\"transparent\",\"background-transparency\":\"0\",\"border-color\":\"transparent\",\"border-transparency\":\"1\",\"border-style\":\"none\",\"border-width\":\"0\",\"border-radius\":[\"0\",\"0\",\"0\",\"0\"],\"opacity\":\"1\",\"scalex\":\"1\",\"scaley\":\"1\",\"skewx\":\"0\",\"skewy\":\"0\",\"xrotate\":\"0\",\"yrotate\":\"0\",\"2d_rotation\":\"0\",\"speed\":\"0\",\"easing\":\"Linear.easeNone\"}','{\"color\":\"#000000\",\"color-transparency\":\"1\",\"font-size\":\"32px\",\"line-height\":\"32px\",\"font-weight\":\"400\",\"font-style\":\"normal\",\"font-family\":\"\\\"Raleway\\\"\",\"padding\":\"0 0 0 0\",\"text-decoration\":\"none\",\"background-color\":\"transparent\",\"background-transparency\":\"1\",\"border-color\":\"transparent\",\"border-transparency\":\"1\",\"border-style\":\"none\",\"border-width\":\"0\",\"border-radius\":\"0 0 0 0\",\"z\":\"0\",\"skewx\":\"0\",\"skewy\":\"0\",\"scalex\":\"1\",\"scaley\":\"1\",\"opacity\":\"1\",\"xrotate\":\"0\",\"yrotate\":\"0\",\"2d_rotation\":\"0\",\"2d_origin_x\":\"50\",\"2d_origin_y\":\"50\",\"pers\":\"600\"}','{\"idle\":{\"letter-spacing\":\"4px\"},\"hover\":\"\"}'),(21,'.tp-caption.Instagram-Caption','{\"hover\":\"false\",\"version\":\"5.0\",\"translated\":\"5\"}','{\"color\":\"#ffffff\",\"color-transparency\":\"1\",\"text-decoration\":\"none\",\"background-color\":\"transparent\",\"background-transparency\":\"0\",\"border-color\":\"transparent\",\"border-transparency\":\"1\",\"border-style\":\"none\",\"border-width\":\"0\",\"border-radius\":[\"0\",\"0\",\"0\",\"0\"],\"opacity\":\"1\",\"scalex\":\"1\",\"scaley\":\"1\",\"skewx\":\"0\",\"skewy\":\"0\",\"xrotate\":\"0\",\"yrotate\":\"0\",\"2d_rotation\":\"0\",\"speed\":\"0\",\"easing\":\"Linear.easeNone\"}','{\"color\":\"#ffffff\",\"color-transparency\":\"1\",\"font-size\":\"20px\",\"line-height\":\"20px\",\"font-weight\":\"900\",\"font-style\":\"normal\",\"font-family\":\"Roboto\",\"padding\":[\"0\",\"0\",\"0\",\"0\"],\"text-decoration\":\"none\",\"background-color\":\"transparent\",\"background-transparency\":\"1\",\"border-color\":\"transparent\",\"border-transparency\":\"1\",\"border-style\":\"none\",\"border-width\":\"0\",\"border-radius\":[\"0\",\"0\",\"0\",\"0\"],\"z\":\"0\",\"skewx\":\"0\",\"skewy\":\"0\",\"scalex\":\"1\",\"scaley\":\"1\",\"opacity\":\"1\",\"xrotate\":\"0\",\"yrotate\":\"0\",\"2d_rotation\":\"0\",\"2d_origin_x\":\"50\",\"2d_origin_y\":\"50\",\"pers\":\"600\"}','{\"idle\":\"\",\"hover\":\"\"}'),(22,'.tp-caption.News-Title','{\"hover\":\"false\",\"version\":\"5.0\",\"translated\":\"5\"}','{\"color\":\"#ffffff\",\"color-transparency\":\"1\",\"text-decoration\":\"none\",\"background-color\":\"transparent\",\"background-transparency\":\"0\",\"border-color\":\"transparent\",\"border-transparency\":\"1\",\"border-style\":\"none\",\"border-width\":\"0\",\"border-radius\":[\"0\",\"0\",\"0\",\"0\"],\"opacity\":\"1\",\"scalex\":\"1\",\"scaley\":\"1\",\"skewx\":\"0\",\"skewy\":\"0\",\"xrotate\":\"0\",\"yrotate\":\"0\",\"2d_rotation\":\"0\",\"speed\":\"0\",\"easing\":\"Linear.easeNone\"}','{\"color\":\"#ffffff\",\"color-transparency\":\"1\",\"font-size\":\"70px\",\"line-height\":\"60px\",\"font-weight\":\"400\",\"font-style\":\"normal\",\"font-family\":\"Roboto Slab\",\"padding\":[\"0\",\"0\",\"0\",\"0\"],\"text-decoration\":\"none\",\"background-color\":\"transparent\",\"background-transparency\":\"1\",\"border-color\":\"transparent\",\"border-transparency\":\"1\",\"border-style\":\"none\",\"border-width\":\"0\",\"border-radius\":[\"0\",\"0\",\"0\",\"0\"],\"z\":\"0\",\"skewx\":\"0\",\"skewy\":\"0\",\"scalex\":\"1\",\"scaley\":\"1\",\"opacity\":\"1\",\"xrotate\":\"0\",\"yrotate\":\"0\",\"2d_rotation\":\"0\",\"2d_origin_x\":\"50\",\"2d_origin_y\":\"50\",\"pers\":\"600\"}','{\"idle\":\"\",\"hover\":\"\"}'),(23,'.tp-caption.News-Subtitle','{\"hover\":\"true\",\"version\":\"5.0\",\"translated\":\"5\"}','{\"color\":\"#ffffff\",\"color-transparency\":\"0.65\",\"text-decoration\":\"none\",\"background-color\":\"#ffffff\",\"background-transparency\":\"0\",\"border-color\":\"transparent\",\"border-transparency\":\"1\",\"border-style\":\"solid\",\"border-width\":\"0px\",\"border-radius\":[\"0\",\"0\",\"0px\",\"0\"],\"opacity\":\"1\",\"scalex\":\"1\",\"scaley\":\"1\",\"skewx\":\"0\",\"skewy\":\"0\",\"xrotate\":\"0\",\"yrotate\":\"0\",\"2d_rotation\":\"0\",\"speed\":\"300\",\"easing\":\"Power3.easeInOut\"}','{\"color\":\"#ffffff\",\"color-transparency\":\"1\",\"font-size\":\"15px\",\"line-height\":\"24px\",\"font-weight\":\"300\",\"font-style\":\"normal\",\"font-family\":\"Roboto Slab\",\"padding\":[\"0\",\"0\",\"0\",\"0\"],\"text-decoration\":\"none\",\"background-color\":\"#ffffff\",\"background-transparency\":\"0\",\"border-color\":\"transparent\",\"border-transparency\":\"1\",\"border-style\":\"none\",\"border-width\":\"0\",\"border-radius\":[\"0\",\"0\",\"0\",\"0\"],\"z\":\"0\",\"skewx\":\"0\",\"skewy\":\"0\",\"scalex\":\"1\",\"scaley\":\"1\",\"opacity\":\"1\",\"xrotate\":\"0\",\"yrotate\":\"0\",\"2d_rotation\":\"0\",\"2d_origin_x\":\"50\",\"2d_origin_y\":\"50\",\"pers\":\"600\"}','{\"idle\":\"\",\"hover\":\"\"}'),(24,'.tp-caption.Photography-Display','{\"hover\":\"false\",\"version\":\"5.0\",\"translated\":\"5\"}','{\"color\":\"#ffffff\",\"color-transparency\":\"1\",\"text-decoration\":\"none\",\"background-color\":\"transparent\",\"background-transparency\":\"0\",\"border-color\":\"transparent\",\"border-transparency\":\"1\",\"border-style\":\"none\",\"border-width\":\"0\",\"border-radius\":[\"0\",\"0\",\"0\",\"0\"],\"opacity\":\"1\",\"scalex\":\"1\",\"scaley\":\"1\",\"skewx\":\"0\",\"skewy\":\"0\",\"xrotate\":\"0\",\"yrotate\":\"0\",\"2d_rotation\":\"0\",\"speed\":\"0\",\"easing\":\"Linear.easeNone\"}','{\"color\":\"#ffffff\",\"color-transparency\":\"1\",\"font-size\":\"80px\",\"line-height\":\"70px\",\"font-weight\":\"100\",\"font-style\":\"normal\",\"font-family\":\"Raleway\",\"padding\":[\"0\",\"0\",\"0\",\"0\"],\"text-decoration\":\"none\",\"background-color\":\"transparent\",\"background-transparency\":\"1\",\"border-color\":\"transparent\",\"border-transparency\":\"1\",\"border-style\":\"none\",\"border-width\":\"0\",\"border-radius\":[\"0\",\"0\",\"0\",\"0\"],\"z\":\"0\",\"skewx\":\"0\",\"skewy\":\"0\",\"scalex\":\"1\",\"scaley\":\"1\",\"opacity\":\"1\",\"xrotate\":\"0\",\"yrotate\":\"0\",\"2d_rotation\":\"0\",\"2d_origin_x\":\"50\",\"2d_origin_y\":\"50\",\"pers\":\"600\"}','{\"idle\":{\"letter-spacing\":\"5px\"},\"hover\":\"\"}'),(25,'.tp-caption.Photography-Subline','{\"hover\":\"false\",\"version\":\"5.0\",\"translated\":\"5\"}','{\"color\":\"#ffffff\",\"color-transparency\":\"1\",\"text-decoration\":\"none\",\"background-color\":\"transparent\",\"background-transparency\":\"0\",\"border-color\":\"transparent\",\"border-transparency\":\"1\",\"border-style\":\"none\",\"border-width\":\"0\",\"border-radius\":[\"0\",\"0\",\"0\",\"0\"],\"opacity\":\"1\",\"scalex\":\"1\",\"scaley\":\"1\",\"skewx\":\"0\",\"skewy\":\"0\",\"xrotate\":\"0\",\"yrotate\":\"0\",\"2d_rotation\":\"0\",\"speed\":\"0\",\"easing\":\"Linear.easeNone\"}','{\"color\":\"#777777\",\"color-transparency\":\"1\",\"font-size\":\"20px\",\"line-height\":\"30px\",\"font-weight\":\"300\",\"font-style\":\"normal\",\"font-family\":\"Raleway\",\"padding\":[\"0\",\"0\",\"0\",\"0\"],\"text-decoration\":\"none\",\"background-color\":\"transparent\",\"background-transparency\":\"1\",\"border-color\":\"transparent\",\"border-transparency\":\"1\",\"border-style\":\"none\",\"border-width\":\"0\",\"border-radius\":[\"0\",\"0\",\"0\",\"0\"],\"z\":\"0\",\"skewx\":\"0\",\"skewy\":\"0\",\"scalex\":\"1\",\"scaley\":\"1\",\"opacity\":\"1\",\"xrotate\":\"0\",\"yrotate\":\"0\",\"2d_rotation\":\"0\",\"2d_origin_x\":\"50\",\"2d_origin_y\":\"50\",\"pers\":\"600\"}','{\"idle\":{\"letter-spacing\":\"3px\"},\"hover\":\"\"}'),(26,'.tp-caption.Photography-ImageHover','{\"hover\":\"true\",\"version\":\"5.0\",\"translated\":\"5\"}','{\"color\":\"#ffffff\",\"color-transparency\":\"1\",\"text-decoration\":\"none\",\"background-color\":\"transparent\",\"background-transparency\":\"0\",\"border-color\":\"transparent\",\"border-transparency\":\"1\",\"border-style\":\"none\",\"border-width\":\"0\",\"border-radius\":[\"0\",\"0\",\"0\",\"0\"],\"opacity\":\"0.5\",\"scalex\":\"0.8\",\"scaley\":\"0.8\",\"skewx\":\"0\",\"skewy\":\"0\",\"xrotate\":\"0\",\"yrotate\":\"0\",\"2d_rotation\":\"0\",\"speed\":\"1000\",\"easing\":\"Power3.easeInOut\"}','{\"color\":\"#ffffff\",\"color-transparency\":\"1\",\"font-size\":\"20\",\"line-height\":\"22\",\"font-weight\":\"400\",\"font-style\":\"normal\",\"font-family\":\"\",\"padding\":[\"0\",\"0\",\"0\",\"0\"],\"text-decoration\":\"none\",\"background-color\":\"transparent\",\"background-transparency\":\"1\",\"border-color\":\"#ffffff\",\"border-transparency\":\"0\",\"border-style\":\"none\",\"border-width\":\"0px\",\"border-radius\":[\"0\",\"0\",\"0\",\"0\"],\"z\":\"0\",\"skewx\":\"0\",\"skewy\":\"0\",\"scalex\":\"1\",\"scaley\":\"1\",\"opacity\":\"1\",\"xrotate\":\"0\",\"yrotate\":\"0\",\"2d_rotation\":\"0\",\"2d_origin_x\":\"50\",\"2d_origin_y\":\"50\",\"pers\":\"600\"}','{\"idle\":\"\",\"hover\":\"\"}'),(27,'.tp-caption.Photography-Menuitem','{\"hover\":\"true\",\"version\":\"5.0\",\"translated\":\"5\"}','{\"color\":\"#ffffff\",\"color-transparency\":\"1\",\"text-decoration\":\"none\",\"background-color\":\"#00ffde\",\"background-transparency\":\"0.65\",\"border-color\":\"transparent\",\"border-transparency\":\"1\",\"border-style\":\"none\",\"border-width\":\"0\",\"border-radius\":[\"0\",\"0\",\"0\",\"0\"],\"opacity\":\"1\",\"scalex\":\"1\",\"scaley\":\"1\",\"skewx\":\"0\",\"skewy\":\"0\",\"xrotate\":\"0\",\"yrotate\":\"0\",\"2d_rotation\":\"0\",\"css_cursor\":\"pointer\",\"speed\":\"200\",\"easing\":\"Linear.easeNone\"}','{\"color\":\"#ffffff\",\"color-transparency\":\"1\",\"font-size\":\"20px\",\"line-height\":\"20px\",\"font-weight\":\"300\",\"font-style\":\"normal\",\"font-family\":\"Raleway\",\"padding\":[\"3px\",\"5px\",\"3px\",\"8px\"],\"text-decoration\":\"none\",\"background-color\":\"#000000\",\"background-transparency\":\"0.65\",\"border-color\":\"transparent\",\"border-transparency\":\"1\",\"border-style\":\"none\",\"border-width\":\"0\",\"border-radius\":[\"0\",\"0\",\"0\",\"0\"],\"z\":\"0\",\"skewx\":\"0\",\"skewy\":\"0\",\"scalex\":\"1\",\"scaley\":\"1\",\"opacity\":\"1\",\"xrotate\":\"0\",\"yrotate\":\"0\",\"2d_rotation\":\"0\",\"2d_origin_x\":\"50\",\"2d_origin_y\":\"50\",\"pers\":\"600\"}','{\"idle\":{\"letter-spacing\":\"2px\"},\"hover\":\"\"}'),(28,'.tp-caption.Photography-Textblock','{\"hover\":\"false\",\"version\":\"5.0\",\"translated\":\"5\"}','{\"color\":\"#ffffff\",\"color-transparency\":\"1\",\"text-decoration\":\"none\",\"background-color\":\"transparent\",\"background-transparency\":\"0\",\"border-color\":\"transparent\",\"border-transparency\":\"1\",\"border-style\":\"none\",\"border-width\":\"0\",\"border-radius\":[\"0\",\"0\",\"0\",\"0\"],\"opacity\":\"1\",\"scalex\":\"1\",\"scaley\":\"1\",\"skewx\":\"0\",\"skewy\":\"0\",\"xrotate\":\"0\",\"yrotate\":\"0\",\"2d_rotation\":\"0\",\"speed\":\"0\",\"easing\":\"Linear.easeNone\"}','{\"color\":\"#fff\",\"color-transparency\":\"1\",\"font-size\":\"17px\",\"line-height\":\"30px\",\"font-weight\":\"300\",\"font-style\":\"normal\",\"font-family\":\"Raleway\",\"padding\":[\"0\",\"0\",\"0\",\"0\"],\"text-decoration\":\"none\",\"background-color\":\"transparent\",\"background-transparency\":\"1\",\"border-color\":\"transparent\",\"border-transparency\":\"1\",\"border-style\":\"none\",\"border-width\":\"0\",\"border-radius\":[\"0\",\"0\",\"0\",\"0\"],\"z\":\"0\",\"skewx\":\"0\",\"skewy\":\"0\",\"scalex\":\"1\",\"scaley\":\"1\",\"opacity\":\"1\",\"xrotate\":\"0\",\"yrotate\":\"0\",\"2d_rotation\":\"0\",\"2d_origin_x\":\"50\",\"2d_origin_y\":\"50\",\"pers\":\"600\"}','{\"idle\":{\"letter-spacing\":\"2px\"},\"hover\":\"\"}'),(29,'.tp-caption.Photography-Subline-2','{\"hover\":\"false\",\"version\":\"5.0\",\"translated\":\"5\"}','{\"color\":\"#ffffff\",\"color-transparency\":\"1\",\"text-decoration\":\"none\",\"background-color\":\"transparent\",\"background-transparency\":\"0\",\"border-color\":\"transparent\",\"border-transparency\":\"1\",\"border-style\":\"none\",\"border-width\":\"0\",\"border-radius\":[\"0\",\"0\",\"0\",\"0\"],\"opacity\":\"1\",\"scalex\":\"1\",\"scaley\":\"1\",\"skewx\":\"0\",\"skewy\":\"0\",\"xrotate\":\"0\",\"yrotate\":\"0\",\"2d_rotation\":\"0\",\"css_cursor\":\"auto\",\"speed\":\"0\",\"easing\":\"Linear.easeNone\"}','{\"color\":\"#ffffff\",\"color-transparency\":\"0.35\",\"font-size\":\"20px\",\"line-height\":\"30px\",\"font-weight\":\"300\",\"font-style\":\"normal\",\"font-family\":\"Raleway\",\"padding\":[\"0\",\"0\",\"0\",\"0\"],\"text-decoration\":\"none\",\"background-color\":\"transparent\",\"background-transparency\":\"1\",\"border-color\":\"transparent\",\"border-transparency\":\"1\",\"border-style\":\"none\",\"border-width\":\"0\",\"border-radius\":[\"0\",\"0\",\"0\",\"0\"],\"z\":\"0\",\"skewx\":\"0\",\"skewy\":\"0\",\"scalex\":\"1\",\"scaley\":\"1\",\"opacity\":\"1\",\"xrotate\":\"0\",\"yrotate\":\"0\",\"2d_rotation\":\"0\",\"2d_origin_x\":\"50\",\"2d_origin_y\":\"50\",\"pers\":\"600\"}','{\"idle\":{\"letter-spacing\":\"3px\"},\"hover\":\"\"}'),(30,'.tp-caption.Photography-ImageHover2','{\"hover\":\"true\",\"version\":\"5.0\",\"translated\":\"5\"}','{\"color\":\"#ffffff\",\"color-transparency\":\"1\",\"text-decoration\":\"none\",\"background-color\":\"transparent\",\"background-transparency\":\"0\",\"border-color\":\"transparent\",\"border-transparency\":\"1\",\"border-style\":\"none\",\"border-width\":\"0\",\"border-radius\":[\"0\",\"0\",\"0\",\"0\"],\"opacity\":\"0.5\",\"scalex\":\"0.8\",\"scaley\":\"0.8\",\"skewx\":\"0\",\"skewy\":\"0\",\"xrotate\":\"0\",\"yrotate\":\"0\",\"2d_rotation\":\"0\",\"css_cursor\":\"pointer\",\"speed\":\"500\",\"easing\":\"Back.easeOut\"}','{\"color\":\"#ffffff\",\"color-transparency\":\"1\",\"font-size\":\"20\",\"line-height\":\"22\",\"font-weight\":\"400\",\"font-style\":\"normal\",\"font-family\":\"Arial\",\"padding\":[\"0\",\"0\",\"0\",\"0\"],\"text-decoration\":\"none\",\"background-color\":\"transparent\",\"background-transparency\":\"1\",\"border-color\":\"#ffffff\",\"border-transparency\":\"0\",\"border-style\":\"none\",\"border-width\":\"0px\",\"border-radius\":[\"0\",\"0\",\"0\",\"0\"],\"z\":\"0\",\"skewx\":\"0\",\"skewy\":\"0\",\"scalex\":\"1\",\"scaley\":\"1\",\"opacity\":\"1\",\"xrotate\":\"0\",\"yrotate\":\"0\",\"2d_rotation\":\"0\",\"2d_origin_x\":\"50\",\"2d_origin_y\":\"50\",\"pers\":\"600\"}','{\"idle\":\"\",\"hover\":\"\"}'),(31,'.tp-caption.WebProduct-Title','{\"hover\":\"false\",\"version\":\"5.0\",\"translated\":\"5\"}','{\"color\":\"#ffffff\",\"color-transparency\":\"1\",\"text-decoration\":\"none\",\"background-color\":\"transparent\",\"background-transparency\":\"0\",\"border-color\":\"transparent\",\"border-transparency\":\"1\",\"border-style\":\"none\",\"border-width\":\"0\",\"border-radius\":[\"0\",\"0\",\"0\",\"0\"],\"opacity\":\"1\",\"scalex\":\"1\",\"scaley\":\"1\",\"skewx\":\"0\",\"skewy\":\"0\",\"xrotate\":\"0\",\"yrotate\":\"0\",\"2d_rotation\":\"0\",\"css_cursor\":\"auto\",\"speed\":\"0\",\"easing\":\"Linear.easeNone\"}','{\"color\":\"#333333\",\"color-transparency\":\"1\",\"font-size\":\"90px\",\"line-height\":\"90px\",\"font-weight\":\"100\",\"font-style\":\"normal\",\"font-family\":\"Raleway\",\"padding\":[\"0\",\"0\",\"0\",\"0\"],\"text-decoration\":\"none\",\"background-color\":\"transparent\",\"background-transparency\":\"0\",\"border-color\":\"transparent\",\"border-transparency\":\"1\",\"border-style\":\"none\",\"border-width\":\"0\",\"border-radius\":[\"0\",\"0\",\"0\",\"0\"],\"z\":\"0\",\"skewx\":\"0\",\"skewy\":\"0\",\"scalex\":\"1\",\"scaley\":\"1\",\"opacity\":\"1\",\"xrotate\":\"0\",\"yrotate\":\"0\",\"2d_rotation\":\"0\",\"2d_origin_x\":\"50\",\"2d_origin_y\":\"50\",\"pers\":\"600\"}','{\"idle\":\"\",\"hover\":\"\"}'),(32,'.tp-caption.WebProduct-SubTitle','{\"hover\":\"false\",\"version\":\"5.0\",\"translated\":\"5\"}','{\"color\":\"#ffffff\",\"color-transparency\":\"1\",\"text-decoration\":\"none\",\"background-color\":\"transparent\",\"background-transparency\":\"0\",\"border-color\":\"transparent\",\"border-transparency\":\"1\",\"border-style\":\"none\",\"border-width\":\"0\",\"border-radius\":[\"0\",\"0\",\"0\",\"0\"],\"opacity\":\"1\",\"scalex\":\"1\",\"scaley\":\"1\",\"skewx\":\"0\",\"skewy\":\"0\",\"xrotate\":\"0\",\"yrotate\":\"0\",\"2d_rotation\":\"0\",\"css_cursor\":\"auto\",\"speed\":\"0\",\"easing\":\"Linear.easeNone\"}','{\"color\":\"#999999\",\"color-transparency\":\"1\",\"font-size\":\"15px\",\"line-height\":\"20px\",\"font-weight\":\"400\",\"font-style\":\"normal\",\"font-family\":\"Raleway\",\"padding\":[\"0\",\"0\",\"0\",\"0\"],\"text-decoration\":\"none\",\"background-color\":\"transparent\",\"background-transparency\":\"0\",\"border-color\":\"transparent\",\"border-transparency\":\"1\",\"border-style\":\"none\",\"border-width\":\"0\",\"border-radius\":[\"0\",\"0\",\"0\",\"0\"],\"z\":\"0\",\"skewx\":\"0\",\"skewy\":\"0\",\"scalex\":\"1\",\"scaley\":\"1\",\"opacity\":\"1\",\"xrotate\":\"0\",\"yrotate\":\"0\",\"2d_rotation\":\"0\",\"2d_origin_x\":\"50\",\"2d_origin_y\":\"50\",\"pers\":\"600\"}','{\"idle\":\"\",\"hover\":\"\"}'),(33,'.tp-caption.WebProduct-Content','{\"hover\":\"false\",\"version\":\"5.0\",\"translated\":\"5\"}','{\"color\":\"#ffffff\",\"color-transparency\":\"1\",\"text-decoration\":\"none\",\"background-color\":\"transparent\",\"background-transparency\":\"0\",\"border-color\":\"transparent\",\"border-transparency\":\"1\",\"border-style\":\"none\",\"border-width\":\"0\",\"border-radius\":[\"0\",\"0\",\"0\",\"0\"],\"opacity\":\"1\",\"scalex\":\"1\",\"scaley\":\"1\",\"skewx\":\"0\",\"skewy\":\"0\",\"xrotate\":\"0\",\"yrotate\":\"0\",\"2d_rotation\":\"0\",\"css_cursor\":\"auto\",\"speed\":\"0\",\"easing\":\"Linear.easeNone\"}','{\"color\":\"#999999\",\"color-transparency\":\"1\",\"font-size\":\"16px\",\"line-height\":\"24px\",\"font-weight\":\"600\",\"font-style\":\"normal\",\"font-family\":\"Raleway\",\"padding\":[\"0\",\"0\",\"0\",\"0\"],\"text-decoration\":\"none\",\"background-color\":\"transparent\",\"background-transparency\":\"0\",\"border-color\":\"transparent\",\"border-transparency\":\"1\",\"border-style\":\"none\",\"border-width\":\"0\",\"border-radius\":[\"0\",\"0\",\"0\",\"0\"],\"z\":\"0\",\"skewx\":\"0\",\"skewy\":\"0\",\"scalex\":\"1\",\"scaley\":\"1\",\"opacity\":\"1\",\"xrotate\":\"0\",\"yrotate\":\"0\",\"2d_rotation\":\"0\",\"2d_origin_x\":\"50\",\"2d_origin_y\":\"50\",\"pers\":\"600\"}','{\"idle\":\"\",\"hover\":\"\"}'),(34,'.tp-caption.WebProduct-Menuitem','{\"hover\":\"true\",\"version\":\"5.0\",\"translated\":\"5\"}','{\"color\":\"#999999\",\"color-transparency\":\"1\",\"text-decoration\":\"none\",\"background-color\":\"#ffffff\",\"background-transparency\":\"1\",\"border-color\":\"transparent\",\"border-transparency\":\"1\",\"border-style\":\"none\",\"border-width\":\"0\",\"border-radius\":[\"0\",\"0\",\"0\",\"0\"],\"opacity\":\"1\",\"scalex\":\"1\",\"scaley\":\"1\",\"skewx\":\"0\",\"skewy\":\"0\",\"xrotate\":\"0\",\"yrotate\":\"0\",\"2d_rotation\":\"0\",\"css_cursor\":\"pointer\",\"speed\":\"200\",\"easing\":\"Linear.easeNone\"}','{\"color\":\"#ffffff\",\"color-transparency\":\"1\",\"font-size\":\"15px\",\"line-height\":\"20px\",\"font-weight\":\"500\",\"font-style\":\"normal\",\"font-family\":\"Raleway\",\"padding\":[\"3px\",\"5px\",\"3px\",\"8px\"],\"text-decoration\":\"none\",\"text-align\":\"left\",\"background-color\":\"#333333\",\"background-transparency\":\"1\",\"border-color\":\"transparent\",\"border-transparency\":\"1\",\"border-style\":\"none\",\"border-width\":\"0\",\"border-radius\":[\"0\",\"0\",\"0\",\"0\"],\"z\":\"0\",\"skewx\":\"0\",\"skewy\":\"0\",\"scalex\":\"1\",\"scaley\":\"1\",\"opacity\":\"1\",\"xrotate\":\"0\",\"yrotate\":\"0\",\"2d_rotation\":\"0\",\"2d_origin_x\":\"50\",\"2d_origin_y\":\"50\",\"pers\":\"600\",\"corner_left\":\"nothing\",\"corner_right\":\"nothing\",\"parallax\":\"-\"}','{\"idle\":{\"letter-spacing\":\"2px\"},\"hover\":\"\"}'),(35,'.tp-caption.WebProduct-Title-Light','{\"hover\":\"false\",\"version\":\"5.0\",\"translated\":\"5\"}','{\"color\":\"#ffffff\",\"color-transparency\":\"1\",\"text-decoration\":\"none\",\"background-color\":\"transparent\",\"background-transparency\":\"0\",\"border-color\":\"transparent\",\"border-transparency\":\"1\",\"border-style\":\"none\",\"border-width\":\"0\",\"border-radius\":[\"0\",\"0\",\"0\",\"0\"],\"opacity\":\"1\",\"scalex\":\"1\",\"scaley\":\"1\",\"skewx\":\"0\",\"skewy\":\"0\",\"xrotate\":\"0\",\"yrotate\":\"0\",\"2d_rotation\":\"0\",\"css_cursor\":\"auto\",\"speed\":\"0\",\"easing\":\"Linear.easeNone\"}','{\"color\":\"#fff\",\"color-transparency\":\"1\",\"font-size\":\"90px\",\"line-height\":\"90px\",\"font-weight\":\"100\",\"font-style\":\"normal\",\"font-family\":\"Raleway\",\"padding\":[\"0\",\"0\",\"0\",\"0\"],\"text-decoration\":\"none\",\"text-align\":\"left\",\"background-color\":\"transparent\",\"background-transparency\":\"1\",\"border-color\":\"transparent\",\"border-transparency\":\"1\",\"border-style\":\"none\",\"border-width\":\"0\",\"border-radius\":[\"0\",\"0\",\"0\",\"0\"],\"z\":\"0\",\"skewx\":\"0\",\"skewy\":\"0\",\"scalex\":\"1\",\"scaley\":\"1\",\"opacity\":\"1\",\"xrotate\":\"0\",\"yrotate\":\"0\",\"2d_rotation\":\"0\",\"2d_origin_x\":\"50\",\"2d_origin_y\":\"50\",\"pers\":\"600\",\"corner_left\":\"nothing\",\"corner_right\":\"nothing\",\"parallax\":\"-\"}','{\"idle\":\"\",\"hover\":\"\"}'),(36,'.tp-caption.WebProduct-SubTitle-Light','{\"hover\":\"false\",\"version\":\"5.0\",\"translated\":\"5\"}','{\"color\":\"#ffffff\",\"color-transparency\":\"1\",\"text-decoration\":\"none\",\"background-color\":\"transparent\",\"background-transparency\":\"0\",\"border-color\":\"transparent\",\"border-transparency\":\"1\",\"border-style\":\"none\",\"border-width\":\"0\",\"border-radius\":[\"0\",\"0\",\"0\",\"0\"],\"opacity\":\"1\",\"scalex\":\"1\",\"scaley\":\"1\",\"skewx\":\"0\",\"skewy\":\"0\",\"xrotate\":\"0\",\"yrotate\":\"0\",\"2d_rotation\":\"0\",\"css_cursor\":\"auto\",\"speed\":\"0\",\"easing\":\"Linear.easeNone\"}','{\"color\":\"#ffffff\",\"color-transparency\":\"0.35\",\"font-size\":\"15px\",\"line-height\":\"20px\",\"font-weight\":\"400\",\"font-style\":\"normal\",\"font-family\":\"Raleway\",\"padding\":[\"0\",\"0\",\"0\",\"0\"],\"text-decoration\":\"none\",\"text-align\":\"left\",\"background-color\":\"transparent\",\"background-transparency\":\"1\",\"border-color\":\"transparent\",\"border-transparency\":\"1\",\"border-style\":\"none\",\"border-width\":\"0\",\"border-radius\":[\"0\",\"0\",\"0\",\"0\"],\"z\":\"0\",\"skewx\":\"0\",\"skewy\":\"0\",\"scalex\":\"1\",\"scaley\":\"1\",\"opacity\":\"1\",\"xrotate\":\"0\",\"yrotate\":\"0\",\"2d_rotation\":\"0\",\"2d_origin_x\":\"50\",\"2d_origin_y\":\"50\",\"pers\":\"600\",\"corner_left\":\"nothing\",\"parallax\":\"-\"}','{\"idle\":\"\",\"hover\":\"\"}'),(37,'.tp-caption.WebProduct-Content-Light','{\"hover\":\"false\",\"version\":\"5.0\",\"translated\":\"5\"}','{\"color\":\"#ffffff\",\"color-transparency\":\"1\",\"text-decoration\":\"none\",\"background-color\":\"transparent\",\"background-transparency\":\"0\",\"border-color\":\"transparent\",\"border-transparency\":\"1\",\"border-style\":\"none\",\"border-width\":\"0\",\"border-radius\":[\"0\",\"0\",\"0\",\"0\"],\"opacity\":\"1\",\"scalex\":\"1\",\"scaley\":\"1\",\"skewx\":\"0\",\"skewy\":\"0\",\"xrotate\":\"0\",\"yrotate\":\"0\",\"2d_rotation\":\"0\",\"css_cursor\":\"auto\",\"speed\":\"0\",\"easing\":\"Linear.easeNone\"}','{\"color\":\"#ffffff\",\"color-transparency\":\"0.65\",\"font-size\":\"16px\",\"line-height\":\"24px\",\"font-weight\":\"600\",\"font-style\":\"normal\",\"font-family\":\"Raleway\",\"padding\":[\"0\",\"0\",\"0\",\"0\"],\"text-decoration\":\"none\",\"text-align\":\"left\",\"background-color\":\"transparent\",\"background-transparency\":\"1\",\"border-color\":\"transparent\",\"border-transparency\":\"1\",\"border-style\":\"none\",\"border-width\":\"0\",\"border-radius\":[\"0\",\"0\",\"0\",\"0\"],\"z\":\"0\",\"skewx\":\"0\",\"skewy\":\"0\",\"scalex\":\"1\",\"scaley\":\"1\",\"opacity\":\"1\",\"xrotate\":\"0\",\"yrotate\":\"0\",\"2d_rotation\":\"0\",\"2d_origin_x\":\"50\",\"2d_origin_y\":\"50\",\"pers\":\"600\",\"corner_left\":\"nothing\",\"parallax\":\"-\"}','{\"idle\":\"\",\"hover\":\"\"}'),(38,'.tp-caption.FatRounded','{\"hover\":\"true\",\"type\":\"text\",\"version\":\"5.0\",\"translated\":\"5\"}','{\"color\":\"#fff\",\"color-transparency\":\"1\",\"text-decoration\":\"none\",\"background-color\":\"#000000\",\"background-transparency\":\"1\",\"border-color\":\"#d3d3d3\",\"border-transparency\":\"1\",\"border-style\":\"none\",\"border-width\":\"0px\",\"border-radius\":[\"50px\",\"50px\",\"50px\",\"50px\"],\"opacity\":\"1\",\"scalex\":\"1\",\"scaley\":\"1\",\"skewx\":\"0\",\"skewy\":\"0\",\"xrotate\":\"0\",\"yrotate\":\"0\",\"2d_rotation\":\"0\",\"css_cursor\":\"pointer\",\"speed\":\"300\",\"easing\":\"Linear.easeNone\"}','{\"color\":\"#fff\",\"color-transparency\":\"1\",\"font-size\":\"30px\",\"line-height\":\"30px\",\"font-weight\":\"900\",\"font-style\":\"normal\",\"font-family\":\"Raleway\",\"padding\":[\"20px\",\"22px\",\"20px\",\"25px\"],\"text-decoration\":\"none\",\"text-align\":\"left\",\"background-color\":\"#000000\",\"background-transparency\":\"0.5\",\"border-color\":\"#d3d3d3\",\"border-transparency\":\"1\",\"border-style\":\"none\",\"border-width\":\"0px\",\"border-radius\":[\"50px\",\"50px\",\"50px\",\"50px\"],\"z\":\"0\",\"skewx\":\"0\",\"skewy\":\"0\",\"scalex\":\"1\",\"scaley\":\"1\",\"opacity\":\"1\",\"xrotate\":\"0\",\"yrotate\":\"0\",\"2d_rotation\":\"0\",\"2d_origin_x\":\"50\",\"2d_origin_y\":\"50\",\"pers\":\"600\",\"corner_left\":\"nothing\",\"corner_right\":\"nothing\",\"parallax\":\"-\"}','{\"idle\":{\"text-shadow\":\"none\"},\"hover\":\"\"}'),(39,'.tp-caption.NotGeneric-Title','{\"translated\":5,\"type\":\"text\",\"version\":\"5.0\"}','{\"color\":\"#ffffff\",\"color-transparency\":\"1\",\"text-decoration\":\"none\",\"background-color\":\"transparent\",\"background-transparency\":\"0\",\"border-color\":\"transparent\",\"border-transparency\":\"1\",\"border-style\":\"none\",\"border-width\":\"0\",\"border-radius\":[\"0\",\"0\",\"0\",\"0\"],\"opacity\":\"1\",\"scalex\":\"1\",\"scaley\":\"1\",\"skewx\":\"0\",\"skewy\":\"0\",\"xrotate\":\"0\",\"yrotate\":\"0\",\"2d_rotation\":\"0\",\"css_cursor\":\"auto\",\"speed\":\"0\",\"easing\":\"Linear.easeNone\"}','{\"color\":\"#ffffff\",\"color-transparency\":\"1\",\"font-size\":\"70px\",\"line-height\":\"70px\",\"font-weight\":\"800\",\"font-style\":\"normal\",\"font-family\":\"Raleway\",\"padding\":\"10px 0px 10px 0\",\"text-decoration\":\"none\",\"background-color\":\"transparent\",\"background-transparency\":\"1\",\"border-color\":\"transparent\",\"border-transparency\":\"1\",\"border-style\":\"none\",\"border-width\":\"0\",\"border-radius\":\"0 0 0 0\",\"z\":\"0\",\"skewx\":\"0\",\"skewy\":\"0\",\"scalex\":\"1\",\"scaley\":\"1\",\"opacity\":\"1\",\"xrotate\":\"0\",\"yrotate\":\"0\",\"2d_rotation\":\"0\",\"2d_origin_x\":\"50\",\"2d_origin_y\":\"50\",\"pers\":\"600\",\"corner_left\":\"nothing\",\"corner_right\":\"nothing\",\"parallax\":\"-\"}','{\"idle\":\"[object Object]\",\"hover\":\"\"}'),(40,'.tp-caption.NotGeneric-SubTitle','{\"translated\":5,\"type\":\"text\",\"version\":\"5.0\"}','{\"color\":\"#ffffff\",\"color-transparency\":\"1\",\"text-decoration\":\"none\",\"background-color\":\"transparent\",\"background-transparency\":\"0\",\"border-color\":\"transparent\",\"border-transparency\":\"1\",\"border-style\":\"none\",\"border-width\":\"0\",\"border-radius\":[\"0\",\"0\",\"0\",\"0\"],\"opacity\":\"1\",\"scalex\":\"1\",\"scaley\":\"1\",\"skewx\":\"0\",\"skewy\":\"0\",\"xrotate\":\"0\",\"yrotate\":\"0\",\"2d_rotation\":\"0\",\"css_cursor\":\"auto\",\"speed\":\"0\",\"easing\":\"Linear.easeNone\"}','{\"color\":\"#ffffff\",\"color-transparency\":\"1\",\"font-size\":\"13px\",\"line-height\":\"20px\",\"font-weight\":\"500\",\"font-style\":\"normal\",\"font-family\":\"Raleway\",\"padding\":\"0 0 0 0\",\"text-decoration\":\"none\",\"background-color\":\"transparent\",\"background-transparency\":\"1\",\"border-color\":\"transparent\",\"border-transparency\":\"1\",\"border-style\":\"none\",\"border-width\":\"0\",\"border-radius\":\"0 0 0 0\",\"z\":\"0\",\"skewx\":\"0\",\"skewy\":\"0\",\"scalex\":\"1\",\"scaley\":\"1\",\"opacity\":\"1\",\"xrotate\":\"0\",\"yrotate\":\"0\",\"2d_rotation\":\"0\",\"2d_origin_x\":\"50\",\"2d_origin_y\":\"50\",\"pers\":\"600\",\"corner_left\":\"nothing\",\"corner_right\":\"nothing\",\"parallax\":\"-\"}','{\"idle\":{\"letter-spacing\":\"4px\",\"text-align\":\"left\"},\"hover\":\"\"}'),(41,'.tp-caption.NotGeneric-CallToAction','{\"hover\":\"true\",\"translated\":5,\"type\":\"text\",\"version\":\"5.0\"}','{\"color\":\"#ffffff\",\"color-transparency\":\"1\",\"text-decoration\":\"none\",\"background-color\":\"transparent\",\"background-transparency\":\"0\",\"border-color\":\"#ffffff\",\"border-transparency\":\"1\",\"border-style\":\"solid\",\"border-width\":\"1\",\"border-radius\":\"0px 0px 0px 0px\",\"opacity\":\"1\",\"scalex\":\"1\",\"scaley\":\"1\",\"skewx\":\"0\",\"skewy\":\"0\",\"xrotate\":\"0\",\"yrotate\":\"0\",\"2d_rotation\":\"0\",\"css_cursor\":\"pointer\",\"speed\":\"300\",\"easing\":\"Power3.easeOut\"}','{\"color\":\"#ffffff\",\"color-transparency\":\"1\",\"font-size\":\"14px\",\"line-height\":\"14px\",\"font-weight\":\"500\",\"font-style\":\"normal\",\"font-family\":\"Raleway\",\"padding\":\"10px 30px 10px 30px\",\"text-decoration\":\"none\",\"background-color\":\"#000000\",\"background-transparency\":\"0\",\"border-color\":\"#ffffff\",\"border-transparency\":\"0.5\",\"border-style\":\"solid\",\"border-width\":\"1\",\"border-radius\":\"0px 0px 0px 0px\",\"z\":\"0\",\"skewx\":\"0\",\"skewy\":\"0\",\"scalex\":\"1\",\"scaley\":\"1\",\"opacity\":\"1\",\"xrotate\":\"0\",\"yrotate\":\"0\",\"2d_rotation\":\"0\",\"2d_origin_x\":\"50\",\"2d_origin_y\":\"50\",\"pers\":\"600\",\"corner_left\":\"nothing\",\"corner_right\":\"nothing\",\"parallax\":\"-\"}','{\"idle\":{\"letter-spacing\":\"3px\",\"text-align\":\"left\"},\"hover\":\"\"}'),(42,'.tp-caption.NotGeneric-Icon','{\"translated\":5,\"type\":\"text\",\"version\":\"5.0\"}','{\"color\":\"#ffffff\",\"color-transparency\":\"1\",\"text-decoration\":\"none\",\"background-color\":\"transparent\",\"background-transparency\":\"0\",\"border-color\":\"#ffffff\",\"border-transparency\":\"1\",\"border-style\":\"solid\",\"border-width\":\"1\",\"border-radius\":[\"0px\",\"0px\",\"0px\",\"0px\"],\"opacity\":\"1\",\"scalex\":\"1\",\"scaley\":\"1\",\"skewx\":\"0\",\"skewy\":\"0\",\"xrotate\":\"0\",\"yrotate\":\"0\",\"2d_rotation\":\"0\",\"css_cursor\":\"default\",\"speed\":\"300\",\"easing\":\"Power3.easeOut\"}','{\"color\":\"#ffffff\",\"color-transparency\":\"1\",\"font-size\":\"30px\",\"line-height\":\"30px\",\"font-weight\":\"400\",\"font-style\":\"normal\",\"font-family\":\"Raleway\",\"padding\":\"0px 0px 0px 0px\",\"text-decoration\":\"none\",\"background-color\":\"#000000\",\"background-transparency\":\"0\",\"border-color\":\"#ffffff\",\"border-transparency\":\"0\",\"border-style\":\"solid\",\"border-width\":\"0px\",\"border-radius\":\"0px 0px 0px 0px\",\"z\":\"0\",\"skewx\":\"0\",\"skewy\":\"0\",\"scalex\":\"1\",\"scaley\":\"1\",\"opacity\":\"1\",\"xrotate\":\"0\",\"yrotate\":\"0\",\"2d_rotation\":\"0\",\"2d_origin_x\":\"50\",\"2d_origin_y\":\"50\",\"pers\":\"600\",\"corner_left\":\"nothing\",\"corner_right\":\"nothing\",\"parallax\":\"-\"}','{\"idle\":{\"letter-spacing\":\"3px\",\"text-align\":\"left\"},\"hover\":\"\"}'),(43,'.tp-caption.NotGeneric-Menuitem','{\"hover\":\"true\",\"translated\":5,\"type\":\"text\",\"version\":\"5.0\"}','{\"color\":\"#ffffff\",\"color-transparency\":\"1\",\"text-decoration\":\"none\",\"background-color\":\"#000000\",\"background-transparency\":\"0\",\"border-color\":\"#ffffff\",\"border-transparency\":\"1\",\"border-style\":\"solid\",\"border-width\":\"1px\",\"border-radius\":\"0px 0px 0px 0px\",\"opacity\":\"1\",\"scalex\":\"1\",\"scaley\":\"1\",\"skewx\":\"0\",\"skewy\":\"0\",\"xrotate\":\"0\",\"yrotate\":\"0\",\"2d_rotation\":\"0\",\"css_cursor\":\"pointer\",\"speed\":\"300\",\"easing\":\"Power1.easeInOut\"}','{\"color\":\"#ffffff\",\"color-transparency\":\"1\",\"font-size\":\"14px\",\"line-height\":\"14px\",\"font-weight\":\"500\",\"font-style\":\"normal\",\"font-family\":\"Raleway\",\"padding\":\"27px 30px 27px 30px\",\"text-decoration\":\"none\",\"background-color\":\"#000000\",\"background-transparency\":\"0\",\"border-color\":\"#ffffff\",\"border-transparency\":\"0.15\",\"border-style\":\"solid\",\"border-width\":\"1px\",\"border-radius\":\"0px 0px 0px 0px\",\"z\":\"0\",\"skewx\":\"0\",\"skewy\":\"0\",\"scalex\":\"1\",\"scaley\":\"1\",\"opacity\":\"1\",\"xrotate\":\"0\",\"yrotate\":\"0\",\"2d_rotation\":\"0\",\"2d_origin_x\":\"50\",\"2d_origin_y\":\"50\",\"pers\":\"600\",\"corner_left\":\"nothing\",\"corner_right\":\"nothing\",\"parallax\":\"-\"}','{\"idle\":{\"letter-spacing\":\"3px\",\"text-align\":\"left\"},\"hover\":\"\"}'),(44,'.tp-caption.MarkerStyle','{\"translated\":5,\"type\":\"text\",\"version\":\"5.0\"}','{\"color\":\"#ffffff\",\"color-transparency\":\"1\",\"text-decoration\":\"none\",\"background-color\":\"transparent\",\"background-transparency\":\"0\",\"border-color\":\"transparent\",\"border-transparency\":\"1\",\"border-style\":\"none\",\"border-width\":\"0\",\"border-radius\":[\"0\",\"0\",\"0\",\"0\"],\"opacity\":\"1\",\"scalex\":\"1\",\"scaley\":\"1\",\"skewx\":\"0\",\"skewy\":\"0\",\"xrotate\":\"0\",\"yrotate\":\"0\",\"2d_rotation\":\"0\",\"css_cursor\":\"auto\",\"speed\":\"0\",\"easing\":\"Linear.easeNone\"}','{\"color\":\"#ffffff\",\"color-transparency\":\"1\",\"font-size\":\"17px\",\"line-height\":\"30px\",\"font-weight\":\"100\",\"font-style\":\"normal\",\"font-family\":\"\\\"Permanent Marker\\\"\",\"padding\":\"0 0 0 0\",\"text-decoration\":\"none\",\"background-color\":\"transparent\",\"background-transparency\":\"1\",\"border-color\":\"transparent\",\"border-transparency\":\"1\",\"border-style\":\"none\",\"border-width\":\"0\",\"border-radius\":\"0 0 0 0\",\"z\":\"0\",\"skewx\":\"0\",\"skewy\":\"0\",\"scalex\":\"1\",\"scaley\":\"1\",\"opacity\":\"1\",\"xrotate\":\"0\",\"yrotate\":\"0\",\"2d_rotation\":\"0\",\"2d_origin_x\":\"50\",\"2d_origin_y\":\"50\",\"pers\":\"600\",\"corner_left\":\"nothing\",\"corner_right\":\"nothing\",\"parallax\":\"-\"}','{\"idle\":{\"text-align\":\"left\",\"0\":\"\"},\"hover\":\"\"}'),(45,'.tp-caption.Gym-Menuitem','{\"hover\":\"true\",\"type\":\"text\",\"version\":\"5.0\",\"translated\":\"5\"}','{\"color\":\"#ffffff\",\"color-transparency\":\"1\",\"text-decoration\":\"none\",\"background-color\":\"#000000\",\"background-transparency\":\"1\",\"border-color\":\"#ffffff\",\"border-transparency\":\"0.25\",\"border-style\":\"solid\",\"border-width\":\"2px\",\"border-radius\":[\"3px\",\"3px\",\"3px\",\"3px\"],\"opacity\":\"1\",\"scalex\":\"1\",\"scaley\":\"1\",\"skewx\":\"0\",\"skewy\":\"0\",\"xrotate\":\"0\",\"yrotate\":\"0\",\"2d_rotation\":\"0\",\"css_cursor\":\"pointer\",\"speed\":\"200\",\"easing\":\"Linear.easeNone\"}','{\"color\":\"#ffffff\",\"color-transparency\":\"1\",\"font-size\":\"20px\",\"line-height\":\"20px\",\"font-weight\":\"300\",\"font-style\":\"normal\",\"font-family\":\"Raleway\",\"padding\":[\"3px\",\"5px\",\"3px\",\"8px\"],\"text-decoration\":\"none\",\"text-align\":\"left\",\"background-color\":\"#000000\",\"background-transparency\":\"1\",\"border-color\":\"#ffffff\",\"border-transparency\":\"0\",\"border-style\":\"solid\",\"border-width\":\"2px\",\"border-radius\":[\"3px\",\"3px\",\"3px\",\"3px\"],\"z\":\"0\",\"skewx\":\"0\",\"skewy\":\"0\",\"scalex\":\"1\",\"scaley\":\"1\",\"opacity\":\"1\",\"xrotate\":\"0\",\"yrotate\":\"0\",\"2d_rotation\":\"0\",\"2d_origin_x\":\"50\",\"2d_origin_y\":\"50\",\"pers\":\"600\",\"corner_left\":\"nothing\",\"corner_right\":\"nothing\",\"parallax\":\"-\"}','{\"idle\":{\"letter-spacing\":\"2px\"},\"hover\":\"\"}'),(46,'.tp-caption.Newspaper-Button','{\"hover\":\"true\",\"type\":\"button\",\"version\":\"5.0\",\"translated\":\"5\"}','{\"color\":\"#000000\",\"color-transparency\":\"1\",\"text-decoration\":\"none\",\"background-color\":\"#FFFFFF\",\"background-transparency\":\"1\",\"border-color\":\"#ffffff\",\"border-transparency\":\"1\",\"border-style\":\"solid\",\"border-width\":\"1px\",\"border-radius\":[\"0px\",\"0px\",\"0px\",\"0px\"],\"opacity\":\"1\",\"scalex\":\"1\",\"scaley\":\"1\",\"skewx\":\"0\",\"skewy\":\"0\",\"xrotate\":\"0\",\"yrotate\":\"0\",\"2d_rotation\":\"0\",\"css_cursor\":\"pointer\",\"speed\":\"300\",\"easing\":\"Power1.easeInOut\"}','{\"color\":\"#ffffff\",\"color-transparency\":\"1\",\"font-size\":\"13px\",\"line-height\":\"17px\",\"font-weight\":\"700\",\"font-style\":\"normal\",\"font-family\":\"Roboto\",\"padding\":[\"12px\",\"35px\",\"12px\",\"35px\"],\"text-decoration\":\"none\",\"text-align\":\"left\",\"background-color\":\"#ffffff\",\"background-transparency\":\"0\",\"border-color\":\"#ffffff\",\"border-transparency\":\"0.25\",\"border-style\":\"solid\",\"border-width\":\"1px\",\"border-radius\":[\"0px\",\"0px\",\"0px\",\"0px\"],\"z\":\"0\",\"skewx\":\"0\",\"skewy\":\"0\",\"scalex\":\"1\",\"scaley\":\"1\",\"opacity\":\"1\",\"xrotate\":\"0\",\"yrotate\":\"0\",\"2d_rotation\":\"0\",\"2d_origin_x\":\"50\",\"2d_origin_y\":\"50\",\"pers\":\"600\",\"corner_left\":\"nothing\",\"corner_right\":\"nothing\",\"parallax\":\"-\"}','{\"idle\":{\"letter-spacing\":\"2px\"},\"hover\":\"\"}'),(47,'.tp-caption.Newspaper-Subtitle','{\"hover\":\"false\",\"type\":\"text\",\"version\":\"5.0\",\"translated\":\"5\"}','{\"color\":\"#ffffff\",\"color-transparency\":\"1\",\"text-decoration\":\"none\",\"background-color\":\"transparent\",\"background-transparency\":\"0\",\"border-color\":\"transparent\",\"border-transparency\":\"1\",\"border-style\":\"none\",\"border-width\":\"0\",\"border-radius\":[\"0\",\"0\",\"0\",\"0\"],\"opacity\":\"1\",\"scalex\":\"1\",\"scaley\":\"1\",\"skewx\":\"0\",\"skewy\":\"0\",\"xrotate\":\"0\",\"yrotate\":\"0\",\"2d_rotation\":\"0\",\"css_cursor\":\"auto\",\"speed\":\"0\",\"easing\":\"Linear.easeNone\"}','{\"color\":\"#a8d8ee\",\"color-transparency\":\"1\",\"font-size\":\"15px\",\"line-height\":\"20px\",\"font-weight\":\"900\",\"font-style\":\"normal\",\"font-family\":\"Roboto\",\"padding\":[\"0\",\"0\",\"0\",\"0\"],\"text-decoration\":\"none\",\"text-align\":\"left\",\"background-color\":\"transparent\",\"background-transparency\":\"1\",\"border-color\":\"transparent\",\"border-transparency\":\"1\",\"border-style\":\"none\",\"border-width\":\"0\",\"border-radius\":[\"0\",\"0\",\"0\",\"0\"],\"z\":\"0\",\"skewx\":\"0\",\"skewy\":\"0\",\"scalex\":\"1\",\"scaley\":\"1\",\"opacity\":\"1\",\"xrotate\":\"0\",\"yrotate\":\"0\",\"2d_rotation\":\"0\",\"2d_origin_x\":\"50\",\"2d_origin_y\":\"50\",\"pers\":\"600\",\"corner_left\":\"nothing\",\"corner_right\":\"nothing\",\"parallax\":\"-\"}','{\"idle\":\"\",\"hover\":\"\"}'),(48,'.tp-caption.Newspaper-Title','{\"hover\":\"false\",\"type\":\"text\",\"version\":\"5.0\",\"translated\":\"5\"}','{\"color\":\"#ffffff\",\"color-transparency\":\"1\",\"text-decoration\":\"none\",\"background-color\":\"transparent\",\"background-transparency\":\"0\",\"border-color\":\"transparent\",\"border-transparency\":\"1\",\"border-style\":\"none\",\"border-width\":\"0\",\"border-radius\":[\"0\",\"0\",\"0\",\"0\"],\"opacity\":\"1\",\"scalex\":\"1\",\"scaley\":\"1\",\"skewx\":\"0\",\"skewy\":\"0\",\"xrotate\":\"0\",\"yrotate\":\"0\",\"2d_rotation\":\"0\",\"css_cursor\":\"auto\",\"speed\":\"0\",\"easing\":\"Linear.easeNone\"}','{\"color\":\"#fff\",\"color-transparency\":\"1\",\"font-size\":\"50px\",\"line-height\":\"55px\",\"font-weight\":\"400\",\"font-style\":\"normal\",\"font-family\":\"\\\"Roboto Slab\\\"\",\"padding\":[\"0\",\"0\",\"10px\",\"0\"],\"text-decoration\":\"none\",\"text-align\":\"left\",\"background-color\":\"transparent\",\"background-transparency\":\"1\",\"border-color\":\"transparent\",\"border-transparency\":\"1\",\"border-style\":\"none\",\"border-width\":\"0\",\"border-radius\":[\"0\",\"0\",\"0\",\"0\"],\"z\":\"0\",\"skewx\":\"0\",\"skewy\":\"0\",\"scalex\":\"1\",\"scaley\":\"1\",\"opacity\":\"1\",\"xrotate\":\"0\",\"yrotate\":\"0\",\"2d_rotation\":\"0\",\"2d_origin_x\":\"50\",\"2d_origin_y\":\"50\",\"pers\":\"600\",\"corner_left\":\"nothing\",\"corner_right\":\"nothing\",\"parallax\":\"-\"}','{\"idle\":\"\",\"hover\":\"\"}'),(49,'.tp-caption.Newspaper-Title-Centered','{\"hover\":\"false\",\"type\":\"text\",\"version\":\"5.0\",\"translated\":\"5\"}','{\"color\":\"#ffffff\",\"color-transparency\":\"1\",\"text-decoration\":\"none\",\"background-color\":\"transparent\",\"background-transparency\":\"0\",\"border-color\":\"transparent\",\"border-transparency\":\"1\",\"border-style\":\"none\",\"border-width\":\"0\",\"border-radius\":[\"0\",\"0\",\"0\",\"0\"],\"opacity\":\"1\",\"scalex\":\"1\",\"scaley\":\"1\",\"skewx\":\"0\",\"skewy\":\"0\",\"xrotate\":\"0\",\"yrotate\":\"0\",\"2d_rotation\":\"0\",\"css_cursor\":\"auto\",\"speed\":\"0\",\"easing\":\"Linear.easeNone\"}','{\"color\":\"#fff\",\"color-transparency\":\"1\",\"font-size\":\"50px\",\"line-height\":\"55px\",\"font-weight\":\"400\",\"font-style\":\"normal\",\"font-family\":\"\\\"Roboto Slab\\\"\",\"padding\":[\"0\",\"0\",\"10px\",\"0\"],\"text-decoration\":\"none\",\"text-align\":\"center\",\"background-color\":\"transparent\",\"background-transparency\":\"1\",\"border-color\":\"transparent\",\"border-transparency\":\"1\",\"border-style\":\"none\",\"border-width\":\"0\",\"border-radius\":[\"0\",\"0\",\"0\",\"0\"],\"z\":\"0\",\"skewx\":\"0\",\"skewy\":\"0\",\"scalex\":\"1\",\"scaley\":\"1\",\"opacity\":\"1\",\"xrotate\":\"0\",\"yrotate\":\"0\",\"2d_rotation\":\"0\",\"2d_origin_x\":\"50\",\"2d_origin_y\":\"50\",\"pers\":\"600\",\"corner_left\":\"nothing\",\"corner_right\":\"nothing\",\"parallax\":\"-\"}','{\"idle\":\"\",\"hover\":\"\"}'),(50,'.tp-caption.Hero-Button','{\"hover\":\"true\",\"type\":\"button\",\"version\":\"5.0\",\"translated\":\"5\"}','{\"color\":\"#000000\",\"color-transparency\":\"1\",\"text-decoration\":\"none\",\"background-color\":\"#ffffff\",\"background-transparency\":\"1\",\"border-color\":\"#ffffff\",\"border-transparency\":\"1\",\"border-style\":\"solid\",\"border-width\":\"1\",\"border-radius\":[\"0px\",\"0px\",\"0px\",\"0px\"],\"opacity\":\"1\",\"scalex\":\"1\",\"scaley\":\"1\",\"skewx\":\"0\",\"skewy\":\"0\",\"xrotate\":\"0\",\"yrotate\":\"0\",\"2d_rotation\":\"0\",\"css_cursor\":\"pointer\",\"speed\":\"300\",\"easing\":\"Power1.easeInOut\"}','{\"color\":\"#ffffff\",\"color-transparency\":\"1\",\"font-size\":\"14px\",\"line-height\":\"14px\",\"font-weight\":\"500\",\"font-style\":\"normal\",\"font-family\":\"Raleway\",\"padding\":[\"10px\",\"30px\",\"10px\",\"30px\"],\"text-decoration\":\"none\",\"text-align\":\"left\",\"background-color\":\"#000000\",\"background-transparency\":\"0\",\"border-color\":\"#ffffff\",\"border-transparency\":\"0.5\",\"border-style\":\"solid\",\"border-width\":\"1\",\"border-radius\":[\"0px\",\"0px\",\"0px\",\"0px\"],\"z\":\"0\",\"skewx\":\"0\",\"skewy\":\"0\",\"scalex\":\"1\",\"scaley\":\"1\",\"opacity\":\"1\",\"xrotate\":\"0\",\"yrotate\":\"0\",\"2d_rotation\":\"0\",\"2d_origin_x\":\"50\",\"2d_origin_y\":\"50\",\"pers\":\"600\",\"corner_left\":\"nothing\",\"corner_right\":\"nothing\",\"parallax\":\"-\"}','{\"idle\":{\"letter-spacing\":\"3px\"},\"hover\":\"\"}'),(51,'.tp-caption.Video-Title','{\"hover\":\"false\",\"type\":\"text\",\"version\":\"5.0\",\"translated\":\"5\"}','{\"color\":\"#ffffff\",\"color-transparency\":\"1\",\"text-decoration\":\"none\",\"background-color\":\"transparent\",\"background-transparency\":\"0\",\"border-color\":\"transparent\",\"border-transparency\":\"1\",\"border-style\":\"none\",\"border-width\":\"0\",\"border-radius\":[\"0\",\"0\",\"0\",\"0\"],\"opacity\":\"1\",\"scalex\":\"1\",\"scaley\":\"1\",\"skewx\":\"0\",\"skewy\":\"0\",\"xrotate\":\"0\",\"yrotate\":\"0\",\"2d_rotation\":\"0\",\"css_cursor\":\"auto\",\"speed\":\"0\",\"easing\":\"Linear.easeNone\"}','{\"color\":\"#fff\",\"color-transparency\":\"1\",\"font-size\":\"30px\",\"line-height\":\"30px\",\"font-weight\":\"900\",\"font-style\":\"normal\",\"font-family\":\"Raleway\",\"padding\":[\"5px\",\"5px\",\"5px\",\"5px\"],\"text-decoration\":\"none\",\"text-align\":\"left\",\"background-color\":\"#000000\",\"background-transparency\":\"1\",\"border-color\":\"transparent\",\"border-transparency\":\"1\",\"border-style\":\"none\",\"border-width\":\"0\",\"border-radius\":[\"0\",\"0\",\"0\",\"0\"],\"z\":\"0\",\"skewx\":\"0\",\"skewy\":\"0\",\"scalex\":\"1\",\"scaley\":\"1\",\"opacity\":\"1\",\"xrotate\":\"0\",\"yrotate\":\"0\",\"2d_rotation\":\"0\",\"2d_origin_x\":\"-20%\",\"2d_origin_y\":\"50\",\"pers\":\"600\",\"corner_left\":\"nothing\",\"corner_right\":\"nothing\",\"parallax\":\"-\"}','{\"idle\":\"\",\"hover\":\"\"}'),(52,'.tp-caption.Video-SubTitle','{\"hover\":\"false\",\"type\":\"text\",\"version\":\"5.0\",\"translated\":\"5\"}','{\"color\":\"#ffffff\",\"color-transparency\":\"1\",\"text-decoration\":\"none\",\"background-color\":\"transparent\",\"background-transparency\":\"0\",\"border-color\":\"transparent\",\"border-transparency\":\"1\",\"border-style\":\"none\",\"border-width\":\"0\",\"border-radius\":[\"0\",\"0\",\"0\",\"0\"],\"opacity\":\"1\",\"scalex\":\"1\",\"scaley\":\"1\",\"skewx\":\"0\",\"skewy\":\"0\",\"xrotate\":\"0\",\"yrotate\":\"0\",\"2d_rotation\":\"0\",\"css_cursor\":\"auto\",\"speed\":\"0\",\"easing\":\"Linear.easeNone\"}','{\"color\":\"#ffffff\",\"color-transparency\":\"1\",\"font-size\":\"12px\",\"line-height\":\"12px\",\"font-weight\":\"600\",\"font-style\":\"normal\",\"font-family\":\"Raleway\",\"padding\":[\"5px\",\"5px\",\"5px\",\"5px\"],\"text-decoration\":\"none\",\"text-align\":\"left\",\"background-color\":\"#000000\",\"background-transparency\":\"0.35\",\"border-color\":\"transparent\",\"border-transparency\":\"1\",\"border-style\":\"none\",\"border-width\":\"0\",\"border-radius\":[\"0\",\"0\",\"0\",\"0\"],\"z\":\"0\",\"skewx\":\"0\",\"skewy\":\"0\",\"scalex\":\"1\",\"scaley\":\"1\",\"opacity\":\"1\",\"xrotate\":\"0\",\"yrotate\":\"0\",\"2d_rotation\":\"0\",\"2d_origin_x\":\"-20%\",\"2d_origin_y\":\"50\",\"pers\":\"600\",\"corner_left\":\"nothing\",\"corner_right\":\"nothing\",\"parallax\":\"-\"}','{\"idle\":{\"letter-spacing\":\"2px\"},\"hover\":\"\"}'),(53,'.tp-caption.NotGeneric-Button','{\"hover\":\"true\",\"type\":\"button\",\"version\":\"5.0\",\"translated\":\"5\"}','{\"color\":\"#ffffff\",\"color-transparency\":\"1\",\"text-decoration\":\"none\",\"background-color\":\"transparent\",\"background-transparency\":\"0\",\"border-color\":\"#ffffff\",\"border-transparency\":\"1\",\"border-style\":\"solid\",\"border-width\":\"1\",\"border-radius\":[\"0px\",\"0px\",\"0px\",\"0px\"],\"opacity\":\"1\",\"scalex\":\"1\",\"scaley\":\"1\",\"skewx\":\"0\",\"skewy\":\"0\",\"xrotate\":\"0\",\"yrotate\":\"0\",\"2d_rotation\":\"0\",\"css_cursor\":\"pointer\",\"speed\":\"300\",\"easing\":\"Power1.easeInOut\"}','{\"color\":\"#ffffff\",\"color-transparency\":\"1\",\"font-size\":\"14px\",\"line-height\":\"14px\",\"font-weight\":\"500\",\"font-style\":\"normal\",\"font-family\":\"Raleway\",\"padding\":[\"10px\",\"30px\",\"10px\",\"30px\"],\"text-decoration\":\"none\",\"text-align\":\"left\",\"background-color\":\"#000000\",\"background-transparency\":\"0\",\"border-color\":\"#ffffff\",\"border-transparency\":\"0.5\",\"border-style\":\"solid\",\"border-width\":\"1\",\"border-radius\":[\"0px\",\"0px\",\"0px\",\"0px\"],\"z\":\"0\",\"skewx\":\"0\",\"skewy\":\"0\",\"scalex\":\"1\",\"scaley\":\"1\",\"opacity\":\"1\",\"xrotate\":\"0\",\"yrotate\":\"0\",\"2d_rotation\":\"0\",\"2d_origin_x\":\"50\",\"2d_origin_y\":\"50\",\"pers\":\"600\",\"corner_left\":\"nothing\",\"corner_right\":\"nothing\",\"parallax\":\"-\"}','{\"idle\":{\"letter-spacing\":\"3px\",\"text-align\":\"left\"},\"hover\":\"\"}'),(54,'.tp-caption.NotGeneric-BigButton','{\"hover\":\"true\",\"type\":\"button\",\"version\":\"5.0\",\"translated\":\"5\"}','{\"color\":\"#ffffff\",\"color-transparency\":\"1\",\"text-decoration\":\"none\",\"background-color\":\"#000000\",\"background-transparency\":\"0\",\"border-color\":\"#ffffff\",\"border-transparency\":\"1\",\"border-style\":\"solid\",\"border-width\":\"1px\",\"border-radius\":[\"0px\",\"0px\",\"0px\",\"0px\"],\"opacity\":\"1\",\"scalex\":\"1\",\"scaley\":\"1\",\"skewx\":\"0\",\"skewy\":\"0\",\"xrotate\":\"0\",\"yrotate\":\"0\",\"2d_rotation\":\"0\",\"css_cursor\":\"pointer\",\"speed\":\"300\",\"easing\":\"Power1.easeInOut\"}','{\"color\":\"#ffffff\",\"color-transparency\":\"1\",\"font-size\":\"14px\",\"line-height\":\"14px\",\"font-weight\":\"500\",\"font-style\":\"normal\",\"font-family\":\"Raleway\",\"padding\":[\"27px\",\"30px\",\"27px\",\"30px\"],\"text-decoration\":\"none\",\"text-align\":\"left\",\"background-color\":\"#000000\",\"background-transparency\":\"0\",\"border-color\":\"#ffffff\",\"border-transparency\":\"0.15\",\"border-style\":\"solid\",\"border-width\":\"1px\",\"border-radius\":[\"0px\",\"0px\",\"0px\",\"0px\"],\"z\":\"0\",\"skewx\":\"0\",\"skewy\":\"0\",\"scalex\":\"1\",\"scaley\":\"1\",\"opacity\":\"1\",\"xrotate\":\"0\",\"yrotate\":\"0\",\"2d_rotation\":\"0\",\"2d_origin_x\":\"50\",\"2d_origin_y\":\"50\",\"pers\":\"600\",\"corner_left\":\"nothing\",\"corner_right\":\"nothing\",\"parallax\":\"-\"}','{\"idle\":{\"letter-spacing\":\"3px\"},\"hover\":\"\"}'),(55,'.tp-caption.WebProduct-Button','{\"hover\":\"true\",\"type\":\"button\",\"version\":\"5.0\",\"translated\":\"5\"}','{\"color\":\"#333333\",\"color-transparency\":\"1\",\"text-decoration\":\"none\",\"background-color\":\"#ffffff\",\"background-transparency\":\"1\",\"border-color\":\"#000000\",\"border-transparency\":\"1\",\"border-style\":\"none\",\"border-width\":\"2\",\"border-radius\":[\"0\",\"0\",\"0\",\"0\"],\"opacity\":\"1\",\"scalex\":\"1\",\"scaley\":\"1\",\"skewx\":\"0\",\"skewy\":\"0\",\"xrotate\":\"0\",\"yrotate\":\"0\",\"2d_rotation\":\"0\",\"css_cursor\":\"auto\",\"speed\":\"300\",\"easing\":\"Linear.easeNone\"}','{\"color\":\"#ffffff\",\"color-transparency\":\"1\",\"font-size\":\"16px\",\"line-height\":\"48px\",\"font-weight\":\"600\",\"font-style\":\"normal\",\"font-family\":\"Raleway\",\"padding\":[\"0px\",\"40px\",\"0px\",\"40px\"],\"text-decoration\":\"none\",\"text-align\":\"left\",\"background-color\":\"#333333\",\"background-transparency\":\"1\",\"border-color\":\"#000000\",\"border-transparency\":\"1\",\"border-style\":\"none\",\"border-width\":\"2\",\"border-radius\":[\"0\",\"0\",\"0\",\"0\"],\"z\":\"0\",\"skewx\":\"0\",\"skewy\":\"0\",\"scalex\":\"1\",\"scaley\":\"1\",\"opacity\":\"1\",\"xrotate\":\"0\",\"yrotate\":\"0\",\"2d_rotation\":\"0\",\"2d_origin_x\":\"50\",\"2d_origin_y\":\"50\",\"pers\":\"600\",\"corner_left\":\"nothing\",\"corner_right\":\"nothing\",\"parallax\":\"-\"}','{\"idle\":{\"letter-spacing\":\"1px\"},\"hover\":\"\"}'),(56,'.tp-caption.Restaurant-Button','{\"hover\":\"true\",\"type\":\"button\",\"version\":\"5.0\",\"translated\":\"5\"}','{\"color\":\"#ffffff\",\"color-transparency\":\"1\",\"text-decoration\":\"none\",\"background-color\":\"#000000\",\"background-transparency\":\"0\",\"border-color\":\"#ffe081\",\"border-transparency\":\"1\",\"border-style\":\"solid\",\"border-width\":\"2\",\"border-radius\":[\"0px\",\"0px\",\"0px\",\"0px\"],\"opacity\":\"1\",\"scalex\":\"1\",\"scaley\":\"1\",\"skewx\":\"0\",\"skewy\":\"0\",\"xrotate\":\"0\",\"yrotate\":\"0\",\"2d_rotation\":\"0\",\"css_cursor\":\"auto\",\"speed\":\"300\",\"easing\":\"Linear.easeNone\"}','{\"color\":\"#ffffff\",\"color-transparency\":\"1\",\"font-size\":\"17px\",\"line-height\":\"17px\",\"font-weight\":\"500\",\"font-style\":\"normal\",\"font-family\":\"Roboto\",\"padding\":[\"12px\",\"35px\",\"12px\",\"35px\"],\"text-decoration\":\"none\",\"text-align\":\"left\",\"background-color\":\"#0a0a0a\",\"background-transparency\":\"0\",\"border-color\":\"#ffffff\",\"border-transparency\":\"0.5\",\"border-style\":\"solid\",\"border-width\":\"2\",\"border-radius\":[\"0px\",\"0px\",\"0px\",\"0px\"],\"z\":\"0\",\"skewx\":\"0\",\"skewy\":\"0\",\"scalex\":\"1\",\"scaley\":\"1\",\"opacity\":\"1\",\"xrotate\":\"0\",\"yrotate\":\"0\",\"2d_rotation\":\"0\",\"2d_origin_x\":\"50\",\"2d_origin_y\":\"50\",\"pers\":\"600\",\"corner_left\":\"nothing\",\"corner_right\":\"nothing\",\"parallax\":\"-\"}','{\"idle\":{\"letter-spacing\":\"3px\"},\"hover\":\"\"}'),(57,'.tp-caption.Gym-Button','{\"hover\":\"true\",\"type\":\"button\",\"version\":\"5.0\",\"translated\":\"5\"}','{\"color\":\"#ffffff\",\"color-transparency\":\"1\",\"text-decoration\":\"none\",\"background-color\":\"#72a800\",\"background-transparency\":\"1\",\"border-color\":\"#000000\",\"border-transparency\":\"0\",\"border-style\":\"solid\",\"border-width\":\"0\",\"border-radius\":[\"30px\",\"30px\",\"30px\",\"30px\"],\"opacity\":\"1\",\"scalex\":\"1\",\"scaley\":\"1\",\"skewx\":\"0\",\"skewy\":\"0\",\"xrotate\":\"0\",\"yrotate\":\"0\",\"2d_rotation\":\"0\",\"css_cursor\":\"pointer\",\"speed\":\"300\",\"easing\":\"Power1.easeInOut\"}','{\"color\":\"#ffffff\",\"color-transparency\":\"1\",\"font-size\":\"15px\",\"line-height\":\"15px\",\"font-weight\":\"600\",\"font-style\":\"normal\",\"font-family\":\"Raleway\",\"padding\":[\"13px\",\"35px\",\"13px\",\"35px\"],\"text-decoration\":\"none\",\"text-align\":\"left\",\"background-color\":\"#8bc027\",\"background-transparency\":\"1\",\"border-color\":\"#000000\",\"border-transparency\":\"0\",\"border-style\":\"solid\",\"border-width\":\"0\",\"border-radius\":[\"30px\",\"30px\",\"30px\",\"30px\"],\"z\":\"0\",\"skewx\":\"0\",\"skewy\":\"0\",\"scalex\":\"1\",\"scaley\":\"1\",\"opacity\":\"1\",\"xrotate\":\"0\",\"yrotate\":\"0\",\"2d_rotation\":\"0\",\"2d_origin_x\":\"50\",\"2d_origin_y\":\"50\",\"pers\":\"600\",\"corner_left\":\"nothing\",\"corner_right\":\"nothing\",\"parallax\":\"-\"}','{\"idle\":{\"letter-spacing\":\"1px\"},\"hover\":\"\"}'),(58,'.tp-caption.Gym-Button-Light','{\"hover\":\"true\",\"type\":\"button\",\"version\":\"5.0\",\"translated\":\"5\"}','{\"color\":\"#ffffff\",\"color-transparency\":\"1\",\"text-decoration\":\"none\",\"background-color\":\"#72a800\",\"background-transparency\":\"0\",\"border-color\":\"#8bc027\",\"border-transparency\":\"1\",\"border-style\":\"solid\",\"border-width\":\"2px\",\"border-radius\":[\"30px\",\"30px\",\"30px\",\"30px\"],\"opacity\":\"1\",\"scalex\":\"1\",\"scaley\":\"1\",\"skewx\":\"0\",\"skewy\":\"0\",\"xrotate\":\"0\",\"yrotate\":\"0\",\"2d_rotation\":\"0\",\"css_cursor\":\"pointer\",\"speed\":\"300\",\"easing\":\"Power2.easeInOut\"}','{\"color\":\"#ffffff\",\"color-transparency\":\"1\",\"font-size\":\"15px\",\"line-height\":\"15px\",\"font-weight\":\"600\",\"font-style\":\"normal\",\"font-family\":\"Raleway\",\"padding\":[\"12px\",\"35px\",\"12px\",\"35px\"],\"text-decoration\":\"none\",\"text-align\":\"left\",\"background-color\":\"transparent\",\"background-transparency\":\"0\",\"border-color\":\"#ffffff\",\"border-transparency\":\"0.25\",\"border-style\":\"solid\",\"border-width\":\"2px\",\"border-radius\":[\"30px\",\"30px\",\"30px\",\"30px\"],\"z\":\"0\",\"skewx\":\"0\",\"skewy\":\"0\",\"scalex\":\"1\",\"scaley\":\"1\",\"opacity\":\"1\",\"xrotate\":\"0\",\"yrotate\":\"0\",\"2d_rotation\":\"0\",\"2d_origin_x\":\"50\",\"2d_origin_y\":\"50\",\"pers\":\"600\",\"corner_left\":\"nothing\",\"corner_right\":\"nothing\",\"parallax\":\"-\"}','{\"idle\":\"\",\"hover\":\"\"}'),(59,'.tp-caption.Sports-Button-Light','{\"hover\":\"true\",\"type\":\"button\",\"version\":\"5.0\",\"translated\":\"5\"}','{\"color\":\"#ffffff\",\"color-transparency\":\"1\",\"text-decoration\":\"none\",\"background-color\":\"#000000\",\"background-transparency\":\"0\",\"border-color\":\"#ffffff\",\"border-transparency\":\"1\",\"border-style\":\"solid\",\"border-width\":\"2\",\"border-radius\":[\"0px\",\"0px\",\"0px\",\"0px\"],\"opacity\":\"1\",\"scalex\":\"1\",\"scaley\":\"1\",\"skewx\":\"0\",\"skewy\":\"0\",\"xrotate\":\"0\",\"yrotate\":\"0\",\"2d_rotation\":\"0\",\"css_cursor\":\"auto\",\"speed\":\"500\",\"easing\":\"Linear.easeNone\"}','{\"color\":\"#ffffff\",\"color-transparency\":\"1\",\"font-size\":\"17px\",\"line-height\":\"17px\",\"font-weight\":\"600\",\"font-style\":\"normal\",\"font-family\":\"Raleway\",\"padding\":[\"12px\",\"35px\",\"12px\",\"35px\"],\"text-decoration\":\"none\",\"text-align\":\"left\",\"background-color\":\"#000000\",\"background-transparency\":\"0\",\"border-color\":\"#ffffff\",\"border-transparency\":\"0.5\",\"border-style\":\"solid\",\"border-width\":\"2\",\"border-radius\":[\"0px\",\"0px\",\"0px\",\"0px\"],\"z\":\"0\",\"skewx\":\"0\",\"skewy\":\"0\",\"scalex\":\"1\",\"scaley\":\"1\",\"opacity\":\"1\",\"xrotate\":\"0\",\"yrotate\":\"0\",\"2d_rotation\":\"0\",\"2d_origin_x\":\"50\",\"2d_origin_y\":\"50\",\"pers\":\"600\",\"corner_left\":\"nothing\",\"corner_right\":\"nothing\",\"parallax\":\"-\"}','{\"idle\":{\"letter-spacing\":\"2px\"},\"hover\":\"\"}'),(60,'.tp-caption.Sports-Button-Red','{\"hover\":\"true\",\"type\":\"button\",\"version\":\"5.0\",\"translated\":\"5\"}','{\"color\":\"#ffffff\",\"color-transparency\":\"1\",\"text-decoration\":\"none\",\"background-color\":\"#000000\",\"background-transparency\":\"1\",\"border-color\":\"#000000\",\"border-transparency\":\"1\",\"border-style\":\"solid\",\"border-width\":\"2\",\"border-radius\":[\"0px\",\"0px\",\"0px\",\"0px\"],\"opacity\":\"1\",\"scalex\":\"1\",\"scaley\":\"1\",\"skewx\":\"0\",\"skewy\":\"0\",\"xrotate\":\"0\",\"yrotate\":\"0\",\"2d_rotation\":\"0\",\"css_cursor\":\"auto\",\"speed\":\"500\",\"easing\":\"Linear.easeNone\"}','{\"color\":\"#ffffff\",\"color-transparency\":\"1\",\"font-size\":\"17px\",\"line-height\":\"17px\",\"font-weight\":\"600\",\"font-style\":\"normal\",\"font-family\":\"Raleway\",\"padding\":[\"12px\",\"35px\",\"12px\",\"35px\"],\"text-decoration\":\"none\",\"text-align\":\"left\",\"background-color\":\"#db1c22\",\"background-transparency\":\"1\",\"border-color\":\"#db1c22\",\"border-transparency\":\"0\",\"border-style\":\"solid\",\"border-width\":\"2px\",\"border-radius\":[\"0px\",\"0px\",\"0px\",\"0px\"],\"z\":\"0\",\"skewx\":\"0\",\"skewy\":\"0\",\"scalex\":\"1\",\"scaley\":\"1\",\"opacity\":\"1\",\"xrotate\":\"0\",\"yrotate\":\"0\",\"2d_rotation\":\"0\",\"2d_origin_x\":\"50\",\"2d_origin_y\":\"50\",\"pers\":\"600\",\"corner_left\":\"nothing\",\"corner_right\":\"nothing\",\"parallax\":\"-\"}','{\"idle\":{\"letter-spacing\":\"2px\"},\"hover\":\"\"}'),(61,'.tp-caption.Photography-Button','{\"hover\":\"true\",\"type\":\"button\",\"version\":\"5.0\",\"translated\":\"5\"}','{\"color\":\"#ffffff\",\"color-transparency\":\"1\",\"text-decoration\":\"none\",\"background-color\":\"#000000\",\"background-transparency\":\"0\",\"border-color\":\"#ffffff\",\"border-transparency\":\"1\",\"border-style\":\"solid\",\"border-width\":\"1px\",\"border-radius\":[\"30px\",\"30px\",\"30px\",\"30px\"],\"opacity\":\"1\",\"scalex\":\"1\",\"scaley\":\"1\",\"skewx\":\"0\",\"skewy\":\"0\",\"xrotate\":\"0\",\"yrotate\":\"0\",\"2d_rotation\":\"0\",\"css_cursor\":\"auto\",\"speed\":\"300\",\"easing\":\"Power3.easeOut\"}','{\"color\":\"#ffffff\",\"color-transparency\":\"1\",\"font-size\":\"15px\",\"line-height\":\"15px\",\"font-weight\":\"600\",\"font-style\":\"normal\",\"font-family\":\"Raleway\",\"padding\":[\"13px\",\"35px\",\"13px\",\"35px\"],\"text-decoration\":\"none\",\"text-align\":\"left\",\"background-color\":\"#000000\",\"background-transparency\":\"0\",\"border-color\":\"#ffffff\",\"border-transparency\":\"0.25\",\"border-style\":\"solid\",\"border-width\":\"1px\",\"border-radius\":[\"30px\",\"30px\",\"30px\",\"30px\"],\"z\":\"0\",\"skewx\":\"0\",\"skewy\":\"0\",\"scalex\":\"1\",\"scaley\":\"1\",\"opacity\":\"1\",\"xrotate\":\"0\",\"yrotate\":\"0\",\"2d_rotation\":\"0\",\"2d_origin_x\":\"50\",\"2d_origin_y\":\"50\",\"pers\":\"600\",\"corner_left\":\"nothing\",\"corner_right\":\"nothing\",\"parallax\":\"-\"}','{\"idle\":{\"letter-spacing\":\"1px\"},\"hover\":\"\"}'),(62,'.tp-caption.Newspaper-Button-2','{\"hover\":\"true\",\"type\":\"button\",\"version\":\"5.0\",\"translated\":\"5\"}','{\"color\":\"#ffffff\",\"color-transparency\":\"1\",\"text-decoration\":\"none\",\"background-color\":\"#000000\",\"background-transparency\":\"0\",\"border-color\":\"#ffffff\",\"border-transparency\":\"1\",\"border-style\":\"solid\",\"border-width\":\"2\",\"border-radius\":[\"3px\",\"3px\",\"3px\",\"3px\"],\"opacity\":\"1\",\"scalex\":\"1\",\"scaley\":\"1\",\"skewx\":\"0\",\"skewy\":\"0\",\"xrotate\":\"0\",\"yrotate\":\"0\",\"2d_rotation\":\"0\",\"css_cursor\":\"pointer\",\"speed\":\"300\",\"easing\":\"Linear.easeNone\"}','{\"color\":\"#ffffff\",\"color-transparency\":\"1\",\"font-size\":\"15px\",\"line-height\":\"15px\",\"font-weight\":\"900\",\"font-style\":\"normal\",\"font-family\":\"Roboto\",\"padding\":[\"10px\",\"30px\",\"10px\",\"30px\"],\"text-decoration\":\"none\",\"text-align\":\"left\",\"background-color\":\"#000000\",\"background-transparency\":\"0\",\"border-color\":\"#ffffff\",\"border-transparency\":\"0.5\",\"border-style\":\"solid\",\"border-width\":\"2\",\"border-radius\":[\"3px\",\"3px\",\"3px\",\"3px\"],\"z\":\"0\",\"skewx\":\"0\",\"skewy\":\"0\",\"scalex\":\"1\",\"scaley\":\"1\",\"opacity\":\"1\",\"xrotate\":\"0\",\"yrotate\":\"0\",\"2d_rotation\":\"0\",\"2d_origin_x\":\"50\",\"2d_origin_y\":\"50\",\"pers\":\"600\",\"corner_left\":\"nothing\",\"corner_right\":\"nothing\",\"parallax\":\"-\"}','{\"idle\":\"\",\"hover\":\"\"}'),(63,'.tp-caption.lightgrey_divider',NULL,NULL,'{\"text-decoration\":\"none\",\"background-color\":\"rgba(235, 235, 235, 1)\",\"width\":\"370px\",\"height\":\"3px\",\"background-position\":\"initial initial\",\"background-repeat\":\"initial initial\",\"border-width\":\"0px\",\"border-color\":\"rgb(34, 34, 34)\",\"border-style\":\"none\"}',NULL),(64,'.tp-caption.large_bold_grey',NULL,NULL,'{\"font-size\":\"60px\",\"line-height\":\"60px\",\"font-weight\":\"800\",\"font-family\":\"\\\"Open Sans\\\"\",\"color\":\"rgb(102, 102, 102)\",\"text-decoration\":\"none\",\"background-color\":\"transparent\",\"text-shadow\":\"none\",\"margin\":\"0px\",\"padding\":\"1px 4px 0px\",\"border-width\":\"0px\",\"border-color\":\"rgb(255, 214, 88)\",\"border-style\":\"none\"}',NULL),(65,'.tp-caption.medium_thin_grey',NULL,NULL,'{\"font-size\":\"34px\",\"line-height\":\"30px\",\"font-weight\":\"300\",\"font-family\":\"\\\"Open Sans\\\"\",\"color\":\"rgb(102, 102, 102)\",\"text-decoration\":\"none\",\"background-color\":\"transparent\",\"padding\":\"1px 4px 0px\",\"text-shadow\":\"none\",\"margin\":\"0px\",\"border-width\":\"0px\",\"border-color\":\"rgb(255, 214, 88)\",\"border-style\":\"none\"}',NULL),(66,'.tp-caption.small_thin_grey',NULL,NULL,'{\"font-size\":\"18px\",\"line-height\":\"26px\",\"font-weight\":\"300\",\"font-family\":\"\\\"Open Sans\\\"\",\"color\":\"rgb(117, 117, 117)\",\"text-decoration\":\"none\",\"background-color\":\"transparent\",\"padding\":\"1px 4px 0px\",\"text-shadow\":\"none\",\"margin\":\"0px\",\"border-width\":\"0px\",\"border-color\":\"rgb(255, 214, 88)\",\"border-style\":\"none\"}',NULL),(67,'.tp-caption.large_bold_darkblue',NULL,NULL,'{\"font-size\":\"58px\",\"line-height\":\"60px\",\"font-weight\":\"800\",\"font-family\":\"\\\"Open Sans\\\"\",\"color\":\"rgb(52, 73, 94)\",\"text-decoration\":\"none\",\"background-color\":\"transparent\",\"border-width\":\"0px\",\"border-color\":\"rgb(255, 214, 88)\",\"border-style\":\"none\"}',NULL),(68,'.tp-caption.medium_bg_darkblue',NULL,NULL,'{\"font-size\":\"20px\",\"line-height\":\"20px\",\"font-weight\":\"800\",\"font-family\":\"\\\"Open Sans\\\"\",\"color\":\"rgb(255, 255, 255)\",\"text-decoration\":\"none\",\"background-color\":\"rgb(52, 73, 94)\",\"padding\":\"10px\",\"border-width\":\"0px\",\"border-color\":\"rgb(255, 214, 88)\",\"border-style\":\"none\"}',NULL),(69,'.tp-caption.medium_bold_red',NULL,NULL,'{\"font-size\":\"24px\",\"line-height\":\"30px\",\"font-weight\":\"800\",\"font-family\":\"\\\"Open Sans\\\"\",\"color\":\"rgb(227, 58, 12)\",\"text-decoration\":\"none\",\"background-color\":\"transparent\",\"padding\":\"0px\",\"border-width\":\"0px\",\"border-color\":\"rgb(255, 214, 88)\",\"border-style\":\"none\"}',NULL),(70,'.tp-caption.medium_light_red',NULL,NULL,'{\"font-size\":\"21px\",\"line-height\":\"26px\",\"font-weight\":\"300\",\"font-family\":\"\\\"Open Sans\\\"\",\"color\":\"rgb(227, 58, 12)\",\"text-decoration\":\"none\",\"background-color\":\"transparent\",\"padding\":\"0px\",\"border-width\":\"0px\",\"border-color\":\"rgb(255, 214, 88)\",\"border-style\":\"none\"}',NULL),(71,'.tp-caption.medium_bg_red',NULL,NULL,'{\"font-size\":\"20px\",\"line-height\":\"20px\",\"font-weight\":\"800\",\"font-family\":\"\\\"Open Sans\\\"\",\"color\":\"rgb(255, 255, 255)\",\"text-decoration\":\"none\",\"background-color\":\"rgb(227, 58, 12)\",\"padding\":\"10px\",\"border-width\":\"0px\",\"border-color\":\"rgb(255, 214, 88)\",\"border-style\":\"none\"}',NULL),(72,'.tp-caption.medium_bold_orange',NULL,NULL,'{\"font-size\":\"24px\",\"line-height\":\"30px\",\"font-weight\":\"800\",\"font-family\":\"\\\"Open Sans\\\"\",\"color\":\"rgb(243, 156, 18)\",\"text-decoration\":\"none\",\"background-color\":\"transparent\",\"border-width\":\"0px\",\"border-color\":\"rgb(255, 214, 88)\",\"border-style\":\"none\"}',NULL),(73,'.tp-caption.medium_bg_orange',NULL,NULL,'{\"font-size\":\"20px\",\"line-height\":\"20px\",\"font-weight\":\"800\",\"font-family\":\"\\\"Open Sans\\\"\",\"color\":\"rgb(255, 255, 255)\",\"text-decoration\":\"none\",\"background-color\":\"rgb(243, 156, 18)\",\"padding\":\"10px\",\"border-width\":\"0px\",\"border-color\":\"rgb(255, 214, 88)\",\"border-style\":\"none\"}',NULL),(74,'.tp-caption.medium_bg_asbestos',NULL,NULL,'{\"font-size\":\"20px\",\"line-height\":\"20px\",\"font-weight\":\"800\",\"font-family\":\"\\\"Open Sans\\\"\",\"color\":\"rgb(255, 255, 255)\",\"text-decoration\":\"none\",\"background-color\":\"rgb(127, 140, 141)\",\"padding\":\"10px\",\"border-width\":\"0px\",\"border-color\":\"rgb(255, 214, 88)\",\"border-style\":\"none\"}',NULL),(75,'.tp-caption.large_bold_white',NULL,NULL,'{\"font-size\":\"58px\",\"line-height\":\"60px\",\"font-weight\":\"800\",\"font-family\":\"\\\"Open Sans\\\"\",\"color\":\"rgb(255, 255, 255)\",\"text-decoration\":\"none\",\"background-color\":\"transparent\",\"border-width\":\"0px\",\"border-color\":\"rgb(255, 214, 88)\",\"border-style\":\"none\"}',NULL),(76,'.tp-caption.medium_light_white',NULL,NULL,'{\"font-size\":\"30px\",\"line-height\":\"36px\",\"font-weight\":\"300\",\"font-family\":\"\\\"Open Sans\\\"\",\"color\":\"rgb(255, 255, 255)\",\"text-decoration\":\"none\",\"background-color\":\"transparent\",\"padding\":\"0px\",\"border-width\":\"0px\",\"border-color\":\"rgb(255, 214, 88)\",\"border-style\":\"none\"}',NULL),(77,'.tp-caption.grassfloor',NULL,NULL,'{\"text-decoration\":\"none\",\"background-color\":\"rgba(160, 179, 151, 1)\",\"width\":\"4000px\",\"height\":\"150px\",\"border-width\":\"0px\",\"border-color\":\"rgb(34, 34, 34)\",\"border-style\":\"none\"}',NULL),(78,'.tp-caption.mediumlarge_light_white',NULL,NULL,'{\"font-size\":\"34px\",\"line-height\":\"40px\",\"font-weight\":\"300\",\"font-family\":\"\\\"Open Sans\\\"\",\"color\":\"rgb(255, 255, 255)\",\"text-decoration\":\"none\",\"background-color\":\"transparent\",\"padding\":\"0px\",\"border-width\":\"0px\",\"border-color\":\"rgb(255, 214, 88)\",\"border-style\":\"none\"}',NULL),(79,'.tp-caption.mediumlarge_light_white_center',NULL,NULL,'{\"font-size\":\"34px\",\"line-height\":\"40px\",\"font-weight\":\"300\",\"font-family\":\"\\\"Open Sans\\\"\",\"color\":\"#ffffff\",\"text-decoration\":\"none\",\"background-color\":\"transparent\",\"padding\":\"0px 0px 0px 0px\",\"text-align\":\"center\",\"border-width\":\"0px\",\"border-color\":\"rgb(255, 214, 88)\",\"border-style\":\"none\"}',NULL),(80,'.tp-caption.black_heavy_60',NULL,NULL,'{\"font-size\":\"60px\",\"line-height\":\"60px\",\"font-weight\":\"900\",\"font-family\":\"Raleway\",\"color\":\"rgb(0, 0, 0)\",\"text-decoration\":\"none\",\"background-color\":\"transparent\",\"text-shadow\":\"none\",\"border-width\":\"0px\",\"border-color\":\"rgb(0, 0, 0)\",\"border-style\":\"none\"}',NULL),(81,'.tp-caption.black_bold_bg_20',NULL,NULL,'{\"font-size\":\"20px\",\"line-height\":\"20px\",\"font-weight\":\"900\",\"font-family\":\"Raleway\",\"color\":\"rgb(255, 255, 255)\",\"text-decoration\":\"none\",\"background-color\":\"rgb(0, 0, 0)\",\"padding\":\"5px 8px\",\"text-shadow\":\"none\",\"border-width\":\"0px\",\"border-color\":\"rgb(0, 0, 0)\",\"border-style\":\"none\"}',NULL),(82,'.tp-caption.green_bold_bg_20',NULL,NULL,'{\"font-size\":\"20px\",\"line-height\":\"20px\",\"font-weight\":\"900\",\"font-family\":\"Raleway\",\"color\":\"rgb(255, 255, 255)\",\"text-decoration\":\"none\",\"background-color\":\"rgb(134, 181, 103)\",\"padding\":\"5px 8px\",\"text-shadow\":\"none\",\"border-width\":\"0px\",\"border-color\":\"rgb(0, 0, 0)\",\"border-style\":\"none\"}',NULL),(83,'.tp-caption.greenishbg_heavy_70',NULL,NULL,'{\"font-size\":\"70px\",\"line-height\":\"70px\",\"font-weight\":\"900\",\"font-family\":\"Raleway\",\"color\":\"rgb(255, 255, 255)\",\"text-decoration\":\"none\",\"padding\":\"50px\",\"text-shadow\":\"none\",\"background-color\":\"rgba(40, 67, 62, 0.8)\",\"border-width\":\"0px\",\"border-color\":\"rgb(0, 0, 0)\",\"border-style\":\"none\"}',NULL),(84,'.tp-caption.borderbox_725x130',NULL,NULL,'{\"min-width\":\"725px\",\"min-height\":\"130px\",\"background-color\":\"transparent\",\"text-decoration\":\"none\",\"border-width\":\"2px\",\"border-color\":\"rgb(255, 255, 255)\",\"border-style\":\"solid\"}',NULL),(85,'.tp-caption.black_heavy_70',NULL,NULL,'{\"font-size\":\"70px\",\"line-height\":\"70px\",\"font-weight\":\"900\",\"font-family\":\"Raleway\",\"color\":\"rgb(0, 0, 0)\",\"text-decoration\":\"none\",\"background-color\":\"transparent\",\"text-shadow\":\"none\",\"border-width\":\"0px\",\"border-color\":\"rgb(0, 0, 0)\",\"border-style\":\"none\"}',NULL),(86,'.tp-caption.light_heavy_70',NULL,NULL,'{\"font-size\":\"70px\",\"line-height\":\"70px\",\"font-weight\":\"900\",\"font-family\":\"Raleway\",\"color\":\"rgb(255, 255, 255)\",\"text-decoration\":\"none\",\"background-color\":\"transparent\",\"text-shadow\":\"none\",\"border-width\":\"0px\",\"border-color\":\"rgb(0, 0, 0)\",\"border-style\":\"none\"}',NULL),(87,'.tp-caption.black_bold_40',NULL,NULL,'{\"font-size\":\"40px\",\"line-height\":\"40px\",\"font-weight\":\"800\",\"font-family\":\"Raleway\",\"color\":\"rgb(0, 0, 0)\",\"text-decoration\":\"none\",\"background-color\":\"transparent\",\"text-shadow\":\"none\",\"border-width\":\"0px\",\"border-color\":\"rgb(0, 0, 0)\",\"border-style\":\"none\"}',NULL),(88,'.tp-caption.white_bold_bg_20',NULL,NULL,'{\"font-size\":\"20px\",\"line-height\":\"20px\",\"font-weight\":\"900\",\"font-family\":\"Raleway\",\"color\":\"rgb(0, 0, 0)\",\"text-decoration\":\"none\",\"background-color\":\"rgb(255, 255, 255)\",\"padding\":\"5px 8px\",\"text-shadow\":\"none\",\"border-width\":\"0px\",\"border-color\":\"rgb(0, 0, 0)\",\"border-style\":\"none\"}',NULL),(89,'.tp-caption.red_bold_bg_20',NULL,NULL,'{\"font-size\":\"20px\",\"line-height\":\"20px\",\"font-weight\":\"900\",\"font-family\":\"Raleway\",\"color\":\"rgb(255, 255, 255)\",\"text-decoration\":\"none\",\"background-color\":\"rgb(224, 51, 0)\",\"padding\":\"5px 8px\",\"text-shadow\":\"none\",\"border-width\":\"0px\",\"border-color\":\"rgb(0, 0, 0)\",\"border-style\":\"none\"}',NULL),(90,'.tp-caption.blue_bold_bg_20',NULL,NULL,'{\"font-size\":\"20px\",\"line-height\":\"20px\",\"font-weight\":\"900\",\"font-family\":\"Raleway\",\"color\":\"rgb(255, 255, 255)\",\"text-decoration\":\"none\",\"background-color\":\"rgb(53, 152, 220)\",\"padding\":\"5px 8px\",\"text-shadow\":\"none\",\"border-width\":\"0px\",\"border-color\":\"rgb(0, 0, 0)\",\"border-style\":\"none\"}',NULL),(91,'.tp-caption.light_heavy_40',NULL,NULL,'{\"font-size\":\"40px\",\"line-height\":\"40px\",\"font-weight\":\"900\",\"font-family\":\"Raleway\",\"color\":\"rgb(255, 255, 255)\",\"text-decoration\":\"none\",\"background-color\":\"transparent\",\"text-shadow\":\"none\",\"border-width\":\"0px\",\"border-color\":\"rgb(0, 0, 0)\",\"border-style\":\"none\"}',NULL),(92,'.tp-caption.white_thin_34',NULL,NULL,'{\"font-size\":\"35px\",\"line-height\":\"35px\",\"font-weight\":\"200\",\"font-family\":\"Raleway\",\"color\":\"rgb(255, 255, 255)\",\"text-decoration\":\"none\",\"background-color\":\"transparent\",\"text-shadow\":\"none\",\"border-width\":\"0px\",\"border-color\":\"rgb(0, 0, 0)\",\"border-style\":\"none\"}',NULL),(93,'.tp-caption.light_heavy_70_shadowed',NULL,NULL,'{\"font-size\":\"70px\",\"line-height\":\"70px\",\"font-weight\":\"900\",\"font-family\":\"Raleway\",\"color\":\"#ffffff\",\"text-decoration\":\"none\",\"background-color\":\"transparent\",\"text-shadow\":\"0px 0px 7px rgba(0, 0, 0, 0.25)\",\"border-width\":\"0px\",\"border-color\":\"rgb(0, 0, 0)\",\"border-style\":\"none\"}',NULL),(94,'.tp-caption.light_medium_30_shadowed',NULL,NULL,'{\"font-size\":\"30px\",\"line-height\":\"40px\",\"font-weight\":\"700\",\"font-family\":\"Raleway\",\"color\":\"#ffffff\",\"text-decoration\":\"none\",\"background-color\":\"transparent\",\"text-shadow\":\"0px 0px 7px rgba(0, 0, 0, 0.25)\",\"border-width\":\"0px\",\"border-color\":\"rgb(0, 0, 0)\",\"border-style\":\"none\"}',NULL),(95,'.tp-caption.bignumbers_white',NULL,NULL,'{\"color\":\"#ffffff\",\"background-color\":\"rgba(0, 0, 0, 0)\",\"font-size\":\"84px\",\"line-height\":\"84px\",\"font-weight\":\"800\",\"font-family\":\"Raleway\",\"text-decoration\":\"none\",\"padding\":\"0px 0px 0px 0px\",\"text-shadow\":\"rgba(0, 0, 0, 0.247059) 0px 0px 7px\",\"border-width\":\"0px\",\"border-color\":\"rgb(255, 255, 255)\",\"border-style\":\"none solid none none\"}',NULL),(96,'.tp-caption.bignumbers_whitefdf',NULL,NULL,'{\"font-size\":\"92px\",\"line-height\":\"61px\",\"font-weight\":\"500\",\"font-family\":\"Raleway\",\"color\":\"rgb(43, 38, 38)\",\"text-decoration\":\"none\",\"padding\":\"0px\",\"text-shadow\":\"rgba(0, 0, 0, 0.247059) 0px 0px 7px\",\"background-color\":\"rgba(0, 0, 0, 0.00784314)\",\"border-width\":\"0px\",\"border-color\":\"rgb(255, 255, 255)\",\"border-style\":\"none\"}',NULL),(97,'.tp-caption.simplegreat_text',NULL,NULL,'{\"font-size\":\"30px\",\"line-height\":\"40px\",\"font-weight\":\"normal\",\"font-family\":\"\\\"Open Sans\\\"\",\"color\":\"#ffffff\",\"text-decoration\":\"none\",\"background-color\":\"transparent\",\"padding\":\"0px 0px 0px 0px\",\"text-align\":\"center\",\"text-transform\":\"uppercase\",\"border-width\":\"0px\",\"border-color\":\"rgb(255, 214, 88)\",\"border-style\":\"none\"}',NULL),(98,'.tp-caption.black',NULL,NULL,'{\"color\":\"#000\",\"text-shadow\":\"none\"}',NULL);

--
