--
-- Host: artopgalzoartop2.mysql.db    Database: artopgalzoartop2
-- ------------------------------------------------------


--
-- Table structure for table `ps_access`
--

CREATE TABLE `ps_access` (
  `id_profile` int(10) unsigned NOT NULL,
  `id_authorization_role` int(10) unsigned NOT NULL,
  PRIMARY KEY (`id_profile`,`id_authorization_role`)
) ENGINE=InnoDB DEFAULT CHARSET=utf8;

--
-- Dumping data for table `ps_access`
--

INSERT INTO `ps_access` VALUES (1,1),(1,2),(1,3),(1,4),(1,5),(1,6),(1,7),(1,8),(1,9),(1,10),(1,11),(1,12),(1,13),(1,14),(1,15),(1,16),(1,17),(1,18),(1,19),(1,20),(1,21),(1,22),(1,23),(1,24),(1,25),(1,26),(1,27),(1,28),(1,29),(1,30),(1,31),(1,32),(1,33),(1,34),(1,35),(1,36),(1,37),(1,38),(1,39),(1,40),(1,41),(1,42),(1,43),(1,44),(1,45),(1,46),(1,47),(1,48),(1,49),(1,50),(1,51),(1,52),(1,53),(1,54),(1,55),(1,56),(1,57),(1,58),(1,59),(1,60),(1,61),(1,62),(1,63),(1,64),(1,65),(1,66),(1,67),(1,68),(1,69),(1,70),(1,71),(1,72),(1,73),(1,74),(1,75),(1,76),(1,77),(1,78),(1,79),(1,80),(1,81),(1,82),(1,83),(1,84),(1,85),(1,86),(1,87),(1,88),(1,89),(1,90),(1,91),(1,92),(1,93),(1,94),(1,95),(1,96),(1,97),(1,98),(1,99),(1,100),(1,101),(1,102),(1,103),(1,104),(1,105),(1,106),(1,107),(1,108),(1,109),(1,110),(1,111),(1,112),(1,113),(1,114),(1,115),(1,116),(1,117),(1,118),(1,119),(1,120),(1,121),(1,122),(1,123),(1,124),(1,125),(1,126),(1,127),(1,128),(1,129),(1,130),(1,131),(1,132),(1,133),(1,134),(1,135),(1,136),(1,137),(1,138),(1,139),(1,140),(1,141),(1,142),(1,143),(1,144),(1,145),(1,146),(1,147),(1,148),(1,149),(1,150),(1,151),(1,152),(1,153),(1,154),(1,155),(1,156),(1,157),(1,158),(1,159),(1,160),(1,161),(1,162),(1,163),(1,164),(1,165),(1,166),(1,167),(1,168),(1,169),(1,170),(1,171),(1,172),(1,173),(1,174),(1,175),(1,176),(1,177),(1,178),(1,179),(1,180),(1,181),(1,182),(1,183),(1,184),(1,185),(1,186),(1,187),(1,188),(1,189),(1,190),(1,191),(1,192),(1,193),(1,194),(1,195),(1,196),(1,197),(1,198),(1,199),(1,200),(1,201),(1,202),(1,203),(1,204),(1,205),(1,206),(1,207),(1,208),(1,209),(1,210),(1,211),(1,212),(1,213),(1,214),(1,215),(1,216),(1,217),(1,218),(1,219),(1,220),(1,221),(1,222),(1,223),(1,224),(1,225),(1,226),(1,227),(1,228),(1,229),(1,230),(1,231),(1,232),(1,233),(1,234),(1,235),(1,236),(1,237),(1,238),(1,239),(1,240),(1,241),(1,242),(1,243),(1,244),(1,245),(1,246),(1,247),(1,248),(1,249),(1,250),(1,251),(1,252),(1,253),(1,254),(1,255),(1,256),(1,257),(1,258),(1,259),(1,260),(1,261),(1,262),(1,263),(1,264),(1,265),(1,266),(1,267),(1,268),(1,269),(1,270),(1,271),(1,272),(1,273),(1,274),(1,275),(1,276),(1,277),(1,278),(1,279),(1,280),(1,281),(1,282),(1,283),(1,284),(1,285),(1,286),(1,287),(1,288),(1,289),(1,290),(1,291),(1,292),(1,293),(1,294),(1,295),(1,296),(1,297),(1,298),(1,299),(1,300),(1,301),(1,302),(1,303),(1,304),(1,305),(1,306),(1,307),(1,308),(1,309),(1,310),(1,311),(1,312),(1,313),(1,314),(1,315),(1,316),(1,317),(1,318),(1,319),(1,320),(1,321),(1,322),(1,323),(1,324),(1,325),(1,326),(1,327),(1,328),(1,329),(1,330),(1,331),(1,332),(1,333),(1,334),(1,335),(1,336),(1,337),(1,338),(1,339),(1,340),(1,341),(1,342),(1,343),(1,344),(1,345),(1,346),(1,347),(1,348),(1,349),(1,350),(1,351),(1,352),(1,353),(1,354),(1,355),(1,356),(1,357),(1,358),(1,359),(1,360),(1,361),(1,362),(1,363),(1,364),(1,365),(1,366),(1,367),(1,368),(1,369),(1,370),(1,371),(1,372),(1,373),(1,374),(1,375),(1,376),(1,377),(1,378),(1,379),(1,380),(1,381),(1,382),(1,383),(1,384),(1,385),(1,386),(1,387),(1,388),(1,389),(1,390),(1,391),(1,392),(1,393),(1,394),(1,395),(1,396),(1,397),(1,398),(1,399),(1,400),(1,401),(1,402),(1,403),(1,404),(1,405),(1,406),(1,407),(1,408),(1,409),(1,410),(1,411),(1,412),(1,413),(1,414),(1,415),(1,416),(1,417),(1,418),(1,419),(1,420),(1,421),(1,422),(1,423),(1,424),(1,425),(1,426),(1,427),(1,428),(1,429),(1,430),(1,431),(1,432),(1,433),(1,434),(1,435),(1,436),(1,437),(1,438),(1,439),(1,440),(1,441),(1,442),(1,443),(1,444),(1,445),(1,446),(1,447),(1,448),(1,449),(1,450),(1,451),(1,452),(1,465),(1,466),(1,467),(1,468),(1,573),(1,574),(1,575),(1,576),(1,577),(1,578),(1,579),(1,580),(1,581),(1,582),(1,583),(1,584),(1,685),(1,686),(1,687),(1,688),(1,689),(1,690),(1,691),(1,692),(1,701),(1,702),(1,703),(1,704),(1,713),(1,714),(1,715),(1,716),(1,717),(1,718),(1,719),(1,720),(1,725),(1,726),(1,727),(1,728),(1,785),(1,786),(1,787),(1,788),(1,789),(1,790),(1,791),(1,792),(1,813),(1,814),(1,815),(1,816),(1,829),(1,830),(1,831),(1,832),(1,837),(1,838),(1,839),(1,840),(1,841),(1,842),(1,843),(1,844),(1,845),(1,846),(1,847),(1,848),(1,849),(1,850),(1,851),(1,852),(1,853),(1,854),(1,855),(1,856),(1,857),(1,858),(1,859),(1,860),(1,861),(1,862),(1,863),(1,864),(1,869),(1,870),(1,871),(1,872),(1,873),(1,874),(1,875),(1,876),(1,877),(1,878),(1,879),(1,880),(1,881),(1,882),(1,883),(1,884),(1,917),(1,918),(1,919),(1,920),(1,929),(1,930),(1,931),(1,932),(1,933),(1,934),(1,935),(1,936),(1,937),(1,938),(1,939),(1,940),(1,941),(1,942),(1,943),(1,944),(1,945),(1,946),(1,947),(1,948),(1,949),(1,950),(1,951),(1,952),(1,965),(1,966),(1,967),(1,968),(1,973),(1,974),(1,975),(1,976),(1,981),(1,982),(1,983),(1,984),(1,985),(1,986),(1,987),(1,988),(1,989),(1,990),(1,991),(1,992),(1,993),(1,994),(1,995),(1,996),(1,997),(1,998),(1,999),(1,1000),(1,1001),(1,1002),(1,1003),(1,1004),(1,1009),(1,1010),(1,1011),(1,1012),(1,1013),(1,1014),(1,1015),(1,1016),(1,1017),(1,1018),(1,1019),(1,1020),(1,1021),(1,1022),(1,1023),(1,1024),(1,1025),(1,1026),(1,1027),(1,1028),(1,1029),(1,1030),(1,1031),(1,1032),(1,1033),(1,1034),(1,1035),(1,1036),(1,1041),(1,1042),(1,1043),(1,1044),(1,1045),(1,1046),(1,1047),(1,1048),(1,1049),(1,1050),(1,1051),(1,1052),(1,1053),(1,1054),(1,1055),(1,1056),(1,1061),(1,1062),(1,1063),(1,1064),(1,1081),(1,1082),(1,1083),(1,1084),(1,1085),(1,1086),(1,1087),(1,1088),(1,1089),(1,1090),(1,1091),(1,1092),(1,1093),(1,1094),(1,1095),(1,1096),(1,1097),(1,1098),(1,1099),(1,1100),(1,1101),(1,1102),(1,1103),(1,1104),(1,1105),(1,1106),(1,1107),(1,1108),(1,1109),(1,1110),(1,1111),(1,1112),(1,1113),(1,1114),(1,1115),(1,1116),(1,1117),(1,1118),(1,1119),(1,1120),(1,1121),(1,1122),(1,1123),(1,1124),(1,1125),(1,1126),(1,1127),(1,1128),(1,1129),(1,1130),(1,1131),(1,1132),(1,1133),(1,1134),(1,1135),(1,1136),(1,1137),(1,1138),(1,1139),(1,1140),(1,1141),(1,1142),(1,1143),(1,1144),(1,1149),(1,1150),(1,1151),(1,1152),(1,1153),(1,1154),(1,1155),(1,1156),(1,1157),(1,1158),(1,1159),(1,1160),(1,1161),(1,1162),(1,1163),(1,1164),(1,1173),(1,1174),(1,1175),(1,1176),(1,1181),(1,1182),(1,1183),(1,1184),(1,1185),(1,1186),(1,1187),(1,1188),(1,1189),(1,1190),(1,1191),(1,1192),(1,1193),(1,1194),(1,1195),(1,1196),(1,1197),(1,1198),(1,1199),(1,1200),(1,1201),(1,1202),(1,1203),(1,1204),(1,1209),(1,1210),(1,1211),(1,1212),(1,1213),(1,1214),(1,1215),(1,1216),(1,1217),(1,1218),(1,1219),(1,1220),(1,1221),(1,1222),(1,1223),(1,1224),(1,1225),(1,1226),(1,1227),(1,1228),(1,1229),(1,1230),(1,1231),(1,1232),(1,1233),(1,1234),(1,1235),(1,1236),(1,1241),(1,1242),(1,1243),(1,1244),(1,1245),(1,1246),(1,1247),(1,1248),(1,1249),(1,1250),(1,1251),(1,1252),(1,1253),(1,1254),(1,1255),(1,1256),(1,1257),(1,1258),(1,1259),(1,1260),(1,1261),(1,1262),(1,1263),(1,1264),(1,1265),(1,1266),(1,1267),(1,1268),(1,1273),(1,1274),(1,1275),(1,1276),(1,1281),(1,1282),(1,1283),(1,1284),(1,1289),(1,1290),(1,1291),(1,1292),(1,1293),(1,1294),(1,1295),(1,1296),(1,1297),(1,1298),(1,1299),(1,1300),(1,1301),(1,1302),(1,1303),(1,1304),(1,1317),(1,1318),(1,1319),(1,1320),(1,1329),(1,1330),(1,1331),(1,1332),(1,1333),(1,1334),(1,1335),(1,1336),(1,1337),(1,1338),(1,1339),(1,1340),(1,1341),(1,1342),(1,1343),(1,1344),(1,1345),(1,1346),(1,1347),(1,1348),(1,1349),(1,1350),(1,1351),(1,1352),(1,1353),(1,1354),(1,1355),(1,1356),(1,1357),(1,1358),(1,1359),(1,1360),(1,1365),(1,1366),(1,1367),(1,1368),(2,9),(2,10),(2,11),(2,12),(2,33),(2,34),(2,35),(2,36),(2,45),(2,46),(2,47),(2,48),(2,49),(2,50),(2,51),(2,52),(2,85),(2,86),(2,87),(2,88),(2,129),(2,130),(2,131),(2,132),(2,181),(2,182),(2,183),(2,184),(2,201),(2,202),(2,203),(2,204),(2,209),(2,210),(2,211),(2,212),(2,221),(2,222),(2,223),(2,224),(2,234),(2,235),(2,241),(2,242),(2,243),(2,244),(2,261),(2,262),(2,263),(2,264),(2,265),(2,266),(2,267),(2,268),(2,301),(2,302),(2,303),(2,304),(2,317),(2,318),(2,319),(2,320),(2,329),(2,330),(2,331),(2,332),(2,341),(2,342),(2,343),(2,344),(2,365),(2,366),(2,367),(2,368),(2,381),(2,382),(2,383),(2,384),(2,389),(2,390),(2,391),(2,392),(2,393),(2,394),(2,395),(2,396),(2,417),(2,418),(2,419),(2,420),(2,425),(2,426),(2,427),(2,428),(2,441),(2,442),(2,443),(2,444),(2,445),(2,446),(2,447),(2,448),(3,45),(3,46),(3,47),(3,48),(3,49),(3,50),(3,51),(3,52),(3,125),(3,126),(3,127),(3,128),(3,141),(3,142),(3,143),(3,144),(3,217),(3,218),(3,219),(3,220),(3,257),(3,258),(3,259),(3,260),(3,301),(3,302),(3,303),(3,304),(3,321),(3,322),(3,323),(3,324),(3,421),(3,422),(3,423),(3,424),(3,437),(3,438),(3,439),(3,440),(3,441),(3,442),(3,443),(3,444),(3,445),(3,446),(3,447),(3,448),(3,449),(3,450),(3,451),(3,452),(4,0),(4,9),(4,10),(4,11),(4,12),(4,17),(4,18),(4,19),(4,20),(4,41),(4,42),(4,43),(4,44),(4,45),(4,46),(4,47),(4,48),(4,49),(4,50),(4,51),(4,52),(4,129),(4,130),(4,131),(4,132),(4,154),(4,173),(4,174),(4,175),(4,176),(4,181),(4,182),(4,183),(4,184),(4,201),(4,202),(4,203),(4,204),(4,209),(4,210),(4,211),(4,212),(4,221),(4,222),(4,223),(4,224),(4,229),(4,230),(4,231),(4,232),(4,234),(4,235),(4,241),(4,242),(4,243),(4,244),(4,258),(4,301),(4,302),(4,303),(4,304),(4,309),(4,310),(4,311),(4,312),(4,322),(4,341),(4,342),(4,343),(4,344),(4,393),(4,394),(4,395),(4,396),(4,429),(4,430),(4,431),(4,432),(4,437),(4,438),(4,439),(4,440),(4,445),(4,446),(4,447),(4,448),(4,449),(4,450),(4,451),(4,452),(5,5),(5,6),(5,7),(5,8),(5,9),(5,10),(5,11),(5,12),(5,13),(5,14),(5,15),(5,16),(5,17),(5,18),(5,19),(5,20),(5,21),(5,22),(5,23),(5,24),(5,25),(5,26),(5,27),(5,28),(5,33),(5,34),(5,35),(5,36),(5,37),(5,38),(5,39),(5,40),(5,41),(5,42),(5,43),(5,44),(5,45),(5,46),(5,47),(5,48),(5,49),(5,50),(5,51),(5,52),(5,57),(5,58),(5,59),(5,60),(5,61),(5,62),(5,63),(5,64),(5,65),(5,66),(5,67),(5,68),(5,69),(5,70),(5,71),(5,72),(5,73),(5,74),(5,75),(5,76),(5,77),(5,78),(5,79),(5,80),(5,81),(5,82),(5,83),(5,84),(5,85),(5,86),(5,87),(5,88),(5,89),(5,90),(5,91),(5,92),(5,97),(5,98),(5,99),(5,100),(5,101),(5,102),(5,103),(5,104),(5,105),(5,106),(5,107),(5,108),(5,109),(5,110),(5,111),(5,112),(5,117),(5,118),(5,119),(5,120),(5,121),(5,122),(5,123),(5,124),(5,125),(5,126),(5,127),(5,128),(5,129),(5,130),(5,131),(5,132),(5,133),(5,134),(5,135),(5,136),(5,141),(5,142),(5,143),(5,144),(5,153),(5,154),(5,155),(5,156),(5,157),(5,158),(5,159),(5,160),(5,169),(5,170),(5,171),(5,172),(5,173),(5,174),(5,175),(5,176),(5,177),(5,178),(5,179),(5,180),(5,181),(5,182),(5,183),(5,184),(5,185),(5,186),(5,187),(5,188),(5,189),(5,190),(5,191),(5,192),(5,193),(5,194),(5,195),(5,196),(5,197),(5,198),(5,199),(5,200),(5,201),(5,202),(5,203),(5,204),(5,205),(5,206),(5,207),(5,208),(5,209),(5,210),(5,211),(5,212),(5,217),(5,218),(5,219),(5,220),(5,221),(5,222),(5,223),(5,224),(5,225),(5,226),(5,227),(5,228),(5,229),(5,230),(5,231),(5,232),(5,237),(5,238),(5,239),(5,240),(5,241),(5,242),(5,243),(5,244),(5,245),(5,246),(5,247),(5,248),(5,257),(5,258),(5,259),(5,260),(5,261),(5,262),(5,263),(5,264),(5,269),(5,270),(5,271),(5,272),(5,273),(5,274),(5,275),(5,276),(5,281),(5,282),(5,283),(5,284),(5,285),(5,286),(5,287),(5,288),(5,289),(5,290),(5,291),(5,292),(5,293),(5,294),(5,295),(5,296),(5,301),(5,302),(5,303),(5,304),(5,309),(5,310),(5,311),(5,312),(5,317),(5,318),(5,319),(5,320),(5,321),(5,322),(5,323),(5,324),(5,325),(5,326),(5,327),(5,328),(5,329),(5,330),(5,331),(5,332),(5,341),(5,342),(5,343),(5,344),(5,345),(5,346),(5,347),(5,348),(5,349),(5,350),(5,351),(5,352),(5,353),(5,354),(5,355),(5,356),(5,357),(5,358),(5,359),(5,360),(5,361),(5,362),(5,363),(5,364),(5,377),(5,378),(5,379),(5,380),(5,385),(5,386),(5,387),(5,388),(5,389),(5,390),(5,391),(5,392),(5,397),(5,398),(5,399),(5,400),(5,401),(5,402),(5,403),(5,404),(5,405),(5,406),(5,407),(5,408),(5,417),(5,418),(5,419),(5,420),(5,421),(5,422),(5,423),(5,424),(5,433),(5,434),(5,435),(5,436),(5,437),(5,438),(5,439),(5,440),(5,441),(5,442),(5,443),(5,444),(5,445),(5,446),(5,447),(5,448),(5,449),(5,450),(5,451),(5,452),(5,685),(5,686),(5,687),(5,688),(5,689),(5,690),(5,691),(5,692),(5,713),(5,714),(5,715),(5,716),(5,785),(5,786),(5,787),(5,788),(5,789),(5,790),(5,791),(5,792),(5,973),(5,974),(5,975),(5,976),(5,981),(5,982),(5,983),(5,984),(5,985),(5,986),(5,987),(5,988),(5,989),(5,990),(5,991),(5,992),(5,993),(5,994),(5,995),(5,996),(5,997),(5,998),(5,999),(5,1000),(5,1009),(5,1010),(5,1011),(5,1012),(5,1041),(5,1042),(5,1043),(5,1044),(5,1221),(5,1222),(5,1223),(5,1224),(5,1229),(5,1230),(5,1231),(5,1232),(5,1233),(5,1234),(5,1235),(5,1236),(5,1241),(5,1242),(5,1243),(5,1244),(5,1245),(5,1246),(5,1247),(5,1248),(5,1249),(5,1250),(5,1251),(5,1252),(5,1253),(5,1254),(5,1255),(5,1256),(5,1257),(5,1258),(5,1259),(5,1260),(5,1261),(5,1262),(5,1263),(5,1264),(5,1265),(5,1266),(5,1267),(5,1268),(5,1281),(5,1282),(5,1283),(5,1284),(5,1297),(5,1298),(5,1299),(5,1300),(5,1301),(5,1302),(5,1303),(5,1304),(5,1305),(5,1306),(5,1307),(5,1308),(5,1309),(5,1310),(5,1311),(5,1312),(5,1313),(5,1314),(5,1315),(5,1316),(5,1333),(5,1334),(5,1335),(5,1336),(5,1337),(5,1338),(5,1339),(5,1340),(6,1),(6,2),(6,3),(6,4),(6,5),(6,6),(6,7),(6,8),(6,9),(6,10),(6,11),(6,12),(6,13),(6,14),(6,15),(6,16),(6,17),(6,18),(6,19),(6,20),(6,21),(6,22),(6,23),(6,24),(6,25),(6,26),(6,27),(6,28),(6,29),(6,30),(6,31),(6,32),(6,33),(6,34),(6,35),(6,36),(6,37),(6,38),(6,39),(6,40),(6,41),(6,42),(6,43),(6,44),(6,45),(6,46),(6,47),(6,48),(6,49),(6,50),(6,51),(6,52),(6,53),(6,54),(6,55),(6,56),(6,57),(6,58),(6,59),(6,60),(6,61),(6,62),(6,63),(6,64),(6,65),(6,66),(6,67),(6,68),(6,69),(6,70),(6,71),(6,72),(6,73),(6,74),(6,75),(6,76),(6,77),(6,78),(6,79),(6,80),(6,81),(6,82),(6,83),(6,84),(6,85),(6,86),(6,87),(6,88),(6,89),(6,90),(6,91),(6,92),(6,93),(6,94),(6,95),(6,96),(6,97),(6,98),(6,99),(6,100),(6,101),(6,102),(6,103),(6,104),(6,105),(6,106),(6,107),(6,108),(6,109),(6,110),(6,111),(6,112),(6,113),(6,114),(6,115),(6,116),(6,117),(6,118),(6,119),(6,120),(6,121),(6,122),(6,123),(6,124),(6,125),(6,126),(6,127),(6,128),(6,129),(6,130),(6,131),(6,132),(6,133),(6,134),(6,135),(6,136),(6,137),(6,138),(6,139),(6,140),(6,141),(6,142),(6,143),(6,144),(6,145),(6,146),(6,147),(6,148),(6,149),(6,150),(6,151),(6,152),(6,153),(6,154),(6,155),(6,156),(6,157),(6,158),(6,159),(6,160),(6,161),(6,162),(6,163),(6,164),(6,165),(6,166),(6,167),(6,168),(6,169),(6,170),(6,171),(6,172),(6,173),(6,174),(6,175),(6,176),(6,177),(6,178),(6,179),(6,180),(6,181),(6,182),(6,183),(6,184),(6,185),(6,186),(6,187),(6,188),(6,189),(6,190),(6,191),(6,192),(6,193),(6,194),(6,195),(6,196),(6,197),(6,198),(6,199),(6,200),(6,201),(6,202),(6,203),(6,204),(6,205),(6,206),(6,207),(6,208),(6,209),(6,210),(6,211),(6,212),(6,213),(6,214),(6,215),(6,216),(6,217),(6,218),(6,219),(6,220),(6,221),(6,222),(6,223),(6,224),(6,225),(6,226),(6,227),(6,228),(6,229),(6,230),(6,231),(6,232),(6,233),(6,234),(6,235),(6,236),(6,237),(6,238),(6,239),(6,240),(6,241),(6,242),(6,243),(6,244),(6,245),(6,246),(6,247),(6,248),(6,249),(6,250),(6,251),(6,252),(6,253),(6,254),(6,255),(6,256),(6,257),(6,258),(6,259),(6,260),(6,261),(6,262),(6,263),(6,264),(6,265),(6,266),(6,267),(6,268),(6,269),(6,270),(6,271),(6,272),(6,273),(6,274),(6,275),(6,276),(6,277),(6,278),(6,279),(6,280),(6,281),(6,282),(6,283),(6,284),(6,285),(6,286),(6,287),(6,288),(6,289),(6,290),(6,291),(6,292),(6,293),(6,294),(6,295),(6,296),(6,297),(6,298),(6,299),(6,300),(6,301),(6,302),(6,303),(6,304),(6,305),(6,306),(6,307),(6,308),(6,309),(6,310),(6,311),(6,312),(6,313),(6,314),(6,315),(6,316),(6,317),(6,318),(6,319),(6,320),(6,321),(6,322),(6,323),(6,324),(6,325),(6,326),(6,327),(6,328),(6,329),(6,330),(6,331),(6,332),(6,333),(6,334),(6,335),(6,336),(6,337),(6,338),(6,339),(6,340),(6,341),(6,342),(6,343),(6,344),(6,345),(6,346),(6,347),(6,348),(6,349),(6,350),(6,351),(6,352),(6,353),(6,354),(6,355),(6,356),(6,357),(6,358),(6,359),(6,360),(6,361),(6,362),(6,363),(6,364),(6,365),(6,366),(6,367),(6,368),(6,369),(6,370),(6,371),(6,372),(6,373),(6,374),(6,375),(6,376),(6,377),(6,378),(6,379),(6,380),(6,381),(6,382),(6,383),(6,384),(6,385),(6,386),(6,387),(6,388),(6,389),(6,390),(6,391),(6,392),(6,393),(6,394),(6,395),(6,396),(6,397),(6,398),(6,399),(6,400),(6,401),(6,402),(6,403),(6,404),(6,405),(6,406),(6,407),(6,408),(6,409),(6,410),(6,411),(6,412),(6,413),(6,414),(6,415),(6,416),(6,417),(6,418),(6,419),(6,420),(6,421),(6,422),(6,423),(6,424),(6,425),(6,426),(6,427),(6,428),(6,429),(6,430),(6,431),(6,432),(6,433),(6,434),(6,435),(6,436),(6,437),(6,438),(6,439),(6,440),(6,441),(6,442),(6,443),(6,444),(6,445),(6,446),(6,447),(6,448),(6,449),(6,450),(6,451),(6,452),(6,465),(6,466),(6,467),(6,468),(6,685),(6,686),(6,687),(6,688),(6,689),(6,690),(6,691),(6,692),(6,701),(6,702),(6,703),(6,704),(6,713),(6,714),(6,715),(6,716),(6,717),(6,718),(6,719),(6,720),(6,725),(6,726),(6,727),(6,728),(6,785),(6,786),(6,787),(6,788),(6,789),(6,790),(6,791),(6,792),(6,917),(6,918),(6,919),(6,920),(6,973),(6,974),(6,975),(6,976),(6,981),(6,982),(6,983),(6,984),(6,985),(6,986),(6,987),(6,988),(6,989),(6,990),(6,991),(6,992),(6,993),(6,994),(6,995),(6,996),(6,997),(6,998),(6,999),(6,1000),(6,1001),(6,1002),(6,1003),(6,1004),(6,1009),(6,1010),(6,1011),(6,1012),(6,1013),(6,1014),(6,1015),(6,1016),(6,1017),(6,1018),(6,1019),(6,1020),(6,1021),(6,1022),(6,1023),(6,1024),(6,1025),(6,1026),(6,1027),(6,1028),(6,1029),(6,1030),(6,1031),(6,1032),(6,1033),(6,1034),(6,1035),(6,1036),(6,1041),(6,1042),(6,1043),(6,1044),(6,1045),(6,1046),(6,1047),(6,1048),(6,1049),(6,1050),(6,1051),(6,1052),(6,1053),(6,1054),(6,1055),(6,1056),(6,1061),(6,1062),(6,1063),(6,1064),(6,1173),(6,1174),(6,1175),(6,1176),(6,1181),(6,1182),(6,1183),(6,1184),(6,1185),(6,1186),(6,1187),(6,1188),(6,1209),(6,1210),(6,1211),(6,1212),(6,1213),(6,1214),(6,1215),(6,1216),(6,1217),(6,1218),(6,1219),(6,1220),(6,1221),(6,1222),(6,1223),(6,1224),(6,1225),(6,1226),(6,1227),(6,1228),(6,1229),(6,1230),(6,1231),(6,1232),(6,1233),(6,1234),(6,1235),(6,1236),(6,1289),(6,1290),(6,1291),(6,1292),(6,1293),(6,1294),(6,1295),(6,1296),(6,1297),(6,1298),(6,1299),(6,1300),(6,1301),(6,1302),(6,1303),(6,1304),(6,1305),(6,1306),(6,1307),(6,1308),(6,1309),(6,1310),(6,1311),(6,1312),(6,1313),(6,1314),(6,1315),(6,1316),(6,1317),(6,1318),(6,1319),(6,1320),(6,1329),(6,1330),(6,1331),(6,1332),(6,1333),(6,1334),(6,1335),(6,1336),(6,1337),(6,1338),(6,1339),(6,1340),(6,1341),(6,1342),(6,1343),(6,1344),(6,1345),(6,1346),(6,1347),(6,1348),(6,1349),(6,1350),(6,1351),(6,1352),(6,1353),(6,1354),(6,1355),(6,1356),(6,1357),(6,1358),(6,1359),(6,1360);

--
-- Table structure for table `ps_accessory`
--

CREATE TABLE `ps_accessory` (
  `id_product_1` int(10) unsigned NOT NULL,
  `id_product_2` int(10) unsigned NOT NULL,
  KEY `accessory_product` (`id_product_1`,`id_product_2`)
) ENGINE=InnoDB DEFAULT CHARSET=utf8;

--
-- Dumping data for table `ps_accessory`
--

INSERT INTO `ps_accessory` VALUES (148,147),(149,147),(257,147),(298,148),(299,148),(300,147),(300,218),(303,147),(303,148),(303,218),(304,147),(304,148),(305,147),(305,148),(305,149),(308,147),(309,147),(310,147),(311,147),(312,147),(319,147),(319,148),(319,149),(326,147),(326,148),(326,149),(327,147),(327,153),(338,147),(338,148),(338,149),(339,147),(339,148),(339,149);

--
-- Table structure for table `ps_address`
--

CREATE TABLE `ps_address` (
  `id_address` int(10) unsigned NOT NULL AUTO_INCREMENT,
  `id_country` int(10) unsigned NOT NULL,
  `id_state` int(10) unsigned DEFAULT NULL,
  `id_customer` int(10) unsigned NOT NULL DEFAULT '0',
  `id_manufacturer` int(10) unsigned NOT NULL DEFAULT '0',
  `id_supplier` int(10) unsigned NOT NULL DEFAULT '0',
  `id_warehouse` int(10) unsigned NOT NULL DEFAULT '0',
  `alias` varchar(32) NOT NULL,
  `company` varchar(255) DEFAULT NULL,
  `lastname` varchar(255) NOT NULL,
  `firstname` varchar(255) NOT NULL,
  `address1` varchar(128) NOT NULL,
  `address2` varchar(128) DEFAULT NULL,
  `postcode` varchar(12) DEFAULT NULL,
  `city` varchar(64) NOT NULL,
  `other` text,
  `phone` varchar(32) DEFAULT NULL,
  `phone_mobile` varchar(32) DEFAULT NULL,
  `vat_number` varchar(32) DEFAULT NULL,
  `dni` varchar(16) DEFAULT NULL,
  `date_add` datetime NOT NULL,
  `date_upd` datetime NOT NULL,
  `active` tinyint(1) unsigned NOT NULL DEFAULT '1',
  `deleted` tinyint(1) unsigned NOT NULL DEFAULT '0',
  PRIMARY KEY (`id_address`),
  KEY `address_customer` (`id_customer`),
  KEY `id_country` (`id_country`),
  KEY `id_state` (`id_state`),
  KEY `id_manufacturer` (`id_manufacturer`),
  KEY `id_supplier` (`id_supplier`),
  KEY `id_warehouse` (`id_warehouse`)
) ENGINE=InnoDB AUTO_INCREMENT=25 DEFAULT CHARSET=utf8;

--
-- Dumping data for table `ps_address`
--

INSERT INTO `ps_address` VALUES (2,21,35,0,0,0,0,'supplier','Fashion','supplier','supplier','767 Fifth Ave.','','10153','New York','','(212) 336-1440','','','','2019-02-03 20:02:00','2019-02-03 22:21:51',1,1),(5,8,0,1,0,0,0,'Mon adresse','','catry','nicolas','34 avenue leon blum','','62420','billy montigny','','0661354040','','','','2019-02-11 00:26:11','2019-02-11 00:26:11',1,0),(6,8,0,2,0,0,0,'Mon adresse','','catry','nicolas','55 rue de la barre','','59000','lille','','','','','','2019-07-02 10:10:39','2019-07-02 10:10:39',1,0),(7,8,0,3,0,0,0,'Mon adresse','','Perdrieux','Virginie','104 rue Esquermoise','','59000','LILLE','','0616744641','','','','2019-09-04 17:29:16','2019-09-04 17:31:15',1,0),(8,8,0,9,0,0,0,'Mon adresse','gdhkjgchj','catry','nicolas','34 rue leon blum','cghkcghk','62420','billy montigny','','0661354040','','dghkdghjk','','2020-04-16 21:58:12','2020-04-16 22:00:53',1,0),(10,8,0,15,0,0,0,'Mon adresse','','DROULEZ','Maxime','32 rue guillaume tell','','75017','PARIS','','0626437983','','','','2020-10-19 11:19:27','2020-10-19 11:19:27',1,0),(11,8,0,1532,0,0,0,'Mon adresse','','catry','nicolas','35 avenue de la marne','','59290','wasquehal','','','','','','2021-07-19 18:13:47','2021-07-19 18:13:47',1,0),(12,17,0,1553,0,0,0,'Mon adresse','','PLESSIER','sylvie','18 Chiltern Street','Marylebone','W1U 7Qa','London','','','','','','2021-07-20 13:41:57','2021-07-20 13:41:57',1,0),(13,17,0,1574,0,0,0,'Mon adresse','TEST','LEFEVERE','MARC','214 rue Jean  Jaures','','KT212SN','ASHTEAD','','0678070952','','','','2021-07-23 09:18:56','2021-07-23 09:18:56',1,0),(14,8,0,2146,0,0,0,'Mon adresse','','Ravyts','Charlène','46 rue des stations ','','59800','Lille','','','','','','2021-09-06 17:34:38','2021-09-06 17:34:38',1,0),(15,8,0,2146,0,0,0,'Mon adresse','','Ravyts','Charlène','46 rue des stations ','','59800','Lille','','','','','','2021-09-06 17:36:48','2021-09-06 17:36:48',1,0),(16,8,0,8592,0,0,0,'Mon adresse','','Muel','Severine','90, voie sacree ','','55000','Naives rosieres','','0612605950','','','','2022-09-11 22:50:51','2022-09-11 22:50:51',1,0),(17,8,0,11049,0,0,0,'Mon adresse','','COLMAN','EMMANUEL','5 RUE JEAN MACE','','92150','SURESNES','','069809807','','','','2022-12-11 16:52:14','2022-12-11 16:52:14',1,0),(18,8,0,11049,0,0,0,'Mon adresse','Synergee / Polarys','COLMAN','EMMANUEL','1 boulevard charles de gaulle','Immeuble le Noblet A - Rez de jardin','92700','COLOMBES','','069809807','','','','2022-12-13 18:00:36','2022-12-13 18:00:36',1,0),(19,8,0,12436,0,0,0,'Mon adresse','','Leblond','Juliette','26 Bis Avenue De La Marne','','59290','Wasquehal','','0609973801','','','','2023-02-23 17:41:53','2023-02-23 17:41:53',1,0),(20,8,0,12438,0,0,0,'Mon adresse','','LEFEVERE','Marc','Chemin noir de la fontaine (la pommeraie)','La pommeraie','59170','CROIX','','0678070952','','','','2023-02-23 22:04:49','2023-02-23 22:04:49',1,0),(21,8,0,12483,0,0,0,'Mon adresse','','Robache ','Aurelie','Chemin sainte Brigitte ','Le clos d’Adrien ','13600','Ceyreste ','','0695601121','','','','2023-03-02 13:37:09','2023-03-02 13:37:09',1,0),(22,8,0,13795,0,0,0,'Mon adresse','','Harivola','Rico','Paris 75000 rue','','75000','Paris','','','','','','2023-06-27 12:33:31','2023-06-27 12:33:31',1,0),(23,8,0,13858,0,0,0,'Mon adresse','','Ratafita','Nekena Haritsimba','34','','33600','AZA','','','','','','2023-06-30 11:49:46','2023-06-30 11:49:46',1,0),(24,8,0,13862,0,0,0,'Mon adresse','Test dev','Test Namb','test','92 AV ANATOLE FRANCE','','93600','Paris','','0761211328','','','','2023-06-30 16:10:32','2023-06-30 16:10:32',1,0);

--
-- Table structure for table `ps_address_format`
--

CREATE TABLE `ps_address_format` (
  `id_country` int(10) unsigned NOT NULL,
  `format` varchar(255) NOT NULL DEFAULT '',
  PRIMARY KEY (`id_country`)
) ENGINE=InnoDB DEFAULT CHARSET=utf8;

--
-- Dumping data for table `ps_address_format`
--

INSERT INTO `ps_address_format` VALUES (1,'firstname lastname\ncompany\nvat_number\naddress1\naddress2\npostcode city\nCountry:name\nphone'),(2,'firstname lastname\ncompany\nvat_number\naddress1\naddress2\npostcode city\nCountry:name\nphone'),(3,'firstname lastname\ncompany\nvat_number\naddress1\naddress2\npostcode city\nCountry:name\nphone'),(4,'firstname lastname\ncompany\naddress1\naddress2\ncity State:name postcode\nCountry:name\nphone'),(5,'firstname lastname\ncompany\nvat_number\naddress1\naddress2\npostcode city\nCountry:name\nphone'),(6,'firstname lastname\ncompany\nvat_number\naddress1\naddress2\npostcode city\nCountry:name\nphone'),(7,'firstname lastname\ncompany\nvat_number\naddress1\naddress2\npostcode city\nCountry:name\nphone'),(8,'firstname lastname\ncompany\nvat_number\naddress1\naddress2\npostcode city\nCountry:name\nphone'),(9,'firstname lastname\ncompany\nvat_number\naddress1\naddress2\npostcode city\nCountry:name\nphone'),(10,'firstname lastname\ncompany\nvat_number\naddress1\naddress2\npostcode city\nState:name\nCountry:name\nphone'),(11,'firstname lastname\ncompany\nvat_number\naddress1\naddress2\npostcode city\nState:name\nCountry:name\nphone'),(12,'firstname lastname\ncompany\nvat_number\naddress1\naddress2\npostcode city\nCountry:name\nphone'),(13,'firstname lastname\ncompany\nvat_number\naddress1\naddress2\npostcode city\nCountry:name\nphone'),(14,'firstname lastname\ncompany\nvat_number\naddress1\naddress2\npostcode city\nCountry:name\nphone'),(15,'firstname lastname\ncompany\nvat_number\naddress1\naddress2\npostcode city\nCountry:name\nphone'),(16,'firstname lastname\ncompany\nvat_number\naddress1\naddress2\npostcode city\nCountry:name\nphone'),(17,'firstname lastname\ncompany\nvat_number\naddress1\naddress2\ncity\npostcode\nCountry:name\nphone'),(18,'firstname lastname\ncompany\nvat_number\naddress1\naddress2\npostcode city\nCountry:name\nphone'),(19,'firstname lastname\ncompany\nvat_number\naddress1\naddress2\npostcode city\nCountry:name\nphone'),(20,'firstname lastname\ncompany\nvat_number\naddress1\naddress2\npostcode city\nCountry:name\nphone'),(21,'firstname lastname\ncompany\naddress1 address2\ncity, State:name postcode\nCountry:name\nphone'),(22,'firstname lastname\ncompany\nvat_number\naddress1\naddress2\npostcode city\nCountry:name\nphone'),(23,'firstname lastname\ncompany\nvat_number\naddress1\naddress2\npostcode city\nCountry:name\nphone'),(24,'firstname lastname\ncompany\nvat_number\naddress1\naddress2\ncity State:iso_code postcode\nCountry:name\nphone'),(25,'firstname lastname\ncompany\nvat_number\naddress1\naddress2\npostcode city\nCountry:name\nphone'),(26,'firstname lastname\ncompany\nvat_number\naddress1\naddress2\npostcode city\nCountry:name\nphone'),(27,'firstname lastname\ncompany\nvat_number\naddress1\naddress2\npostcode city\nCountry:name\nphone'),(28,'firstname lastname\ncompany\nvat_number\naddress1\naddress2\npostcode city\nCountry:name\nphone'),(29,'firstname lastname\ncompany\nvat_number\naddress1\naddress2\npostcode city\nCountry:name\nphone'),(30,'firstname lastname\ncompany\nvat_number\naddress1\naddress2\npostcode city\nCountry:name\nphone'),(31,'firstname lastname\ncompany\nvat_number\naddress1\naddress2\npostcode city\nCountry:name\nphone'),(32,'firstname lastname\ncompany\nvat_number\naddress1\naddress2\npostcode city\nCountry:name\nphone'),(33,'firstname lastname\ncompany\nvat_number\naddress1\naddress2\npostcode city\nCountry:name\nphone'),(34,'firstname lastname\ncompany\nvat_number\naddress1\naddress2\npostcode city\nCountry:name\nphone'),(35,'firstname lastname\ncompany\nvat_number\naddress1\naddress2\npostcode city\nCountry:name\nphone'),(36,'firstname lastname\ncompany\nvat_number\naddress1\naddress2\npostcode city\nCountry:name\nphone'),(37,'firstname lastname\ncompany\nvat_number\naddress1\naddress2\npostcode city\nCountry:name\nphone'),(38,'firstname lastname\ncompany\nvat_number\naddress1\naddress2\npostcode city\nCountry:name\nphone'),(39,'firstname lastname\ncompany\nvat_number\naddress1\naddress2\npostcode city\nCountry:name\nphone'),(40,'firstname lastname\ncompany\nvat_number\naddress1\naddress2\npostcode city\nCountry:name\nphone'),(41,'firstname lastname\ncompany\nvat_number\naddress1\naddress2\npostcode city\nCountry:name\nphone'),(42,'firstname lastname\ncompany\nvat_number\naddress1\naddress2\npostcode city\nCountry:name\nphone'),(43,'firstname lastname\ncompany\nvat_number\naddress1\naddress2\npostcode city\nCountry:name\nphone'),(44,'firstname lastname\ncompany\nvat_number\naddress1\naddress2\npostcode city\nState:name\nCountry:name\nphone'),(45,'firstname lastname\ncompany\nvat_number\naddress1\naddress2\npostcode city\nCountry:name\nphone'),(46,'firstname lastname\ncompany\nvat_number\naddress1\naddress2\npostcode city\nCountry:name\nphone'),(47,'firstname lastname\ncompany\nvat_number\naddress1\naddress2\npostcode city\nCountry:name\nphone'),(48,'firstname lastname\ncompany\nvat_number\naddress1\naddress2\npostcode city\nCountry:name\nphone'),(49,'firstname lastname\ncompany\nvat_number\naddress1\naddress2\npostcode city\nCountry:name\nphone'),(50,'firstname lastname\ncompany\nvat_number\naddress1\naddress2\npostcode city\nCountry:name\nphone'),(51,'firstname lastname\ncompany\nvat_number\naddress1\naddress2\npostcode city\nCountry:name\nphone'),(52,'firstname lastname\ncompany\nvat_number\naddress1\naddress2\npostcode city\nCountry:name\nphone'),(53,'firstname lastname\ncompany\nvat_number\naddress1\naddress2\npostcode city\nCountry:name\nphone'),(54,'firstname lastname\ncompany\nvat_number\naddress1\naddress2\npostcode city\nCountry:name\nphone'),(55,'firstname lastname\ncompany\nvat_number\naddress1\naddress2\npostcode city\nCountry:name\nphone'),(56,'firstname lastname\ncompany\nvat_number\naddress1\naddress2\npostcode city\nCountry:name\nphone'),(57,'firstname lastname\ncompany\nvat_number\naddress1\naddress2\npostcode city\nCountry:name\nphone'),(58,'firstname lastname\ncompany\nvat_number\naddress1\naddress2\npostcode city\nCountry:name\nphone'),(59,'firstname lastname\ncompany\nvat_number\naddress1\naddress2\npostcode city\nCountry:name\nphone'),(60,'firstname lastname\ncompany\nvat_number\naddress1\naddress2\npostcode city\nCountry:name\nphone'),(61,'firstname lastname\ncompany\nvat_number\naddress1\naddress2\npostcode city\nCountry:name\nphone'),(62,'firstname lastname\ncompany\nvat_number\naddress1\naddress2\npostcode city\nCountry:name\nphone'),(63,'firstname lastname\ncompany\nvat_number\naddress1\naddress2\npostcode city\nCountry:name\nphone'),(64,'firstname lastname\ncompany\nvat_number\naddress1\naddress2\npostcode city\nCountry:name\nphone'),(65,'firstname lastname\ncompany\nvat_number\naddress1\naddress2\npostcode city\nCountry:name\nphone'),(66,'firstname lastname\ncompany\nvat_number\naddress1\naddress2\npostcode city\nCountry:name\nphone'),(67,'firstname lastname\ncompany\nvat_number\naddress1\naddress2\npostcode city\nCountry:name\nphone'),(68,'firstname lastname\ncompany\nvat_number\naddress1\naddress2\npostcode city\nCountry:name\nphone'),(69,'firstname lastname\ncompany\nvat_number\naddress1\naddress2\npostcode city\nCountry:name\nphone'),(70,'firstname lastname\ncompany\nvat_number\naddress1\naddress2\npostcode city\nCountry:name\nphone'),(71,'firstname lastname\ncompany\nvat_number\naddress1\naddress2\npostcode city\nCountry:name\nphone'),(72,'firstname lastname\ncompany\nvat_number\naddress1\naddress2\npostcode city\nCountry:name\nphone'),(73,'firstname lastname\ncompany\nvat_number\naddress1\naddress2\npostcode city\nCountry:name\nphone'),(74,'firstname lastname\ncompany\nvat_number\naddress1\naddress2\npostcode city\nCountry:name\nphone'),(75,'firstname lastname\ncompany\nvat_number\naddress1\naddress2\npostcode city\nCountry:name\nphone'),(76,'firstname lastname\ncompany\nvat_number\naddress1\naddress2\npostcode city\nCountry:name\nphone'),(77,'firstname lastname\ncompany\nvat_number\naddress1\naddress2\npostcode city\nCountry:name\nphone'),(78,'firstname lastname\ncompany\nvat_number\naddress1\naddress2\npostcode city\nCountry:name\nphone'),(79,'firstname lastname\ncompany\nvat_number\naddress1\naddress2\npostcode city\nCountry:name\nphone'),(80,'firstname lastname\ncompany\nvat_number\naddress1\naddress2\npostcode city\nCountry:name\nphone'),(81,'firstname lastname\ncompany\nvat_number\naddress1\naddress2\npostcode city\nCountry:name\nphone'),(82,'firstname lastname\ncompany\nvat_number\naddress1\naddress2\npostcode city\nCountry:name\nphone'),(83,'firstname lastname\ncompany\nvat_number\naddress1\naddress2\npostcode city\nCountry:name\nphone'),(84,'firstname lastname\ncompany\nvat_number\naddress1\naddress2\npostcode city\nCountry:name\nphone'),(85,'firstname lastname\ncompany\nvat_number\naddress1\naddress2\npostcode city\nCountry:name\nphone'),(86,'firstname lastname\ncompany\nvat_number\naddress1\naddress2\npostcode city\nCountry:name\nphone'),(87,'firstname lastname\ncompany\nvat_number\naddress1\naddress2\npostcode city\nCountry:name\nphone'),(88,'firstname lastname\ncompany\nvat_number\naddress1\naddress2\npostcode city\nCountry:name\nphone'),(89,'firstname lastname\ncompany\nvat_number\naddress1\naddress2\npostcode city\nCountry:name\nphone'),(90,'firstname lastname\ncompany\nvat_number\naddress1\naddress2\npostcode city\nCountry:name\nphone'),(91,'firstname lastname\ncompany\nvat_number\naddress1\naddress2\npostcode city\nCountry:name\nphone'),(92,'firstname lastname\ncompany\nvat_number\naddress1\naddress2\npostcode city\nCountry:name\nphone'),(93,'firstname lastname\ncompany\nvat_number\naddress1\naddress2\npostcode city\nCountry:name\nphone'),(94,'firstname lastname\ncompany\nvat_number\naddress1\naddress2\npostcode city\nCountry:name\nphone'),(95,'firstname lastname\ncompany\nvat_number\naddress1\naddress2\npostcode city\nCountry:name\nphone'),(96,'firstname lastname\ncompany\nvat_number\naddress1\naddress2\npostcode city\nCountry:name\nphone'),(97,'firstname lastname\ncompany\nvat_number\naddress1\naddress2\npostcode city\nCountry:name\nphone'),(98,'firstname lastname\ncompany\nvat_number\naddress1\naddress2\npostcode city\nCountry:name\nphone'),(99,'firstname lastname\ncompany\nvat_number\naddress1\naddress2\npostcode city\nCountry:name\nphone'),(100,'firstname lastname\ncompany\nvat_number\naddress1\naddress2\npostcode city\nCountry:name\nphone'),(101,'firstname lastname\ncompany\nvat_number\naddress1\naddress2\npostcode city\nCountry:name\nphone'),(102,'firstname lastname\ncompany\nvat_number\naddress1\naddress2\npostcode city\nCountry:name\nphone'),(103,'firstname lastname\ncompany\nvat_number\naddress1\naddress2\npostcode city\nCountry:name\nphone'),(104,'firstname lastname\ncompany\nvat_number\naddress1\naddress2\npostcode city\nCountry:name\nphone'),(105,'firstname lastname\ncompany\nvat_number\naddress1\naddress2\npostcode city\nCountry:name\nphone'),(106,'firstname lastname\ncompany\nvat_number\naddress1\naddress2\npostcode city\nCountry:name\nphone'),(107,'firstname lastname\ncompany\nvat_number\naddress1\naddress2\npostcode city\nCountry:name\nphone'),(108,'firstname lastname\ncompany\nvat_number\naddress1\naddress2\npostcode city\nCountry:name\nphone'),(109,'firstname lastname\ncompany\nvat_number\naddress1\naddress2\npostcode city\nCountry:name\nphone'),(110,'firstname lastname\ncompany\nvat_number\naddress1\naddress2\ncity\npostcode\nState:name\nCountry:name\nphone'),(111,'firstname lastname\ncompany\nvat_number\naddress1\naddress2\npostcode city\nState:name\nCountry:name\nphone'),(112,'firstname lastname\ncompany\nvat_number\naddress1\naddress2\npostcode city\nCountry:name\nphone'),(113,'firstname lastname\ncompany\nvat_number\naddress1\naddress2\npostcode city\nCountry:name\nphone'),(114,'firstname lastname\ncompany\nvat_number\naddress1\naddress2\npostcode city\nCountry:name\nphone'),(115,'firstname lastname\ncompany\nvat_number\naddress1\naddress2\npostcode city\nCountry:name\nphone'),(116,'firstname lastname\ncompany\nvat_number\naddress1\naddress2\npostcode city\nCountry:name\nphone'),(117,'firstname lastname\ncompany\nvat_number\naddress1\naddress2\npostcode city\nCountry:name\nphone'),(118,'firstname lastname\ncompany\nvat_number\naddress1\naddress2\npostcode city\nCountry:name\nphone'),(119,'firstname lastname\ncompany\nvat_number\naddress1\naddress2\npostcode city\nCountry:name\nphone'),(120,'firstname lastname\ncompany\nvat_number\naddress1\naddress2\npostcode city\nCountry:name\nphone'),(121,'firstname lastname\ncompany\nvat_number\naddress1\naddress2\npostcode city\nCountry:name\nphone'),(122,'firstname lastname\ncompany\nvat_number\naddress1\naddress2\npostcode city\nCountry:name\nphone'),(123,'firstname lastname\ncompany\nvat_number\naddress1\naddress2\npostcode city\nCountry:name\nphone'),(124,'firstname lastname\ncompany\nvat_number\naddress1\naddress2\npostcode city\nCountry:name\nphone'),(125,'firstname lastname\ncompany\nvat_number\naddress1\naddress2\npostcode city\nCountry:name\nphone'),(126,'firstname lastname\ncompany\nvat_number\naddress1\naddress2\npostcode city\nCountry:name\nphone'),(127,'firstname lastname\ncompany\nvat_number\naddress1\naddress2\npostcode city\nCountry:name\nphone'),(128,'firstname lastname\ncompany\nvat_number\naddress1\naddress2\npostcode city\nCountry:name\nphone'),(129,'firstname lastname\ncompany\nvat_number\naddress1\naddress2\npostcode city\nCountry:name\nphone'),(130,'firstname lastname\ncompany\nvat_number\naddress1\naddress2\npostcode city\nCountry:name\nphone'),(131,'firstname lastname\ncompany\nvat_number\naddress1\naddress2\npostcode city\nCountry:name\nphone'),(132,'firstname lastname\ncompany\nvat_number\naddress1\naddress2\npostcode city\nCountry:name\nphone'),(133,'firstname lastname\ncompany\nvat_number\naddress1\naddress2\npostcode city\nCountry:name\nphone'),(134,'firstname lastname\ncompany\nvat_number\naddress1\naddress2\npostcode city\nCountry:name\nphone'),(135,'firstname lastname\ncompany\nvat_number\naddress1\naddress2\npostcode city\nCountry:name\nphone'),(136,'firstname lastname\ncompany\nvat_number\naddress1\naddress2\npostcode city\nCountry:name\nphone'),(137,'firstname lastname\ncompany\nvat_number\naddress1\naddress2\npostcode city\nCountry:name\nphone'),(138,'firstname lastname\ncompany\nvat_number\naddress1\naddress2\npostcode city\nCountry:name\nphone'),(139,'firstname lastname\ncompany\nvat_number\naddress1\naddress2\npostcode city\nCountry:name\nphone'),(140,'firstname lastname\ncompany\nvat_number\naddress1\naddress2\npostcode city\nCountry:name\nphone'),(141,'firstname lastname\ncompany\nvat_number\naddress1\naddress2\npostcode city\nCountry:name\nphone'),(142,'firstname lastname\ncompany\nvat_number\naddress1\naddress2\npostcode city\nCountry:name\nphone'),(143,'firstname lastname\ncompany\nvat_number\naddress1\naddress2\npostcode city\nCountry:name\nphone'),(144,'firstname lastname\ncompany\nvat_number\naddress1\naddress2\npostcode city\nCountry:name\nphone'),(145,'firstname lastname\ncompany\nvat_number\naddress1\naddress2\npostcode city\nState:name\nCountry:name\nphone'),(146,'firstname lastname\ncompany\nvat_number\naddress1\naddress2\npostcode city\nCountry:name\nphone'),(147,'firstname lastname\ncompany\nvat_number\naddress1\naddress2\npostcode city\nCountry:name\nphone'),(148,'firstname lastname\ncompany\nvat_number\naddress1\naddress2\npostcode city\nCountry:name\nphone'),(149,'firstname lastname\ncompany\nvat_number\naddress1\naddress2\npostcode city\nCountry:name\nphone'),(150,'firstname lastname\ncompany\nvat_number\naddress1\naddress2\npostcode city\nCountry:name\nphone'),(151,'firstname lastname\ncompany\nvat_number\naddress1\naddress2\npostcode city\nCountry:name\nphone'),(152,'firstname lastname\ncompany\nvat_number\naddress1\naddress2\npostcode city\nCountry:name\nphone'),(153,'firstname lastname\ncompany\nvat_number\naddress1\naddress2\npostcode city\nCountry:name\nphone'),(154,'firstname lastname\ncompany\nvat_number\naddress1\naddress2\npostcode city\nCountry:name\nphone'),(155,'firstname lastname\ncompany\nvat_number\naddress1\naddress2\npostcode city\nCountry:name\nphone'),(156,'firstname lastname\ncompany\nvat_number\naddress1\naddress2\npostcode city\nCountry:name\nphone'),(157,'firstname lastname\ncompany\nvat_number\naddress1\naddress2\npostcode city\nCountry:name\nphone'),(158,'firstname lastname\ncompany\nvat_number\naddress1\naddress2\npostcode city\nCountry:name\nphone'),(159,'firstname lastname\ncompany\nvat_number\naddress1\naddress2\npostcode city\nCountry:name\nphone'),(160,'firstname lastname\ncompany\nvat_number\naddress1\naddress2\npostcode city\nCountry:name\nphone'),(161,'firstname lastname\ncompany\nvat_number\naddress1\naddress2\npostcode city\nCountry:name\nphone'),(162,'firstname lastname\ncompany\nvat_number\naddress1\naddress2\npostcode city\nCountry:name\nphone'),(163,'firstname lastname\ncompany\nvat_number\naddress1\naddress2\npostcode city\nCountry:name\nphone'),(164,'firstname lastname\ncompany\nvat_number\naddress1\naddress2\npostcode city\nCountry:name\nphone'),(165,'firstname lastname\ncompany\nvat_number\naddress1\naddress2\npostcode city\nCountry:name\nphone'),(166,'firstname lastname\ncompany\nvat_number\naddress1\naddress2\npostcode city\nCountry:name\nphone'),(167,'firstname lastname\ncompany\nvat_number\naddress1\naddress2\npostcode city\nCountry:name\nphone'),(168,'firstname lastname\ncompany\nvat_number\naddress1\naddress2\npostcode city\nCountry:name\nphone'),(169,'firstname lastname\ncompany\nvat_number\naddress1\naddress2\npostcode city\nCountry:name\nphone'),(170,'firstname lastname\ncompany\nvat_number\naddress1\naddress2\npostcode city\nCountry:name\nphone'),(171,'firstname lastname\ncompany\nvat_number\naddress1\naddress2\npostcode city\nCountry:name\nphone'),(172,'firstname lastname\ncompany\nvat_number\naddress1\naddress2\npostcode city\nCountry:name\nphone'),(173,'firstname lastname\ncompany\nvat_number\naddress1\naddress2\npostcode city\nCountry:name\nphone'),(174,'firstname lastname\ncompany\nvat_number\naddress1\naddress2\npostcode city\nCountry:name\nphone'),(175,'firstname lastname\ncompany\nvat_number\naddress1\naddress2\npostcode city\nCountry:name\nphone'),(176,'firstname lastname\ncompany\nvat_number\naddress1\naddress2\npostcode city\nCountry:name\nphone'),(177,'firstname lastname\ncompany\nvat_number\naddress1\naddress2\npostcode city\nCountry:name\nphone'),(178,'firstname lastname\ncompany\nvat_number\naddress1\naddress2\npostcode city\nCountry:name\nphone'),(179,'firstname lastname\ncompany\nvat_number\naddress1\naddress2\npostcode city\nCountry:name\nphone'),(180,'firstname lastname\ncompany\nvat_number\naddress1\naddress2\npostcode city\nCountry:name\nphone'),(181,'firstname lastname\ncompany\nvat_number\naddress1\naddress2\npostcode city\nCountry:name\nphone'),(182,'firstname lastname\ncompany\nvat_number\naddress1\naddress2\npostcode city\nCountry:name\nphone'),(183,'firstname lastname\ncompany\nvat_number\naddress1\naddress2\npostcode city\nCountry:name\nphone'),(184,'firstname lastname\ncompany\nvat_number\naddress1\naddress2\npostcode city\nCountry:name\nphone'),(185,'firstname lastname\ncompany\nvat_number\naddress1\naddress2\npostcode city\nCountry:name\nphone'),(186,'firstname lastname\ncompany\nvat_number\naddress1\naddress2\npostcode city\nCountry:name\nphone'),(187,'firstname lastname\ncompany\nvat_number\naddress1\naddress2\npostcode city\nCountry:name\nphone'),(188,'firstname lastname\ncompany\nvat_number\naddress1\naddress2\npostcode city\nCountry:name\nphone'),(189,'firstname lastname\ncompany\nvat_number\naddress1\naddress2\npostcode city\nCountry:name\nphone'),(190,'firstname lastname\ncompany\nvat_number\naddress1\naddress2\npostcode city\nCountry:name\nphone'),(191,'firstname lastname\ncompany\nvat_number\naddress1\naddress2\npostcode city\nCountry:name\nphone'),(192,'firstname lastname\ncompany\nvat_number\naddress1\naddress2\npostcode city\nCountry:name\nphone'),(193,'firstname lastname\ncompany\nvat_number\naddress1\naddress2\npostcode city\nCountry:name\nphone'),(194,'firstname lastname\ncompany\nvat_number\naddress1\naddress2\npostcode city\nCountry:name\nphone'),(195,'firstname lastname\ncompany\nvat_number\naddress1\naddress2\npostcode city\nCountry:name\nphone'),(196,'firstname lastname\ncompany\nvat_number\naddress1\naddress2\npostcode city\nCountry:name\nphone'),(197,'firstname lastname\ncompany\nvat_number\naddress1\naddress2\npostcode city\nCountry:name\nphone'),(198,'firstname lastname\ncompany\nvat_number\naddress1\naddress2\npostcode city\nCountry:name\nphone'),(199,'firstname lastname\ncompany\nvat_number\naddress1\naddress2\npostcode city\nCountry:name\nphone'),(200,'firstname lastname\ncompany\nvat_number\naddress1\naddress2\npostcode city\nCountry:name\nphone'),(201,'firstname lastname\ncompany\nvat_number\naddress1\naddress2\npostcode city\nCountry:name\nphone'),(202,'firstname lastname\ncompany\nvat_number\naddress1\naddress2\npostcode city\nCountry:name\nphone'),(203,'firstname lastname\ncompany\nvat_number\naddress1\naddress2\npostcode city\nCountry:name\nphone'),(204,'firstname lastname\ncompany\nvat_number\naddress1\naddress2\npostcode city\nCountry:name\nphone'),(205,'firstname lastname\ncompany\nvat_number\naddress1\naddress2\npostcode city\nCountry:name\nphone'),(206,'firstname lastname\ncompany\nvat_number\naddress1\naddress2\npostcode city\nCountry:name\nphone'),(207,'firstname lastname\ncompany\nvat_number\naddress1\naddress2\npostcode city\nCountry:name\nphone'),(208,'firstname lastname\ncompany\nvat_number\naddress1\naddress2\npostcode city\nCountry:name\nphone'),(209,'firstname lastname\ncompany\nvat_number\naddress1\naddress2\npostcode city\nCountry:name\nphone'),(210,'firstname lastname\ncompany\nvat_number\naddress1\naddress2\npostcode city\nCountry:name\nphone'),(211,'firstname lastname\ncompany\nvat_number\naddress1\naddress2\npostcode city\nCountry:name\nphone'),(212,'firstname lastname\ncompany\nvat_number\naddress1\naddress2\npostcode city\nCountry:name\nphone'),(213,'firstname lastname\ncompany\nvat_number\naddress1\naddress2\npostcode city\nCountry:name\nphone'),(214,'firstname lastname\ncompany\nvat_number\naddress1\naddress2\npostcode city\nCountry:name\nphone'),(215,'firstname lastname\ncompany\nvat_number\naddress1\naddress2\npostcode city\nCountry:name\nphone'),(216,'firstname lastname\ncompany\nvat_number\naddress1\naddress2\npostcode city\nCountry:name\nphone'),(217,'firstname lastname\ncompany\nvat_number\naddress1\naddress2\npostcode city\nCountry:name\nphone'),(218,'firstname lastname\ncompany\nvat_number\naddress1\naddress2\npostcode city\nCountry:name\nphone'),(219,'firstname lastname\ncompany\nvat_number\naddress1\naddress2\npostcode city\nCountry:name\nphone'),(220,'firstname lastname\ncompany\nvat_number\naddress1\naddress2\npostcode city\nCountry:name\nphone'),(221,'firstname lastname\ncompany\nvat_number\naddress1\naddress2\npostcode city\nCountry:name\nphone'),(222,'firstname lastname\ncompany\nvat_number\naddress1\naddress2\npostcode city\nCountry:name\nphone'),(223,'firstname lastname\ncompany\nvat_number\naddress1\naddress2\npostcode city\nCountry:name\nphone'),(224,'firstname lastname\ncompany\nvat_number\naddress1\naddress2\npostcode city\nCountry:name\nphone'),(225,'firstname lastname\ncompany\nvat_number\naddress1\naddress2\npostcode city\nCountry:name\nphone'),(226,'firstname lastname\ncompany\nvat_number\naddress1\naddress2\npostcode city\nCountry:name\nphone'),(227,'firstname lastname\ncompany\nvat_number\naddress1\naddress2\npostcode city\nCountry:name\nphone'),(228,'firstname lastname\ncompany\nvat_number\naddress1\naddress2\npostcode city\nCountry:name\nphone'),(229,'firstname lastname\ncompany\nvat_number\naddress1\naddress2\npostcode city\nCountry:name\nphone'),(230,'firstname lastname\ncompany\nvat_number\naddress1\naddress2\npostcode city\nCountry:name\nphone'),(231,'firstname lastname\ncompany\nvat_number\naddress1\naddress2\npostcode city\nCountry:name\nphone'),(232,'firstname lastname\ncompany\nvat_number\naddress1\naddress2\npostcode city\nCountry:name\nphone'),(233,'firstname lastname\ncompany\nvat_number\naddress1\naddress2\npostcode city\nCountry:name\nphone'),(234,'firstname lastname\ncompany\nvat_number\naddress1\naddress2\npostcode city\nCountry:name\nphone'),(235,'firstname lastname\ncompany\nvat_number\naddress1\naddress2\npostcode city\nCountry:name\nphone'),(236,'firstname lastname\ncompany\nvat_number\naddress1\naddress2\npostcode city\nCountry:name\nphone'),(237,'firstname lastname\ncompany\nvat_number\naddress1\naddress2\npostcode city\nCountry:name\nphone'),(238,'firstname lastname\ncompany\nvat_number\naddress1\naddress2\npostcode city\nCountry:name\nphone'),(239,'firstname lastname\ncompany\nvat_number\naddress1\naddress2\npostcode city\nCountry:name\nphone'),(240,'firstname lastname\ncompany\nvat_number\naddress1\naddress2\npostcode city\nCountry:name\nphone'),(241,'firstname lastname\ncompany\nvat_number\naddress1\naddress2\npostcode city\nCountry:name\nphone'),(242,'firstname lastname\ncompany\nvat_number\naddress1\naddress2\npostcode city\nCountry:name\nphone'),(243,'firstname lastname\ncompany\nvat_number\naddress1\naddress2\npostcode city\nCountry:name\nphone'),(244,'firstname lastname\ncompany\nvat_number\naddress1\naddress2\npostcode city\nCountry:name\nphone');

--
-- Table structure for table `ps_admin_filter`
--

CREATE TABLE `ps_admin_filter` (
  `id` int(11) NOT NULL AUTO_INCREMENT,
  `employee` int(11) NOT NULL,
  `shop` int(11) NOT NULL,
  `controller` varchar(60) COLLATE utf8_unicode_ci NOT NULL,
  `action` varchar(100) COLLATE utf8_unicode_ci NOT NULL,
  `filter` longtext COLLATE utf8_unicode_ci NOT NULL,
  `filter_id` varchar(255) COLLATE utf8_unicode_ci NOT NULL,
  PRIMARY KEY (`id`),
  UNIQUE KEY `admin_filter_search_id_idx` (`employee`,`shop`,`controller`,`action`,`filter_id`)
) ENGINE=InnoDB AUTO_INCREMENT=26 DEFAULT CHARSET=utf8 COLLATE=utf8_unicode_ci;

--
-- Dumping data for table `ps_admin_filter`
--

INSERT INTO `ps_admin_filter` VALUES (1,1,1,'ProductController','catalogAction','{\"filter_category\":\"\",\"filter_column_id_product\":\"\",\"filter_column_name\":\"\",\"filter_column_reference\":\"\",\"filter_column_name_category\":\"\",\"filter_column_price\":\"\",\"filter_column_sav_quantity\":\"\",\"filter_column_active\":\"\",\"last_offset\":\"0\",\"last_limit\":\"100\",\"last_orderBy\":\"id_product\",\"last_sortOrder\":\"desc\"}',''),(2,2,1,'ProductController','catalogAction','{\"filter_category\":\"\",\"filter_column_id_product\":\"\",\"filter_column_name\":\"\",\"filter_column_reference\":\"\",\"filter_column_name_category\":\"\",\"filter_column_price\":\"\",\"filter_column_sav_quantity\":\"\",\"filter_column_active\":\"\",\"last_offset\":\"0\",\"last_limit\":\"300\",\"last_orderBy\":\"name_category\",\"last_sortOrder\":\"desc\"}',''),(3,1,1,'email','index','{\"limit\":\"100\",\"orderBy\":\"id_mail\",\"sortOrder\":\"desc\",\"filters\":[]}',''),(4,1,1,'meta','index','{\"limit\":50,\"orderBy\":\"id_meta\",\"sortOrder\":\"asc\",\"filters\":[]}',''),(5,1,1,'employee','index','{\"limit\":50,\"orderBy\":\"id_employee\",\"sortOrder\":\"asc\",\"filters\":[]}',''),(6,2,1,'','','{\"limit\":\"100\",\"orderBy\":\"date_add\",\"sortOrder\":\"DESC\",\"filters\":[]}','customer'),(7,2,1,'contacts','index','{\"limit\":10,\"orderBy\":\"id_contact\",\"sortOrder\":\"asc\",\"filters\":[]}',''),(8,2,1,'','','{\"orderBy\":\"position\",\"sortOrder\":\"asc\",\"limit\":50,\"filters\":{\"id_category_parent\":\"2\"}}','category'),(9,2,1,'','','{\"limit\":\"100\",\"orderBy\":\"name\",\"sortOrder\":\"asc\",\"filters\":[]}','manufacturer'),(10,2,1,'','','{\"limit\":10,\"orderBy\":\"id_address\",\"sortOrder\":\"desc\",\"filters\":[]}','manufacturer_address'),(11,2,1,'email','index','{\"limit\":\"100\",\"orderBy\":\"id_mail\",\"sortOrder\":\"desc\",\"filters\":{\"recipient\":\"antoine\"}}',''),(12,2,1,'meta','index','{\"limit\":50,\"orderBy\":\"id_meta\",\"sortOrder\":\"asc\",\"filters\":[]}',''),(13,1,1,'','','{\"limit\":50,\"orderBy\":\"date_add\",\"sortOrder\":\"DESC\",\"filters\":[]}','customer'),(14,2,1,'tax','index','{\"limit\":50,\"orderBy\":\"id_tax\",\"sortOrder\":\"asc\",\"filters\":[]}',''),(15,2,1,'','','{\"orderBy\":\"position\",\"sortOrder\":\"asc\",\"limit\":50,\"filters\":{\"id_cms_category_parent\":1}}','cms_page_category'),(16,2,1,'','','{\"orderBy\":\"position\",\"sortOrder\":\"asc\",\"limit\":50,\"filters\":{\"id_cms_category_parent\":1}}','cms_page'),(17,2,1,'sqlmanager','index','{\"limit\":10,\"orderBy\":\"id_request_sql\",\"sortOrder\":\"desc\",\"filters\":[]}',''),(18,2,1,'employee','index','{\"limit\":50,\"orderBy\":\"id_employee\",\"sortOrder\":\"asc\",\"filters\":[]}',''),(19,2,1,'backup','index','{\"limit\":20,\"orderBy\":null,\"sortOrder\":null,\"filters\":[]}',''),(20,2,1,'','','{\"limit\":50,\"orderBy\":\"id_lang\",\"sortOrder\":\"ASC\",\"filters\":[]}','language'),(21,3,1,'employee','index','{\"limit\":50,\"orderBy\":\"id_employee\",\"sortOrder\":\"asc\",\"filters\":[]}',''),(22,3,1,'profile','index','{\"limit\":10,\"orderBy\":\"id_profile\",\"sortOrder\":\"asc\",\"filters\":[]}',''),(23,3,1,'','','{\"orderBy\":\"position\",\"sortOrder\":\"asc\",\"limit\":50,\"filters\":{\"id_cms_category_parent\":1}}','cms_page_category'),(24,3,1,'','','{\"orderBy\":\"position\",\"sortOrder\":\"asc\",\"limit\":50,\"filters\":{\"id_cms_category_parent\":1}}','cms_page'),(25,2,1,'logs','index','{\"limit\":\"100\",\"orderBy\":\"id_log\",\"sortOrder\":\"desc\",\"filters\":[]}','');

--
-- Table structure for table `ps_advice`
--

CREATE TABLE `ps_advice` (
  `id_advice` int(11) NOT NULL AUTO_INCREMENT,
  `id_ps_advice` int(11) NOT NULL,
  `id_tab` int(11) NOT NULL,
  `ids_tab` text,
  `validated` tinyint(1) unsigned NOT NULL DEFAULT '0',
  `hide` tinyint(1) NOT NULL DEFAULT '0',
  `location` enum('after','before') NOT NULL,
  `selector` varchar(255) DEFAULT NULL,
  `start_day` int(11) NOT NULL DEFAULT '0',
  `stop_day` int(11) NOT NULL DEFAULT '0',
  `weight` int(11) DEFAULT '1',
  PRIMARY KEY (`id_advice`)
) ENGINE=InnoDB AUTO_INCREMENT=48 DEFAULT CHARSET=utf8;

--
-- Dumping data for table `ps_advice`
--

INSERT INTO `ps_advice` VALUES (1,324,5,NULL,1,0,'before','.toolbar-placeholder:eq(0), form#invoice_date_form, form#product,  form#form-product, form#store,  form#form-store, form#category,  form#form-category',0,0,1),(2,353,77,NULL,1,0,'before','#typeTranslationForm',0,0,1),(3,354,1,NULL,1,0,'before','addons',0,0,1),(4,389,0,NULL,1,0,'before','#upgradeButtonBlock',0,0,1),(5,470,10,NULL,0,0,'after','.leadin:first',0,0,1),(6,479,10,NULL,1,0,'before','.toolbar-placeholder:eq(0), form#product, form#form-product',0,0,1),(7,532,29,NULL,1,0,'before','.leadin:first',0,0,1),(8,590,11,NULL,0,0,'before','.leadin:first',0,0,1),(9,610,11,NULL,1,0,'after','.leadin:first',0,0,1),(10,816,1,NULL,1,0,'after','#dashtrends',0,0,1),(11,822,1,NULL,1,0,'after','#dashtrends',0,0,1),(12,788,1,NULL,1,0,'after','#dashtrends',0,0,1),(13,830,1,NULL,1,0,'after','#dashtrends',0,0,1),(14,818,1,NULL,1,0,'after','#dashtrends',0,0,1),(15,559,1,NULL,1,0,'after','#dashtrends',0,0,1),(16,728,1,NULL,1,0,'after','#dashtrends',0,0,1),(17,805,1,NULL,1,0,'after','#dashtrends',0,0,1),(18,853,1,NULL,1,0,'after','#dashtrends',0,0,1),(19,701,1,NULL,1,0,'after','#dashtrends',0,0,1),(20,780,1,NULL,1,0,'after','#dashtrends',0,0,1),(21,27,1,NULL,1,0,'after','#dashtrends',0,0,1),(22,811,1,NULL,1,0,'after','#dashtrends',0,0,1),(23,765,1,NULL,1,0,'after','#dashtrends',0,0,1),(24,28,1,NULL,1,0,'after','#dashtrends',0,0,1),(25,828,1,NULL,1,0,'after','.dash_news',0,0,1),(26,823,1,NULL,1,0,'after','.dash_news',0,0,1),(27,800,1,NULL,1,0,'after','.dash_news',0,0,1),(28,768,1,NULL,1,0,'after','.dash_news',0,0,1),(29,789,1,NULL,1,0,'after','.dash_news',0,0,1),(30,824,1,NULL,1,0,'after','.dash_news',0,0,1),(31,841,1,NULL,1,0,'after','.dash_news',0,0,1),(32,537,1,NULL,1,0,'after','.dash_news',0,0,1),(33,723,1,NULL,1,0,'after','.dash_news',0,0,1),(34,515,1,NULL,1,0,'after','.dash_news',0,0,1),(35,518,1,NULL,1,0,'after','.dash_news',0,0,1),(36,520,1,NULL,1,0,'after','.dash_news',0,0,1),(37,522,1,NULL,1,0,'after','.dash_news',0,0,1),(38,620,1,NULL,1,0,'after','.dash_news',0,0,1),(39,621,1,NULL,1,0,'after','.dash_news',0,0,1),(40,851,1,NULL,1,0,'after','.dash_news',0,0,1),(41,730,1,NULL,1,0,'after','.dash_news',0,0,1),(42,731,1,NULL,1,0,'after','.dash_news',0,0,1),(43,732,1,NULL,1,0,'after','.dash_news',0,0,1),(44,734,1,NULL,1,0,'after','.dash_news',0,0,1),(45,708,1,NULL,1,0,'after','.dash_news',0,0,1),(46,735,1,NULL,1,0,'after','.dash_news',0,0,1),(47,699,1,NULL,1,0,'after','.dash_news',0,0,1);

--
-- Table structure for table `ps_advice_lang`
--

CREATE TABLE `ps_advice_lang` (
  `id_advice` int(11) NOT NULL,
  `id_lang` int(11) NOT NULL,
  `html` text,
  PRIMARY KEY (`id_advice`,`id_lang`)
) ENGINE=InnoDB DEFAULT CHARSET=utf8;

--
-- Dumping data for table `ps_advice_lang`
--

INSERT INTO `ps_advice_lang` VALUES (1,1,'<div id=\"wrap_id_advice_324\" ><style>\r\n.hide{display:none}.text-right{text-align:right}.text-left{text-align:left}.text-center{text-align:center}hr.clear{visibility:hidden;margin-bottom:20px}.gamification-tip{width:100%;height:40px;margin:0 0 20px 0;position:relative;line-height:43px;background-color:#f8f8f8;border-bottom:solid 5px #d2d2d2}.gamification-tip div.gamification-tip-title{position:absolute;top:0;left:0;height:40px;width:90px;padding:0 0 0 40px;background:url(\"https://gamification.prestashop.com/images/interface/gamification-lightbulb.png\") 10px 5px no-repeat;color:#556e26;font-size:14px;font-weight:bold}.gamification-tip div.gamification-tip-description-container{height:40px;padding:0 130px 0 130px;display:table-cell;vertical-align:middle;font-size:13px;color:#666666;background:url(\"https://gamification.prestashop.com/images/interface/gamification-tip-bg.png\") 100px top no-repeat}.gamification-tip div.gamification-tip-description-container span.gamification-tip-description{display:inline-block;line-height:15px;max-height:30px;overflow:hidden}.gamification-tip span.gamification-tip-cta{position:absolute;line-height:43px;height:40px;width:70px;top:0;right:0;padding:0 10px 0 30px;border-bottom:solid 5px #739334;background:url(\"https://gamification.prestashop.com/images/interface/gamification-cta-bg.png\") left top no-repeat #a6c964}.gamification-tip span.gamification-tip-cta a{display:inline-block;width:100%;font-size:14px;text-transform:uppercase;font-weight:bold;text-shadow:rgba(255, 255, 255, 0.5) 0 1px 0;color:#556e26;background:url(\"https://gamification.prestashop.com/images/interface/gamification-popin.png\") right 10px no-repeat}.gamification-tip-infobox{padding:0 20px 20px 20px;position:relative}.gamification-tip-infobox .gamification-tip-infobox-title{display:inline-block;margin:0 0 20px -20px;width:100%;padding:10px 20px 5px;border-bottom:solid 3px #739334;font:800 18px/20px arial;text-transform:uppercase;color:#556e26;background-color:#e7f0d6}.gamification-tip-infobox .gamification-tip-infobox-title span.gamification-tip-infobox-title-prefix{display:inline-block;height:40px;padding-left:30px;line-height:40px;text-transform:none;font-size:16px;font-weight:500;margin-right:10px;background:url(\"https://gamification.prestashop.com/images/interface/gamification-lightbulb.png\") left top no-repeat}.gamification-tip-infobox .gamification-tip-infobox-content{display:block;width:100%}.gamification-tip-infobox .gamification-tip-infobox-content .gamification-tip-infobox-content-image{float:left;width:170px;height:200px;background:url(\"https://gamification.prestashop.com/images/interface/gamification-infobox-separator.png\") no-repeat right center}.gamification-tip-infobox .gamification-tip-infobox-content .gamification-tip-infobox-content-description{float:left;width:370px;padding:0 0 25px 25px}.gamification-tip-infobox .gamification-tip-infobox-content .gamification-tip-infobox-content-description p{line-height:20px}.gamification-tip-infobox .gamification-tip-infobox-content .gamification-tip-infobox-content-description ul li{padding:0 0 0 20px;line-height:25px;background:url(\"https://gamification.prestashop.com/images/interface/gamification-bullet-check.png\") left center no-repeat}.gamification-tip-infobox .gamification-tip-infobox-content .gamification-tip-infobox-content-controls{padding:20px 0 0 0}.gamification-tip-infobox .gamification-tip-infobox-content .gamification-tip-infobox-content-controls a.button{display:inline-block;height:30px;padding:0 20px;margin-right:10px;border:none;border-bottom:solid 3px #ababab;line-height:33px;text-transform:uppercase;font-weight:bold;color:#929292;text-shadow:rgba(255, 255, 255, 0.5) 0 1px 0;border-radius:3px;background:#d2d2d2}.gamification-tip-infobox .gamification-tip-infobox-content .gamification-tip-infobox-content-controls a.button.success{color:#384819;background:#a6c964;border-color:#739334;text-shadow:rgba(255, 255, 255, 0.5) 0 1px 0}.gamification-tip-infobox .gamification-tip-infobox-content .gamification-tip-infobox-content-controls a.button:hover{color:#f8f8f8;background:#5f5f5f;border-color:#2c2c2c;text-shadow:rgba(0, 0, 0, 0.5) 0 1px 0}.gamification-tip-infobox .gamification-tip-infobox-content .gamification-tip-infobox-content-controls a.button:active{color:white;background:#2c2c2c;border-color:black;text-shadow:rgba(0, 0, 0, 0.5) 0 1px 0}.gamification-tip-infobox a.infobox-close{display:inline-block;width:14px;height:14px;position:absolute;top:20px;right:20px;text-indent:-9999px;background:url(\"https://gamification.prestashop.com/images/interface/gamification-infobox-close.png\") no-repeat}\r\n</style>\r\n<hr class=\"clear\"/>\r\n<div id=\"advice-16\">\r\n<div class=\"gamification-tip\">\r\n	<div class=\"gamification-tip-title\">Hint</div>\r\n	<span class=\"gamification-tip-cta\"><a class=\"gamification_fancybox\"  id=\"324\" href=\"#advice_content_324\">Read</a><a class=\"gamification_close\" style=\"display:none\"  id=\"324\" href=\"#advice_content_324\">close</a></span>\r\n\r\n	<div class=\"gamification-tip-description-container\">\r\n		<span class=\"gamification-tip-description\">\r\n			Stuck? Time to become a PrestaShop Ninja! Learn how to use your Back-Office and start managing your online shop 50% faster!\r\n		</span>\r\n	</div>\r\n	<div class=\"hide\">\r\n		<div id=\"advice_content_324\" class=\"gamification-tip-infobox\">\r\n			<div class=\"gamification-tip-infobox-title\">\r\n				<span class=\"gamification-tip-infobox-title-prefix\"> </span>\r\n				PrestaShop User Online Training\r\n			</div>\r\n			<div class=\"gamification-tip-infobox-content\">\r\n				<div class=\"gamification-tip-infobox-content-image\">\r\n					<img src=\"https://gamification.prestashop.com/api/getAdviceImg/324.png\" alt=\"logo\">\r\n				</div>\r\n				<div class=\"gamification-tip-infobox-content-description\">\r\n					<p>Are you a new online merchant and want to learn how to use your new Back-Office, discover new features and start selling quickly? Don’t lose any time. Join our comprehensive online training hosted by PrestaShop training experts, right from the comfort of your home! </p>\r\n					<div class=\"gamification-tip-infobox-content-controls right\">\r\n						<a href=\"javascript:$.fancybox.close();\" class=\"button\">Close</a>\r\n						<a href=\"https://gamification.prestashop.com/get_advice_link.php?id_advice=324&url=http%3A%2F%2Fwww.prestashop.com%2Fen%2Ftraining-prestashop%3Futm_source%3Dback-office%26utm_medium%3Dtraining%26utm_campaign%3Dback-office-EN%23training_11\"  class=\"button success\"  target=\"_blank\">More information</a>\r\n					</div>\r\n				</div>\r\n			</div>\r\n		</div>\r\n	</div>\r\n</div>\r\n</div>\r\n<script>\r\n	$(document).ready( function () {\r\n		$(\'.gamification_fancybox\').bind(\'click\', function () {\r\n			id_advice = 324;			\r\n			popin_url = \'https://gamification.prestashop.com/get_advice_link.php?id_advice=\'+id_advice+\'&url=\';\r\n			$(\'.gamification-tip-infobox\').after(\'<img style=\"display:none\" src=\"https://gamification.prestashop.com/api/getAdvicePopinImg/\'+id_advice+\'.png\" />\');\r\n		});\r\n	});\r\n</script>\r\n</div>'),(2,1,'<div id=\"wrap_id_advice_353\" ><style>\r\n.hide{display:none}.text-right{text-align:right}.text-left{text-align:left}.text-center{text-align:center}hr.clear{visibility:hidden;margin-bottom:20px}.gamification-tip{width:100%;height:40px;margin:0 0 20px 0;position:relative;line-height:43px;background-color:#f8f8f8;border-bottom:solid 5px #d2d2d2}.gamification-tip div.gamification-tip-title{position:absolute;top:0;left:0;height:40px;width:90px;padding:0 0 0 40px;background:url(\"https://gamification.prestashop.com/images/interface/gamification-lightbulb.png\") 10px 5px no-repeat;color:#556e26;font-size:14px;font-weight:bold}.gamification-tip div.gamification-tip-description-container{height:40px;padding:0 130px 0 130px;display:table-cell;vertical-align:middle;font-size:13px;color:#666666;background:url(\"https://gamification.prestashop.com/images/interface/gamification-tip-bg.png\") 100px top no-repeat}.gamification-tip div.gamification-tip-description-container span.gamification-tip-description{display:inline-block;line-height:15px;max-height:30px;overflow:hidden}.gamification-tip span.gamification-tip-cta{position:absolute;line-height:43px;height:40px;width:70px;top:0;right:0;padding:0 10px 0 30px;border-bottom:solid 5px #739334;background:url(\"https://gamification.prestashop.com/images/interface/gamification-cta-bg.png\") left top no-repeat #a6c964}.gamification-tip span.gamification-tip-cta a{display:inline-block;width:100%;font-size:14px;text-transform:uppercase;font-weight:bold;text-shadow:rgba(255, 255, 255, 0.5) 0 1px 0;color:#556e26;background:url(\"https://gamification.prestashop.com/images/interface/gamification-popin.png\") right 10px no-repeat}.gamification-tip-infobox{padding:0 20px 20px 20px;position:relative}.gamification-tip-infobox .gamification-tip-infobox-title{display:inline-block;margin:0 0 20px -20px;width:100%;padding:10px 20px 5px;border-bottom:solid 3px #739334;font:800 18px/20px arial;text-transform:uppercase;color:#556e26;background-color:#e7f0d6}.gamification-tip-infobox .gamification-tip-infobox-title span.gamification-tip-infobox-title-prefix{display:inline-block;height:40px;padding-left:30px;line-height:40px;text-transform:none;font-size:16px;font-weight:500;margin-right:10px;background:url(\"https://gamification.prestashop.com/images/interface/gamification-lightbulb.png\") left top no-repeat}.gamification-tip-infobox .gamification-tip-infobox-content{display:block;width:100%}.gamification-tip-infobox .gamification-tip-infobox-content .gamification-tip-infobox-content-image{float:left;width:170px;height:200px;background:url(\"https://gamification.prestashop.com/images/interface/gamification-infobox-separator.png\") no-repeat right center}.gamification-tip-infobox .gamification-tip-infobox-content .gamification-tip-infobox-content-description{float:left;width:370px;padding:0 0 25px 25px}.gamification-tip-infobox .gamification-tip-infobox-content .gamification-tip-infobox-content-description p{line-height:20px}.gamification-tip-infobox .gamification-tip-infobox-content .gamification-tip-infobox-content-description ul li{padding:0 0 0 20px;line-height:25px;background:url(\"https://gamification.prestashop.com/images/interface/gamification-bullet-check.png\") left top no-repeat}.gamification-tip-infobox .gamification-tip-infobox-content .gamification-tip-infobox-content-controls{padding:20px 0 0 0}.gamification-tip-infobox .gamification-tip-infobox-content .gamification-tip-infobox-content-controls a.button{display:inline-block;height:30px;padding:0 20px;margin-right:10px;border:none;border-bottom:solid 3px #ababab;line-height:33px;text-transform:uppercase;font-weight:bold;color:#929292;text-shadow:rgba(255, 255, 255, 0.5) 0 1px 0;border-radius:3px;background:#d2d2d2}.gamification-tip-infobox .gamification-tip-infobox-content .gamification-tip-infobox-content-controls a.button.success{color:#384819;background:#a6c964;border-color:#739334;text-shadow:rgba(255, 255, 255, 0.5) 0 1px 0}.gamification-tip-infobox .gamification-tip-infobox-content .gamification-tip-infobox-content-controls a.button:hover{color:#f8f8f8;background:#5f5f5f;border-color:#2c2c2c;text-shadow:rgba(0, 0, 0, 0.5) 0 1px 0}.gamification-tip-infobox .gamification-tip-infobox-content .gamification-tip-infobox-content-controls a.button:active{color:white;background:#2c2c2c;border-color:black;text-shadow:rgba(0, 0, 0, 0.5) 0 1px 0}.gamification-tip-infobox a.infobox-close{display:inline-block;width:14px;height:14px;position:absolute;top:20px;right:20px;text-indent:-9999px;background:url(\"https://gamification.prestashop.com/images/interface/gamification-infobox-close.png\") no-repeat}\r\n</style>\r\n<hr class=\"clear\"/>\r\n<div id=\"advice-16\">\r\n<div class=\"gamification-tip\">\r\n	<div class=\"gamification-tip-title\">Advice</div>\r\n	<span class=\"gamification-tip-cta\"><a class=\"gamification_fancybox\" href=\"https://gamification.prestashop.com/get_advice_link.php?id_advice=353&url=http%3A%2F%2Fcrowdin.net%2Fproject%2Fprestashop-official%2F\">Join</a><a class=\"gamification_close\" style=\"display:none\"  id=\"353\" href=\"#advice_content_353\">close</a></span>\r\n	<div class=\"gamification-tip-description-container\">\r\n		<span class=\"gamification-tip-description\">\r\n			Help us translate PrestaShop 1.6 into your language by <a href=\"https://gamification.prestashop.com/get_advice_link.php?id_advice=353&url=http%3A%2F%2Fcrowdin.net%2Fproject%2Fprestashop-official%2F\">joining us on Crowdin</a>!\r\n		</span>\r\n\r\n<div style=\"display:none\"><img src=\"https://gamification.prestashop.com/api/getAdviceImg/353.png\" /></div>\r\n	</div>\r\n</div>\r\n</div>\r\n</div>'),(3,1,'<div id=\"wrap_id_advice_354\" ><style>\r\n#wrap_id_advice_354 .panel.panel-advice { position: relative; padding: 10px !important; min-height: 75px; }\r\n#wrap_id_advice_354 .panel.panel-advice a.preactivationLink { display: table; margin: 0; text-decoration: none; }\r\n#wrap_id_advice_354 .panel.panel-advice a.preactivationLink p, .panel.panel-advice a.preactivationLink img { display: table-cell; vertical-align: middle; }\r\n#wrap_id_advice_354 .panel.panel-advice a.preactivationLink p { padding: 0 20px; }\r\n#wrap_id_advice_354 .panel.panel-advice .gamification-close-confirmation { position: absolute; top: 4px; right: 5px; background: #FFF; padding: 5px 3px;}\r\n#wrap_id_advice_354 .panel.panel-advice .gamification_premium_close i { color: #00aff0; }\r\n#wrap_id_advice_354 .panel.panel-advice:hover .gamification_premium_close { display: block; }\r\n</style>\r\n<div class=\"col-lg-6\">\r\n	<section id=\"\" class=\"panel panel-advice\">\r\n		<a class=\"preactivationLink row\" rel=\"ebay\" href=\"https://gamification.prestashop.com/get_advice_link.php?id_advice=354&url=http%3A%2F%2Faddons.prestashop.com\">\r\n			<img src=\"https://gamification.prestashop.com/api/getAdviceImg/354.png\" class=\"advice-img img-thumbnail\">\r\n			<p class=\"advice-description\">Discover the Power of 3500+ Modules and Themes to enhance your PrestaShop Store!</p>\r\n		</a>\r\n	</section>\r\n</div>\r\n</div>'),(4,1,'<div id=\"wrap_id_advice_389\" ><style>\n.hide{display:none}.text-right{text-align:right}.text-left{text-align:left}.text-center{text-align:center}hr.clear{visibility:hidden;margin-bottom:20px}.gamification-tip{width:100%;height:40px;margin:0 0 20px 0;position:relative;line-height:43px;background-color:#f8f8f8;border-bottom:solid 5px #d2d2d2}.gamification-tip div.gamification-tip-title{position:absolute;top:0;left:0;height:40px;width:90px;padding:0 0 0 40px;background:url(\"https://gamification.prestashop.com/images/interface/gamification-lightbulb.png\") 10px 5px no-repeat;color:#556e26;font-size:14px;font-weight:bold}.gamification-tip div.gamification-tip-description-container{height:40px;padding:0 130px 0 130px;display:table-cell;vertical-align:middle;font-size:13px;color:#666666;background:url(\"https://gamification.prestashop.com/images/interface/gamification-tip-bg.png\") 100px top no-repeat}.gamification-tip div.gamification-tip-description-container span.gamification-tip-description{display:inline-block;line-height:15px;max-height:30px;overflow:hidden}.gamification-tip span.gamification-tip-cta{position:absolute;line-height:43px;height:40px;width:70px;top:0;right:0;padding:0 10px 0 30px;border-bottom:solid 5px #739334;background:url(\"https://gamification.prestashop.com/images/interface/gamification-cta-bg.png\") left top no-repeat #a6c964}.gamification-tip span.gamification-tip-cta a{display:inline-block;width:100%;font-size:14px;text-transform:uppercase;font-weight:bold;text-shadow:rgba(255, 255, 255, 0.5) 0 1px 0;color:#556e26;background:url(\"https://gamification.prestashop.com/images/interface/gamification-popin.png\") right 10px no-repeat}.gamification-tip-infobox{padding:0 20px 20px 20px;position:relative}.gamification-tip-infobox .gamification-tip-infobox-title{display:inline-block;margin:0 0 20px -20px;width:100%;padding:10px 20px 5px;border-bottom:solid 3px #739334;font:800 18px/20px arial;text-transform:uppercase;color:#556e26;background-color:#e7f0d6}.gamification-tip-infobox .gamification-tip-infobox-title span.gamification-tip-infobox-title-prefix{display:inline-block;height:40px;padding-left:30px;line-height:40px;text-transform:none;font-size:16px;font-weight:500;margin-right:10px;background:url(\"https://gamification.prestashop.com/images/interface/gamification-lightbulb.png\") left top no-repeat}.gamification-tip-infobox .gamification-tip-infobox-content{display:block;width:100%}.gamification-tip-infobox .gamification-tip-infobox-content .gamification-tip-infobox-content-image{float:left;width:120px;height:200px;background:url(\"https://gamification.prestashop.com/images/interface/gamification-infobox-separator.png\") no-repeat right center}.gamification-tip-infobox .gamification-tip-infobox-content .gamification-tip-infobox-content-description{float:left;width:430px;padding:0 0 25px 25px}.gamification-tip-infobox .gamification-tip-infobox-content .gamification-tip-infobox-content-description p{line-height:20px}.gamification-tip-infobox .gamification-tip-infobox-content .gamification-tip-infobox-content-description ul li{padding:0 0 0 20px;line-height:25px;background:url(\"https://gamification.prestashop.com/images/interface/gamification-bullet-check.png\") left center no-repeat}.gamification-tip-infobox .gamification-tip-infobox-content .gamification-tip-infobox-content-controls{padding:20px 0 0 0}.gamification-tip-infobox .gamification-tip-infobox-content .gamification-tip-infobox-content-controls a.button{display:inline-block;height:30px;padding:0 20px;margin-right:10px;border:none;border-bottom:solid 3px #ababab;line-height:33px;text-transform:uppercase;font-weight:bold;color:#929292;text-shadow:rgba(255, 255, 255, 0.5) 0 1px 0;border-radius:3px;background:#d2d2d2}.gamification-tip-infobox .gamification-tip-infobox-content .gamification-tip-infobox-content-controls a.button.success{color:#384819;background:#a6c964;border-color:#739334;text-shadow:rgba(255, 255, 255, 0.5) 0 1px 0}.gamification-tip-infobox .gamification-tip-infobox-content .gamification-tip-infobox-content-controls a.button:hover{color:#f8f8f8;background:#5f5f5f;border-color:#2c2c2c;text-shadow:rgba(0, 0, 0, 0.5) 0 1px 0}.gamification-tip-infobox .gamification-tip-infobox-content .gamification-tip-infobox-content-controls a.button:active{color:white;background:#2c2c2c;border-color:black;text-shadow:rgba(0, 0, 0, 0.5) 0 1px 0}.gamification-tip-infobox a.infobox-close{display:inline-block;width:14px;height:14px;position:absolute;top:20px;right:20px;text-indent:-9999px;background:url(\"https://gamification.prestashop.com/images/interface/gamification-infobox-close.png\") no-repeat}\n</style>\n<hr class=\"clear\"/>\n<div id=\"advice-16\">\n<div class=\"gamification-tip\">\n	<img style=\"display:none\" src=\"https://gamification.prestashop.com/api/getAdviceImg/389.png\" />\n	<div class=\"gamification-tip-title\">Advice</div>\n	<span class=\"gamification-tip-cta\"><a class=\"gamification_fancybox\"  id=\"389\" href=\"http://www.prestashop.com/club/?utm_source=back-office&utm_medium=gamification\" target=\"_blank\">Learn more</a><a class=\"gamification_close\" style=\"display:none\"  id=\"389\" href=\"#advice_content_389\">Close</a></span>\n	<div class=\"gamification-tip-description-container\">\n		<span class=\"gamification-tip-description\">\n			About to upgrade? How about giving your opinion on future releases before anyone else?		</span>\n	</div>\n</div>\n</div></div>'),(5,1,'<div id=\"wrap_id_advice_470\" ><style>\n.hide{display:none}.text-right{text-align:right}.text-left{text-align:left}.text-center{text-align:center}hr.clear{visibility:hidden;margin-bottom:20px}.gamification-tip{width:100%;height:40px;margin:0 0 20px 0;position:relative;line-height:43px;background-color:#f8f8f8;border-bottom:solid 5px #d2d2d2}.gamification-tip div.gamification-tip-title{position:absolute;top:0;left:0;height:40px;width:90px;padding:0 0 0 40px;background:url(\"https://gamification.prestashop.com/images/interface/gamification-lightbulb.png\") 10px 5px no-repeat;color:#556e26;font-size:14px;font-weight:bold}.gamification-tip div.gamification-tip-description-container{height:40px;padding:0 130px 0 130px;display:table-cell;vertical-align:middle;font-size:13px;color:#666666;background:url(\"https://gamification.prestashop.com/images/interface/gamification-tip-bg.png\") 100px top no-repeat}.gamification-tip div.gamification-tip-description-container span.gamification-tip-description{display:inline-block;line-height:15px;max-height:30px;overflow:hidden}.gamification-tip span.gamification-tip-cta{position:absolute;line-height:43px;height:40px;width:70px;top:0;right:0;padding:0 10px 0 30px;border-bottom:solid 5px #739334;background:url(\"https://gamification.prestashop.com/images/interface/gamification-cta-bg.png\") left top no-repeat #a6c964}.gamification-tip span.gamification-tip-cta a{display:inline-block;width:100%;font-size:14px;text-transform:uppercase;font-weight:bold;text-shadow:rgba(255, 255, 255, 0.5) 0 1px 0;color:#556e26;background:url(\"https://gamification.prestashop.com/images/interface/gamification-popin.png\") right 10px no-repeat}.gamification-tip-infobox{padding:0 20px 20px 20px;position:relative}.gamification-tip-infobox .gamification-tip-infobox-title{display:inline-block;margin:0 0 20px -20px;width:100%;padding:10px 20px 5px;border-bottom:solid 3px #739334;font:800 18px/20px arial;text-transform:uppercase;color:#556e26;background-color:#e7f0d6}.gamification-tip-infobox .gamification-tip-infobox-title span.gamification-tip-infobox-title-prefix{display:inline-block;height:40px;padding-left:30px;line-height:40px;text-transform:none;font-size:16px;font-weight:500;margin-right:10px;background:url(\"https://gamification.prestashop.com/images/interface/gamification-lightbulb.png\") left top no-repeat}.gamification-tip-infobox .gamification-tip-infobox-content{display:block;width:100%}.gamification-tip-infobox .gamification-tip-infobox-content .gamification-tip-infobox-content-image{float:left;width:120px;height:200px;background:url(\"https://gamification.prestashop.com/images/interface/gamification-infobox-separator.png\") no-repeat right center}.gamification-tip-infobox .gamification-tip-infobox-content .gamification-tip-infobox-content-description{float:left;width:430px;padding:0 0 25px 25px}.gamification-tip-infobox .gamification-tip-infobox-content .gamification-tip-infobox-content-description p{line-height:20px}.gamification-tip-infobox .gamification-tip-infobox-content .gamification-tip-infobox-content-description ul li{padding:0 0 0 20px;line-height:25px;background:url(\"https://gamification.prestashop.com/images/interface/gamification-bullet-check.png\") left center no-repeat}.gamification-tip-infobox .gamification-tip-infobox-content .gamification-tip-infobox-content-controls{padding:20px 0 0 0}.gamification-tip-infobox .gamification-tip-infobox-content .gamification-tip-infobox-content-controls a.button{display:inline-block;height:30px;padding:0 20px;margin-right:10px;border:none;border-bottom:solid 3px #ababab;line-height:33px;text-transform:uppercase;font-weight:bold;color:#929292;text-shadow:rgba(255, 255, 255, 0.5) 0 1px 0;border-radius:3px;background:#d2d2d2}.gamification-tip-infobox .gamification-tip-infobox-content .gamification-tip-infobox-content-controls a.button.success{color:#384819;background:#a6c964;border-color:#739334;text-shadow:rgba(255, 255, 255, 0.5) 0 1px 0}.gamification-tip-infobox .gamification-tip-infobox-content .gamification-tip-infobox-content-controls a.button:hover{color:#f8f8f8;background:#5f5f5f;border-color:#2c2c2c;text-shadow:rgba(0, 0, 0, 0.5) 0 1px 0}.gamification-tip-infobox .gamification-tip-infobox-content .gamification-tip-infobox-content-controls a.button:active{color:white;background:#2c2c2c;border-color:black;text-shadow:rgba(0, 0, 0, 0.5) 0 1px 0}.gamification-tip-infobox a.infobox-close{display:inline-block;width:14px;height:14px;position:absolute;top:20px;right:20px;text-indent:-9999px;background:url(\"https://gamification.prestashop.com/images/interface/gamification-infobox-close.png\") no-repeat}\n</style>\n<hr class=\"clear\"/>\n<div id=\"advice-16\">\n<div class=\"gamification-tip\">\n	<div class=\"gamification-tip-title\">Advice</div>\n	<span class=\"gamification-tip-cta\"><a class=\"gamification_fancybox\"  id=\"470\" href=\"#advice_content_470\">Read</a><a class=\"gamification_close\" style=\"display:none\"  id=\"470\" href=\"#advice_content_470\">Close</a></span>\n\n	<div class=\"gamification-tip-description-container\">\n		<span class=\"gamification-tip-description\">\n			62% of comparison-site users will spend 25% more than any other online consumers: diversify your channels to capture new customers!		</span>\n	</div>\n	<div class=\"hide\">\n		<div id=\"advice_content_470\" class=\"gamification-tip-infobox\">\n			<div class=\"gamification-tip-infobox-title\">\n				<span class=\"gamification-tip-infobox-title-prefix\">Advice</span>\n				Shopping Feed			</div>\n			<div class=\"gamification-tip-infobox-content\">\n				<div class=\"gamification-tip-infobox-content-image\">\n					<img src=\"https://gamification.prestashop.com/api/getAdviceImg/470.png\" alt=\"logo\" style=\"max-width: 85%\">\n				</div>\n				<div class=\"gamification-tip-infobox-content-description\">\n					<p><span style=\"color: #30343d; font-family: Arial, Verdana, sans-serif;\"><span style=\"font-size: 12px;\">Shopping Feed is a feed management system: easily promote and sell your products on price comparison websites and marketplaces.</span></span></p>\r\n<p><span style=\"color: #30343d; font-family: Arial, Verdana, sans-serif;\"><span style=\"font-size: 12px;\">Price comparison sites are an excellent source of qualified traffic and offer:</span></span></p>\r\n<p><span style=\"color: #30343d; font-family: Arial, Verdana, sans-serif;\"><span style=\"font-size: 12px;\">- lower average cost-per-click (CPC)</span></span></p>\r\n<p><span style=\"color: #30343d; font-family: Arial, Verdana, sans-serif;\"><span style=\"font-size: 12px;\">- higher conversion rates, since internet users who click your link have already seen the price, photo, description and sometimes even the delivery cost.</span></span></p>\r\n<p><span style=\"color: #30343d; font-family: Arial, Verdana, sans-serif;\"><span style=\"font-size: 12px;\">Marketplaces are an excellent sales vector:</span></span></p>\r\n<p><span style=\"color: #30343d; font-family: Arial, Verdana, sans-serif;\"><span style=\"font-size: 12px;\">- they see massive flows of daily traffic</span></span></p>\r\n<p><span style=\"color: #30343d; font-family: Arial, Verdana, sans-serif;\"><span style=\"font-size: 12px;\">- Internet users who visit these marketplaces are already in a purchasing mindset</span></span></p>					<div class=\"gamification-tip-infobox-content-controls right\">\n						<a href=\"javascript:$.fancybox.close();\" class=\"button\">Close</a>\n						<a href=\"{link}AdminModules{/link}&install=shoppingfluxexport&module_name=shoppingfluxexport\" class=\"button success\">Learn more</a>\n					</div>\n				</div>\n			</div>\n		</div>\n	</div>\n</div>\n</div>\n<script>\n	$(document).ready( function () {\n		$(\'.gamification_fancybox\').bind(\'click\', function () {\n			id_advice = 470;\n			popin_url = \'https://gamification.prestashop.com/get_advice_link.php?id_advice=\'+id_advice+\'&url=\';\n			url = window.location.origin+window.location.pathname.replace(\'index.php\', \'\')+$(\'.gamification-tip-infobox-content-controls a.success\').attr(\'href\');\n			$(\'.gamification-tip-infobox-content-controls a.success\').attr(\'href\', popin_url+encodeURIComponent(url));\n			\n			$(\'.gamification-tip-infobox\').after(\'<img style=\"display:none\" src=\"https://gamification.prestashop.com/api/getAdvicePopinImg/\'+id_advice+\'.png\" />\');\n			\n		});\n	});\n</script></div>'),(6,1,'<div id=\"wrap_id_advice_479\" ><style>\n.hide{display:none}.text-right{text-align:right}.text-left{text-align:left}.text-center{text-align:center}hr.clear{visibility:hidden;margin-bottom:20px}.gamification-tip{width:100%;height:40px;margin:0 0 20px 0;position:relative;line-height:43px;background-color:#f8f8f8;border-bottom:solid 5px #d2d2d2}.gamification-tip div.gamification-tip-title{position:absolute;top:0;left:0;height:40px;width:90px;padding:0 0 0 40px;background:url(\"https://gamification.prestashop.com/images/interface/gamification-lightbulb.png\") 10px 5px no-repeat;color:#556e26;font-size:14px;font-weight:bold}.gamification-tip div.gamification-tip-description-container{height:40px;padding:0 130px 0 130px;display:table-cell;vertical-align:middle;font-size:13px;color:#666666;background:url(\"https://gamification.prestashop.com/images/interface/gamification-tip-bg.png\") 100px top no-repeat}.gamification-tip div.gamification-tip-description-container span.gamification-tip-description{display:inline-block;line-height:15px;max-height:30px;overflow:hidden}.gamification-tip span.gamification-tip-cta{position:absolute;line-height:43px;height:40px;width:70px;top:0;right:0;padding:0 10px 0 30px;border-bottom:solid 5px #739334;background:url(\"https://gamification.prestashop.com/images/interface/gamification-cta-bg.png\") left top no-repeat #a6c964}.gamification-tip span.gamification-tip-cta a{display:inline-block;width:100%;font-size:14px;text-transform:uppercase;font-weight:bold;text-shadow:rgba(255, 255, 255, 0.5) 0 1px 0;color:#556e26;background:url(\"https://gamification.prestashop.com/images/interface/gamification-popin.png\") right 10px no-repeat}.gamification-tip-infobox{padding:0 20px 20px 20px;position:relative}.gamification-tip-infobox .gamification-tip-infobox-title{display:inline-block;margin:0 0 20px -20px;width:100%;padding:10px 20px 5px;border-bottom:solid 3px #739334;font:800 18px/20px arial;text-transform:uppercase;color:#556e26;background-color:#e7f0d6}.gamification-tip-infobox .gamification-tip-infobox-title span.gamification-tip-infobox-title-prefix{display:inline-block;height:40px;padding-left:30px;line-height:40px;text-transform:none;font-size:16px;font-weight:500;margin-right:10px;background:url(\"https://gamification.prestashop.com/images/interface/gamification-lightbulb.png\") left top no-repeat}.gamification-tip-infobox .gamification-tip-infobox-content{display:block;width:100%}.gamification-tip-infobox .gamification-tip-infobox-content .gamification-tip-infobox-content-image{float:left;width:120px;height:200px;background:url(\"https://gamification.prestashop.com/images/interface/gamification-infobox-separator.png\") no-repeat right center}.gamification-tip-infobox .gamification-tip-infobox-content .gamification-tip-infobox-content-description{float:left;width:430px;padding:0 0 25px 25px}.gamification-tip-infobox .gamification-tip-infobox-content .gamification-tip-infobox-content-description p{line-height:20px}.gamification-tip-infobox .gamification-tip-infobox-content .gamification-tip-infobox-content-description ul li{padding:0 0 0 20px;line-height:25px;background:url(\"https://gamification.prestashop.com/images/interface/gamification-bullet-check.png\") left center no-repeat}.gamification-tip-infobox .gamification-tip-infobox-content .gamification-tip-infobox-content-controls{padding:20px 0 0 0}.gamification-tip-infobox .gamification-tip-infobox-content .gamification-tip-infobox-content-controls a.button{display:inline-block;height:30px;padding:0 20px;margin-right:10px;border:none;border-bottom:solid 3px #ababab;line-height:33px;text-transform:uppercase;font-weight:bold;color:#929292;text-shadow:rgba(255, 255, 255, 0.5) 0 1px 0;border-radius:3px;background:#d2d2d2}.gamification-tip-infobox .gamification-tip-infobox-content .gamification-tip-infobox-content-controls a.button.success{color:#384819;background:#a6c964;border-color:#739334;text-shadow:rgba(255, 255, 255, 0.5) 0 1px 0}.gamification-tip-infobox .gamification-tip-infobox-content .gamification-tip-infobox-content-controls a.button:hover{color:#f8f8f8;background:#5f5f5f;border-color:#2c2c2c;text-shadow:rgba(0, 0, 0, 0.5) 0 1px 0}.gamification-tip-infobox .gamification-tip-infobox-content .gamification-tip-infobox-content-controls a.button:active{color:white;background:#2c2c2c;border-color:black;text-shadow:rgba(0, 0, 0, 0.5) 0 1px 0}.gamification-tip-infobox a.infobox-close{display:inline-block;width:14px;height:14px;position:absolute;top:20px;right:20px;text-indent:-9999px;background:url(\"https://gamification.prestashop.com/images/interface/gamification-infobox-close.png\") no-repeat}\n</style>\n<hr class=\"clear\"/>\n<div id=\"advice-16\">\n<div class=\"gamification-tip\">\n	<img style=\"display:none\" src=\"https://gamification.prestashop.com/api/getAdviceImg/479.png\" />\n	<div class=\"gamification-tip-title\">Advice</div>\n	<span class=\"gamification-tip-cta\"><a class=\"gamification_fancybox\"  id=\"479\" href=\"http://addons.prestashop.com/en/administration-tools-prestashop-modules/2937-store-manager-for-prestashop.html\" target=\"_blank\">Read</a><a class=\"gamification_close\" style=\"display:none\"  id=\"479\" href=\"#advice_content_479\">Close</a></span>\n	<div class=\"gamification-tip-description-container\">\n		<span class=\"gamification-tip-description\">\n			Surveys show that only 9% of executives are happy with the way they spend their time at work.		</span>\n	</div>\n</div>\n</div></div>'),(7,1,'<div id=\"wrap_id_advice_532\" ><style>\n.hide{display:none}.text-right{text-align:right}.text-left{text-align:left}.text-center{text-align:center}hr.clear{visibility:hidden;margin-bottom:20px}.gamification-tip{width:100%;height:40px;margin:0 0 20px 0;position:relative;line-height:43px;background-color:#f8f8f8;border-bottom:solid 5px #d2d2d2}.gamification-tip div.gamification-tip-title{position:absolute;top:0;left:0;height:40px;width:90px;padding:0 0 0 40px;background:url(\"https://gamification.prestashop.com/images/interface/gamification-lightbulb.png\") 10px 5px no-repeat;color:#556e26;font-size:14px;font-weight:bold}.gamification-tip div.gamification-tip-description-container{height:40px;padding:0 130px 0 130px;display:table-cell;vertical-align:middle;font-size:13px;color:#666666;background:url(\"https://gamification.prestashop.com/images/interface/gamification-tip-bg.png\") 100px top no-repeat}.gamification-tip div.gamification-tip-description-container span.gamification-tip-description{display:inline-block;line-height:15px;max-height:30px;overflow:hidden}.gamification-tip span.gamification-tip-cta{position:absolute;line-height:43px;height:40px;width:70px;top:0;right:0;padding:0 10px 0 30px;border-bottom:solid 5px #739334;background:url(\"https://gamification.prestashop.com/images/interface/gamification-cta-bg.png\") left top no-repeat #a6c964}.gamification-tip span.gamification-tip-cta a{display:inline-block;width:100%;font-size:14px;text-transform:uppercase;font-weight:bold;text-shadow:rgba(255, 255, 255, 0.5) 0 1px 0;color:#556e26;background:url(\"https://gamification.prestashop.com/images/interface/gamification-popin.png\") right 10px no-repeat}.gamification-tip-infobox{padding:0 20px 20px 20px;position:relative}.gamification-tip-infobox .gamification-tip-infobox-title{display:inline-block;margin:0 0 20px -20px;width:100%;padding:10px 20px 5px;border-bottom:solid 3px #739334;font:800 18px/20px arial;text-transform:uppercase;color:#556e26;background-color:#e7f0d6}.gamification-tip-infobox .gamification-tip-infobox-title span.gamification-tip-infobox-title-prefix{display:inline-block;height:40px;padding-left:30px;line-height:40px;text-transform:none;font-size:16px;font-weight:500;margin-right:10px;background:url(\"https://gamification.prestashop.com/images/interface/gamification-lightbulb.png\") left top no-repeat}.gamification-tip-infobox .gamification-tip-infobox-content{display:block;width:100%}.gamification-tip-infobox .gamification-tip-infobox-content .gamification-tip-infobox-content-image{float:left;width:120px;height:200px;background:url(\"https://gamification.prestashop.com/images/interface/gamification-infobox-separator.png\") no-repeat right center}.gamification-tip-infobox .gamification-tip-infobox-content .gamification-tip-infobox-content-description{float:left;width:430px;padding:0 0 25px 25px}.gamification-tip-infobox .gamification-tip-infobox-content .gamification-tip-infobox-content-description p{line-height:20px}.gamification-tip-infobox .gamification-tip-infobox-content .gamification-tip-infobox-content-description ul li{padding:0 0 0 20px;line-height:25px;background:url(\"https://gamification.prestashop.com/images/interface/gamification-bullet-check.png\") left center no-repeat}.gamification-tip-infobox .gamification-tip-infobox-content .gamification-tip-infobox-content-controls{padding:20px 0 0 0}.gamification-tip-infobox .gamification-tip-infobox-content .gamification-tip-infobox-content-controls a.button{display:inline-block;height:30px;padding:0 20px;margin-right:10px;border:none;border-bottom:solid 3px #ababab;line-height:33px;text-transform:uppercase;font-weight:bold;color:#929292;text-shadow:rgba(255, 255, 255, 0.5) 0 1px 0;border-radius:3px;background:#d2d2d2}.gamification-tip-infobox .gamification-tip-infobox-content .gamification-tip-infobox-content-controls a.button.success{color:#384819;background:#a6c964;border-color:#739334;text-shadow:rgba(255, 255, 255, 0.5) 0 1px 0}.gamification-tip-infobox .gamification-tip-infobox-content .gamification-tip-infobox-content-controls a.button:hover{color:#f8f8f8;background:#5f5f5f;border-color:#2c2c2c;text-shadow:rgba(0, 0, 0, 0.5) 0 1px 0}.gamification-tip-infobox .gamification-tip-infobox-content .gamification-tip-infobox-content-controls a.button:active{color:white;background:#2c2c2c;border-color:black;text-shadow:rgba(0, 0, 0, 0.5) 0 1px 0}.gamification-tip-infobox a.infobox-close{display:inline-block;width:14px;height:14px;position:absolute;top:20px;right:20px;text-indent:-9999px;background:url(\"https://gamification.prestashop.com/images/interface/gamification-infobox-close.png\") no-repeat}\n</style>\n<hr class=\"clear\"/>\n<div id=\"advice-16\">\n<div class=\"gamification-tip\">\n	<div class=\"gamification-tip-title\">Advice</div>\n	<span class=\"gamification-tip-cta\"><a class=\"gamification_fancybox\"  id=\"532\" href=\"#advice_content_532\">Read</a><a class=\"gamification_close\" style=\"display:none\"  id=\"532\" href=\"#advice_content_532\">Close</a></span>\n\n	<div class=\"gamification-tip-description-container\">\n		<span class=\"gamification-tip-description\">\n			Increasing customer loyalty by 5% can boost your profits by up to 55%: Boost your customer loyalty with engaging emailing campaigns		</span>\n	</div>\n	<div class=\"hide\">\n		<div id=\"advice_content_532\" class=\"gamification-tip-infobox\">\n			<div class=\"gamification-tip-infobox-title\">\n				<span class=\"gamification-tip-infobox-title-prefix\">Advice</span>\n				Sendinblue			</div>\n			<div class=\"gamification-tip-infobox-content\">\n				<div class=\"gamification-tip-infobox-content-image\">\n					<img src=\"https://gamification.prestashop.com/api/getAdviceImg/532.png\" alt=\"logo\" style=\"max-width: 85%\">\n				</div>\n				<div class=\"gamification-tip-infobox-content-description\">\n					<p>SendinBlue is a unique Emailing & SMS solution which enables you to:</p>\r\n<p>- Synchronize automatically your contacts (registered and unregistered) between your website and your SendinBlue account</p>\r\n<p>- Create engaging emails without any HTML knowledge</p>\r\n<p>- Choose your recipients with accuracy, thanks to our powerful segmenting tool</p>\r\n<p>- Manage your emails efficiently (order confirmation, shipping products …)</p>\r\n<p>- Boost your Open Rate</p>\r\n<p>- Follow your results in real time</p>					<div class=\"gamification-tip-infobox-content-controls right\">\n						<a href=\"javascript:$.fancybox.close();\" class=\"button\">Cancel</a>\n						<a href=\"{link}AdminModules{/link}&install=sendinblue&module_name=sendinblue\" class=\"button success\">Discover the module</a>\n					</div>\n				</div>\n			</div>\n		</div>\n	</div>\n</div>\n</div>\n<script>\n	$(document).ready( function () {\n		$(\'.gamification_fancybox\').bind(\'click\', function () {\n			id_advice = 532;\n			popin_url = \'https://gamification.prestashop.com/get_advice_link.php?id_advice=\'+id_advice+\'&url=\';\n			url = window.location.origin+window.location.pathname.replace(\'index.php\', \'\')+$(\'.gamification-tip-infobox-content-controls a.success\').attr(\'href\');\n			$(\'.gamification-tip-infobox-content-controls a.success\').attr(\'href\', popin_url+encodeURIComponent(url));\n			\n			$(\'.gamification-tip-infobox\').after(\'<img style=\"display:none\" src=\"https://gamification.prestashop.com/api/getAdvicePopinImg/\'+id_advice+\'.png\" />\');\n			\n		});\n	});\n</script></div>'),(8,1,'<div id=\"wrap_id_advice_590\" ><style>\n.hide{display:none}.text-right{text-align:right}.text-left{text-align:left}.text-center{text-align:center}hr.clear{visibility:hidden;margin-bottom:20px}.gamification-tip{width:100%;height:40px;margin:0 0 20px 0;position:relative;line-height:43px;background-color:#f8f8f8;border-bottom:solid 5px #d2d2d2}.gamification-tip div.gamification-tip-title{position:absolute;top:0;left:0;height:40px;width:90px;padding:0 0 0 40px;background:url(\"https://gamification.prestashop.com/images/interface/gamification-lightbulb.png\") 10px 5px no-repeat;color:#556e26;font-size:14px;font-weight:bold}.gamification-tip div.gamification-tip-description-container{height:40px;padding:0 130px 0 130px;display:table-cell;vertical-align:middle;font-size:13px;color:#666666;background:url(\"https://gamification.prestashop.com/images/interface/gamification-tip-bg.png\") 100px top no-repeat}.gamification-tip div.gamification-tip-description-container span.gamification-tip-description{display:inline-block;line-height:15px;max-height:30px;overflow:hidden}.gamification-tip span.gamification-tip-cta{position:absolute;line-height:43px;height:40px;width:70px;top:0;right:0;padding:0 10px 0 30px;border-bottom:solid 5px #739334;background:url(\"https://gamification.prestashop.com/images/interface/gamification-cta-bg.png\") left top no-repeat #a6c964}.gamification-tip span.gamification-tip-cta a{display:inline-block;width:100%;font-size:14px;text-transform:uppercase;font-weight:bold;text-shadow:rgba(255, 255, 255, 0.5) 0 1px 0;color:#556e26;background:url(\"https://gamification.prestashop.com/images/interface/gamification-popin.png\") right 10px no-repeat}.gamification-tip-infobox{padding:0 20px 20px 20px;position:relative}.gamification-tip-infobox .gamification-tip-infobox-title{display:inline-block;margin:0 0 20px -20px;width:100%;padding:10px 20px 5px;border-bottom:solid 3px #739334;font:800 18px/20px arial;text-transform:uppercase;color:#556e26;background-color:#e7f0d6}.gamification-tip-infobox .gamification-tip-infobox-title span.gamification-tip-infobox-title-prefix{display:inline-block;height:40px;padding-left:30px;line-height:40px;text-transform:none;font-size:16px;font-weight:500;margin-right:10px;background:url(\"https://gamification.prestashop.com/images/interface/gamification-lightbulb.png\") left top no-repeat}.gamification-tip-infobox .gamification-tip-infobox-content{display:block;width:100%}.gamification-tip-infobox .gamification-tip-infobox-content .gamification-tip-infobox-content-image{float:left;width:120px;height:200px;background:url(\"https://gamification.prestashop.com/images/interface/gamification-infobox-separator.png\") no-repeat right center}.gamification-tip-infobox .gamification-tip-infobox-content .gamification-tip-infobox-content-description{float:left;width:430px;padding:0 0 25px 25px}.gamification-tip-infobox .gamification-tip-infobox-content .gamification-tip-infobox-content-description p{line-height:20px}.gamification-tip-infobox .gamification-tip-infobox-content .gamification-tip-infobox-content-description ul li{padding:0 0 0 20px;line-height:25px;background:url(\"https://gamification.prestashop.com/images/interface/gamification-bullet-check.png\") left center no-repeat}.gamification-tip-infobox .gamification-tip-infobox-content .gamification-tip-infobox-content-controls{padding:20px 0 0 0}.gamification-tip-infobox .gamification-tip-infobox-content .gamification-tip-infobox-content-controls a.button{display:inline-block;height:30px;padding:0 20px;margin-right:10px;border:none;border-bottom:solid 3px #ababab;line-height:33px;text-transform:uppercase;font-weight:bold;color:#929292;text-shadow:rgba(255, 255, 255, 0.5) 0 1px 0;border-radius:3px;background:#d2d2d2}.gamification-tip-infobox .gamification-tip-infobox-content .gamification-tip-infobox-content-controls a.button.success{color:#384819;background:#a6c964;border-color:#739334;text-shadow:rgba(255, 255, 255, 0.5) 0 1px 0}.gamification-tip-infobox .gamification-tip-infobox-content .gamification-tip-infobox-content-controls a.button:hover{color:#f8f8f8;background:#5f5f5f;border-color:#2c2c2c;text-shadow:rgba(0, 0, 0, 0.5) 0 1px 0}.gamification-tip-infobox .gamification-tip-infobox-content .gamification-tip-infobox-content-controls a.button:active{color:white;background:#2c2c2c;border-color:black;text-shadow:rgba(0, 0, 0, 0.5) 0 1px 0}.gamification-tip-infobox a.infobox-close{display:inline-block;width:14px;height:14px;position:absolute;top:20px;right:20px;text-indent:-9999px;background:url(\"https://gamification.prestashop.com/images/interface/gamification-infobox-close.png\") no-repeat}\n</style>\n<hr class=\"clear\"/>\n<div id=\"advice-16\">\n<div class=\"gamification-tip\">\n	<div class=\"gamification-tip-title\">Advice</div>\n	<span class=\"gamification-tip-cta\"><a class=\"gamification_fancybox\"  id=\"590\" href=\"#advice_content_590\">Read</a><a class=\"gamification_close\" style=\"display:none\"  id=\"590\" href=\"#advice_content_590\">Close</a></span>\n\n	<div class=\"gamification-tip-description-container\">\n		<span class=\"gamification-tip-description\">\n			Performance matters: 79% of visitors won&#039;t return if unhappy with a site speed. Take your shop live on a blazing fast server!		</span>\n	</div>\n	<div class=\"hide\">\n		<div id=\"advice_content_590\" class=\"gamification-tip-infobox\">\n			<div class=\"gamification-tip-infobox-title\">\n				<span class=\"gamification-tip-infobox-title-prefix\">Advice</span>\n				Take Your Site Live With A2 Hosting!			</div>\n			<div class=\"gamification-tip-infobox-content\">\n				<div class=\"gamification-tip-infobox-content-image\">\n					<img src=\"https://gamification.prestashop.com/api/getAdviceImg/590.png\" alt=\"logo\" style=\"max-width: 85%\">\n				</div>\n				<div class=\"gamification-tip-infobox-content-description\">\n					<div style=\"color: #222222; font-family: arial, sans-serif; font-size: 12.8000001907349px;\">\r\n<div style=\"font-size: 12.8000001907349px;\">A2 Hosting is your high performance PrestaShop hosting provider, featuring high speed solutions since 2003. Your store comes hosted on their SwiftServer platform. Choose their Turbo Servers for page loads up to 20X faster than competing hosts.</div>\r\n<div style=\"font-size: 12.8000001907349px;\">\r\n<ul>\r\n<li><span style=\"font-size: 12.8000001907349px;\">PrestaShop&#039;s Preferred Hosting Provider</span></li>\r\n<li><span style=\"font-size: 12.8000001907349px;\">Up To 20X Faster Turbo Servers</span></li>\r\n<li><span style=\"font-size: 12.8000001907349px;\">SwiftCache Site Accelerator</span></li>\r\n<li><span style=\"font-size: 12.8000001907349px;\">24/7/365 Guru Crew Support</span></li>\r\n</ul>\r\n</div>\r\n</div>					<div class=\"gamification-tip-infobox-content-controls right\">\n						<a href=\"javascript:$.fancybox.close();\" class=\"button\">Close</a>\n						<a href=\"https://partners.a2hosting.com/solutions.php?id=3682&url=676\" class=\"button success\">Sign up now!</a>\n					</div>\n				</div>\n			</div>\n		</div>\n	</div>\n</div>\n</div>\n<script>\n	$(document).ready( function () {\n		$(\'.gamification_fancybox\').bind(\'click\', function () {\n			id_advice = 590;\n			popin_url = \'https://gamification.prestashop.com/get_advice_link.php?id_advice=\'+id_advice+\'&url=\';\n			url = window.location.origin+window.location.pathname.replace(\'index.php\', \'\')+$(\'.gamification-tip-infobox-content-controls a.success\').attr(\'href\');\n			$(\'.gamification-tip-infobox-content-controls a.success\').attr(\'href\', popin_url+encodeURIComponent(url));\n			\n			$(\'.gamification-tip-infobox\').after(\'<img style=\"display:none\" src=\"https://gamification.prestashop.com/api/getAdvicePopinImg/\'+id_advice+\'.png\" />\');\n			\n		});\n	});\n</script></div>'),(9,1,'<div id=\"wrap_id_advice_610\" ><style>\r\n.hide{display:none}.text-right{text-align:right}.text-left{text-align:left}.text-center{text-align:center}hr.clear{visibility:hidden;margin-bottom:20px}.gamification-tip{width:100%;height:40px;margin:0 0 20px 0;position:relative;line-height:43px;background-color:#f8f8f8;border-bottom:solid 5px #d2d2d2}.gamification-tip div.gamification-tip-title{position:absolute;top:0;left:0;height:40px;width:90px;padding:0 0 0 40px;background:url(\"https://gamification.prestashop.com/images/interface/gamification-lightbulb.png\") 10px 5px no-repeat;color:#556e26;font-size:14px;font-weight:bold}.gamification-tip div.gamification-tip-description-container{height:40px;padding:0 130px 0 130px;display:table-cell;vertical-align:middle;font-size:13px;color:#666666;background:url(\"https://gamification.prestashop.com/images/interface/gamification-tip-bg.png\") 100px top no-repeat}.gamification-tip div.gamification-tip-description-container span.gamification-tip-description{display:inline-block;line-height:15px;max-height:30px;overflow:hidden}.gamification-tip span.gamification-tip-cta{position:absolute;line-height:43px;height:40px;width:70px;top:0;right:0;padding:0 10px 0 30px;border-bottom:solid 5px #739334;background:url(\"https://gamification.prestashop.com/images/interface/gamification-cta-bg.png\") left top no-repeat #a6c964}.gamification-tip span.gamification-tip-cta a{display:inline-block;width:100%;font-size:14px;text-transform:uppercase;font-weight:bold;text-shadow:rgba(255, 255, 255, 0.5) 0 1px 0;color:#556e26;background:url(\"https://gamification.prestashop.com/images/interface/gamification-popin.png\") right 10px no-repeat}.gamification-tip-infobox{padding:0 20px 20px 20px;position:relative}.gamification-tip-infobox .gamification-tip-infobox-title{display:inline-block;margin:0 0 20px -20px;width:100%;padding:10px 20px 5px;border-bottom:solid 3px #739334;font:800 18px/20px arial;text-transform:uppercase;color:#556e26;background-color:#e7f0d6}.gamification-tip-infobox .gamification-tip-infobox-title span.gamification-tip-infobox-title-prefix{display:inline-block;height:40px;padding-left:30px;line-height:40px;text-transform:none;font-size:16px;font-weight:500;margin-right:10px;background:url(\"https://gamification.prestashop.com/images/interface/gamification-lightbulb.png\") left top no-repeat}.gamification-tip-infobox .gamification-tip-infobox-content{display:block;width:100%}.gamification-tip-infobox .gamification-tip-infobox-content .gamification-tip-infobox-content-image{float:left;width:120px;height:200px;background:url(\"https://gamification.prestashop.com/images/interface/gamification-infobox-separator.png\") no-repeat right center}.gamification-tip-infobox .gamification-tip-infobox-content .gamification-tip-infobox-content-description{float:left;width:430px;padding:0 0 25px 25px}.gamification-tip-infobox .gamification-tip-infobox-content .gamification-tip-infobox-content-description p{line-height:20px}.gamification-tip-infobox .gamification-tip-infobox-content .gamification-tip-infobox-content-description ul li{padding:0 0 0 20px;line-height:25px;background:url(\"https://gamification.prestashop.com/images/interface/gamification-bullet-check.png\") left center no-repeat}.gamification-tip-infobox .gamification-tip-infobox-content .gamification-tip-infobox-content-controls{padding:20px 0 0 0}.gamification-tip-infobox .gamification-tip-infobox-content .gamification-tip-infobox-content-controls a.button{display:inline-block;height:30px;padding:0 20px;margin-right:10px;border:none;border-bottom:solid 3px #ababab;line-height:33px;text-transform:uppercase;font-weight:bold;color:#929292;text-shadow:rgba(255, 255, 255, 0.5) 0 1px 0;border-radius:3px;background:#d2d2d2}.gamification-tip-infobox .gamification-tip-infobox-content .gamification-tip-infobox-content-controls a.button.success{color:#384819;background:#a6c964;border-color:#739334;text-shadow:rgba(255, 255, 255, 0.5) 0 1px 0}.gamification-tip-infobox .gamification-tip-infobox-content .gamification-tip-infobox-content-controls a.button:hover{color:#f8f8f8;background:#5f5f5f;border-color:#2c2c2c;text-shadow:rgba(0, 0, 0, 0.5) 0 1px 0}.gamification-tip-infobox .gamification-tip-infobox-content .gamification-tip-infobox-content-controls a.button:active{color:white;background:#2c2c2c;border-color:black;text-shadow:rgba(0, 0, 0, 0.5) 0 1px 0}.gamification-tip-infobox a.infobox-close{display:inline-block;width:14px;height:14px;position:absolute;top:20px;right:20px;text-indent:-9999px;background:url(\"https://gamification.prestashop.com/images/interface/gamification-infobox-close.png\") no-repeat}\r\n</style>\r\n<hr class=\"clear\"/>\r\n<div id=\"advice-16\">\r\n<div class=\"gamification-tip\">\r\n	<div class=\"gamification-tip-title\">Advice</div>\r\n	<span class=\"gamification-tip-cta\"><a class=\"gamification_fancybox\"  id=\"610\" href=\"#advice_content_610\">Read</a><a class=\"gamification_close\" style=\"display:none\"  id=\"610\" href=\"#advice_content_610\">Close</a></span>\r\n\r\n	<div class=\"gamification-tip-description-container\">\r\n		<span class=\"gamification-tip-description\">\r\n			Just created a new category?  Make sure it is visible in your shop’s menu by configuring your Menu module.		</span>\r\n	</div>\r\n	<div class=\"hide\">\r\n		<div id=\"advice_content_610\" class=\"gamification-tip-infobox\">\r\n			<div class=\"gamification-tip-infobox-title\">\r\n				<span class=\"gamification-tip-infobox-title-prefix\">Advice</span>\r\n				Find your menu module			</div>\r\n			<div class=\"gamification-tip-infobox-content\">\r\n				<div class=\"gamification-tip-infobox-content-image\">\r\n					<img src=\"https://gamification.prestashop.com/api/getAdviceImg/610.png\" alt=\"logo\" style=\"max-width: 85%\">\r\n				</div>\r\n				<div class=\"gamification-tip-infobox-content-description\">\r\n					<p><strong id=\"docs-internal-guid-6871e579-7af6-a450-a8f5-7af70c8e9d5b\" style=\"font-weight: normal;\"> </strong></p>\r\n<ul style=\"margin-top: 0pt; margin-bottom: 0pt;\">\r\n<li dir=\"ltr\" style=\"list-style-type: disc; font-size: 13px; font-family: Arial; color: #262626; background-color: #f8fcfe; font-weight: normal; font-style: normal; font-variant: normal; text-decoration: none; vertical-align: baseline;\">\r\n<p dir=\"ltr\" style=\"line-height: 1.38; margin-top: 0pt; margin-bottom: 0pt;\"><span style=\"font-size: 13px; font-family: Arial; color: #262626; background-color: #f8fcfe; font-weight: normal; font-style: normal; font-variant: normal; text-decoration: none; vertical-align: baseline; white-space: pre-wrap;\">If you are using the default theme: </span></p>\r\n</li>\r\n</ul>\r\n<p dir=\"ltr\" style=\"line-height: 1.38; margin-top: 0pt; margin-bottom: 0pt;\"><span style=\"font-size: 13px; font-family: Arial; color: #262626; background-color: #f8fcfe; font-weight: normal; font-style: normal; font-variant: normal; text-decoration: none; vertical-align: baseline; white-space: pre-wrap;\">Go to the </span><span style=\"font-size: 13px; font-family: Arial; color: #262626; background-color: #f8fcfe; font-weight: bold; font-style: normal; font-variant: normal; text-decoration: none; vertical-align: baseline; white-space: pre-wrap;\">Top horizontal menu</span><span style=\"font-size: 13px; font-family: Arial; color: #262626; background-color: #f8fcfe; font-weight: normal; font-style: normal; font-variant: normal; text-decoration: none; vertical-align: baseline; white-space: pre-wrap;\"> module and add your new category to the “Selected items”.</span></p>\r\n<p><strong style=\"font-weight: normal;\"> </strong></p>\r\n<ul style=\"margin-top: 0pt; margin-bottom: 0pt;\">\r\n<li dir=\"ltr\" style=\"list-style-type: disc; font-size: 13px; font-family: Arial; color: #262626; background-color: #f8fcfe; font-weight: normal; font-style: normal; font-variant: normal; text-decoration: none; vertical-align: baseline;\">\r\n<p dir=\"ltr\" style=\"line-height: 1.38; margin-top: 0pt; margin-bottom: 0pt;\"><span style=\"font-size: 13px; font-family: Arial; color: #262626; background-color: #f8fcfe; font-weight: normal; font-style: normal; font-variant: normal; text-decoration: none; vertical-align: baseline; white-space: pre-wrap;\">If you have your own theme or a specific module for the menu:</span></p>\r\n</li>\r\n</ul>\r\n<p><span style=\"font-size: 13px; font-family: Arial; color: #262626; vertical-align: baseline; white-space: pre-wrap; background-color: #f8fcfe;\"> The menu configuration could be different, so have a look at how your theme or this module works.</span></p>					<div class=\"gamification-tip-infobox-content-controls right\">\r\n						<a href=\"javascript:$.fancybox.close();\" class=\"button\">Got it!</a>\r\n					</div>\r\n				</div>\r\n			</div>\r\n		</div>\r\n	</div>\r\n</div>\r\n</div>\r\n<script>\r\n	$(document).ready( function () {\r\n		$(\'.gamification_fancybox\').bind(\'click\', function () {\r\n			id_advice = 610;\r\n			popin_url = \'https://gamification.prestashop.com/get_advice_link.php?id_advice=\'+id_advice+\'&url=\';\r\n			url = window.location.origin+window.location.pathname.replace(\'index.php\', \'\')+$(\'.gamification-tip-infobox-content-controls a.success\').attr(\'href\');\r\n			$(\'.gamification-tip-infobox-content-controls a.success\').attr(\'href\', popin_url+encodeURIComponent(url));\r\n			\r\n			$(\'.gamification-tip-infobox\').after(\'<img style=\"display:none\" src=\"https://gamification.prestashop.com/api/getAdvicePopinImg/\'+id_advice+\'.png\" />\');\r\n			\r\n		});\r\n	});\r\n</script></div>'),(10,1,'<div id=\"wrap_id_advice_816\">\n            <div class=\"col-lg-6\">\n              <section id=\"\" class=\"panel panel-advice\" style=\"position: relative; padding: 10px; min-height: 75px;\">\n                <a href=\"#\" id=\"816\" class=\"close_link gamification_premium_close\" style=\"display: none; position: absolute; top: 10px; right: 10px;\">\n                  <i class=\"icon-remove\"></i>\n                </a>\n                <span class=\"gamification-close-confirmation hide\">\n                  Etes vous sur ?\n                  <button class=\"btn btn-default btn-sm\" data-advice=\"delete\">\n                    <i class=\"icon-trash\"></i>Supprimer\n                  </button>\n                  <button class=\"btn btn-default btn-sm\" data-advice=\"cancel\">Annuler</button>\n                </span>\n                <a class=\"preactivationLink row\" rel=\"Oyst\" href=\"{link}AdminModules{/link}&install=Oyst&module_name=Oyst&redirectconfig\" style=\"display: table; margin: 0; text-decoration: none;\">\n                  <img src=\"https://storage.googleapis.com/production-gamification-assets/premium/Oyst.png\" class=\"advice-img img-thumbnail\">\n                  <img src=\"https://gamification.prestashop.com/api/getAdviceImg/816.png\" class=\"hide\">\n                  <p class=\"advice-description\" style=\"padding: 0 20px; display: table-cell; vertical-align: middle;\">Augmentez votre taux de conversion jusqu’à x2 grâce à l’achat en 1-Click by Oyst. Configurez maintenant</p>\n                </a>\n              </section>\n            </div>\n            <script>\n              $(document).ready( function () {\n                var link = $(\'#wrap_id_advice_816 .preactivationLink\')[0].href;\n                link = encodeURIComponent(link);\n                var newUrl = \'https://gamification.prestashop.com/get_advice_link.php?id_advice=816&url=\'+link;\n                $(\'#wrap_id_advice_816 .preactivationLink\')[0].href = newUrl;\n              });\n            </script>\n          </div>'),(11,1,'<div id=\"wrap_id_advice_822\">\n            <div class=\"col-lg-6\">\n              <section id=\"\" class=\"panel panel-advice\" style=\"position: relative; padding: 10px; min-height: 75px;\">\n                <a href=\"#\" id=\"822\" class=\"close_link gamification_premium_close\" style=\"display: none; position: absolute; top: 10px; right: 10px;\">\n                  <i class=\"icon-remove\"></i>\n                </a>\n                <span class=\"gamification-close-confirmation hide\">\n                  Etes vous sur ?\n                  <button class=\"btn btn-default btn-sm\" data-advice=\"delete\">\n                    <i class=\"icon-trash\"></i>Supprimer\n                  </button>\n                  <button class=\"btn btn-default btn-sm\" data-advice=\"cancel\">Annuler</button>\n                </span>\n                <a class=\"preactivationLink row\" rel=\"amzpayments\" href=\"{link}AdminModules{/link}&install=amzpayments&module_name=amzpayments&redirectconfig\" style=\"display: table; margin: 0; text-decoration: none;\">\n                  <img src=\"https://storage.googleapis.com/production-gamification-assets/premium/amzpayments3.png\" class=\"advice-img img-thumbnail\">\n                  <img src=\"https://gamification.prestashop.com/api/getAdviceImg/822.png\" class=\"hide\">\n                  <p class=\"advice-description\" style=\"padding: 0 20px; display: table-cell; vertical-align: middle;\">Une expérience de paiement optimisée pour augmenter le taux de conversion. Téléchargez Amazon Pay ici !</p>\n                </a>\n              </section>\n            </div>\n            <script>\n              $(document).ready( function () {\n                var link = $(\'#wrap_id_advice_822 .preactivationLink\')[0].href;\n                link = encodeURIComponent(link);\n                var newUrl = \'https://gamification.prestashop.com/get_advice_link.php?id_advice=822&url=\'+link;\n                $(\'#wrap_id_advice_822 .preactivationLink\')[0].href = newUrl;\n              });\n            </script>\n          </div>'),(12,1,'<div id=\"wrap_id_advice_788\">\n            <div class=\"col-lg-6\">\n              <section id=\"\" class=\"panel panel-advice\" style=\"position: relative; padding: 10px; min-height: 75px;\">\n                <a href=\"#\" id=\"788\" class=\"close_link gamification_premium_close\" style=\"display: none; position: absolute; top: 10px; right: 10px;\">\n                  <i class=\"icon-remove\"></i>\n                </a>\n                <span class=\"gamification-close-confirmation hide\">\n                  Etes vous sur ?\n                  <button class=\"btn btn-default btn-sm\" data-advice=\"delete\">\n                    <i class=\"icon-trash\"></i>Supprimer\n                  </button>\n                  <button class=\"btn btn-default btn-sm\" data-advice=\"cancel\">Annuler</button>\n                </span>\n                <a class=\"preactivationLink row\" rel=\"brainify\" href=\"{link}AdminModules{/link}&install=brainify&module_name=brainify&redirectconfig\" style=\"display: table; margin: 0; text-decoration: none;\">\n                  <img src=\"https://storage.googleapis.com/production-gamification-assets/premium/brainify.png\" class=\"advice-img img-thumbnail\">\n                  <img src=\"https://gamification.prestashop.com/api/getAdviceImg/788.png\" class=\"hide\">\n                  <p class=\"advice-description\" style=\"padding: 0 20px; display: table-cell; vertical-align: middle;\">Analysez vos chiffres clés grâce au premier dashboard E-commerce gratuit et boostez votre CA<br/></p>\n                </a>\n              </section>\n            </div>\n            <script>\n              $(document).ready( function () {\n                var link = $(\'#wrap_id_advice_788 .preactivationLink\')[0].href;\n                link = encodeURIComponent(link);\n                var newUrl = \'https://gamification.prestashop.com/get_advice_link.php?id_advice=788&url=\'+link;\n                $(\'#wrap_id_advice_788 .preactivationLink\')[0].href = newUrl;\n              });\n            </script>\n          </div>'),(13,1,'<div id=\"wrap_id_advice_830\">\n            <div class=\"col-lg-6\">\n              <section id=\"\" class=\"panel panel-advice\" style=\"position: relative; padding: 10px; min-height: 75px;\">\n                <a href=\"#\" id=\"830\" class=\"close_link gamification_premium_close\" style=\"display: none; position: absolute; top: 10px; right: 10px;\">\n                  <i class=\"icon-remove\"></i>\n                </a>\n                <span class=\"gamification-close-confirmation hide\">\n                  Etes vous sur ?\n                  <button class=\"btn btn-default btn-sm\" data-advice=\"delete\">\n                    <i class=\"icon-trash\"></i>Supprimer\n                  </button>\n                  <button class=\"btn btn-default btn-sm\" data-advice=\"cancel\">Annuler</button>\n                </span>\n                <a class=\"preactivationLink row\" rel=\"cleverreach\" href=\"{link}AdminModules{/link}&install=cleverreach&module_name=cleverreach&redirectconfig\" style=\"display: table; margin: 0; text-decoration: none;\">\n                  <img src=\"https://storage.googleapis.com/production-gamification-assets/premium/cleverreach.png\" class=\"advice-img img-thumbnail\">\n                  <img src=\"https://gamification.prestashop.com/api/getAdviceImg/830.png\" class=\"hide\">\n                  <p class=\"advice-description\" style=\"padding: 0 20px; display: table-cell; vertical-align: middle;\">L´option intelligente. Cliquez maintenant & testez gratuitement.<br/></p>\n                </a>\n              </section>\n            </div>\n            <script>\n              $(document).ready( function () {\n                var link = $(\'#wrap_id_advice_830 .preactivationLink\')[0].href;\n                link = encodeURIComponent(link);\n                var newUrl = \'https://gamification.prestashop.com/get_advice_link.php?id_advice=830&url=\'+link;\n                $(\'#wrap_id_advice_830 .preactivationLink\')[0].href = newUrl;\n              });\n            </script>\n          </div>'),(14,1,'<div id=\"wrap_id_advice_818\">\n            <div class=\"col-lg-6\">\n              <section id=\"\" class=\"panel panel-advice\" style=\"position: relative; padding: 10px; min-height: 75px;\">\n                <a href=\"#\" id=\"818\" class=\"close_link gamification_premium_close\" style=\"display: none; position: absolute; top: 10px; right: 10px;\">\n                  <i class=\"icon-remove\"></i>\n                </a>\n                <span class=\"gamification-close-confirmation hide\">\n                  Etes vous sur ?\n                  <button class=\"btn btn-default btn-sm\" data-advice=\"delete\">\n                    <i class=\"icon-trash\"></i>Supprimer\n                  </button>\n                  <button class=\"btn btn-default btn-sm\" data-advice=\"cancel\">Annuler</button>\n                </span>\n                <a class=\"preactivationLink row\" rel=\"envoimoinscher\" href=\"{link}AdminModules{/link}&install=envoimoinscher&module_name=envoimoinscher&redirectconfig\" style=\"display: table; margin: 0; text-decoration: none;\">\n                  <img src=\"https://storage.googleapis.com/production-gamification-assets/premium/envoimoinscher2.png\" class=\"advice-img img-thumbnail\">\n                  <img src=\"https://gamification.prestashop.com/api/getAdviceImg/818.png\" class=\"hide\">\n                  <p class=\"advice-description\" style=\"padding: 0 20px; display: table-cell; vertical-align: middle;\">Réduisez vos frais d\'envoi avec le module multi-transporteurs gratuit le plus téléchargé. Configurez maintenant<br/></p>\n                </a>\n              </section>\n            </div>\n            <script>\n              $(document).ready( function () {\n                var link = $(\'#wrap_id_advice_818 .preactivationLink\')[0].href;\n                link = encodeURIComponent(link);\n                var newUrl = \'https://gamification.prestashop.com/get_advice_link.php?id_advice=818&url=\'+link;\n                $(\'#wrap_id_advice_818 .preactivationLink\')[0].href = newUrl;\n              });\n            </script>\n          </div>'),(15,1,'<div id=\"wrap_id_advice_559\">\n            <div class=\"col-lg-6\">\n              <section id=\"\" class=\"panel panel-advice\" style=\"position: relative; padding: 10px; min-height: 75px;\">\n                <a href=\"#\" id=\"559\" class=\"close_link gamification_premium_close\" style=\"display: none; position: absolute; top: 10px; right: 10px;\">\n                  <i class=\"icon-remove\"></i>\n                </a>\n                <span class=\"gamification-close-confirmation hide\">\n                  Etes vous sur ?\n                  <button class=\"btn btn-default btn-sm\" data-advice=\"delete\">\n                    <i class=\"icon-trash\"></i>Supprimer\n                  </button>\n                  <button class=\"btn btn-default btn-sm\" data-advice=\"cancel\">Annuler</button>\n                </span>\n                <a class=\"preactivationLink row\" rel=\"gadwords\" href=\"{link}AdminModules{/link}&install=gadwords&module_name=gadwords&redirectconfig\" style=\"display: table; margin: 0; text-decoration: none;\">\n                  <img src=\"https://storage.googleapis.com/production-gamification-assets/premium/gadwords.png\" class=\"advice-img img-thumbnail\">\n                  <img src=\"https://gamification.prestashop.com/api/getAdviceImg/559.png\" class=\"hide\">\n                  <p class=\"advice-description\" style=\"padding: 0 20px; display: table-cell; vertical-align: middle;\">Soyez visibles sur Google : démarrez avec un budget de 75€ !<br/></p>\n                </a>\n              </section>\n            </div>\n            <script>\n              $(document).ready( function () {\n                var link = $(\'#wrap_id_advice_559 .preactivationLink\')[0].href;\n                link = encodeURIComponent(link);\n                var newUrl = \'https://gamification.prestashop.com/get_advice_link.php?id_advice=559&url=\'+link;\n                $(\'#wrap_id_advice_559 .preactivationLink\')[0].href = newUrl;\n              });\n            </script>\n          </div>'),(16,1,'<div id=\"wrap_id_advice_728\">\n            <div class=\"col-lg-6\">\n              <section id=\"\" class=\"panel panel-advice\" style=\"position: relative; padding: 10px; min-height: 75px;\">\n                <a href=\"#\" id=\"728\" class=\"close_link gamification_premium_close\" style=\"display: none; position: absolute; top: 10px; right: 10px;\">\n                  <i class=\"icon-remove\"></i>\n                </a>\n                <span class=\"gamification-close-confirmation hide\">\n                  Etes vous sur ?\n                  <button class=\"btn btn-default btn-sm\" data-advice=\"delete\">\n                    <i class=\"icon-trash\"></i>Supprimer\n                  </button>\n                  <button class=\"btn btn-default btn-sm\" data-advice=\"cancel\">Annuler</button>\n                </span>\n                <a class=\"preactivationLink row\" rel=\"hipay_professional\" href=\"{link}AdminModules{/link}&install=hipay_professional&module_name=hipay_professional&redirectconfig\" style=\"display: table; margin: 0; text-decoration: none;\">\n                  <img src=\"https://storage.googleapis.com/production-gamification-assets/premium/hipay3_fr.png\" class=\"advice-img img-thumbnail\">\n                  <img src=\"https://gamification.prestashop.com/api/getAdviceImg/728.png\" class=\"hide\">\n                  <p class=\"advice-description\" style=\"padding: 0 20px; display: table-cell; vertical-align: middle;\">Des paiements simples avec un système anti-fraude intégré<br/></p>\n                </a>\n              </section>\n            </div>\n            <script>\n              $(document).ready( function () {\n                var link = $(\'#wrap_id_advice_728 .preactivationLink\')[0].href;\n                link = encodeURIComponent(link);\n                var newUrl = \'https://gamification.prestashop.com/get_advice_link.php?id_advice=728&url=\'+link;\n                $(\'#wrap_id_advice_728 .preactivationLink\')[0].href = newUrl;\n              });\n            </script>\n          </div>'),(17,1,'<div id=\"wrap_id_advice_805\">\n            <div class=\"col-lg-6\">\n              <section id=\"\" class=\"panel panel-advice\" style=\"position: relative; padding: 10px; min-height: 75px;\">\n                <a href=\"#\" id=\"805\" class=\"close_link gamification_premium_close\" style=\"display: none; position: absolute; top: 10px; right: 10px;\">\n                  <i class=\"icon-remove\"></i>\n                </a>\n                <span class=\"gamification-close-confirmation hide\">\n                  Etes vous sur ?\n                  <button class=\"btn btn-default btn-sm\" data-advice=\"delete\">\n                    <i class=\"icon-trash\"></i>Supprimer\n                  </button>\n                  <button class=\"btn btn-default btn-sm\" data-advice=\"cancel\">Annuler</button>\n                </span>\n                <a class=\"preactivationLink row\" rel=\"iziflux\" href=\"{link}AdminModules{/link}&install=iziflux&module_name=iziflux&redirectconfig\" style=\"display: table; margin: 0; text-decoration: none;\">\n                  <img src=\"https://storage.googleapis.com/production-gamification-assets/premium/iziflux.png\" class=\"advice-img img-thumbnail\">\n                  <img src=\"https://gamification.prestashop.com/api/getAdviceImg/805.png\" class=\"hide\">\n                  <p class=\"advice-description\" style=\"padding: 0 20px; display: table-cell; vertical-align: middle;\">Vendez sur les marketplaces et boostez votre CA, 2 mois d\'essai gratuit. Configurez maintenant<br/></p>\n                </a>\n              </section>\n            </div>\n            <script>\n              $(document).ready( function () {\n                var link = $(\'#wrap_id_advice_805 .preactivationLink\')[0].href;\n                link = encodeURIComponent(link);\n                var newUrl = \'https://gamification.prestashop.com/get_advice_link.php?id_advice=805&url=\'+link;\n                $(\'#wrap_id_advice_805 .preactivationLink\')[0].href = newUrl;\n              });\n            </script>\n          </div>'),(18,1,'<div id=\"wrap_id_advice_853\">\n            <div class=\"col-lg-6\">\n              <section id=\"\" class=\"panel panel-advice\" style=\"position: relative; padding: 10px; min-height: 75px;\">\n                <a href=\"#\" id=\"853\" class=\"close_link gamification_premium_close\" style=\"display: none; position: absolute; top: 10px; right: 10px;\">\n                  <i class=\"icon-remove\"></i>\n                </a>\n                <span class=\"gamification-close-confirmation hide\">\n                  Etes vous sur ?\n                  <button class=\"btn btn-default btn-sm\" data-advice=\"delete\">\n                    <i class=\"icon-trash\"></i>Supprimer\n                  </button>\n                  <button class=\"btn btn-default btn-sm\" data-advice=\"cancel\">Annuler</button>\n                </span>\n                <a class=\"preactivationLink row\" rel=\"mailchimp\" href=\"{link}AdminModules{/link}&install=mailchimp&module_name=mailchimp&redirectconfig\" style=\"display: table; margin: 0; text-decoration: none;\">\n                  <img src=\"https://storage.googleapis.com/production-gamification-assets/premium/mailchimp.png\" class=\"advice-img img-thumbnail\">\n                  <img src=\"https://gamification.prestashop.com/api/getAdviceImg/853.png\" class=\"hide\">\n                  <p class=\"advice-description\" style=\"padding: 0 20px; display: table-cell; vertical-align: middle;\">Augmentez vos ventes et connectez vos clients avec les outils de MailChimp. Configure now</p>\n                </a>\n              </section>\n            </div>\n            <script>\n              $(document).ready( function () {\n                var link = $(\'#wrap_id_advice_853 .preactivationLink\')[0].href;\n                link = encodeURIComponent(link);\n                var newUrl = \'https://gamification.prestashop.com/get_advice_link.php?id_advice=853&url=\'+link;\n                $(\'#wrap_id_advice_853 .preactivationLink\')[0].href = newUrl;\n              });\n            </script>\n          </div>'),(19,1,'<div id=\"wrap_id_advice_701\">\n            <div class=\"col-lg-6\">\n              <section id=\"\" class=\"panel panel-advice\" style=\"position: relative; padding: 10px; min-height: 75px;\">\n                <a href=\"#\" id=\"701\" class=\"close_link gamification_premium_close\" style=\"display: none; position: absolute; top: 10px; right: 10px;\">\n                  <i class=\"icon-remove\"></i>\n                </a>\n                <span class=\"gamification-close-confirmation hide\">\n                  Etes vous sur ?\n                  <button class=\"btn btn-default btn-sm\" data-advice=\"delete\">\n                    <i class=\"icon-trash\"></i>Supprimer\n                  </button>\n                  <button class=\"btn btn-default btn-sm\" data-advice=\"cancel\">Annuler</button>\n                </span>\n                <a class=\"preactivationLink row\" rel=\"mondialrelay\" href=\"{link}AdminModules{/link}&install=mondialrelay&module_name=mondialrelay&redirectconfig\" style=\"display: table; margin: 0; text-decoration: none;\">\n                  <img src=\"https://storage.googleapis.com/production-gamification-assets/premium/mondialrelay2.png\" class=\"advice-img img-thumbnail\">\n                  <img src=\"https://gamification.prestashop.com/api/getAdviceImg/701.png\" class=\"hide\">\n                  <p class=\"advice-description\" style=\"padding: 0 20px; display: table-cell; vertical-align: middle;\">Optez pour la solution de livraison la plus souple, à domicile ou en Point Relais<br/></p>\n                </a>\n              </section>\n            </div>\n            <script>\n              $(document).ready( function () {\n                var link = $(\'#wrap_id_advice_701 .preactivationLink\')[0].href;\n                link = encodeURIComponent(link);\n                var newUrl = \'https://gamification.prestashop.com/get_advice_link.php?id_advice=701&url=\'+link;\n                $(\'#wrap_id_advice_701 .preactivationLink\')[0].href = newUrl;\n              });\n            </script>\n          </div>'),(20,1,'<div id=\"wrap_id_advice_780\">\n            <div class=\"col-lg-6\">\n              <section id=\"\" class=\"panel panel-advice\" style=\"position: relative; padding: 10px; min-height: 75px;\">\n                <a href=\"#\" id=\"780\" class=\"close_link gamification_premium_close\" style=\"display: none; position: absolute; top: 10px; right: 10px;\">\n                  <i class=\"icon-remove\"></i>\n                </a>\n                <span class=\"gamification-close-confirmation hide\">\n                  Etes vous sur ?\n                  <button class=\"btn btn-default btn-sm\" data-advice=\"delete\">\n                    <i class=\"icon-trash\"></i>Supprimer\n                  </button>\n                  <button class=\"btn btn-default btn-sm\" data-advice=\"cancel\">Annuler</button>\n                </span>\n                <a class=\"preactivationLink row\" rel=\"paygreen\" href=\"{link}AdminModules{/link}&install=paygreen&module_name=paygreen&redirectconfig\" style=\"display: table; margin: 0; text-decoration: none;\">\n                  <img src=\"https://storage.googleapis.com/production-gamification-assets/premium/paygreen.png\" class=\"advice-img img-thumbnail\">\n                  <img src=\"https://gamification.prestashop.com/api/getAdviceImg/780.png\" class=\"hide\">\n                  <p class=\"advice-description\" style=\"padding: 0 20px; display: table-cell; vertical-align: middle;\">Acceptez simplement les paiements en ligne (CB, VISA, MasterCard)</p>\n                </a>\n              </section>\n            </div>\n            <script>\n              $(document).ready( function () {\n                var link = $(\'#wrap_id_advice_780 .preactivationLink\')[0].href;\n                link = encodeURIComponent(link);\n                var newUrl = \'https://gamification.prestashop.com/get_advice_link.php?id_advice=780&url=\'+link;\n                $(\'#wrap_id_advice_780 .preactivationLink\')[0].href = newUrl;\n              });\n            </script>\n          </div>'),(21,1,'<div id=\"wrap_id_advice_27\">\n            <div class=\"col-lg-6\">\n              <section id=\"\" class=\"panel panel-advice\" style=\"position: relative; padding: 10px; min-height: 75px;\">\n                <a href=\"#\" id=\"27\" class=\"close_link gamification_premium_close\" style=\"display: none; position: absolute; top: 10px; right: 10px;\">\n                  <i class=\"icon-remove\"></i>\n                </a>\n                <span class=\"gamification-close-confirmation hide\">\n                  Etes vous sur ?\n                  <button class=\"btn btn-default btn-sm\" data-advice=\"delete\">\n                    <i class=\"icon-trash\"></i>Supprimer\n                  </button>\n                  <button class=\"btn btn-default btn-sm\" data-advice=\"cancel\">Annuler</button>\n                </span>\n                <a class=\"preactivationLink row\" rel=\"paypal\" href=\"{link}AdminModules{/link}&install=paypal&module_name=paypal&redirectconfig\" style=\"display: table; margin: 0; text-decoration: none;\">\n                  <img src=\"https://storage.googleapis.com/production-gamification-assets/premium/paypal.png\" class=\"advice-img img-thumbnail\">\n                  <img src=\"https://gamification.prestashop.com/api/getAdviceImg/27.png\" class=\"hide\">\n                  <p class=\"advice-description\" style=\"padding: 0 20px; display: table-cell; vertical-align: middle;\">Améliorez vos ventes avec PayPal. Essayez le module gratuit</p>\n                </a>\n              </section>\n            </div>\n            <script>\n              $(document).ready( function () {\n                var link = $(\'#wrap_id_advice_27 .preactivationLink\')[0].href;\n                link = encodeURIComponent(link);\n                var newUrl = \'https://gamification.prestashop.com/get_advice_link.php?id_advice=27&url=\'+link;\n                $(\'#wrap_id_advice_27 .preactivationLink\')[0].href = newUrl;\n              });\n            </script>\n          </div>'),(22,1,'<div id=\"wrap_id_advice_811\">\n            <div class=\"col-lg-6\">\n              <section id=\"\" class=\"panel panel-advice\" style=\"position: relative; padding: 10px; min-height: 75px;\">\n                <a href=\"#\" id=\"811\" class=\"close_link gamification_premium_close\" style=\"display: none; position: absolute; top: 10px; right: 10px;\">\n                  <i class=\"icon-remove\"></i>\n                </a>\n                <span class=\"gamification-close-confirmation hide\">\n                  Etes vous sur ?\n                  <button class=\"btn btn-default btn-sm\" data-advice=\"delete\">\n                    <i class=\"icon-trash\"></i>Supprimer\n                  </button>\n                  <button class=\"btn btn-default btn-sm\" data-advice=\"cancel\">Annuler</button>\n                </span>\n                <a class=\"preactivationLink row\" rel=\"payplug\" href=\"{link}AdminModules{/link}&install=payplug&module_name=payplug&redirectconfig\" style=\"display: table; margin: 0; text-decoration: none;\">\n                  <img src=\"https://storage.googleapis.com/production-gamification-assets/premium/payplug2.png?1533227796351\" class=\"advice-img img-thumbnail\">\n                  <img src=\"https://gamification.prestashop.com/api/getAdviceImg/811.png\" class=\"hide\">\n                  <p class=\"advice-description\" style=\"padding: 0 20px; display: table-cell; vertical-align: middle;\">Solution de paiement en ligne qui combine simplicité et accompagnement pour booster vos ventes</p>\n                </a>\n              </section>\n            </div>\n            <script>\n              $(document).ready( function () {\n                var link = $(\'#wrap_id_advice_811 .preactivationLink\')[0].href;\n                link = encodeURIComponent(link);\n                var newUrl = \'https://gamification.prestashop.com/get_advice_link.php?id_advice=811&url=\'+link;\n                $(\'#wrap_id_advice_811 .preactivationLink\')[0].href = newUrl;\n              });\n            </script>\n          </div>'),(23,1,'<div id=\"wrap_id_advice_765\">\n            <div class=\"col-lg-6\">\n              <section id=\"\" class=\"panel panel-advice\" style=\"position: relative; padding: 10px; min-height: 75px;\">\n                <a href=\"#\" id=\"765\" class=\"close_link gamification_premium_close\" style=\"display: none; position: absolute; top: 10px; right: 10px;\">\n                  <i class=\"icon-remove\"></i>\n                </a>\n                <span class=\"gamification-close-confirmation hide\">\n                  Etes vous sur ?\n                  <button class=\"btn btn-default btn-sm\" data-advice=\"delete\">\n                    <i class=\"icon-trash\"></i>Supprimer\n                  </button>\n                  <button class=\"btn btn-default btn-sm\" data-advice=\"cancel\">Annuler</button>\n                </span>\n                <a class=\"preactivationLink row\" rel=\"skrill\" href=\"{link}AdminModules{/link}&install=skrill&module_name=skrill&redirectconfig\" style=\"display: table; margin: 0; text-decoration: none;\">\n                  <img src=\"https://storage.googleapis.com/production-gamification-assets/premium/skrill2.png\" class=\"advice-img img-thumbnail\">\n                  <img src=\"https://gamification.prestashop.com/api/getAdviceImg/765.png\" class=\"hide\">\n                  <p class=\"advice-description\" style=\"padding: 0 20px; display: table-cell; vertical-align: middle;\">Skrill Checkout - vendez dans le monde entier et prospérez<br/></p>\n                </a>\n              </section>\n            </div>\n            <script>\n              $(document).ready( function () {\n                var link = $(\'#wrap_id_advice_765 .preactivationLink\')[0].href;\n                link = encodeURIComponent(link);\n                var newUrl = \'https://gamification.prestashop.com/get_advice_link.php?id_advice=765&url=\'+link;\n                $(\'#wrap_id_advice_765 .preactivationLink\')[0].href = newUrl;\n              });\n            </script>\n          </div>'),(24,1,'<div id=\"wrap_id_advice_28\">\n            <div class=\"col-lg-6\">\n              <section id=\"\" class=\"panel panel-advice\" style=\"position: relative; padding: 10px; min-height: 75px;\">\n                <a href=\"#\" id=\"28\" class=\"close_link gamification_premium_close\" style=\"display: none; position: absolute; top: 10px; right: 10px;\">\n                  <i class=\"icon-remove\"></i>\n                </a>\n                <span class=\"gamification-close-confirmation hide\">\n                  Etes vous sur ?\n                  <button class=\"btn btn-default btn-sm\" data-advice=\"delete\">\n                    <i class=\"icon-trash\"></i>Supprimer\n                  </button>\n                  <button class=\"btn btn-default btn-sm\" data-advice=\"cancel\">Annuler</button>\n                </span>\n                <a class=\"preactivationLink row\" rel=\"socolissimo\" href=\"{link}AdminModules{/link}&install=socolissimo&module_name=socolissimo&redirectconfig\" style=\"display: table; margin: 0; text-decoration: none;\">\n                  <img src=\"https://storage.googleapis.com/production-gamification-assets/premium/socolissimo.png\" class=\"advice-img img-thumbnail\">\n                  <img src=\"https://gamification.prestashop.com/api/getAdviceImg/28.png\" class=\"hide\">\n                  <p class=\"advice-description\" style=\"padding: 0 20px; display: table-cell; vertical-align: middle;\">Utilisez Colissimo et proposez 4 methodes de livraison a vos clients<br/></p>\n                </a>\n              </section>\n            </div>\n            <script>\n              $(document).ready( function () {\n                var link = $(\'#wrap_id_advice_28 .preactivationLink\')[0].href;\n                link = encodeURIComponent(link);\n                var newUrl = \'https://gamification.prestashop.com/get_advice_link.php?id_advice=28&url=\'+link;\n                $(\'#wrap_id_advice_28 .preactivationLink\')[0].href = newUrl;\n              });\n            </script>\n          </div>'),(25,1,' <div id=\"wrap_id_advice_828\"> <section id=\"0_adroll\" class=\"panel\" style=\"display:none\"> <header class=\"panel-heading\"> <span class=\"icon-lightbulb\"></span> Conseil du jour </header> <div class=\"panel-body\" style=\"padding:0\"> <img class=\"img-responsive\" src=\"https://storage.googleapis.com/production-gamification-assets/tips/adroll.png\" style=\"float:right; margin-left: 5px;\"> <img src=\"https://gamification.prestashop.com/api/getAdviceImg/828.png\"/> <p> <b>Saviez-vous que plus de 40% des consommateurs commencent leur shopping de Noël dès le mois d\'octobre ?</b> </p> <p> Utilisez AdRoll pour recibler les visiteurs sur l\'ensemble du Web, des appareils mobiles et de Facebook et réduire l\'abandon des paniers d\'achat. Commencer à cibler vos clients dès aujourd\'hui en 1 clic ! </p> <span class=\"text-right\" style=\"float:right\"> <a class=\"btn btn-default\" target=\"_blank\" href=\"https://gamification.prestashop.com/get_advice_link.php?id_advice=828&url=https://addons.prestashop.com/fr/remarketing-paniers-abandonnes/26551-adroll-product-recommendations-cart-abandonment.html%3Futm_source%3Dback-office%26utm_medium%3Dtipoftheday%26utm_campaign%3Dpartenariats%26utm_content%3Dadroll\"> Envie d\'en savoir plus ? </a> </span> </div> </section><script> $(document).ready( function () { $(\'#\'+rand(0)+\'_adroll\').show(); }); function rand(nbr){ return Math.floor(Math.random()*(nbr+1)); } </script> </div>'),(26,1,' <div id=\"wrap_id_advice_823\"> <section id=\"0_amzpayments\" class=\"panel\" style=\"display:none\"> <header class=\"panel-heading\"> <span class=\"icon-lightbulb\"></span> Conseil du jour </header> <div class=\"panel-body\" style=\"padding:0\"> <img class=\"img-responsive\" src=\"https://storage.googleapis.com/production-gamification-assets/tips/amzpayments.png\" style=\"float:right; margin-left: 5px;\"> <img src=\"https://gamification.prestashop.com/api/getAdviceImg/823.png\"/> <p> <b>Savez-vous que vous pouvez augmenter votre taux de conversion de 35% en optimisant l\'expérience de paiement?</b> </p> <p> Notre solution de paiement permet à vos acheteurs d\'utiliser leur compte Amazon pour payer sur votre site. Inscrivez-vous dès maintenant à Amazon Pay et aidez votre site à mieux convertir. </p> <span class=\"text-right\" style=\"float:right\"> <a class=\"btn btn-default\" target=\"_blank\" href=\"https://gamification.prestashop.com/get_advice_link.php?id_advice=823&url=https://pay.amazon.com/fr/signup?ld=spexfrapa-Tip-ba-pre&ref=ms_fr_ap_np_sp_tipp_b1_xx_ba_pre%3Futm_source%3Dback-office%26utm_medium%3Dtipoftheday%26utm_campaign%3Dpartenariats%26utm_content%3Damzpayments\"> En savoir plus </a> </span> </div> </section><script> $(document).ready( function () { $(\'#\'+rand(0)+\'_amzpayments\').show(); }); function rand(nbr){ return Math.floor(Math.random()*(nbr+1)); } </script> </div>'),(27,1,' <div id=\"wrap_id_advice_800\"> <section id=\"0_boxtal2\" class=\"panel\" style=\"display:none\"> <header class=\"panel-heading\"> <span class=\"icon-lightbulb\"></span> Conseil du jour </header> <div class=\"panel-body\" style=\"padding:0\"> <img class=\"img-responsive\" src=\"https://storage.googleapis.com/production-gamification-assets/tips/boxtal2.png\" style=\"float:right; margin-left: 5px;\"> <img src=\"https://gamification.prestashop.com/api/getAdviceImg/800.png\"/> <p> <b>Démarquez-vous de vos concurrents grâce à vos options de livraison</b> </p> <p> 66% des consommateurs changent de site pour bénéficier d\'une livraison adaptée à leurs besoins. Ne ratez plus une vente en proposant le mix gagnant de solution de livraison : en relais, à domicile, et en express. </p> <span class=\"text-right\" style=\"float:right\"> <a class=\"btn btn-default\" target=\"_blank\" href=\"https://gamification.prestashop.com/get_advice_link.php?id_advice=800&url=http://addons.prestashop.com/fr/1755-envoimoinschercom.html%3Futm_source%3Dback-office%26utm_medium%3Dtipoftheday%26utm_campaign%3Dpartenariats%26utm_content%3Dboxtal2\"> Je me démarque ! </a> </span> </div> </section><script> $(document).ready( function () { $(\'#\'+rand(0)+\'_boxtal2\').show(); }); function rand(nbr){ return Math.floor(Math.random()*(nbr+1)); } </script> </div>'),(28,1,' <div id=\"wrap_id_advice_768\"> <section id=\"0_colissimo\" class=\"panel\" style=\"display:none\"> <header class=\"panel-heading\"> <span class=\"icon-lightbulb\"></span> Conseil du jour </header> <div class=\"panel-body\" style=\"padding:0\"> <img class=\"img-responsive\" src=\"https://storage.googleapis.com/production-gamification-assets/tips/colissimo.png\" style=\"float:right; margin-left: 5px;\"> <img src=\"https://gamification.prestashop.com/api/getAdviceImg/768.png\"/> <p> <b>Conquérir et fidéliser grâce à une solution de retour claire et efficace !</b> </p> <p> 76% des e-acheteurs consultent la politique de retour de l’e-marchand avant l’achat. Proposez dès maintenant un service Retour plus simple et confortable à vos clients grâce à Colissimo </p> <span class=\"text-right\" style=\"float:right\"> <a class=\"btn btn-default\" target=\"_blank\" href=\"https://gamification.prestashop.com/get_advice_link.php?id_advice=768&url=http://addons.prestashop.com/fr/1745-colissimo-simplicite-officiel.html%3Futm_source%3Dback-office%26utm_medium%3Dtipoftheday%26utm_campaign%3Dpartenariats%26utm_content%3Dcolissimo\"> Envie d\'en savoir plus ? </a> </span> </div> </section><script> $(document).ready( function () { $(\'#\'+rand(0)+\'_colissimo\').show(); }); function rand(nbr){ return Math.floor(Math.random()*(nbr+1)); } </script> </div>'),(29,1,' <div id=\"wrap_id_advice_789\"> <section id=\"0_colissimo2\" class=\"panel\" style=\"display:none\"> <header class=\"panel-heading\"> <span class=\"icon-lightbulb\"></span> Conseil du jour </header> <div class=\"panel-body\" style=\"padding:0\"> <img class=\"img-responsive\" src=\"https://storage.googleapis.com/production-gamification-assets/tips/colissimo2.png\" style=\"float:right; margin-left: 5px;\"> <img src=\"https://gamification.prestashop.com/api/getAdviceImg/789.png\"/> <p> <b>Le saviez-vous : Les achats cross-border ont augmenté de 30% en 2015 !</b> </p> <p> Vous souhaitez vous développer en Europe ? Choisissez un transporteur qui répond aux habitudes de consommation des clients et partez à la conquête de ces nouveaux marchés. </p> <span class=\"text-right\" style=\"float:right\"> <a class=\"btn btn-default\" target=\"_blank\" href=\"https://gamification.prestashop.com/get_advice_link.php?id_advice=789&url=http://addons.prestashop.com/fr/1745-colissimo-simplicite-officiel.html%3Futm_source%3Dback-office%26utm_medium%3Dtipoftheday%26utm_campaign%3Dpartenariats%26utm_content%3Dcolissimo2\"> Envie d\'en savoir plus ? </a> </span> </div> </section><script> $(document).ready( function () { $(\'#\'+rand(0)+\'_colissimo2\').show(); }); function rand(nbr){ return Math.floor(Math.random()*(nbr+1)); } </script> </div>'),(30,1,' <div id=\"wrap_id_advice_824\"> <section id=\"0_ecommercecalendar\" class=\"panel\" style=\"display:none\"> <header class=\"panel-heading\"> <span class=\"icon-lightbulb\"></span> Conseil du jour </header> <div class=\"panel-body\" style=\"padding:0\"> <img class=\"img-responsive\" src=\"https://storage.googleapis.com/production-gamification-assets/tips/ecommercecalendar.png\" style=\"float:right; margin-left: 5px;\"> <img src=\"https://gamification.prestashop.com/api/getAdviceImg/824.png\"/> <p> <b>Rentrée, Black Friday, Noël : Soyez prêts !</b> </p> <p> Profitez de votre guide de 19 pages incluant conseils et calendrier pour penser à tout sans vous laisser déborder. </p> <span class=\"text-right\" style=\"float:right\"> <a class=\"btn btn-default\" target=\"_blank\" href=\"https://gamification.prestashop.com/get_advice_link.php?id_advice=824&url=https://addons.prestashop.com/fr/calendrier-e-commerce/27662-guide-et-calendrier-e-commerce-2017-de-fin-dannee-.html?utm_source=back-office&utm_medium=tipoftheday&utm_campaign=calendar-FR&utm_content=FR%3Futm_source%3Dback-office%26utm_medium%3Dtipoftheday%26utm_campaign%3Dpartenariats%26utm_content%3Decommercecalendar\"> Télécharger le guide </a> </span> </div> </section><script> $(document).ready( function () { $(\'#\'+rand(0)+\'_ecommercecalendar\').show(); }); function rand(nbr){ return Math.floor(Math.random()*(nbr+1)); } </script> </div>'),(31,1,' <div id=\"wrap_id_advice_841\"> <section id=\"0_ekomi\" class=\"panel\" style=\"display:none\"> <header class=\"panel-heading\"> <span class=\"icon-lightbulb\"></span> Conseil du jour </header> <div class=\"panel-body\" style=\"padding:0\"> <img class=\"img-responsive\" src=\"https://storage.googleapis.com/production-gamification-assets/tips/ekomi.png\" style=\"float:right; margin-left: 5px;\"> <img src=\"https://gamification.prestashop.com/api/getAdviceImg/841.png\"/> <p> <b>Saviez-vous que 85% des consommateurs font autant confiance aux avis en ligne qu\'aux recommandations personnelles?</b> </p> <p> L\'affichage des avis clients augmente la confiance de votre marque et fournit de l\'authenticité, ce qui affecte positivement vos ventes. </p> <span class=\"text-right\" style=\"float:right\"> <a class=\"btn btn-default\" target=\"_blank\" href=\"https://gamification.prestashop.com/get_advice_link.php?id_advice=841&url=https://addons.prestashop.com/fr/avis-clients/28960-avis-et-evaluations-ekomi.html%3Futm_source%3Dback-office%26utm_medium%3Dtipoftheday%26utm_campaign%3Dpartenariats%26utm_content%3Dekomi\"> Commencez maintenant! </a> </span> </div> </section><script> $(document).ready( function () { $(\'#\'+rand(0)+\'_ekomi\').show(); }); function rand(nbr){ return Math.floor(Math.random()*(nbr+1)); } </script> </div>'),(32,1,' <div id=\"wrap_id_advice_537\"> <section id=\"0_googleadwords\" class=\"panel\" style=\"display:none\"> <header class=\"panel-heading\"> <span class=\"icon-lightbulb\"></span> Conseil du jour </header> <div class=\"panel-body\" style=\"padding:0\"> <img class=\"img-responsive\" src=\"https://storage.googleapis.com/production-gamification-assets/tips/googleadwords.png\" style=\"float:right; margin-left: 5px;\"> <img src=\"https://gamification.prestashop.com/api/getAdviceImg/537.png\"/> <p> <b>Améliorez facilement votre référencement sans vous ruiner!</b> </p> <p> En choisissant les annonces au coût par clic (CPC), vous prédéfinissez votre budget et payez seulement quand vous avez des visites ! Lancez une campagne avec 75€ offerts pour 25€ dépensés ! </p> <span class=\"text-right\" style=\"float:right\"> <a class=\"btn btn-default\" target=\"_blank\" href=\"https://gamification.prestashop.com/get_advice_link.php?id_advice=537&url=http://www.google.com/intl/fr/ads/get/prestashop75/index.html%3Futm_source%3Dback-office%26utm_medium%3Dtipoftheday%26utm_campaign%3Dpartenariats%26utm_content%3Dgoogleadwords\"> Commencez maintenant ! </a> </span> </div> </section><section id=\"1_googleadwords\" class=\"panel\" style=\"display:none\"> <header class=\"panel-heading\"> <span class=\"icon-lightbulb\"></span> Conseil du jour </header> <div class=\"panel-body\" style=\"padding:0\"> <img class=\"img-responsive\" src=\"https://storage.googleapis.com/production-gamification-assets/tips/googleadwords.png\" style=\"float:right; margin-left: 5px;\"> <img src=\"https://gamification.prestashop.com/api/getAdviceImg/537.png\"/> <p> <b>Que recherchent vos clients dans Google pour vous trouver?</b> </p> <p> Répondez à cette question et choisissez des mots clé spécifiques pour vos annonces : touchez des visiteurs hautement qualifiés ! Profitez de 75€ avec ce code promo*: </p> <span class=\"text-right\" style=\"float:right\"> <a class=\"btn btn-default\" target=\"_blank\" href=\"https://gamification.prestashop.com/get_advice_link.php?id_advice=537&url=http://www.google.com/intl/fr/ads/get/prestashop75/index.html%3Futm_source%3Dback-office%26utm_medium%3Dtipoftheday%26utm_campaign%3Dpartenariats%26utm_content%3Dgoogleadwords\"> Commencez maintenant ! </a> </span> </div> </section><section id=\"2_googleadwords\" class=\"panel\" style=\"display:none\"> <header class=\"panel-heading\"> <span class=\"icon-lightbulb\"></span> Conseil du jour </header> <div class=\"panel-body\" style=\"padding:0\"> <img class=\"img-responsive\" src=\"https://storage.googleapis.com/production-gamification-assets/tips/googleadwords.png\" style=\"float:right; margin-left: 5px;\"> <img src=\"https://gamification.prestashop.com/api/getAdviceImg/537.png\"/> <p> <b>Lancez-vous dans le SEM!</b> </p> <p> Augmentez votre visibilité sur Google en lançant une campagne AdWords et attirez des clients potentiels qualifiés vers votre boutique. Profitez de 75€ offerts pour 25€ dépensés ! </p> <span class=\"text-right\" style=\"float:right\"> <a class=\"btn btn-default\" target=\"_blank\" href=\"https://gamification.prestashop.com/get_advice_link.php?id_advice=537&url=http://www.google.com/intl/fr/ads/get/prestashop75/index.html%3Futm_source%3Dback-office%26utm_medium%3Dtipoftheday%26utm_campaign%3Dpartenariats%26utm_content%3Dgoogleadwords\"> Commencez maintenant ! </a> </span> </div> </section><script> $(document).ready( function () { $(\'#\'+rand(2)+\'_googleadwords\').show(); }); function rand(nbr){ return Math.floor(Math.random()*(nbr+1)); } </script> </div>'),(33,1,' <div id=\"wrap_id_advice_723\"> <section id=\"0_hipay3_fr\" class=\"panel\" style=\"display:none\"> <header class=\"panel-heading\"> <span class=\"icon-lightbulb\"></span> Conseil du jour </header> <div class=\"panel-body\" style=\"padding:0\"> <img class=\"img-responsive\" src=\"https://storage.googleapis.com/production-gamification-assets/tips/hipay3_fr.png\" style=\"float:right; margin-left: 5px;\"> <img src=\"https://gamification.prestashop.com/api/getAdviceImg/723.png\"/> <p> <b>Finalisez plus de ventes en proposant la bonne solution de paiement</b> </p> <p> Afin d\'optimiser votre taux de conversion, assurez-vous de proposer les solutions de paiement internationales spécifiques : CB, Visa, Mastercard, Bancontact, Multibanco, Sofort Banking ... </p> <span class=\"text-right\" style=\"float:right\"> <a class=\"btn btn-default\" target=\"_blank\" href=\"https://gamification.prestashop.com/get_advice_link.php?id_advice=723&url=http://addons.prestashop.com/fr/modules-paiement-prestashop/1746-hipay.html%3Futm_source%3Dback-office%26utm_medium%3Dtipoftheday%26utm_campaign%3Dpartenariats%26utm_content%3Dhipay3_fr\"> Envie d’en savoir plus ? </a> </span> </div> </section><script> $(document).ready( function () { $(\'#\'+rand(0)+\'_hipay3_fr\').show(); }); function rand(nbr){ return Math.floor(Math.random()*(nbr+1)); } </script> </div>'),(34,1,' <div id=\"wrap_id_advice_515\"> <section id=\"0_ogone\" class=\"panel\" style=\"display:none\"> <header class=\"panel-heading\"> <span class=\"icon-lightbulb\"></span> Conseil du jour </header> <div class=\"panel-body\" style=\"padding:0\"> <img class=\"img-responsive\" src=\"https://storage.googleapis.com/production-gamification-assets/tips/ogone.png\" style=\"float:right; margin-left: 5px;\"> <img src=\"https://gamification.prestashop.com/api/getAdviceImg/515.png\"/> <p> <b>Accélérez vos ventes au-delà de vos frontières !</b> </p> <p> Des moyens de paiement locaux sont la clé de votre conversion à l’international: 30 à 70% des consommateurs en utilisent pour leurs achats en ligne. Ingenico vous permet de proposer 150 solutions à vos clients en un seul contrat ! </p> <span class=\"text-right\" style=\"float:right\"> <a class=\"btn btn-default\" target=\"_blank\" href=\"https://gamification.prestashop.com/get_advice_link.php?id_advice=515&url=http://addons.prestashop.com/fr/modules-paiement-prestashop/1798-ogone.html%3Futm_source%3Dback-office%26utm_medium%3Dtipoftheday%26utm_campaign%3Dpartenariats%26utm_content%3Dogone\"> Envie d\'en savoir plus ? </a> </span> </div> </section><script> $(document).ready( function () { $(\'#\'+rand(0)+\'_ogone\').show(); }); function rand(nbr){ return Math.floor(Math.random()*(nbr+1)); } </script> </div>'),(35,1,' <div id=\"wrap_id_advice_518\"> <section id=\"0_paypal\" class=\"panel\" style=\"display:none\"> <header class=\"panel-heading\"> <span class=\"icon-lightbulb\"></span> Conseil du jour </header> <div class=\"panel-body\" style=\"padding:0\"> <img class=\"img-responsive\" src=\"https://storage.googleapis.com/production-gamification-assets/tips/paypal.png\" style=\"float:right; margin-left: 5px;\"> <img src=\"https://gamification.prestashop.com/api/getAdviceImg/518.png\"/> <p> <b>Mettez vos moyens de paiement en avant</b> </p> <p> Vos clients doivent savoir qu\'ils peuvent utiliser le moyen de paiement qui leur convient dès la home page. </p> <span class=\"text-right\" style=\"float:right\"> <a class=\"btn btn-default\" target=\"_blank\" href=\"https://gamification.prestashop.com/get_advice_link.php?id_advice=518&url=http://addons.prestashop.com/fr/modules-paiement-prestashop/1748-paypal.html%3Futm_source%3Dback-office%26utm_medium%3Dtipoftheday%26utm_campaign%3Dpartenariats%26utm_content%3Dpaypal\"> Envie d\'en savoir plus ? </a> </span> </div> </section><section id=\"1_paypal\" class=\"panel\" style=\"display:none\"> <header class=\"panel-heading\"> <span class=\"icon-lightbulb\"></span> Conseil du jour </header> <div class=\"panel-body\" style=\"padding:0\"> <img class=\"img-responsive\" src=\"https://storage.googleapis.com/production-gamification-assets/tips/paypal.png\" style=\"float:right; margin-left: 5px;\"> <img src=\"https://gamification.prestashop.com/api/getAdviceImg/518.png\"/> <p> <b>Proposez un maximum de moyens de paiement</b> </p> <p> Plus vous proposez de moyens de paiement, plus vous faites de ventes. Avec PayPal, proposez 7 moyens de paiement en installant un seul module. </p> <span class=\"text-right\" style=\"float:right\"> <a class=\"btn btn-default\" target=\"_blank\" href=\"https://gamification.prestashop.com/get_advice_link.php?id_advice=518&url=http://addons.prestashop.com/fr/modules-paiement-prestashop/1748-paypal.html%3Futm_source%3Dback-office%26utm_medium%3Dtipoftheday%26utm_campaign%3Dpartenariats%26utm_content%3Dpaypal\"> Envie d\'en savoir plus ? </a> </span> </div> </section><section id=\"2_paypal\" class=\"panel\" style=\"display:none\"> <header class=\"panel-heading\"> <span class=\"icon-lightbulb\"></span> Conseil du jour </header> <div class=\"panel-body\" style=\"padding:0\"> <img class=\"img-responsive\" src=\"https://storage.googleapis.com/production-gamification-assets/tips/paypal.png\" style=\"float:right; margin-left: 5px;\"> <img src=\"https://gamification.prestashop.com/api/getAdviceImg/518.png\"/> <p> <b>Suivez l\'évolution de votre activité en direct</b> </p> <p> PayPal vous envoie une notification par email pour chaque transaction réalisée sur votre site. </p> <span class=\"text-right\" style=\"float:right\"> <a class=\"btn btn-default\" target=\"_blank\" href=\"https://gamification.prestashop.com/get_advice_link.php?id_advice=518&url=http://addons.prestashop.com/fr/modules-paiement-prestashop/1748-paypal.html%3Futm_source%3Dback-office%26utm_medium%3Dtipoftheday%26utm_campaign%3Dpartenariats%26utm_content%3Dpaypal\"> Envie d\'en savoir plus ? </a> </span> </div> </section><section id=\"3_paypal\" class=\"panel\" style=\"display:none\"> <header class=\"panel-heading\"> <span class=\"icon-lightbulb\"></span> Conseil du jour </header> <div class=\"panel-body\" style=\"padding:0\"> <img class=\"img-responsive\" src=\"https://storage.googleapis.com/production-gamification-assets/tips/paypal.png\" style=\"float:right; margin-left: 5px;\"> <img src=\"https://gamification.prestashop.com/api/getAdviceImg/518.png\"/> <p> <b>Proposez des moyens de paiement gratuits* à vos clients</b> </p> <p> N\'imposez pas de frais supplémentaires à vos acheteurs. Avec le module PayPal, ils bénéficient de toutes les garanties de sécurité sans surcoût*.*En Euros, dans l\'Espace Economique Européen </p> <span class=\"text-right\" style=\"float:right\"> <a class=\"btn btn-default\" target=\"_blank\" href=\"https://gamification.prestashop.com/get_advice_link.php?id_advice=518&url=http://addons.prestashop.com/fr/modules-paiement-prestashop/1748-paypal.html%3Futm_source%3Dback-office%26utm_medium%3Dtipoftheday%26utm_campaign%3Dpartenariats%26utm_content%3Dpaypal\"> Envie d\'en savoir plus ? </a> </span> </div> </section><section id=\"4_paypal\" class=\"panel\" style=\"display:none\"> <header class=\"panel-heading\"> <span class=\"icon-lightbulb\"></span> Conseil du jour </header> <div class=\"panel-body\" style=\"padding:0\"> <img class=\"img-responsive\" src=\"https://storage.googleapis.com/production-gamification-assets/tips/paypal.png\" style=\"float:right; margin-left: 5px;\"> <img src=\"https://gamification.prestashop.com/api/getAdviceImg/518.png\"/> <p> <b>Offrez à vos clients la garantie Livré ou remboursé*</b> </p> <p> Avec PayPal, vos acheteurs sont livrés ou remboursés*. N\'hésitez pas à en faire un argument commercial pour votre site. </p> <span class=\"text-right\" style=\"float:right\"> <a class=\"btn btn-default\" target=\"_blank\" href=\"https://gamification.prestashop.com/get_advice_link.php?id_advice=518&url=http://addons.prestashop.com/fr/modules-paiement-prestashop/1748-paypal.html%3Futm_source%3Dback-office%26utm_medium%3Dtipoftheday%26utm_campaign%3Dpartenariats%26utm_content%3Dpaypal\"> Envie d\'en savoir plus ? </a> </span> </div> </section><section id=\"5_paypal\" class=\"panel\" style=\"display:none\"> <header class=\"panel-heading\"> <span class=\"icon-lightbulb\"></span> Conseil du jour </header> <div class=\"panel-body\" style=\"padding:0\"> <img class=\"img-responsive\" src=\"https://storage.googleapis.com/production-gamification-assets/tips/paypal.png\" style=\"float:right; margin-left: 5px;\"> <img src=\"https://gamification.prestashop.com/api/getAdviceImg/518.png\"/> <p> <b>Attirez de nouveaux clients</b> </p> <p> En France, 1 cyber acheteur sur 3 possède un compte PayPal*. Ne passez pas à côté de ces clients potentiels.Source : Etude réalisée par Northstar en mars 2013 auprès de 1914 acheteurs PayPal en France </p> <span class=\"text-right\" style=\"float:right\"> <a class=\"btn btn-default\" target=\"_blank\" href=\"https://gamification.prestashop.com/get_advice_link.php?id_advice=518&url=http://addons.prestashop.com/fr/modules-paiement-prestashop/1748-paypal.html%3Futm_source%3Dback-office%26utm_medium%3Dtipoftheday%26utm_campaign%3Dpartenariats%26utm_content%3Dpaypal\"> Envie d\'en savoir plus ? </a> </span> </div> </section><section id=\"6_paypal\" class=\"panel\" style=\"display:none\"> <header class=\"panel-heading\"> <span class=\"icon-lightbulb\"></span> Conseil du jour </header> <div class=\"panel-body\" style=\"padding:0\"> <img class=\"img-responsive\" src=\"https://storage.googleapis.com/production-gamification-assets/tips/paypal.png\" style=\"float:right; margin-left: 5px;\"> <img src=\"https://gamification.prestashop.com/api/getAdviceImg/518.png\"/> <p> <b>Ne faites pas l\'impasse sur la carte bancaire</b> </p> <p> 79%* des internautes paient avec une carte bancaire. Avec PayPal, acceptez les paiements par carte Visa ou Mastercard.*Journal Du Net, Mars 2013 </p> <span class=\"text-right\" style=\"float:right\"> <a class=\"btn btn-default\" target=\"_blank\" href=\"https://gamification.prestashop.com/get_advice_link.php?id_advice=518&url=http://addons.prestashop.com/fr/modules-paiement-prestashop/1748-paypal.html%3Futm_source%3Dback-office%26utm_medium%3Dtipoftheday%26utm_campaign%3Dpartenariats%26utm_content%3Dpaypal\"> Envie d\'en savoir plus ? </a> </span> </div> </section><section id=\"7_paypal\" class=\"panel\" style=\"display:none\"> <header class=\"panel-heading\"> <span class=\"icon-lightbulb\"></span> Conseil du jour </header> <div class=\"panel-body\" style=\"padding:0\"> <img class=\"img-responsive\" src=\"https://storage.googleapis.com/production-gamification-assets/tips/paypal.png\" style=\"float:right; margin-left: 5px;\"> <img src=\"https://gamification.prestashop.com/api/getAdviceImg/518.png\"/> <p> <b>Développez votre activité à l\'international</b> </p> <p> Avec PayPal vous êtes déjà présent dans 190 pays et vous pouvez accepter des paiements dans 24 devises différentes ! </p> <span class=\"text-right\" style=\"float:right\"> <a class=\"btn btn-default\" target=\"_blank\" href=\"https://gamification.prestashop.com/get_advice_link.php?id_advice=518&url=http://addons.prestashop.com/fr/modules-paiement-prestashop/1748-paypal.html%3Futm_source%3Dback-office%26utm_medium%3Dtipoftheday%26utm_campaign%3Dpartenariats%26utm_content%3Dpaypal\"> Envie d\'en savoir plus ? </a> </span> </div> </section><section id=\"8_paypal\" class=\"panel\" style=\"display:none\"> <header class=\"panel-heading\"> <span class=\"icon-lightbulb\"></span> Conseil du jour </header> <div class=\"panel-body\" style=\"padding:0\"> <img class=\"img-responsive\" src=\"https://storage.googleapis.com/production-gamification-assets/tips/paypal.png\" style=\"float:right; margin-left: 5px;\"> <img src=\"https://gamification.prestashop.com/api/getAdviceImg/518.png\"/> <p> <b>Ne limitez pas votre activité au marché français, pensez à vos voisins...</b> </p> <p> Vendre en Italie, en Espagne, en Belgique... C\'est aussi simple que de vendre en France avec PayPal.*Journal Du Net, Mars 2013 </p> <span class=\"text-right\" style=\"float:right\"> <a class=\"btn btn-default\" target=\"_blank\" href=\"https://gamification.prestashop.com/get_advice_link.php?id_advice=518&url=http://addons.prestashop.com/fr/modules-paiement-prestashop/1748-paypal.html%3Futm_source%3Dback-office%26utm_medium%3Dtipoftheday%26utm_campaign%3Dpartenariats%26utm_content%3Dpaypal\"> Envie d\'en savoir plus ? </a> </span> </div> </section><section id=\"9_paypal\" class=\"panel\" style=\"display:none\"> <header class=\"panel-heading\"> <span class=\"icon-lightbulb\"></span> Conseil du jour </header> <div class=\"panel-body\" style=\"padding:0\"> <img class=\"img-responsive\" src=\"https://storage.googleapis.com/production-gamification-assets/tips/paypal.png\" style=\"float:right; margin-left: 5px;\"> <img src=\"https://gamification.prestashop.com/api/getAdviceImg/518.png\"/> <p> <b>Ne passez pas à côté de l’opportunité du mobile</b> </p> <p> +267% de progression du m-commerce en 2 ans ! PayPal et PrestaShop vous proposent ce thème gratuit optimisé pour le paiement via mobile. </p> <span class=\"text-right\" style=\"float:right\"> <a class=\"btn btn-default\" target=\"_blank\" href=\"https://gamification.prestashop.com/get_advice_link.php?id_advice=518&url=http://addons.prestashop.com/fr/modules-paiement-prestashop/1748-paypal.html%3Futm_source%3Dback-office%26utm_medium%3Dtipoftheday%26utm_campaign%3Dpartenariats%26utm_content%3Dpaypal\"> Envie d\'en savoir plus ? </a> </span> </div> </section><section id=\"10_paypal\" class=\"panel\" style=\"display:none\"> <header class=\"panel-heading\"> <span class=\"icon-lightbulb\"></span> Conseil du jour </header> <div class=\"panel-body\" style=\"padding:0\"> <img class=\"img-responsive\" src=\"https://storage.googleapis.com/production-gamification-assets/tips/paypal.png\" style=\"float:right; margin-left: 5px;\"> <img src=\"https://gamification.prestashop.com/api/getAdviceImg/518.png\"/> <p> <b>Adoptez une approche multi-canal</b> </p> <p> Votre boutique est accessible à n’importe quel moment et vous vous adaptez donc aux contraintes de vos clients : découvrez le thème mobile gratuit optimisé pour PrestaShop. </p> <span class=\"text-right\" style=\"float:right\"> <a class=\"btn btn-default\" target=\"_blank\" href=\"https://gamification.prestashop.com/get_advice_link.php?id_advice=518&url=http://addons.prestashop.com/fr/modules-paiement-prestashop/1748-paypal.html%3Futm_source%3Dback-office%26utm_medium%3Dtipoftheday%26utm_campaign%3Dpartenariats%26utm_content%3Dpaypal\"> Envie d\'en savoir plus ? </a> </span> </div> </section><script> $(document).ready( function () { $(\'#\'+rand(10)+\'_paypal\').show(); }); function rand(nbr){ return Math.floor(Math.random()*(nbr+1)); } </script> </div>'),(36,1,' <div id=\"wrap_id_advice_520\"> <section id=\"0_sendinblue\" class=\"panel\" style=\"display:none\"> <header class=\"panel-heading\"> <span class=\"icon-lightbulb\"></span> Conseil du jour </header> <div class=\"panel-body\" style=\"padding:0\"> <img class=\"img-responsive\" src=\"https://storage.googleapis.com/production-gamification-assets/tips/sendinblue.png\" style=\"float:right; margin-left: 5px;\"> <img src=\"https://gamification.prestashop.com/api/getAdviceImg/520.png\"/> <p> <b>La fidélisation d’un client coûte 5 fois moins que son acquisition !</b> </p> <p> L\'emailing et le SMS constituent une solution efficace pour fidéliser vos clients. Démarrez gratuitement avec Sendinblue dès maintenant ! </p> <span class=\"text-right\" style=\"float:right\"> <a class=\"btn btn-default\" target=\"_blank\" href=\"https://gamification.prestashop.com/get_advice_link.php?id_advice=520&url=http://addons.prestashop.com/fr/publicite-marketing-newsletter-modules/8300-sendinblue.html%3Futm_source%3Dback-office%26utm_medium%3Dtipoftheday%26utm_campaign%3Dpartenariats%26utm_content%3Dsendinblue\"> Envie d\'en savoir plus ? </a> </span> </div> </section><script> $(document).ready( function () { $(\'#\'+rand(0)+\'_sendinblue\').show(); }); function rand(nbr){ return Math.floor(Math.random()*(nbr+1)); } </script> </div>'),(37,1,' <div id=\"wrap_id_advice_522\"> <section id=\"0_socolissimo\" class=\"panel\" style=\"display:none\"> <header class=\"panel-heading\"> <span class=\"icon-lightbulb\"></span> Conseil du jour </header> <div class=\"panel-body\" style=\"padding:0\"> <img class=\"img-responsive\" src=\"https://storage.googleapis.com/production-gamification-assets/tips/socolissimo.png\" style=\"float:right; margin-left: 5px;\"> <img src=\"https://gamification.prestashop.com/api/getAdviceImg/522.png\"/> <p> <b>Rassurez vos clients</b> </p> <p> Lors d\'une première expérience client, la mise en avant d\'une marque de livraison reconnue est un gage de qualité et de confiance. </p> <span class=\"text-right\" style=\"float:right\"> <a class=\"btn btn-default\" target=\"_blank\" href=\"https://gamification.prestashop.com/get_advice_link.php?id_advice=522&url=http://addons.prestashop.com/fr/transport-logistique-livraison-modules-prestashop/1745-so-colissimo.html?utm_source=back-office&utm_medium=tipoftheday&utm_campaign=partenariats&utm_content=socolissimo%3Futm_source%3Dback-office%26utm_medium%3Dtipoftheday%26utm_campaign%3Dpartenariats%26utm_content%3Dsocolissimo\"> Envie d\'en savoir plus ? </a> </span> </div> </section><section id=\"1_socolissimo\" class=\"panel\" style=\"display:none\"> <header class=\"panel-heading\"> <span class=\"icon-lightbulb\"></span> Conseil du jour </header> <div class=\"panel-body\" style=\"padding:0\"> <img class=\"img-responsive\" src=\"https://storage.googleapis.com/production-gamification-assets/tips/socolissimo.png\" style=\"float:right; margin-left: 5px;\"> <img src=\"https://gamification.prestashop.com/api/getAdviceImg/522.png\"/> <p> <b>Importance de la livraison</b> </p> <p> 66% des e-acheteurs considèrent que les conditions de livraison constituent un élément déterminant dans le choix du site marchand.Baromètre FEVAD- Médiamétrie/NetRatings, juin 2007 </p> <span class=\"text-right\" style=\"float:right\"> <a class=\"btn btn-default\" target=\"_blank\" href=\"https://gamification.prestashop.com/get_advice_link.php?id_advice=522&url=http://addons.prestashop.com/fr/transport-logistique-livraison-modules-prestashop/1745-so-colissimo.html?utm_source=back-office&utm_medium=tipoftheday&utm_campaign=partenariats&utm_content=socolissimo%3Futm_source%3Dback-office%26utm_medium%3Dtipoftheday%26utm_campaign%3Dpartenariats%26utm_content%3Dsocolissimo\"> Envie d\'en savoir plus ? </a> </span> </div> </section><section id=\"2_socolissimo\" class=\"panel\" style=\"display:none\"> <header class=\"panel-heading\"> <span class=\"icon-lightbulb\"></span> Conseil du jour </header> <div class=\"panel-body\" style=\"padding:0\"> <img class=\"img-responsive\" src=\"https://storage.googleapis.com/production-gamification-assets/tips/socolissimo.png\" style=\"float:right; margin-left: 5px;\"> <img src=\"https://gamification.prestashop.com/api/getAdviceImg/522.png\"/> <p> <b>Soyez transparent</b> </p> <p> 93% des e-acheteurs français veulent être informés de façon détaillée par e-mail ou SMS de l\'état d\'avancement de leur commande.Source IFOP pour L4-Epsilon Logistics Systems, octobre 2009 </p> <span class=\"text-right\" style=\"float:right\"> <a class=\"btn btn-default\" target=\"_blank\" href=\"https://gamification.prestashop.com/get_advice_link.php?id_advice=522&url=http://addons.prestashop.com/fr/transport-logistique-livraison-modules-prestashop/1745-so-colissimo.html?utm_source=back-office&utm_medium=tipoftheday&utm_campaign=partenariats&utm_content=socolissimo%3Futm_source%3Dback-office%26utm_medium%3Dtipoftheday%26utm_campaign%3Dpartenariats%26utm_content%3Dsocolissimo\"> Envie d\'en savoir plus ? </a> </span> </div> </section><section id=\"3_socolissimo\" class=\"panel\" style=\"display:none\"> <header class=\"panel-heading\"> <span class=\"icon-lightbulb\"></span> Conseil du jour </header> <div class=\"panel-body\" style=\"padding:0\"> <img class=\"img-responsive\" src=\"https://storage.googleapis.com/production-gamification-assets/tips/socolissimo.png\" style=\"float:right; margin-left: 5px;\"> <img src=\"https://gamification.prestashop.com/api/getAdviceImg/522.png\"/> <p> <b>Affichez Colissimo</b> </p> <p> Renforcez la confiance de vos clients e-acheteurs en votre site web en vous appuyant sur une marque reconnue et appréciée, visible dès la home page. </p> <span class=\"text-right\" style=\"float:right\"> <a class=\"btn btn-default\" target=\"_blank\" href=\"https://gamification.prestashop.com/get_advice_link.php?id_advice=522&url=http://addons.prestashop.com/fr/transport-logistique-livraison-modules-prestashop/1745-so-colissimo.html?utm_source=back-office&utm_medium=tipoftheday&utm_campaign=partenariats&utm_content=socolissimo%3Futm_source%3Dback-office%26utm_medium%3Dtipoftheday%26utm_campaign%3Dpartenariats%26utm_content%3Dsocolissimo\"> Envie d\'en savoir plus ? </a> </span> </div> </section><section id=\"4_socolissimo\" class=\"panel\" style=\"display:none\"> <header class=\"panel-heading\"> <span class=\"icon-lightbulb\"></span> Conseil du jour </header> <div class=\"panel-body\" style=\"padding:0\"> <img class=\"img-responsive\" src=\"https://storage.googleapis.com/production-gamification-assets/tips/socolissimo.png\" style=\"float:right; margin-left: 5px;\"> <img src=\"https://gamification.prestashop.com/api/getAdviceImg/522.png\"/> <p> <b>Donnez le choix à vos clients</b> </p> <p> 93% des e-acheteurs jugent utiles, et 41% indispensable, d\'avoir le choix entre plusieurs modes de livraison.Etude omnibus IFOP – novembre 2010 </p> <span class=\"text-right\" style=\"float:right\"> <a class=\"btn btn-default\" target=\"_blank\" href=\"https://gamification.prestashop.com/get_advice_link.php?id_advice=522&url=http://addons.prestashop.com/fr/transport-logistique-livraison-modules-prestashop/1745-so-colissimo.html?utm_source=back-office&utm_medium=tipoftheday&utm_campaign=partenariats&utm_content=socolissimo%3Futm_source%3Dback-office%26utm_medium%3Dtipoftheday%26utm_campaign%3Dpartenariats%26utm_content%3Dsocolissimo\"> Envie d\'en savoir plus ? </a> </span> </div> </section><section id=\"5_socolissimo\" class=\"panel\" style=\"display:none\"> <header class=\"panel-heading\"> <span class=\"icon-lightbulb\"></span> Conseil du jour </header> <div class=\"panel-body\" style=\"padding:0\"> <img class=\"img-responsive\" src=\"https://storage.googleapis.com/production-gamification-assets/tips/socolissimo.png\" style=\"float:right; margin-left: 5px;\"> <img src=\"https://gamification.prestashop.com/api/getAdviceImg/522.png\"/> <p> <b>Des destinataires colis convaincus</b> </p> <p> 52 % utiliseraient systématiquement Colissimo dès lors que l\'offre serait proposée.Etude post-test de la campagne Colissimo menée par Omnicom Media Groupe </p> <span class=\"text-right\" style=\"float:right\"> <a class=\"btn btn-default\" target=\"_blank\" href=\"https://gamification.prestashop.com/get_advice_link.php?id_advice=522&url=http://addons.prestashop.com/fr/transport-logistique-livraison-modules-prestashop/1745-so-colissimo.html?utm_source=back-office&utm_medium=tipoftheday&utm_campaign=partenariats&utm_content=socolissimo%3Futm_source%3Dback-office%26utm_medium%3Dtipoftheday%26utm_campaign%3Dpartenariats%26utm_content%3Dsocolissimo\"> Envie d\'en savoir plus ? </a> </span> </div> </section><script> $(document).ready( function () { $(\'#\'+rand(5)+\'_socolissimo\').show(); }); function rand(nbr){ return Math.floor(Math.random()*(nbr+1)); } </script> </div>'),(38,1,' <div id=\"wrap_id_advice_620\"> <section id=\"0_training\" class=\"panel\" style=\"display:none\"> <header class=\"panel-heading\"> <span class=\"icon-lightbulb\"></span> Conseil du jour </header> <div class=\"panel-body\" style=\"padding:0\"> <img class=\"img-responsive\" src=\"https://storage.googleapis.com/production-gamification-assets/tips/training.png\" style=\"float:right; margin-left: 5px;\"> <img src=\"https://gamification.prestashop.com/api/getAdviceImg/620.png\"/> <p> <b>Besoin d\'aide ? Profitez du savoir-faire de nos formateurs !</b> </p> <p> Découvrez comment faire de votre boutique un succès grâce aux formations PrestaShop, quel que soit votre niveau de compétences. </p> <span class=\"text-right\" style=\"float:right\"> <a class=\"btn btn-default\" target=\"_blank\" href=\"https://gamification.prestashop.com/get_advice_link.php?id_advice=620&url=https://www.prestashop.com/fr/formation-prestashop?utm_source=back-office&utm_medium=tipoftheday&utm_campaign=training&utm_content=training%3Futm_source%3Dback-office%26utm_medium%3Dtipoftheday%26utm_campaign%3Dpartenariats%26utm_content%3Dtraining\"> Contactez-nous </a> </span> </div> </section><script> $(document).ready( function () { $(\'#\'+rand(0)+\'_training\').show(); }); function rand(nbr){ return Math.floor(Math.random()*(nbr+1)); } </script> </div>'),(39,1,' <div id=\"wrap_id_advice_621\"> <section id=\"0_trainingseo\" class=\"panel\" style=\"display:none\"> <header class=\"panel-heading\"> <span class=\"icon-lightbulb\"></span> Conseil du jour </header> <div class=\"panel-body\" style=\"padding:0\"> <img class=\"img-responsive\" src=\"https://storage.googleapis.com/production-gamification-assets/tips/trainingseo.png\" style=\"float:right; margin-left: 5px;\"> <img src=\"https://gamification.prestashop.com/api/getAdviceImg/621.png\"/> <p> <b>Pas assez de trafic ? Pensez à notre formation SEO Référencement !</b> </p> <p> Apprenez toutes les astuces pour augmenter votre visibilté tout en attirant une clientèle ciblée. </p> <span class=\"text-right\" style=\"float:right\"> <a class=\"btn btn-default\" target=\"_blank\" href=\"https://gamification.prestashop.com/get_advice_link.php?id_advice=621&url=https://www.prestashop.com/fr/formation-referencement-naturel-prestashop?utm_source=back-office&utm_medium=tipoftheday&utm_campaign=training&utm_content=trainingseo%3Futm_source%3Dback-office%26utm_medium%3Dtipoftheday%26utm_campaign%3Dpartenariats%26utm_content%3Dtrainingseo\"> Je veux plus de trafic ! </a> </span> </div> </section><script> $(document).ready( function () { $(\'#\'+rand(0)+\'_trainingseo\').show(); }); function rand(nbr){ return Math.floor(Math.random()*(nbr+1)); } </script> </div>'),(40,1,' <div id=\"wrap_id_advice_851\"> <section id=\"0_upela\" class=\"panel\" style=\"display:none\"> <header class=\"panel-heading\"> <span class=\"icon-lightbulb\"></span> Conseil du jour </header> <div class=\"panel-body\" style=\"padding:0\"> <img class=\"img-responsive\" src=\"https://storage.googleapis.com/production-gamification-assets/tips/upela.png\" style=\"float:right; margin-left: 5px;\"> <img src=\"https://gamification.prestashop.com/api/getAdviceImg/851.png\"/> <p> <b>45% des acheteurs abandonnent leur panier par manque d’options de livraison.</b> </p> <p> Inversez la tendance et proposez une offre de livraison complète à vos clients : en point relais, standard ou express. Répondez à leurs besoins et améliorez ainsi votre satisfaction client. </p> <span class=\"text-right\" style=\"float:right\"> <a class=\"btn btn-default\" target=\"_blank\" href=\"https://gamification.prestashop.com/get_advice_link.php?id_advice=851&url=https://addons.prestashop.com/fr/transporteurs/26804-upela-envois-de-colis-au-meilleur-prix.html%3Futm_source%3Dback-office%26utm_medium%3Dtipoftheday%26utm_campaign%3Dpartenariats%26utm_content%3Dupela\"> En savoir plus </a> </span> </div> </section><script> $(document).ready( function () { $(\'#\'+rand(0)+\'_upela\').show(); }); function rand(nbr){ return Math.floor(Math.random()*(nbr+1)); } </script> </div>'),(41,1,' <div id=\"wrap_id_advice_730\"> <section id=\"0_videotraining_businesstech\" class=\"panel\" style=\"display:none\"> <header class=\"panel-heading\"> <span class=\"icon-lightbulb\"></span> Conseil du jour </header> <div class=\"panel-body\" style=\"padding:0\"> <img class=\"img-responsive\" src=\"https://storage.googleapis.com/production-gamification-assets/tips/videotraining_businesstech.png\" style=\"float:right; margin-left: 5px;\"> <img src=\"https://gamification.prestashop.com/api/getAdviceImg/730.png\"/> <p> <b>4 étapes simples pour optimiser les performances de sa boutique en ligne</b> </p> <p> Découvrez comment analyser et optimiser votre boutique en ligne en quatre étapes simples avec cette courte vidéo de Business Tech, expert PrestaShop. </p> <span class=\"text-right\" style=\"float:right\"> <a class=\"btn btn-default\" target=\"_blank\" href=\"https://gamification.prestashop.com/get_advice_link.php?id_advice=730&url=https://www.youtube.com/watch?v=0acJfI8fn-0?utm_source=back+office&utm_medium=tipoftheday&utm_campaign=Youtube-launch&utm_content=kpi%3Futm_source%3Dback-office%26utm_medium%3Dtipoftheday%26utm_campaign%3Dpartenariats%26utm_content%3Dvideotraining_businesstech\"> Visionner la vidéo </a> </span> </div> </section><script> $(document).ready( function () { $(\'#\'+rand(0)+\'_videotraining_businesstech\').show(); }); function rand(nbr){ return Math.floor(Math.random()*(nbr+1)); } </script> </div>'),(42,1,' <div id=\"wrap_id_advice_731\"> <section id=\"0_videotraining_enverguredigital\" class=\"panel\" style=\"display:none\"> <header class=\"panel-heading\"> <span class=\"icon-lightbulb\"></span> Conseil du jour </header> <div class=\"panel-body\" style=\"padding:0\"> <img class=\"img-responsive\" src=\"https://storage.googleapis.com/production-gamification-assets/tips/videotraining_enverguredigital.png\" style=\"float:right; margin-left: 5px;\"> <img src=\"https://gamification.prestashop.com/api/getAdviceImg/731.png\"/> <p> <b>12 astuces essentielles pour créer une fiche produit efficace</b> </p> <p> Apprenez à créer une page produit efficace pour stimuler vos ventes avec cette courte vidéo d\'Envergure Digitale, expert PrestaShop. </p> <span class=\"text-right\" style=\"float:right\"> <a class=\"btn btn-default\" target=\"_blank\" href=\"https://gamification.prestashop.com/get_advice_link.php?id_advice=731&url=https://www.youtube.com/watch?v=5k3ZdPo00KY?utm_source=back+office&utm_medium=tipoftheday&utm_campaign=Youtube-launch&utm_content=product%3Futm_source%3Dback-office%26utm_medium%3Dtipoftheday%26utm_campaign%3Dpartenariats%26utm_content%3Dvideotraining_enverguredigital\"> Visionner la vidéo </a> </span> </div> </section><script> $(document).ready( function () { $(\'#\'+rand(0)+\'_videotraining_enverguredigital\').show(); }); function rand(nbr){ return Math.floor(Math.random()*(nbr+1)); } </script> </div>'),(43,1,' <div id=\"wrap_id_advice_732\"> <section id=\"0_videotraining_envoimoinscher\" class=\"panel\" style=\"display:none\"> <header class=\"panel-heading\"> <span class=\"icon-lightbulb\"></span> Conseil du jour </header> <div class=\"panel-body\" style=\"padding:0\"> <img class=\"img-responsive\" src=\"https://storage.googleapis.com/production-gamification-assets/tips/videotraining_envoimoinscher.png\" style=\"float:right; margin-left: 5px;\"> <img src=\"https://gamification.prestashop.com/api/getAdviceImg/732.png\"/> <p> <b>6 conseils pour construire une politique de livraison qui convertit et fidélise</b> </p> <p> Découvrez des astuces utiles pour créer une politique de livraison efficace avec cette courte vidéo de Envoismoinscher.com, qui vous aidera à attirer des clients et les fidéliser. </p> <span class=\"text-right\" style=\"float:right\"> <a class=\"btn btn-default\" target=\"_blank\" href=\"https://gamification.prestashop.com/get_advice_link.php?id_advice=732&url=https://www.youtube.com/watch?v=QhTU_eSrm7o?utm_source=back+office&utm_medium=tipoftheday&utm_campaign=Youtube-launch&utm_content=shipping%3Futm_source%3Dback-office%26utm_medium%3Dtipoftheday%26utm_campaign%3Dpartenariats%26utm_content%3Dvideotraining_envoimoinscher\"> Visionner la vidéo </a> </span> </div> </section><script> $(document).ready( function () { $(\'#\'+rand(0)+\'_videotraining_envoimoinscher\').show(); }); function rand(nbr){ return Math.floor(Math.random()*(nbr+1)); } </script> </div>'),(44,1,' <div id=\"wrap_id_advice_734\"> <section id=\"0_videotraining_prestashop\" class=\"panel\" style=\"display:none\"> <header class=\"panel-heading\"> <span class=\"icon-lightbulb\"></span> Conseil du jour </header> <div class=\"panel-body\" style=\"padding:0\"> <img class=\"img-responsive\" src=\"https://storage.googleapis.com/production-gamification-assets/tips/videotraining_prestashop.png\" style=\"float:right; margin-left: 5px;\"> <img src=\"https://gamification.prestashop.com/api/getAdviceImg/734.png\"/> <p> <b>4 pièges à éviter quand vous lancez votre projet Ecommerce</b> </p> <p> Apprenez à éviter les quatre erreurs les plus communes lors de la préparation d\'un projet de boutique en ligne avec cette courte vidéo basée sur les expériences des commerçants PrestaShop. </p> <span class=\"text-right\" style=\"float:right\"> <a class=\"btn btn-default\" target=\"_blank\" href=\"https://gamification.prestashop.com/get_advice_link.php?id_advice=734&url=https://www.youtube.com/watch?v=7u56FJfAGSQ?utm_source=back+office&utm_medium=tipoftheday&utm_campaign=Youtube-launch&utm_content=entrepreneur%3Futm_source%3Dback-office%26utm_medium%3Dtipoftheday%26utm_campaign%3Dpartenariats%26utm_content%3Dvideotraining_prestashop\"> Visionner la vidéo </a> </span> </div> </section><script> $(document).ready( function () { $(\'#\'+rand(0)+\'_videotraining_prestashop\').show(); }); function rand(nbr){ return Math.floor(Math.random()*(nbr+1)); } </script> </div>'),(45,1,' <div id=\"wrap_id_advice_708\"> <section id=\"0_videotraining_productpage\" class=\"panel\" style=\"display:none\"> <header class=\"panel-heading\"> <span class=\"icon-lightbulb\"></span> Conseil du jour </header> <div class=\"panel-body\" style=\"padding:0\"> <img class=\"img-responsive\" src=\"https://storage.googleapis.com/production-gamification-assets/tips/videotraining_productpage.png\" style=\"float:right; margin-left: 5px;\"> <img src=\"https://gamification.prestashop.com/api/getAdviceImg/708.png\"/> <p> <b>A quoi ressemblent vos pages produits ?</b> </p> <p> Visionnez cette courte vidéo avec 12 conseils pour vous assurer de leur efficacité ! </p> <span class=\"text-right\" style=\"float:right\"> <a class=\"btn btn-default\" target=\"_blank\" href=\"https://gamification.prestashop.com/get_advice_link.php?id_advice=708&url=http://bit.ly/1OQlZUM%3Futm_source%3Dback-office%26utm_medium%3Dtipoftheday%26utm_campaign%3Dpartenariats%26utm_content%3Dvideotraining_productpage\"> Voir </a> </span> </div> </section><script> $(document).ready( function () { $(\'#\'+rand(0)+\'_videotraining_productpage\').show(); }); function rand(nbr){ return Math.floor(Math.random()*(nbr+1)); } </script> </div>'),(46,1,' <div id=\"wrap_id_advice_735\"> <section id=\"0_videotraining_suscribe\" class=\"panel\" style=\"display:none\"> <header class=\"panel-heading\"> <span class=\"icon-lightbulb\"></span> Conseil du jour </header> <div class=\"panel-body\" style=\"padding:0\"> <img class=\"img-responsive\" src=\"https://storage.googleapis.com/production-gamification-assets/tips/videotraining_suscribe.png\" style=\"float:right; margin-left: 5px;\"> <img src=\"https://gamification.prestashop.com/api/getAdviceImg/735.png\"/> <p> <b>Découvrez toutes nos vidéos sur l\'Ecommerce sur notre chaîne Youtube!</b> </p> <p> Abonnez-vous à la chaîne YouTube de PrestaShop pour bénéficier de conseils d\'experts en e-commerce, de témoignages de commerçants et de tutoriels PrestaShop ! </p> <span class=\"text-right\" style=\"float:right\"> <a class=\"btn btn-default\" target=\"_blank\" href=\"https://gamification.prestashop.com/get_advice_link.php?id_advice=735&url=https://www.youtube.com/user/prestashop?utm_source=back+office&utm_medium=tipoftheday&utm_campaign=Youtube-launch&utm_content=launch%3Futm_source%3Dback-office%26utm_medium%3Dtipoftheday%26utm_campaign%3Dpartenariats%26utm_content%3Dvideotraining_suscribe\"> S\'abonner </a> </span> </div> </section><script> $(document).ready( function () { $(\'#\'+rand(0)+\'_videotraining_suscribe\').show(); }); function rand(nbr){ return Math.floor(Math.random()*(nbr+1)); } </script> </div>'),(47,1,' <div id=\"wrap_id_advice_699\"> <section id=\"0_yesbycash\" class=\"panel\" style=\"display:none\"> <header class=\"panel-heading\"> <span class=\"icon-lightbulb\"></span> Conseil du jour </header> <div class=\"panel-body\" style=\"padding:0\"> <img class=\"img-responsive\" src=\"https://storage.googleapis.com/production-gamification-assets/tips/yesbycash.png\" style=\"float:right; margin-left: 5px;\"> <img src=\"https://gamification.prestashop.com/api/getAdviceImg/699.png\"/> <p> <b>Ne perdez plus une vente, récupérez les clients sujets aux rejets bancaire !</b> </p> <p> 18% des paniers abandonnés sont dus à un rejet bancaire. Boostez vos ventes : proposez le paiement en espèces dans plus de 5000 points de vente accrédités. </p> <span class=\"text-right\" style=\"float:right\"> <a class=\"btn btn-default\" target=\"_blank\" href=\"https://gamification.prestashop.com/get_advice_link.php?id_advice=699&url=http://addons.prestashop.com/fr/modules-paiement-prestashop/17842-yesbycash.html%3Futm_source%3Dback-office%26utm_medium%3Dtipoftheday%26utm_campaign%3Dpartenariats%26utm_content%3Dyesbycash\"> Testez gratuitement ! </a> </span> </div> </section><section id=\"1_yesbycash\" class=\"panel\" style=\"display:none\"> <header class=\"panel-heading\"> <span class=\"icon-lightbulb\"></span> Conseil du jour </header> <div class=\"panel-body\" style=\"padding:0\"> <img class=\"img-responsive\" src=\"https://storage.googleapis.com/production-gamification-assets/tips/yesbycash.png\" style=\"float:right; margin-left: 5px;\"> <img src=\"https://gamification.prestashop.com/api/getAdviceImg/699.png\"/> <p> <b>Captez une nouvelle clientèle réticente aux paiement en ligne</b> </p> <p> 96% des Français craignent le piratage en ligne de leurs données bancaires. Proposez une alternative fiable et permettez à vos clients de payer en cash dans plus de 5000 points de vente accrédités. </p> <span class=\"text-right\" style=\"float:right\"> <a class=\"btn btn-default\" target=\"_blank\" href=\"https://gamification.prestashop.com/get_advice_link.php?id_advice=699&url=http://addons.prestashop.com/fr/modules-paiement-prestashop/17842-yesbycash.html%3Futm_source%3Dback-office%26utm_medium%3Dtipoftheday%26utm_campaign%3Dpartenariats%26utm_content%3Dyesbycash\"> Testez gratuitement ! </a> </span> </div> </section><script> $(document).ready( function () { $(\'#\'+rand(1)+\'_yesbycash\').show(); }); function rand(nbr){ return Math.floor(Math.random()*(nbr+1)); } </script> </div>');

--
-- Table structure for table `ps_alias`
--

CREATE TABLE `ps_alias` (
  `id_alias` int(10) unsigned NOT NULL AUTO_INCREMENT,
  `alias` varchar(255) NOT NULL,
  `search` varchar(255) NOT NULL,
  `active` tinyint(1) NOT NULL DEFAULT '1',
  PRIMARY KEY (`id_alias`),
  UNIQUE KEY `alias` (`alias`)
) ENGINE=InnoDB DEFAULT CHARSET=utf8;

--
-- Dumping data for table `ps_alias`
--


--
-- Table structure for table `ps_attachment`
--

CREATE TABLE `ps_attachment` (
  `id_attachment` int(10) unsigned NOT NULL AUTO_INCREMENT,
  `file` varchar(40) NOT NULL,
  `file_name` varchar(128) NOT NULL,
  `file_size` bigint(10) unsigned NOT NULL DEFAULT '0',
  `mime` varchar(128) NOT NULL,
  PRIMARY KEY (`id_attachment`)
) ENGINE=InnoDB DEFAULT CHARSET=utf8;

--
-- Dumping data for table `ps_attachment`
--


--
-- Table structure for table `ps_attachment_lang`
--

CREATE TABLE `ps_attachment_lang` (
  `id_attachment` int(10) unsigned NOT NULL AUTO_INCREMENT,
  `id_lang` int(10) unsigned NOT NULL,
  `name` varchar(32) DEFAULT NULL,
  `description` text,
  PRIMARY KEY (`id_attachment`,`id_lang`)
) ENGINE=InnoDB DEFAULT CHARSET=utf8;

--
-- Dumping data for table `ps_attachment_lang`
--


--
-- Table structure for table `ps_attribute`
--

CREATE TABLE `ps_attribute` (
  `id_attribute` int(11) NOT NULL AUTO_INCREMENT,
  `id_attribute_group` int(11) NOT NULL,
  `color` varchar(32) COLLATE utf8_unicode_ci NOT NULL,
  `position` int(11) NOT NULL,
  PRIMARY KEY (`id_attribute`),
  KEY `attribute_group` (`id_attribute_group`)
) ENGINE=InnoDB AUTO_INCREMENT=101 DEFAULT CHARSET=utf8 COLLATE=utf8_unicode_ci;

--
-- Dumping data for table `ps_attribute`
--

INSERT INTO `ps_attribute` VALUES (1,1,'',0),(2,1,'',1),(3,1,'',2),(4,1,'',3),(5,2,'#AAB2BD',0),(6,2,'#CFC4A6',1),(7,2,'#f5f5dc',2),(8,2,'#ffffff',3),(9,2,'#faebd7',4),(10,2,'#E84C3D',5),(11,2,'#434A54',6),(12,2,'#C19A6B',7),(13,2,'#F39C11',8),(14,2,'#5D9CEC',9),(15,2,'#A0D468',10),(16,2,'#F1C40F',11),(17,2,'#964B00',12),(18,2,'#FCCACD',13),(26,8,'',1),(27,8,'',7),(28,8,'',11),(29,8,'',12),(30,8,'',16),(31,8,'',17),(32,8,'',19),(33,8,'',20),(34,8,'',21),(35,8,'',24),(36,8,'',25),(37,3,'',0),(38,3,'',2),(39,3,'',1),(40,3,'',3),(41,3,'',4),(42,3,'',5),(43,3,'',6),(44,3,'',7),(45,3,'',9),(46,3,'',10),(47,3,'',11),(48,3,'',12),(49,3,'',13),(50,3,'',14),(51,3,'',8),(52,10,'',0),(53,10,'',1),(54,10,'',2),(55,10,'',3),(56,4,'',0),(57,4,'',1),(58,4,'',2),(59,4,'',3),(60,4,'',4),(61,4,'',5),(62,4,'',6),(63,4,'',7),(64,4,'',8),(65,4,'',9),(66,4,'',10),(67,4,'',11),(68,4,'',12),(69,10,'',4),(70,10,'',5),(71,10,'',6),(72,10,'',7),(73,10,'',8),(74,10,'',9),(75,10,'',10),(76,10,'',11),(77,10,'',12),(78,10,'',13),(79,10,'',14),(80,8,'',15),(81,8,'',6),(82,8,'',2),(83,8,'',9),(84,8,'',10),(85,8,'',14),(86,8,'',13),(87,8,'',8),(88,8,'',4),(89,8,'',5),(90,8,'',23),(91,8,'',18),(92,8,'',0),(93,8,'',3),(94,8,'',22),(96,6,'',0),(97,6,'',1),(98,6,'',2),(99,9,'',0),(100,9,'',1);

--
-- Table structure for table `ps_attribute_group`
--

CREATE TABLE `ps_attribute_group` (
  `id_attribute_group` int(11) NOT NULL AUTO_INCREMENT,
  `is_color_group` tinyint(1) NOT NULL,
  `group_type` varchar(255) COLLATE utf8_unicode_ci NOT NULL,
  `position` int(11) NOT NULL,
  PRIMARY KEY (`id_attribute_group`)
) ENGINE=InnoDB AUTO_INCREMENT=11 DEFAULT CHARSET=utf8 COLLATE=utf8_unicode_ci;

--
-- Dumping data for table `ps_attribute_group`
--

INSERT INTO `ps_attribute_group` VALUES (1,0,'select',0),(2,0,'select',1),(3,0,'select',2),(4,0,'select',3),(5,0,'select',4),(6,0,'select',5),(7,0,'select',6),(8,0,'select',7),(9,0,'select',8),(10,0,'select',9);

--
-- Table structure for table `ps_attribute_group_lang`
--

CREATE TABLE `ps_attribute_group_lang` (
  `id_attribute_group` int(11) NOT NULL,
  `id_lang` int(11) NOT NULL,
  `name` varchar(128) COLLATE utf8_unicode_ci NOT NULL,
  `public_name` varchar(64) COLLATE utf8_unicode_ci NOT NULL,
  PRIMARY KEY (`id_attribute_group`,`id_lang`),
  KEY `IDX_4653726C67A664FB` (`id_attribute_group`),
  KEY `IDX_4653726CBA299860` (`id_lang`)
) ENGINE=InnoDB DEFAULT CHARSET=utf8 COLLATE=utf8_unicode_ci;

--
-- Dumping data for table `ps_attribute_group_lang`
--

INSERT INTO `ps_attribute_group_lang` VALUES (1,1,'Hauteur','Hauteur'),(2,1,'Largeur','Largeur'),(3,1,'Couleurs','Couleurs'),(4,1,'Matières','Matières'),(5,1,'Classification','Classification'),(6,1,'Orientation','Orientation'),(7,1,'Tirage','Tirage'),(8,1,'Thème','Thème'),(9,1,'Encadrement','Encadrement'),(10,1,'Techniques','Techniques');

--
-- Table structure for table `ps_attribute_group_shop`
--

CREATE TABLE `ps_attribute_group_shop` (
  `id_attribute_group` int(11) NOT NULL,
  `id_shop` int(11) NOT NULL,
  PRIMARY KEY (`id_attribute_group`,`id_shop`),
  KEY `IDX_DB30BAAC67A664FB` (`id_attribute_group`),
  KEY `IDX_DB30BAAC274A50A0` (`id_shop`)
) ENGINE=InnoDB DEFAULT CHARSET=utf8 COLLATE=utf8_unicode_ci;

--
-- Dumping data for table `ps_attribute_group_shop`
--

INSERT INTO `ps_attribute_group_shop` VALUES (1,1),(2,1),(3,1),(4,1),(5,1),(6,1),(7,1),(8,1),(9,1),(10,1);

--
-- Table structure for table `ps_attribute_impact`
--

CREATE TABLE `ps_attribute_impact` (
  `id_attribute_impact` int(10) unsigned NOT NULL AUTO_INCREMENT,
  `id_product` int(11) unsigned NOT NULL,
  `id_attribute` int(11) unsigned NOT NULL,
  `weight` decimal(20,6) NOT NULL,
  `price` decimal(17,2) NOT NULL,
  PRIMARY KEY (`id_attribute_impact`),
  UNIQUE KEY `id_product` (`id_product`,`id_attribute`)
) ENGINE=InnoDB DEFAULT CHARSET=utf8;

--
-- Dumping data for table `ps_attribute_impact`
--


--
-- Table structure for table `ps_attribute_lang`
--

CREATE TABLE `ps_attribute_lang` (
  `id_attribute` int(11) NOT NULL,
  `id_lang` int(11) NOT NULL,
  `name` varchar(128) COLLATE utf8_unicode_ci NOT NULL,
  PRIMARY KEY (`id_attribute`,`id_lang`),
  KEY `IDX_3ABE46A77A4F53DC` (`id_attribute`),
  KEY `IDX_3ABE46A7BA299860` (`id_lang`)
) ENGINE=InnoDB DEFAULT CHARSET=utf8 COLLATE=utf8_unicode_ci;

--
-- Dumping data for table `ps_attribute_lang`
--

INSERT INTO `ps_attribute_lang` VALUES (26,1,'Animaux'),(27,1,'Floral'),(28,1,'Insolite'),(29,1,'Mer'),(30,1,'Noir et Blanc'),(31,1,'Nu'),(32,1,'Paysage'),(33,1,'Portrait'),(34,1,'Scène de vie'),(35,1,'Urbain'),(36,1,'Voyage'),(37,1,'Argenté'),(38,1,'Blanc'),(39,1,'Beige'),(40,1,'Bleu'),(41,1,'Doré'),(42,1,'Gris'),(43,1,'Jaune'),(44,1,'Marron'),(45,1,'Noir'),(46,1,'Orange'),(47,1,'Rose'),(48,1,'Rouge'),(49,1,'Vert'),(50,1,'Violet'),(51,1,'Multicolore'),(52,1,'Aquarelle'),(53,1,'Peinture à l\'huile'),(54,1,'Peinture acrylique'),(55,1,'Technique mixte'),(56,1,'Argile'),(57,1,'Béton'),(58,1,'Bois'),(59,1,'Bronze'),(60,1,'Céramique'),(61,1,'Marbre'),(62,1,'Métal'),(63,1,'Pierre'),(64,1,'Plâtre'),(65,1,'Résine'),(66,1,'Terre cuite'),(67,1,'Verre'),(68,1,'Technique mixte'),(69,1,'Argentique'),(70,1,'Numérique'),(71,1,'Collage'),(72,1,'Dessin'),(73,1,'Encre'),(74,1,'Estampe'),(75,1,'Gravure'),(76,1,'Linogravure'),(77,1,'Lithographie'),(78,1,'Pastel'),(79,1,'Sérigraphie'),(80,1,'Nature morte'),(81,1,'Fantastique'),(82,1,'Architecture'),(83,1,'Graphique'),(84,1,'Icônes'),(85,1,'Mode'),(86,1,'Minimalisme'),(87,1,'Géométrique'),(88,1,'Bandes dessinées'),(89,1,'Cinéma'),(90,1,'Tribal'),(91,1,'Oriental'),(92,1,'Africain'),(93,1,'Asiatique'),(94,1,'Sud américain'),(96,1,'Portrait'),(97,1,'Paysage'),(98,1,'Carré'),(99,1,'Encadré'),(100,1,'Non encadré');

--
-- Table structure for table `ps_attribute_shop`
--

CREATE TABLE `ps_attribute_shop` (
  `id_attribute` int(11) NOT NULL,
  `id_shop` int(11) NOT NULL,
  PRIMARY KEY (`id_attribute`,`id_shop`),
  KEY `IDX_A7DD8E677A4F53DC` (`id_attribute`),
  KEY `IDX_A7DD8E67274A50A0` (`id_shop`)
) ENGINE=InnoDB DEFAULT CHARSET=utf8 COLLATE=utf8_unicode_ci;

--
-- Dumping data for table `ps_attribute_shop`
--

INSERT INTO `ps_attribute_shop` VALUES (26,1),(27,1),(28,1),(29,1),(30,1),(31,1),(32,1),(33,1),(34,1),(35,1),(36,1),(37,1),(38,1),(39,1),(40,1),(41,1),(42,1),(43,1),(44,1),(45,1),(46,1),(47,1),(48,1),(49,1),(50,1),(51,1),(52,1),(53,1),(54,1),(55,1),(56,1),(57,1),(58,1),(59,1),(60,1),(61,1),(62,1),(63,1),(64,1),(65,1),(66,1),(67,1),(68,1),(69,1),(70,1),(71,1),(72,1),(73,1),(74,1),(75,1),(76,1),(77,1),(78,1),(79,1),(80,1),(81,1),(82,1),(83,1),(84,1),(85,1),(86,1),(87,1),(88,1),(89,1),(90,1),(91,1),(92,1),(93,1),(94,1),(96,1),(97,1),(98,1),(99,1),(100,1);

--
-- Table structure for table `ps_authorization_role`
--

CREATE TABLE `ps_authorization_role` (
  `id_authorization_role` int(10) unsigned NOT NULL AUTO_INCREMENT,
  `slug` varchar(255) NOT NULL,
  PRIMARY KEY (`id_authorization_role`),
  UNIQUE KEY `slug` (`slug`)
) ENGINE=InnoDB AUTO_INCREMENT=1365 DEFAULT CHARSET=utf8;

--
-- Dumping data for table `ps_authorization_role`
--

INSERT INTO `ps_authorization_role` VALUES (1073,'ROLE_MOD_MODULE_ARTFREEGDPR_CREATE'),(1076,'ROLE_MOD_MODULE_ARTFREEGDPR_DELETE'),(1074,'ROLE_MOD_MODULE_ARTFREEGDPR_READ'),(1075,'ROLE_MOD_MODULE_ARTFREEGDPR_UPDATE'),(1065,'ROLE_MOD_MODULE_AUTOUPGRADE_CREATE'),(1068,'ROLE_MOD_MODULE_AUTOUPGRADE_DELETE'),(1066,'ROLE_MOD_MODULE_AUTOUPGRADE_READ'),(1067,'ROLE_MOD_MODULE_AUTOUPGRADE_UPDATE'),(1205,'ROLE_MOD_MODULE_BAPRODUCTSCAROUSEL_CREATE'),(1208,'ROLE_MOD_MODULE_BAPRODUCTSCAROUSEL_DELETE'),(1206,'ROLE_MOD_MODULE_BAPRODUCTSCAROUSEL_READ'),(1207,'ROLE_MOD_MODULE_BAPRODUCTSCAROUSEL_UPDATE'),(729,'ROLE_MOD_MODULE_BLOCKREASSURANCE_CREATE'),(732,'ROLE_MOD_MODULE_BLOCKREASSURANCE_DELETE'),(730,'ROLE_MOD_MODULE_BLOCKREASSURANCE_READ'),(731,'ROLE_MOD_MODULE_BLOCKREASSURANCE_UPDATE'),(453,'ROLE_MOD_MODULE_CONTACTFORM_CREATE'),(456,'ROLE_MOD_MODULE_CONTACTFORM_DELETE'),(454,'ROLE_MOD_MODULE_CONTACTFORM_READ'),(455,'ROLE_MOD_MODULE_CONTACTFORM_UPDATE'),(697,'ROLE_MOD_MODULE_CRONJOBS_CREATE'),(700,'ROLE_MOD_MODULE_CRONJOBS_DELETE'),(698,'ROLE_MOD_MODULE_CRONJOBS_READ'),(699,'ROLE_MOD_MODULE_CRONJOBS_UPDATE'),(1285,'ROLE_MOD_MODULE_CRON_CREATE'),(1288,'ROLE_MOD_MODULE_CRON_DELETE'),(1286,'ROLE_MOD_MODULE_CRON_READ'),(1287,'ROLE_MOD_MODULE_CRON_UPDATE'),(737,'ROLE_MOD_MODULE_CUSTOMPRODUCTTABS_CREATE'),(740,'ROLE_MOD_MODULE_CUSTOMPRODUCTTABS_DELETE'),(738,'ROLE_MOD_MODULE_CUSTOMPRODUCTTABS_READ'),(739,'ROLE_MOD_MODULE_CUSTOMPRODUCTTABS_UPDATE'),(457,'ROLE_MOD_MODULE_DASHACTIVITY_CREATE'),(460,'ROLE_MOD_MODULE_DASHACTIVITY_DELETE'),(458,'ROLE_MOD_MODULE_DASHACTIVITY_READ'),(459,'ROLE_MOD_MODULE_DASHACTIVITY_UPDATE'),(469,'ROLE_MOD_MODULE_DASHGOALS_CREATE'),(472,'ROLE_MOD_MODULE_DASHGOALS_DELETE'),(470,'ROLE_MOD_MODULE_DASHGOALS_READ'),(471,'ROLE_MOD_MODULE_DASHGOALS_UPDATE'),(473,'ROLE_MOD_MODULE_DASHPRODUCTS_CREATE'),(476,'ROLE_MOD_MODULE_DASHPRODUCTS_DELETE'),(474,'ROLE_MOD_MODULE_DASHPRODUCTS_READ'),(475,'ROLE_MOD_MODULE_DASHPRODUCTS_UPDATE'),(461,'ROLE_MOD_MODULE_DASHTRENDS_CREATE'),(464,'ROLE_MOD_MODULE_DASHTRENDS_DELETE'),(462,'ROLE_MOD_MODULE_DASHTRENDS_READ'),(463,'ROLE_MOD_MODULE_DASHTRENDS_UPDATE'),(1361,'ROLE_MOD_MODULE_EICAPTCHA_CREATE'),(1364,'ROLE_MOD_MODULE_EICAPTCHA_DELETE'),(1362,'ROLE_MOD_MODULE_EICAPTCHA_READ'),(1363,'ROLE_MOD_MODULE_EICAPTCHA_UPDATE'),(1165,'ROLE_MOD_MODULE_EVERPSROBOTS_CREATE'),(1168,'ROLE_MOD_MODULE_EVERPSROBOTS_DELETE'),(1166,'ROLE_MOD_MODULE_EVERPSROBOTS_READ'),(1167,'ROLE_MOD_MODULE_EVERPSROBOTS_UPDATE'),(693,'ROLE_MOD_MODULE_GAMIFICATION_CREATE'),(696,'ROLE_MOD_MODULE_GAMIFICATION_DELETE'),(694,'ROLE_MOD_MODULE_GAMIFICATION_READ'),(695,'ROLE_MOD_MODULE_GAMIFICATION_UPDATE'),(477,'ROLE_MOD_MODULE_GRAPHNVD3_CREATE'),(480,'ROLE_MOD_MODULE_GRAPHNVD3_DELETE'),(478,'ROLE_MOD_MODULE_GRAPHNVD3_READ'),(479,'ROLE_MOD_MODULE_GRAPHNVD3_UPDATE'),(481,'ROLE_MOD_MODULE_GRIDHTML_CREATE'),(484,'ROLE_MOD_MODULE_GRIDHTML_DELETE'),(482,'ROLE_MOD_MODULE_GRIDHTML_READ'),(483,'ROLE_MOD_MODULE_GRIDHTML_UPDATE'),(485,'ROLE_MOD_MODULE_GSITEMAP_CREATE'),(488,'ROLE_MOD_MODULE_GSITEMAP_DELETE'),(486,'ROLE_MOD_MODULE_GSITEMAP_READ'),(487,'ROLE_MOD_MODULE_GSITEMAP_UPDATE'),(1237,'ROLE_MOD_MODULE_MAILJET_CREATE'),(1240,'ROLE_MOD_MODULE_MAILJET_DELETE'),(1238,'ROLE_MOD_MODULE_MAILJET_READ'),(1239,'ROLE_MOD_MODULE_MAILJET_UPDATE'),(1169,'ROLE_MOD_MODULE_METATAGSGENERATOR_CREATE'),(1172,'ROLE_MOD_MODULE_METATAGSGENERATOR_DELETE'),(1170,'ROLE_MOD_MODULE_METATAGSGENERATOR_READ'),(1171,'ROLE_MOD_MODULE_METATAGSGENERATOR_UPDATE'),(1077,'ROLE_MOD_MODULE_NSQUOTATION_CREATE'),(1080,'ROLE_MOD_MODULE_NSQUOTATION_DELETE'),(1078,'ROLE_MOD_MODULE_NSQUOTATION_READ'),(1079,'ROLE_MOD_MODULE_NSQUOTATION_UPDATE'),(589,'ROLE_MOD_MODULE_PAGESNOTFOUND_CREATE'),(592,'ROLE_MOD_MODULE_PAGESNOTFOUND_DELETE'),(590,'ROLE_MOD_MODULE_PAGESNOTFOUND_READ'),(591,'ROLE_MOD_MODULE_PAGESNOTFOUND_UPDATE'),(1057,'ROLE_MOD_MODULE_PAYPAL_CREATE'),(1060,'ROLE_MOD_MODULE_PAYPAL_DELETE'),(1058,'ROLE_MOD_MODULE_PAYPAL_READ'),(1059,'ROLE_MOD_MODULE_PAYPAL_UPDATE'),(977,'ROLE_MOD_MODULE_PH_SIMPLEBLOG_CREATE'),(980,'ROLE_MOD_MODULE_PH_SIMPLEBLOG_DELETE'),(978,'ROLE_MOD_MODULE_PH_SIMPLEBLOG_READ'),(979,'ROLE_MOD_MODULE_PH_SIMPLEBLOG_UPDATE'),(741,'ROLE_MOD_MODULE_PK_AMP_CREATE'),(744,'ROLE_MOD_MODULE_PK_AMP_DELETE'),(742,'ROLE_MOD_MODULE_PK_AMP_READ'),(743,'ROLE_MOD_MODULE_PK_AMP_UPDATE'),(889,'ROLE_MOD_MODULE_PK_CATEGORIES_CREATE'),(892,'ROLE_MOD_MODULE_PK_CATEGORIES_DELETE'),(890,'ROLE_MOD_MODULE_PK_CATEGORIES_READ'),(891,'ROLE_MOD_MODULE_PK_CATEGORIES_UPDATE'),(745,'ROLE_MOD_MODULE_PK_COMPARE_CREATE'),(748,'ROLE_MOD_MODULE_PK_COMPARE_DELETE'),(746,'ROLE_MOD_MODULE_PK_COMPARE_READ'),(747,'ROLE_MOD_MODULE_PK_COMPARE_UPDATE'),(749,'ROLE_MOD_MODULE_PK_CONTACT_CREATE'),(752,'ROLE_MOD_MODULE_PK_CONTACT_DELETE'),(750,'ROLE_MOD_MODULE_PK_CONTACT_READ'),(751,'ROLE_MOD_MODULE_PK_CONTACT_UPDATE'),(753,'ROLE_MOD_MODULE_PK_CUSTOMLINKS_CREATE'),(756,'ROLE_MOD_MODULE_PK_CUSTOMLINKS_DELETE'),(754,'ROLE_MOD_MODULE_PK_CUSTOMLINKS_READ'),(755,'ROLE_MOD_MODULE_PK_CUSTOMLINKS_UPDATE'),(757,'ROLE_MOD_MODULE_PK_DAILYDEAL_CREATE'),(760,'ROLE_MOD_MODULE_PK_DAILYDEAL_DELETE'),(758,'ROLE_MOD_MODULE_PK_DAILYDEAL_READ'),(759,'ROLE_MOD_MODULE_PK_DAILYDEAL_UPDATE'),(761,'ROLE_MOD_MODULE_PK_EMAILCONTROL_CREATE'),(764,'ROLE_MOD_MODULE_PK_EMAILCONTROL_DELETE'),(762,'ROLE_MOD_MODULE_PK_EMAILCONTROL_READ'),(763,'ROLE_MOD_MODULE_PK_EMAILCONTROL_UPDATE'),(957,'ROLE_MOD_MODULE_PK_FACEBOOKCHAT_CREATE'),(960,'ROLE_MOD_MODULE_PK_FACEBOOKCHAT_DELETE'),(958,'ROLE_MOD_MODULE_PK_FACEBOOKCHAT_READ'),(959,'ROLE_MOD_MODULE_PK_FACEBOOKCHAT_UPDATE'),(765,'ROLE_MOD_MODULE_PK_FACEBOOKCOMMENTS_CREATE'),(768,'ROLE_MOD_MODULE_PK_FACEBOOKCOMMENTS_DELETE'),(766,'ROLE_MOD_MODULE_PK_FACEBOOKCOMMENTS_READ'),(767,'ROLE_MOD_MODULE_PK_FACEBOOKCOMMENTS_UPDATE'),(769,'ROLE_MOD_MODULE_PK_FACEBOOKCONNECT_CREATE'),(772,'ROLE_MOD_MODULE_PK_FACEBOOKCONNECT_DELETE'),(770,'ROLE_MOD_MODULE_PK_FACEBOOKCONNECT_READ'),(771,'ROLE_MOD_MODULE_PK_FACEBOOKCONNECT_UPDATE'),(893,'ROLE_MOD_MODULE_PK_FAVORITES_CREATE'),(896,'ROLE_MOD_MODULE_PK_FAVORITES_DELETE'),(894,'ROLE_MOD_MODULE_PK_FAVORITES_READ'),(895,'ROLE_MOD_MODULE_PK_FAVORITES_UPDATE'),(897,'ROLE_MOD_MODULE_PK_FULLPAGESLIDER_CREATE'),(900,'ROLE_MOD_MODULE_PK_FULLPAGESLIDER_DELETE'),(898,'ROLE_MOD_MODULE_PK_FULLPAGESLIDER_READ'),(899,'ROLE_MOD_MODULE_PK_FULLPAGESLIDER_UPDATE'),(901,'ROLE_MOD_MODULE_PK_INFINITESCROLL_CREATE'),(904,'ROLE_MOD_MODULE_PK_INFINITESCROLL_DELETE'),(902,'ROLE_MOD_MODULE_PK_INFINITESCROLL_READ'),(903,'ROLE_MOD_MODULE_PK_INFINITESCROLL_UPDATE'),(905,'ROLE_MOD_MODULE_PK_INSTAFEED_CREATE'),(908,'ROLE_MOD_MODULE_PK_INSTAFEED_DELETE'),(906,'ROLE_MOD_MODULE_PK_INSTAFEED_READ'),(907,'ROLE_MOD_MODULE_PK_INSTAFEED_UPDATE'),(773,'ROLE_MOD_MODULE_PK_ISOTOPE_CREATE'),(776,'ROLE_MOD_MODULE_PK_ISOTOPE_DELETE'),(774,'ROLE_MOD_MODULE_PK_ISOTOPE_READ'),(775,'ROLE_MOD_MODULE_PK_ISOTOPE_UPDATE'),(777,'ROLE_MOD_MODULE_PK_LOOKBOOK_CREATE'),(780,'ROLE_MOD_MODULE_PK_LOOKBOOK_DELETE'),(778,'ROLE_MOD_MODULE_PK_LOOKBOOK_READ'),(779,'ROLE_MOD_MODULE_PK_LOOKBOOK_UPDATE'),(909,'ROLE_MOD_MODULE_PK_MANUFACTURERS_CREATE'),(912,'ROLE_MOD_MODULE_PK_MANUFACTURERS_DELETE'),(910,'ROLE_MOD_MODULE_PK_MANUFACTURERS_READ'),(911,'ROLE_MOD_MODULE_PK_MANUFACTURERS_UPDATE'),(781,'ROLE_MOD_MODULE_PK_MENU_CREATE'),(784,'ROLE_MOD_MODULE_PK_MENU_DELETE'),(782,'ROLE_MOD_MODULE_PK_MENU_READ'),(783,'ROLE_MOD_MODULE_PK_MENU_UPDATE'),(1325,'ROLE_MOD_MODULE_PK_POPUP_CREATE'),(1328,'ROLE_MOD_MODULE_PK_POPUP_DELETE'),(1326,'ROLE_MOD_MODULE_PK_POPUP_READ'),(1327,'ROLE_MOD_MODULE_PK_POPUP_UPDATE'),(797,'ROLE_MOD_MODULE_PK_PRODUCTS_CREATE'),(800,'ROLE_MOD_MODULE_PK_PRODUCTS_DELETE'),(798,'ROLE_MOD_MODULE_PK_PRODUCTS_READ'),(799,'ROLE_MOD_MODULE_PK_PRODUCTS_UPDATE'),(885,'ROLE_MOD_MODULE_PK_PURECHAT_CREATE'),(888,'ROLE_MOD_MODULE_PK_PURECHAT_DELETE'),(886,'ROLE_MOD_MODULE_PK_PURECHAT_READ'),(887,'ROLE_MOD_MODULE_PK_PURECHAT_UPDATE'),(913,'ROLE_MOD_MODULE_PK_SIZEGUIDE_CREATE'),(916,'ROLE_MOD_MODULE_PK_SIZEGUIDE_DELETE'),(914,'ROLE_MOD_MODULE_PK_SIZEGUIDE_READ'),(915,'ROLE_MOD_MODULE_PK_SIZEGUIDE_UPDATE'),(801,'ROLE_MOD_MODULE_PK_TESTIMONIALS_CREATE'),(804,'ROLE_MOD_MODULE_PK_TESTIMONIALS_DELETE'),(802,'ROLE_MOD_MODULE_PK_TESTIMONIALS_READ'),(803,'ROLE_MOD_MODULE_PK_TESTIMONIALS_UPDATE'),(805,'ROLE_MOD_MODULE_PK_TEXTBLOCK_CREATE'),(808,'ROLE_MOD_MODULE_PK_TEXTBLOCK_DELETE'),(806,'ROLE_MOD_MODULE_PK_TEXTBLOCK_READ'),(807,'ROLE_MOD_MODULE_PK_TEXTBLOCK_UPDATE'),(969,'ROLE_MOD_MODULE_PK_THEMESETTINGS_CREATE'),(972,'ROLE_MOD_MODULE_PK_THEMESETTINGS_DELETE'),(970,'ROLE_MOD_MODULE_PK_THEMESETTINGS_READ'),(971,'ROLE_MOD_MODULE_PK_THEMESETTINGS_UPDATE'),(817,'ROLE_MOD_MODULE_PK_TWITTER_CREATE'),(820,'ROLE_MOD_MODULE_PK_TWITTER_DELETE'),(818,'ROLE_MOD_MODULE_PK_TWITTER_READ'),(819,'ROLE_MOD_MODULE_PK_TWITTER_UPDATE'),(921,'ROLE_MOD_MODULE_PK_WISHLIST_CREATE'),(924,'ROLE_MOD_MODULE_PK_WISHLIST_DELETE'),(922,'ROLE_MOD_MODULE_PK_WISHLIST_READ'),(923,'ROLE_MOD_MODULE_PK_WISHLIST_UPDATE'),(821,'ROLE_MOD_MODULE_PRODUCTCOMMENTS_CREATE'),(824,'ROLE_MOD_MODULE_PRODUCTCOMMENTS_DELETE'),(822,'ROLE_MOD_MODULE_PRODUCTCOMMENTS_READ'),(823,'ROLE_MOD_MODULE_PRODUCTCOMMENTS_UPDATE'),(705,'ROLE_MOD_MODULE_PSADDONSCONNECT_CREATE'),(708,'ROLE_MOD_MODULE_PSADDONSCONNECT_DELETE'),(706,'ROLE_MOD_MODULE_PSADDONSCONNECT_READ'),(707,'ROLE_MOD_MODULE_PSADDONSCONNECT_UPDATE'),(733,'ROLE_MOD_MODULE_PSCLEANER_CREATE'),(736,'ROLE_MOD_MODULE_PSCLEANER_DELETE'),(734,'ROLE_MOD_MODULE_PSCLEANER_READ'),(735,'ROLE_MOD_MODULE_PSCLEANER_UPDATE'),(1005,'ROLE_MOD_MODULE_PSPAGEBUILDER_CREATE'),(1008,'ROLE_MOD_MODULE_PSPAGEBUILDER_DELETE'),(1006,'ROLE_MOD_MODULE_PSPAGEBUILDER_READ'),(1007,'ROLE_MOD_MODULE_PSPAGEBUILDER_UPDATE'),(489,'ROLE_MOD_MODULE_PS_BANNER_CREATE'),(492,'ROLE_MOD_MODULE_PS_BANNER_DELETE'),(490,'ROLE_MOD_MODULE_PS_BANNER_READ'),(491,'ROLE_MOD_MODULE_PS_BANNER_UPDATE'),(721,'ROLE_MOD_MODULE_PS_BUYBUTTONLITE_CREATE'),(724,'ROLE_MOD_MODULE_PS_BUYBUTTONLITE_DELETE'),(722,'ROLE_MOD_MODULE_PS_BUYBUTTONLITE_READ'),(723,'ROLE_MOD_MODULE_PS_BUYBUTTONLITE_UPDATE'),(953,'ROLE_MOD_MODULE_PS_CATEGORYPRODUCTS_CREATE'),(956,'ROLE_MOD_MODULE_PS_CATEGORYPRODUCTS_DELETE'),(954,'ROLE_MOD_MODULE_PS_CATEGORYPRODUCTS_READ'),(955,'ROLE_MOD_MODULE_PS_CATEGORYPRODUCTS_UPDATE'),(493,'ROLE_MOD_MODULE_PS_CATEGORYTREE_CREATE'),(496,'ROLE_MOD_MODULE_PS_CATEGORYTREE_DELETE'),(494,'ROLE_MOD_MODULE_PS_CATEGORYTREE_READ'),(495,'ROLE_MOD_MODULE_PS_CATEGORYTREE_UPDATE'),(1177,'ROLE_MOD_MODULE_PS_CHECKOUT_CREATE'),(1180,'ROLE_MOD_MODULE_PS_CHECKOUT_DELETE'),(1178,'ROLE_MOD_MODULE_PS_CHECKOUT_READ'),(1179,'ROLE_MOD_MODULE_PS_CHECKOUT_UPDATE'),(497,'ROLE_MOD_MODULE_PS_CHECKPAYMENT_CREATE'),(500,'ROLE_MOD_MODULE_PS_CHECKPAYMENT_DELETE'),(498,'ROLE_MOD_MODULE_PS_CHECKPAYMENT_READ'),(499,'ROLE_MOD_MODULE_PS_CHECKPAYMENT_UPDATE'),(501,'ROLE_MOD_MODULE_PS_CONTACTINFO_CREATE'),(504,'ROLE_MOD_MODULE_PS_CONTACTINFO_DELETE'),(502,'ROLE_MOD_MODULE_PS_CONTACTINFO_READ'),(503,'ROLE_MOD_MODULE_PS_CONTACTINFO_UPDATE'),(505,'ROLE_MOD_MODULE_PS_CURRENCYSELECTOR_CREATE'),(508,'ROLE_MOD_MODULE_PS_CURRENCYSELECTOR_DELETE'),(506,'ROLE_MOD_MODULE_PS_CURRENCYSELECTOR_READ'),(507,'ROLE_MOD_MODULE_PS_CURRENCYSELECTOR_UPDATE'),(509,'ROLE_MOD_MODULE_PS_CUSTOMERACCOUNTLINKS_CREATE'),(512,'ROLE_MOD_MODULE_PS_CUSTOMERACCOUNTLINKS_DELETE'),(510,'ROLE_MOD_MODULE_PS_CUSTOMERACCOUNTLINKS_READ'),(511,'ROLE_MOD_MODULE_PS_CUSTOMERACCOUNTLINKS_UPDATE'),(513,'ROLE_MOD_MODULE_PS_CUSTOMERSIGNIN_CREATE'),(516,'ROLE_MOD_MODULE_PS_CUSTOMERSIGNIN_DELETE'),(514,'ROLE_MOD_MODULE_PS_CUSTOMERSIGNIN_READ'),(515,'ROLE_MOD_MODULE_PS_CUSTOMERSIGNIN_UPDATE'),(517,'ROLE_MOD_MODULE_PS_CUSTOMTEXT_CREATE'),(520,'ROLE_MOD_MODULE_PS_CUSTOMTEXT_DELETE'),(518,'ROLE_MOD_MODULE_PS_CUSTOMTEXT_READ'),(519,'ROLE_MOD_MODULE_PS_CUSTOMTEXT_UPDATE'),(521,'ROLE_MOD_MODULE_PS_EMAILSUBSCRIPTION_CREATE'),(524,'ROLE_MOD_MODULE_PS_EMAILSUBSCRIPTION_DELETE'),(522,'ROLE_MOD_MODULE_PS_EMAILSUBSCRIPTION_READ'),(523,'ROLE_MOD_MODULE_PS_EMAILSUBSCRIPTION_UPDATE'),(525,'ROLE_MOD_MODULE_PS_FACETEDSEARCH_CREATE'),(528,'ROLE_MOD_MODULE_PS_FACETEDSEARCH_DELETE'),(526,'ROLE_MOD_MODULE_PS_FACETEDSEARCH_READ'),(527,'ROLE_MOD_MODULE_PS_FACETEDSEARCH_UPDATE'),(529,'ROLE_MOD_MODULE_PS_FEATUREDPRODUCTS_CREATE'),(532,'ROLE_MOD_MODULE_PS_FEATUREDPRODUCTS_DELETE'),(530,'ROLE_MOD_MODULE_PS_FEATUREDPRODUCTS_READ'),(531,'ROLE_MOD_MODULE_PS_FEATUREDPRODUCTS_UPDATE'),(1069,'ROLE_MOD_MODULE_PS_GOOGLEANALYTICS_CREATE'),(1072,'ROLE_MOD_MODULE_PS_GOOGLEANALYTICS_DELETE'),(1070,'ROLE_MOD_MODULE_PS_GOOGLEANALYTICS_READ'),(1071,'ROLE_MOD_MODULE_PS_GOOGLEANALYTICS_UPDATE'),(533,'ROLE_MOD_MODULE_PS_IMAGESLIDER_CREATE'),(536,'ROLE_MOD_MODULE_PS_IMAGESLIDER_DELETE'),(534,'ROLE_MOD_MODULE_PS_IMAGESLIDER_READ'),(535,'ROLE_MOD_MODULE_PS_IMAGESLIDER_UPDATE'),(537,'ROLE_MOD_MODULE_PS_LANGUAGESELECTOR_CREATE'),(540,'ROLE_MOD_MODULE_PS_LANGUAGESELECTOR_DELETE'),(538,'ROLE_MOD_MODULE_PS_LANGUAGESELECTOR_READ'),(539,'ROLE_MOD_MODULE_PS_LANGUAGESELECTOR_UPDATE'),(541,'ROLE_MOD_MODULE_PS_LINKLIST_CREATE'),(544,'ROLE_MOD_MODULE_PS_LINKLIST_DELETE'),(542,'ROLE_MOD_MODULE_PS_LINKLIST_READ'),(543,'ROLE_MOD_MODULE_PS_LINKLIST_UPDATE'),(549,'ROLE_MOD_MODULE_PS_MAINMENU_CREATE'),(552,'ROLE_MOD_MODULE_PS_MAINMENU_DELETE'),(550,'ROLE_MOD_MODULE_PS_MAINMENU_READ'),(551,'ROLE_MOD_MODULE_PS_MAINMENU_UPDATE'),(709,'ROLE_MOD_MODULE_PS_MBO_CREATE'),(712,'ROLE_MOD_MODULE_PS_MBO_DELETE'),(710,'ROLE_MOD_MODULE_PS_MBO_READ'),(711,'ROLE_MOD_MODULE_PS_MBO_UPDATE'),(553,'ROLE_MOD_MODULE_PS_SEARCHBAR_CREATE'),(556,'ROLE_MOD_MODULE_PS_SEARCHBAR_DELETE'),(554,'ROLE_MOD_MODULE_PS_SEARCHBAR_READ'),(555,'ROLE_MOD_MODULE_PS_SEARCHBAR_UPDATE'),(557,'ROLE_MOD_MODULE_PS_SHAREBUTTONS_CREATE'),(560,'ROLE_MOD_MODULE_PS_SHAREBUTTONS_DELETE'),(558,'ROLE_MOD_MODULE_PS_SHAREBUTTONS_READ'),(559,'ROLE_MOD_MODULE_PS_SHAREBUTTONS_UPDATE'),(561,'ROLE_MOD_MODULE_PS_SHOPPINGCART_CREATE'),(564,'ROLE_MOD_MODULE_PS_SHOPPINGCART_DELETE'),(562,'ROLE_MOD_MODULE_PS_SHOPPINGCART_READ'),(563,'ROLE_MOD_MODULE_PS_SHOPPINGCART_UPDATE'),(565,'ROLE_MOD_MODULE_PS_SOCIALFOLLOW_CREATE'),(568,'ROLE_MOD_MODULE_PS_SOCIALFOLLOW_DELETE'),(566,'ROLE_MOD_MODULE_PS_SOCIALFOLLOW_READ'),(567,'ROLE_MOD_MODULE_PS_SOCIALFOLLOW_UPDATE'),(569,'ROLE_MOD_MODULE_PS_THEMECUSTO_CREATE'),(572,'ROLE_MOD_MODULE_PS_THEMECUSTO_DELETE'),(570,'ROLE_MOD_MODULE_PS_THEMECUSTO_READ'),(571,'ROLE_MOD_MODULE_PS_THEMECUSTO_UPDATE'),(585,'ROLE_MOD_MODULE_PS_WIREPAYMENT_CREATE'),(588,'ROLE_MOD_MODULE_PS_WIREPAYMENT_DELETE'),(586,'ROLE_MOD_MODULE_PS_WIREPAYMENT_READ'),(587,'ROLE_MOD_MODULE_PS_WIREPAYMENT_UPDATE'),(1037,'ROLE_MOD_MODULE_REVSLIDERPRESTASHOP_CREATE'),(1040,'ROLE_MOD_MODULE_REVSLIDERPRESTASHOP_DELETE'),(1038,'ROLE_MOD_MODULE_REVSLIDERPRESTASHOP_READ'),(1039,'ROLE_MOD_MODULE_REVSLIDERPRESTASHOP_UPDATE'),(593,'ROLE_MOD_MODULE_SEKEYWORDS_CREATE'),(596,'ROLE_MOD_MODULE_SEKEYWORDS_DELETE'),(594,'ROLE_MOD_MODULE_SEKEYWORDS_READ'),(595,'ROLE_MOD_MODULE_SEKEYWORDS_UPDATE'),(597,'ROLE_MOD_MODULE_STATSBESTCATEGORIES_CREATE'),(600,'ROLE_MOD_MODULE_STATSBESTCATEGORIES_DELETE'),(598,'ROLE_MOD_MODULE_STATSBESTCATEGORIES_READ'),(599,'ROLE_MOD_MODULE_STATSBESTCATEGORIES_UPDATE'),(601,'ROLE_MOD_MODULE_STATSBESTCUSTOMERS_CREATE'),(604,'ROLE_MOD_MODULE_STATSBESTCUSTOMERS_DELETE'),(602,'ROLE_MOD_MODULE_STATSBESTCUSTOMERS_READ'),(603,'ROLE_MOD_MODULE_STATSBESTCUSTOMERS_UPDATE'),(605,'ROLE_MOD_MODULE_STATSBESTPRODUCTS_CREATE'),(608,'ROLE_MOD_MODULE_STATSBESTPRODUCTS_DELETE'),(606,'ROLE_MOD_MODULE_STATSBESTPRODUCTS_READ'),(607,'ROLE_MOD_MODULE_STATSBESTPRODUCTS_UPDATE'),(609,'ROLE_MOD_MODULE_STATSBESTSUPPLIERS_CREATE'),(612,'ROLE_MOD_MODULE_STATSBESTSUPPLIERS_DELETE'),(610,'ROLE_MOD_MODULE_STATSBESTSUPPLIERS_READ'),(611,'ROLE_MOD_MODULE_STATSBESTSUPPLIERS_UPDATE'),(613,'ROLE_MOD_MODULE_STATSBESTVOUCHERS_CREATE'),(616,'ROLE_MOD_MODULE_STATSBESTVOUCHERS_DELETE'),(614,'ROLE_MOD_MODULE_STATSBESTVOUCHERS_READ'),(615,'ROLE_MOD_MODULE_STATSBESTVOUCHERS_UPDATE'),(617,'ROLE_MOD_MODULE_STATSCARRIER_CREATE'),(620,'ROLE_MOD_MODULE_STATSCARRIER_DELETE'),(618,'ROLE_MOD_MODULE_STATSCARRIER_READ'),(619,'ROLE_MOD_MODULE_STATSCARRIER_UPDATE'),(621,'ROLE_MOD_MODULE_STATSCATALOG_CREATE'),(624,'ROLE_MOD_MODULE_STATSCATALOG_DELETE'),(622,'ROLE_MOD_MODULE_STATSCATALOG_READ'),(623,'ROLE_MOD_MODULE_STATSCATALOG_UPDATE'),(625,'ROLE_MOD_MODULE_STATSCHECKUP_CREATE'),(628,'ROLE_MOD_MODULE_STATSCHECKUP_DELETE'),(626,'ROLE_MOD_MODULE_STATSCHECKUP_READ'),(627,'ROLE_MOD_MODULE_STATSCHECKUP_UPDATE'),(629,'ROLE_MOD_MODULE_STATSDATA_CREATE'),(632,'ROLE_MOD_MODULE_STATSDATA_DELETE'),(630,'ROLE_MOD_MODULE_STATSDATA_READ'),(631,'ROLE_MOD_MODULE_STATSDATA_UPDATE'),(633,'ROLE_MOD_MODULE_STATSEQUIPMENT_CREATE'),(636,'ROLE_MOD_MODULE_STATSEQUIPMENT_DELETE'),(634,'ROLE_MOD_MODULE_STATSEQUIPMENT_READ'),(635,'ROLE_MOD_MODULE_STATSEQUIPMENT_UPDATE'),(637,'ROLE_MOD_MODULE_STATSFORECAST_CREATE'),(640,'ROLE_MOD_MODULE_STATSFORECAST_DELETE'),(638,'ROLE_MOD_MODULE_STATSFORECAST_READ'),(639,'ROLE_MOD_MODULE_STATSFORECAST_UPDATE'),(641,'ROLE_MOD_MODULE_STATSLIVE_CREATE'),(644,'ROLE_MOD_MODULE_STATSLIVE_DELETE'),(642,'ROLE_MOD_MODULE_STATSLIVE_READ'),(643,'ROLE_MOD_MODULE_STATSLIVE_UPDATE'),(645,'ROLE_MOD_MODULE_STATSNEWSLETTER_CREATE'),(648,'ROLE_MOD_MODULE_STATSNEWSLETTER_DELETE'),(646,'ROLE_MOD_MODULE_STATSNEWSLETTER_READ'),(647,'ROLE_MOD_MODULE_STATSNEWSLETTER_UPDATE'),(649,'ROLE_MOD_MODULE_STATSORIGIN_CREATE'),(652,'ROLE_MOD_MODULE_STATSORIGIN_DELETE'),(650,'ROLE_MOD_MODULE_STATSORIGIN_READ'),(651,'ROLE_MOD_MODULE_STATSORIGIN_UPDATE'),(653,'ROLE_MOD_MODULE_STATSPERSONALINFOS_CREATE'),(656,'ROLE_MOD_MODULE_STATSPERSONALINFOS_DELETE'),(654,'ROLE_MOD_MODULE_STATSPERSONALINFOS_READ'),(655,'ROLE_MOD_MODULE_STATSPERSONALINFOS_UPDATE'),(657,'ROLE_MOD_MODULE_STATSPRODUCT_CREATE'),(660,'ROLE_MOD_MODULE_STATSPRODUCT_DELETE'),(658,'ROLE_MOD_MODULE_STATSPRODUCT_READ'),(659,'ROLE_MOD_MODULE_STATSPRODUCT_UPDATE'),(661,'ROLE_MOD_MODULE_STATSREGISTRATIONS_CREATE'),(664,'ROLE_MOD_MODULE_STATSREGISTRATIONS_DELETE'),(662,'ROLE_MOD_MODULE_STATSREGISTRATIONS_READ'),(663,'ROLE_MOD_MODULE_STATSREGISTRATIONS_UPDATE'),(665,'ROLE_MOD_MODULE_STATSSALES_CREATE'),(668,'ROLE_MOD_MODULE_STATSSALES_DELETE'),(666,'ROLE_MOD_MODULE_STATSSALES_READ'),(667,'ROLE_MOD_MODULE_STATSSALES_UPDATE'),(669,'ROLE_MOD_MODULE_STATSSEARCH_CREATE'),(672,'ROLE_MOD_MODULE_STATSSEARCH_DELETE'),(670,'ROLE_MOD_MODULE_STATSSEARCH_READ'),(671,'ROLE_MOD_MODULE_STATSSEARCH_UPDATE'),(673,'ROLE_MOD_MODULE_STATSSTOCK_CREATE'),(676,'ROLE_MOD_MODULE_STATSSTOCK_DELETE'),(674,'ROLE_MOD_MODULE_STATSSTOCK_READ'),(675,'ROLE_MOD_MODULE_STATSSTOCK_UPDATE'),(677,'ROLE_MOD_MODULE_STATSVISITS_CREATE'),(680,'ROLE_MOD_MODULE_STATSVISITS_DELETE'),(678,'ROLE_MOD_MODULE_STATSVISITS_READ'),(679,'ROLE_MOD_MODULE_STATSVISITS_UPDATE'),(681,'ROLE_MOD_MODULE_WELCOME_CREATE'),(684,'ROLE_MOD_MODULE_WELCOME_DELETE'),(682,'ROLE_MOD_MODULE_WELCOME_READ'),(683,'ROLE_MOD_MODULE_WELCOME_UPDATE'),(1,'ROLE_MOD_TAB_ADMINACCESS_CREATE'),(4,'ROLE_MOD_TAB_ADMINACCESS_DELETE'),(2,'ROLE_MOD_TAB_ADMINACCESS_READ'),(3,'ROLE_MOD_TAB_ADMINACCESS_UPDATE'),(5,'ROLE_MOD_TAB_ADMINADDONSCATALOG_CREATE'),(8,'ROLE_MOD_TAB_ADMINADDONSCATALOG_DELETE'),(6,'ROLE_MOD_TAB_ADMINADDONSCATALOG_READ'),(7,'ROLE_MOD_TAB_ADMINADDONSCATALOG_UPDATE'),(9,'ROLE_MOD_TAB_ADMINADDRESSES_CREATE'),(12,'ROLE_MOD_TAB_ADMINADDRESSES_DELETE'),(10,'ROLE_MOD_TAB_ADMINADDRESSES_READ'),(11,'ROLE_MOD_TAB_ADMINADDRESSES_UPDATE'),(13,'ROLE_MOD_TAB_ADMINADMINPREFERENCES_CREATE'),(16,'ROLE_MOD_TAB_ADMINADMINPREFERENCES_DELETE'),(14,'ROLE_MOD_TAB_ADMINADMINPREFERENCES_READ'),(15,'ROLE_MOD_TAB_ADMINADMINPREFERENCES_UPDATE'),(17,'ROLE_MOD_TAB_ADMINADVANCEDPARAMETERS_CREATE'),(20,'ROLE_MOD_TAB_ADMINADVANCEDPARAMETERS_DELETE'),(18,'ROLE_MOD_TAB_ADMINADVANCEDPARAMETERS_READ'),(19,'ROLE_MOD_TAB_ADMINADVANCEDPARAMETERS_UPDATE'),(1181,'ROLE_MOD_TAB_ADMINAJAXPRESTASHOPCHECKOUT_CREATE'),(1184,'ROLE_MOD_TAB_ADMINAJAXPRESTASHOPCHECKOUT_DELETE'),(1182,'ROLE_MOD_TAB_ADMINAJAXPRESTASHOPCHECKOUT_READ'),(1183,'ROLE_MOD_TAB_ADMINAJAXPRESTASHOPCHECKOUT_UPDATE'),(725,'ROLE_MOD_TAB_ADMINAJAXPS_BUYBUTTONLITE_CREATE'),(728,'ROLE_MOD_TAB_ADMINAJAXPS_BUYBUTTONLITE_DELETE'),(726,'ROLE_MOD_TAB_ADMINAJAXPS_BUYBUTTONLITE_READ'),(727,'ROLE_MOD_TAB_ADMINAJAXPS_BUYBUTTONLITE_UPDATE'),(21,'ROLE_MOD_TAB_ADMINATTACHMENTS_CREATE'),(24,'ROLE_MOD_TAB_ADMINATTACHMENTS_DELETE'),(22,'ROLE_MOD_TAB_ADMINATTACHMENTS_READ'),(23,'ROLE_MOD_TAB_ADMINATTACHMENTS_UPDATE'),(25,'ROLE_MOD_TAB_ADMINATTRIBUTESGROUPS_CREATE'),(28,'ROLE_MOD_TAB_ADMINATTRIBUTESGROUPS_DELETE'),(26,'ROLE_MOD_TAB_ADMINATTRIBUTESGROUPS_READ'),(27,'ROLE_MOD_TAB_ADMINATTRIBUTESGROUPS_UPDATE'),(29,'ROLE_MOD_TAB_ADMINBACKUP_CREATE'),(32,'ROLE_MOD_TAB_ADMINBACKUP_DELETE'),(30,'ROLE_MOD_TAB_ADMINBACKUP_READ'),(31,'ROLE_MOD_TAB_ADMINBACKUP_UPDATE'),(1173,'ROLE_MOD_TAB_ADMINBLOCKLISTING_CREATE'),(1176,'ROLE_MOD_TAB_ADMINBLOCKLISTING_DELETE'),(1174,'ROLE_MOD_TAB_ADMINBLOCKLISTING_READ'),(1175,'ROLE_MOD_TAB_ADMINBLOCKLISTING_UPDATE'),(33,'ROLE_MOD_TAB_ADMINCARRIERS_CREATE'),(36,'ROLE_MOD_TAB_ADMINCARRIERS_DELETE'),(34,'ROLE_MOD_TAB_ADMINCARRIERS_READ'),(35,'ROLE_MOD_TAB_ADMINCARRIERS_UPDATE'),(37,'ROLE_MOD_TAB_ADMINCARTRULES_CREATE'),(40,'ROLE_MOD_TAB_ADMINCARTRULES_DELETE'),(38,'ROLE_MOD_TAB_ADMINCARTRULES_READ'),(39,'ROLE_MOD_TAB_ADMINCARTRULES_UPDATE'),(41,'ROLE_MOD_TAB_ADMINCARTS_CREATE'),(44,'ROLE_MOD_TAB_ADMINCARTS_DELETE'),(42,'ROLE_MOD_TAB_ADMINCARTS_READ'),(43,'ROLE_MOD_TAB_ADMINCARTS_UPDATE'),(45,'ROLE_MOD_TAB_ADMINCATALOG_CREATE'),(48,'ROLE_MOD_TAB_ADMINCATALOG_DELETE'),(46,'ROLE_MOD_TAB_ADMINCATALOG_READ'),(47,'ROLE_MOD_TAB_ADMINCATALOG_UPDATE'),(49,'ROLE_MOD_TAB_ADMINCATEGORIES_CREATE'),(52,'ROLE_MOD_TAB_ADMINCATEGORIES_DELETE'),(50,'ROLE_MOD_TAB_ADMINCATEGORIES_READ'),(51,'ROLE_MOD_TAB_ADMINCATEGORIES_UPDATE'),(53,'ROLE_MOD_TAB_ADMINCMSCONTENT_CREATE'),(56,'ROLE_MOD_TAB_ADMINCMSCONTENT_DELETE'),(54,'ROLE_MOD_TAB_ADMINCMSCONTENT_READ'),(55,'ROLE_MOD_TAB_ADMINCMSCONTENT_UPDATE'),(57,'ROLE_MOD_TAB_ADMINCONTACTS_CREATE'),(60,'ROLE_MOD_TAB_ADMINCONTACTS_DELETE'),(58,'ROLE_MOD_TAB_ADMINCONTACTS_READ'),(59,'ROLE_MOD_TAB_ADMINCONTACTS_UPDATE'),(61,'ROLE_MOD_TAB_ADMINCOUNTRIES_CREATE'),(64,'ROLE_MOD_TAB_ADMINCOUNTRIES_DELETE'),(62,'ROLE_MOD_TAB_ADMINCOUNTRIES_READ'),(63,'ROLE_MOD_TAB_ADMINCOUNTRIES_UPDATE'),(701,'ROLE_MOD_TAB_ADMINCRONJOBS_CREATE'),(704,'ROLE_MOD_TAB_ADMINCRONJOBS_DELETE'),(702,'ROLE_MOD_TAB_ADMINCRONJOBS_READ'),(703,'ROLE_MOD_TAB_ADMINCRONJOBS_UPDATE'),(65,'ROLE_MOD_TAB_ADMINCURRENCIES_CREATE'),(68,'ROLE_MOD_TAB_ADMINCURRENCIES_DELETE'),(66,'ROLE_MOD_TAB_ADMINCURRENCIES_READ'),(67,'ROLE_MOD_TAB_ADMINCURRENCIES_UPDATE'),(69,'ROLE_MOD_TAB_ADMINCUSTOMERPREFERENCES_CREATE'),(72,'ROLE_MOD_TAB_ADMINCUSTOMERPREFERENCES_DELETE'),(70,'ROLE_MOD_TAB_ADMINCUSTOMERPREFERENCES_READ'),(71,'ROLE_MOD_TAB_ADMINCUSTOMERPREFERENCES_UPDATE'),(73,'ROLE_MOD_TAB_ADMINCUSTOMERS_CREATE'),(76,'ROLE_MOD_TAB_ADMINCUSTOMERS_DELETE'),(74,'ROLE_MOD_TAB_ADMINCUSTOMERS_READ'),(75,'ROLE_MOD_TAB_ADMINCUSTOMERS_UPDATE'),(77,'ROLE_MOD_TAB_ADMINCUSTOMERTHREADS_CREATE'),(80,'ROLE_MOD_TAB_ADMINCUSTOMERTHREADS_DELETE'),(78,'ROLE_MOD_TAB_ADMINCUSTOMERTHREADS_READ'),(79,'ROLE_MOD_TAB_ADMINCUSTOMERTHREADS_UPDATE'),(81,'ROLE_MOD_TAB_ADMINDASHBOARD_CREATE'),(84,'ROLE_MOD_TAB_ADMINDASHBOARD_DELETE'),(82,'ROLE_MOD_TAB_ADMINDASHBOARD_READ'),(83,'ROLE_MOD_TAB_ADMINDASHBOARD_UPDATE'),(465,'ROLE_MOD_TAB_ADMINDASHGOALS_CREATE'),(468,'ROLE_MOD_TAB_ADMINDASHGOALS_DELETE'),(466,'ROLE_MOD_TAB_ADMINDASHGOALS_READ'),(467,'ROLE_MOD_TAB_ADMINDASHGOALS_UPDATE'),(85,'ROLE_MOD_TAB_ADMINDELIVERYSLIP_CREATE'),(88,'ROLE_MOD_TAB_ADMINDELIVERYSLIP_DELETE'),(86,'ROLE_MOD_TAB_ADMINDELIVERYSLIP_READ'),(87,'ROLE_MOD_TAB_ADMINDELIVERYSLIP_UPDATE'),(89,'ROLE_MOD_TAB_ADMINEMAILS_CREATE'),(92,'ROLE_MOD_TAB_ADMINEMAILS_DELETE'),(90,'ROLE_MOD_TAB_ADMINEMAILS_READ'),(91,'ROLE_MOD_TAB_ADMINEMAILS_UPDATE'),(93,'ROLE_MOD_TAB_ADMINEMPLOYEES_CREATE'),(96,'ROLE_MOD_TAB_ADMINEMPLOYEES_DELETE'),(94,'ROLE_MOD_TAB_ADMINEMPLOYEES_READ'),(95,'ROLE_MOD_TAB_ADMINEMPLOYEES_UPDATE'),(97,'ROLE_MOD_TAB_ADMINFEATURES_CREATE'),(100,'ROLE_MOD_TAB_ADMINFEATURES_DELETE'),(98,'ROLE_MOD_TAB_ADMINFEATURES_READ'),(99,'ROLE_MOD_TAB_ADMINFEATURES_UPDATE'),(689,'ROLE_MOD_TAB_ADMINGAMIFICATION_CREATE'),(692,'ROLE_MOD_TAB_ADMINGAMIFICATION_DELETE'),(690,'ROLE_MOD_TAB_ADMINGAMIFICATION_READ'),(691,'ROLE_MOD_TAB_ADMINGAMIFICATION_UPDATE'),(101,'ROLE_MOD_TAB_ADMINGENDERS_CREATE'),(104,'ROLE_MOD_TAB_ADMINGENDERS_DELETE'),(102,'ROLE_MOD_TAB_ADMINGENDERS_READ'),(103,'ROLE_MOD_TAB_ADMINGENDERS_UPDATE'),(105,'ROLE_MOD_TAB_ADMINGEOLOCATION_CREATE'),(108,'ROLE_MOD_TAB_ADMINGEOLOCATION_DELETE'),(106,'ROLE_MOD_TAB_ADMINGEOLOCATION_READ'),(107,'ROLE_MOD_TAB_ADMINGEOLOCATION_UPDATE'),(109,'ROLE_MOD_TAB_ADMINGROUPS_CREATE'),(112,'ROLE_MOD_TAB_ADMINGROUPS_DELETE'),(110,'ROLE_MOD_TAB_ADMINGROUPS_READ'),(111,'ROLE_MOD_TAB_ADMINGROUPS_UPDATE'),(113,'ROLE_MOD_TAB_ADMINIMAGES_CREATE'),(116,'ROLE_MOD_TAB_ADMINIMAGES_DELETE'),(114,'ROLE_MOD_TAB_ADMINIMAGES_READ'),(115,'ROLE_MOD_TAB_ADMINIMAGES_UPDATE'),(117,'ROLE_MOD_TAB_ADMINIMPORT_CREATE'),(120,'ROLE_MOD_TAB_ADMINIMPORT_DELETE'),(118,'ROLE_MOD_TAB_ADMINIMPORT_READ'),(119,'ROLE_MOD_TAB_ADMINIMPORT_UPDATE'),(121,'ROLE_MOD_TAB_ADMININFORMATION_CREATE'),(124,'ROLE_MOD_TAB_ADMININFORMATION_DELETE'),(122,'ROLE_MOD_TAB_ADMININFORMATION_READ'),(123,'ROLE_MOD_TAB_ADMININFORMATION_UPDATE'),(125,'ROLE_MOD_TAB_ADMININTERNATIONAL_CREATE'),(128,'ROLE_MOD_TAB_ADMININTERNATIONAL_DELETE'),(126,'ROLE_MOD_TAB_ADMININTERNATIONAL_READ'),(127,'ROLE_MOD_TAB_ADMININTERNATIONAL_UPDATE'),(129,'ROLE_MOD_TAB_ADMININVOICES_CREATE'),(132,'ROLE_MOD_TAB_ADMININVOICES_DELETE'),(130,'ROLE_MOD_TAB_ADMININVOICES_READ'),(131,'ROLE_MOD_TAB_ADMININVOICES_UPDATE'),(133,'ROLE_MOD_TAB_ADMINLANGUAGES_CREATE'),(136,'ROLE_MOD_TAB_ADMINLANGUAGES_DELETE'),(134,'ROLE_MOD_TAB_ADMINLANGUAGES_READ'),(135,'ROLE_MOD_TAB_ADMINLANGUAGES_UPDATE'),(137,'ROLE_MOD_TAB_ADMINLINKWIDGET_CREATE'),(140,'ROLE_MOD_TAB_ADMINLINKWIDGET_DELETE'),(138,'ROLE_MOD_TAB_ADMINLINKWIDGET_READ'),(139,'ROLE_MOD_TAB_ADMINLINKWIDGET_UPDATE'),(141,'ROLE_MOD_TAB_ADMINLOCALIZATION_CREATE'),(144,'ROLE_MOD_TAB_ADMINLOCALIZATION_DELETE'),(142,'ROLE_MOD_TAB_ADMINLOCALIZATION_READ'),(143,'ROLE_MOD_TAB_ADMINLOCALIZATION_UPDATE'),(145,'ROLE_MOD_TAB_ADMINLOGS_CREATE'),(148,'ROLE_MOD_TAB_ADMINLOGS_DELETE'),(146,'ROLE_MOD_TAB_ADMINLOGS_READ'),(147,'ROLE_MOD_TAB_ADMINLOGS_UPDATE'),(1229,'ROLE_MOD_TAB_ADMINMAILJETMAIN_CREATE'),(1232,'ROLE_MOD_TAB_ADMINMAILJETMAIN_DELETE'),(1230,'ROLE_MOD_TAB_ADMINMAILJETMAIN_READ'),(1231,'ROLE_MOD_TAB_ADMINMAILJETMAIN_UPDATE'),(1233,'ROLE_MOD_TAB_ADMINMAILJET_CREATE'),(1236,'ROLE_MOD_TAB_ADMINMAILJET_DELETE'),(1234,'ROLE_MOD_TAB_ADMINMAILJET_READ'),(1235,'ROLE_MOD_TAB_ADMINMAILJET_UPDATE'),(1289,'ROLE_MOD_TAB_ADMINMAILTHEMEPARENT_CREATE'),(1292,'ROLE_MOD_TAB_ADMINMAILTHEMEPARENT_DELETE'),(1290,'ROLE_MOD_TAB_ADMINMAILTHEMEPARENT_READ'),(1291,'ROLE_MOD_TAB_ADMINMAILTHEMEPARENT_UPDATE'),(1293,'ROLE_MOD_TAB_ADMINMAILTHEME_CREATE'),(1296,'ROLE_MOD_TAB_ADMINMAILTHEME_DELETE'),(1294,'ROLE_MOD_TAB_ADMINMAILTHEME_READ'),(1295,'ROLE_MOD_TAB_ADMINMAILTHEME_UPDATE'),(149,'ROLE_MOD_TAB_ADMINMAINTENANCE_CREATE'),(152,'ROLE_MOD_TAB_ADMINMAINTENANCE_DELETE'),(150,'ROLE_MOD_TAB_ADMINMAINTENANCE_READ'),(151,'ROLE_MOD_TAB_ADMINMAINTENANCE_UPDATE'),(153,'ROLE_MOD_TAB_ADMINMANUFACTURERS_CREATE'),(156,'ROLE_MOD_TAB_ADMINMANUFACTURERS_DELETE'),(154,'ROLE_MOD_TAB_ADMINMANUFACTURERS_READ'),(155,'ROLE_MOD_TAB_ADMINMANUFACTURERS_UPDATE'),(157,'ROLE_MOD_TAB_ADMINMETA_CREATE'),(160,'ROLE_MOD_TAB_ADMINMETA_DELETE'),(158,'ROLE_MOD_TAB_ADMINMETA_READ'),(159,'ROLE_MOD_TAB_ADMINMETA_UPDATE'),(1309,'ROLE_MOD_TAB_ADMINMODULESCATALOG_CREATE'),(1312,'ROLE_MOD_TAB_ADMINMODULESCATALOG_DELETE'),(1310,'ROLE_MOD_TAB_ADMINMODULESCATALOG_READ'),(1311,'ROLE_MOD_TAB_ADMINMODULESCATALOG_UPDATE'),(1305,'ROLE_MOD_TAB_ADMINMODULESMANAGE_CREATE'),(1308,'ROLE_MOD_TAB_ADMINMODULESMANAGE_DELETE'),(1306,'ROLE_MOD_TAB_ADMINMODULESMANAGE_READ'),(1307,'ROLE_MOD_TAB_ADMINMODULESMANAGE_UPDATE'),(1301,'ROLE_MOD_TAB_ADMINMODULESNOTIFICATIONS_CREATE'),(1304,'ROLE_MOD_TAB_ADMINMODULESNOTIFICATIONS_DELETE'),(1302,'ROLE_MOD_TAB_ADMINMODULESNOTIFICATIONS_READ'),(1303,'ROLE_MOD_TAB_ADMINMODULESNOTIFICATIONS_UPDATE'),(165,'ROLE_MOD_TAB_ADMINMODULESPOSITIONS_CREATE'),(168,'ROLE_MOD_TAB_ADMINMODULESPOSITIONS_DELETE'),(166,'ROLE_MOD_TAB_ADMINMODULESPOSITIONS_READ'),(167,'ROLE_MOD_TAB_ADMINMODULESPOSITIONS_UPDATE'),(169,'ROLE_MOD_TAB_ADMINMODULESSF_CREATE'),(172,'ROLE_MOD_TAB_ADMINMODULESSF_DELETE'),(170,'ROLE_MOD_TAB_ADMINMODULESSF_READ'),(171,'ROLE_MOD_TAB_ADMINMODULESSF_UPDATE'),(1297,'ROLE_MOD_TAB_ADMINMODULESUPDATES_CREATE'),(1300,'ROLE_MOD_TAB_ADMINMODULESUPDATES_DELETE'),(1298,'ROLE_MOD_TAB_ADMINMODULESUPDATES_READ'),(1299,'ROLE_MOD_TAB_ADMINMODULESUPDATES_UPDATE'),(161,'ROLE_MOD_TAB_ADMINMODULES_CREATE'),(164,'ROLE_MOD_TAB_ADMINMODULES_DELETE'),(162,'ROLE_MOD_TAB_ADMINMODULES_READ'),(163,'ROLE_MOD_TAB_ADMINMODULES_UPDATE'),(173,'ROLE_MOD_TAB_ADMINORDERMESSAGE_CREATE'),(176,'ROLE_MOD_TAB_ADMINORDERMESSAGE_DELETE'),(174,'ROLE_MOD_TAB_ADMINORDERMESSAGE_READ'),(175,'ROLE_MOD_TAB_ADMINORDERMESSAGE_UPDATE'),(177,'ROLE_MOD_TAB_ADMINORDERPREFERENCES_CREATE'),(180,'ROLE_MOD_TAB_ADMINORDERPREFERENCES_DELETE'),(178,'ROLE_MOD_TAB_ADMINORDERPREFERENCES_READ'),(179,'ROLE_MOD_TAB_ADMINORDERPREFERENCES_UPDATE'),(181,'ROLE_MOD_TAB_ADMINORDERS_CREATE'),(184,'ROLE_MOD_TAB_ADMINORDERS_DELETE'),(182,'ROLE_MOD_TAB_ADMINORDERS_READ'),(183,'ROLE_MOD_TAB_ADMINORDERS_UPDATE'),(185,'ROLE_MOD_TAB_ADMINOUTSTANDING_CREATE'),(188,'ROLE_MOD_TAB_ADMINOUTSTANDING_DELETE'),(186,'ROLE_MOD_TAB_ADMINOUTSTANDING_READ'),(187,'ROLE_MOD_TAB_ADMINOUTSTANDING_UPDATE'),(189,'ROLE_MOD_TAB_ADMINPARENTATTRIBUTESGROUPS_CREATE'),(192,'ROLE_MOD_TAB_ADMINPARENTATTRIBUTESGROUPS_DELETE'),(190,'ROLE_MOD_TAB_ADMINPARENTATTRIBUTESGROUPS_READ'),(191,'ROLE_MOD_TAB_ADMINPARENTATTRIBUTESGROUPS_UPDATE'),(193,'ROLE_MOD_TAB_ADMINPARENTCARTRULES_CREATE'),(196,'ROLE_MOD_TAB_ADMINPARENTCARTRULES_DELETE'),(194,'ROLE_MOD_TAB_ADMINPARENTCARTRULES_READ'),(195,'ROLE_MOD_TAB_ADMINPARENTCARTRULES_UPDATE'),(197,'ROLE_MOD_TAB_ADMINPARENTCOUNTRIES_CREATE'),(200,'ROLE_MOD_TAB_ADMINPARENTCOUNTRIES_DELETE'),(198,'ROLE_MOD_TAB_ADMINPARENTCOUNTRIES_READ'),(199,'ROLE_MOD_TAB_ADMINPARENTCOUNTRIES_UPDATE'),(205,'ROLE_MOD_TAB_ADMINPARENTCUSTOMERPREFERENCES_CREATE'),(208,'ROLE_MOD_TAB_ADMINPARENTCUSTOMERPREFERENCES_DELETE'),(206,'ROLE_MOD_TAB_ADMINPARENTCUSTOMERPREFERENCES_READ'),(207,'ROLE_MOD_TAB_ADMINPARENTCUSTOMERPREFERENCES_UPDATE'),(209,'ROLE_MOD_TAB_ADMINPARENTCUSTOMERTHREADS_CREATE'),(212,'ROLE_MOD_TAB_ADMINPARENTCUSTOMERTHREADS_DELETE'),(210,'ROLE_MOD_TAB_ADMINPARENTCUSTOMERTHREADS_READ'),(211,'ROLE_MOD_TAB_ADMINPARENTCUSTOMERTHREADS_UPDATE'),(201,'ROLE_MOD_TAB_ADMINPARENTCUSTOMER_CREATE'),(204,'ROLE_MOD_TAB_ADMINPARENTCUSTOMER_DELETE'),(202,'ROLE_MOD_TAB_ADMINPARENTCUSTOMER_READ'),(203,'ROLE_MOD_TAB_ADMINPARENTCUSTOMER_UPDATE'),(213,'ROLE_MOD_TAB_ADMINPARENTEMPLOYEES_CREATE'),(216,'ROLE_MOD_TAB_ADMINPARENTEMPLOYEES_DELETE'),(214,'ROLE_MOD_TAB_ADMINPARENTEMPLOYEES_READ'),(215,'ROLE_MOD_TAB_ADMINPARENTEMPLOYEES_UPDATE'),(217,'ROLE_MOD_TAB_ADMINPARENTLOCALIZATION_CREATE'),(220,'ROLE_MOD_TAB_ADMINPARENTLOCALIZATION_DELETE'),(218,'ROLE_MOD_TAB_ADMINPARENTLOCALIZATION_READ'),(219,'ROLE_MOD_TAB_ADMINPARENTLOCALIZATION_UPDATE'),(1317,'ROLE_MOD_TAB_ADMINPARENTMAILTHEME_CREATE'),(1320,'ROLE_MOD_TAB_ADMINPARENTMAILTHEME_DELETE'),(1318,'ROLE_MOD_TAB_ADMINPARENTMAILTHEME_READ'),(1319,'ROLE_MOD_TAB_ADMINPARENTMAILTHEME_UPDATE'),(221,'ROLE_MOD_TAB_ADMINPARENTMANUFACTURERS_CREATE'),(224,'ROLE_MOD_TAB_ADMINPARENTMANUFACTURERS_DELETE'),(222,'ROLE_MOD_TAB_ADMINPARENTMANUFACTURERS_READ'),(223,'ROLE_MOD_TAB_ADMINPARENTMANUFACTURERS_UPDATE'),(229,'ROLE_MOD_TAB_ADMINPARENTMETA_CREATE'),(232,'ROLE_MOD_TAB_ADMINPARENTMETA_DELETE'),(230,'ROLE_MOD_TAB_ADMINPARENTMETA_READ'),(231,'ROLE_MOD_TAB_ADMINPARENTMETA_UPDATE'),(1313,'ROLE_MOD_TAB_ADMINPARENTMODULESCATALOG_CREATE'),(1316,'ROLE_MOD_TAB_ADMINPARENTMODULESCATALOG_DELETE'),(1314,'ROLE_MOD_TAB_ADMINPARENTMODULESCATALOG_READ'),(1315,'ROLE_MOD_TAB_ADMINPARENTMODULESCATALOG_UPDATE'),(225,'ROLE_MOD_TAB_ADMINPARENTMODULESSF_CREATE'),(228,'ROLE_MOD_TAB_ADMINPARENTMODULESSF_DELETE'),(226,'ROLE_MOD_TAB_ADMINPARENTMODULESSF_READ'),(227,'ROLE_MOD_TAB_ADMINPARENTMODULESSF_UPDATE'),(233,'ROLE_MOD_TAB_ADMINPARENTMODULES_CREATE'),(236,'ROLE_MOD_TAB_ADMINPARENTMODULES_DELETE'),(234,'ROLE_MOD_TAB_ADMINPARENTMODULES_READ'),(235,'ROLE_MOD_TAB_ADMINPARENTMODULES_UPDATE'),(237,'ROLE_MOD_TAB_ADMINPARENTORDERPREFERENCES_CREATE'),(240,'ROLE_MOD_TAB_ADMINPARENTORDERPREFERENCES_DELETE'),(238,'ROLE_MOD_TAB_ADMINPARENTORDERPREFERENCES_READ'),(239,'ROLE_MOD_TAB_ADMINPARENTORDERPREFERENCES_UPDATE'),(241,'ROLE_MOD_TAB_ADMINPARENTORDERS_CREATE'),(244,'ROLE_MOD_TAB_ADMINPARENTORDERS_DELETE'),(242,'ROLE_MOD_TAB_ADMINPARENTORDERS_READ'),(243,'ROLE_MOD_TAB_ADMINPARENTORDERS_UPDATE'),(245,'ROLE_MOD_TAB_ADMINPARENTPAYMENT_CREATE'),(248,'ROLE_MOD_TAB_ADMINPARENTPAYMENT_DELETE'),(246,'ROLE_MOD_TAB_ADMINPARENTPAYMENT_READ'),(247,'ROLE_MOD_TAB_ADMINPARENTPAYMENT_UPDATE'),(1329,'ROLE_MOD_TAB_ADMINPARENTPAYPALCONFIGURATION_CREATE'),(1332,'ROLE_MOD_TAB_ADMINPARENTPAYPALCONFIGURATION_DELETE'),(1330,'ROLE_MOD_TAB_ADMINPARENTPAYPALCONFIGURATION_READ'),(1331,'ROLE_MOD_TAB_ADMINPARENTPAYPALCONFIGURATION_UPDATE'),(249,'ROLE_MOD_TAB_ADMINPARENTPREFERENCES_CREATE'),(252,'ROLE_MOD_TAB_ADMINPARENTPREFERENCES_DELETE'),(250,'ROLE_MOD_TAB_ADMINPARENTPREFERENCES_READ'),(251,'ROLE_MOD_TAB_ADMINPARENTPREFERENCES_UPDATE'),(253,'ROLE_MOD_TAB_ADMINPARENTREQUESTSQL_CREATE'),(256,'ROLE_MOD_TAB_ADMINPARENTREQUESTSQL_DELETE'),(254,'ROLE_MOD_TAB_ADMINPARENTREQUESTSQL_READ'),(255,'ROLE_MOD_TAB_ADMINPARENTREQUESTSQL_UPDATE'),(257,'ROLE_MOD_TAB_ADMINPARENTSEARCHCONF_CREATE'),(260,'ROLE_MOD_TAB_ADMINPARENTSEARCHCONF_DELETE'),(258,'ROLE_MOD_TAB_ADMINPARENTSEARCHCONF_READ'),(259,'ROLE_MOD_TAB_ADMINPARENTSEARCHCONF_UPDATE'),(261,'ROLE_MOD_TAB_ADMINPARENTSHIPPING_CREATE'),(264,'ROLE_MOD_TAB_ADMINPARENTSHIPPING_DELETE'),(262,'ROLE_MOD_TAB_ADMINPARENTSHIPPING_READ'),(263,'ROLE_MOD_TAB_ADMINPARENTSHIPPING_UPDATE'),(265,'ROLE_MOD_TAB_ADMINPARENTSTOCKMANAGEMENT_CREATE'),(268,'ROLE_MOD_TAB_ADMINPARENTSTOCKMANAGEMENT_DELETE'),(266,'ROLE_MOD_TAB_ADMINPARENTSTOCKMANAGEMENT_READ'),(267,'ROLE_MOD_TAB_ADMINPARENTSTOCKMANAGEMENT_UPDATE'),(269,'ROLE_MOD_TAB_ADMINPARENTSTORES_CREATE'),(272,'ROLE_MOD_TAB_ADMINPARENTSTORES_DELETE'),(270,'ROLE_MOD_TAB_ADMINPARENTSTORES_READ'),(271,'ROLE_MOD_TAB_ADMINPARENTSTORES_UPDATE'),(273,'ROLE_MOD_TAB_ADMINPARENTTAXES_CREATE'),(276,'ROLE_MOD_TAB_ADMINPARENTTAXES_DELETE'),(274,'ROLE_MOD_TAB_ADMINPARENTTAXES_READ'),(275,'ROLE_MOD_TAB_ADMINPARENTTAXES_UPDATE'),(277,'ROLE_MOD_TAB_ADMINPARENTTHEMES_CREATE'),(280,'ROLE_MOD_TAB_ADMINPARENTTHEMES_DELETE'),(278,'ROLE_MOD_TAB_ADMINPARENTTHEMES_READ'),(279,'ROLE_MOD_TAB_ADMINPARENTTHEMES_UPDATE'),(285,'ROLE_MOD_TAB_ADMINPAYMENTPREFERENCES_CREATE'),(288,'ROLE_MOD_TAB_ADMINPAYMENTPREFERENCES_DELETE'),(286,'ROLE_MOD_TAB_ADMINPAYMENTPREFERENCES_READ'),(287,'ROLE_MOD_TAB_ADMINPAYMENTPREFERENCES_UPDATE'),(281,'ROLE_MOD_TAB_ADMINPAYMENT_CREATE'),(284,'ROLE_MOD_TAB_ADMINPAYMENT_DELETE'),(282,'ROLE_MOD_TAB_ADMINPAYMENT_READ'),(283,'ROLE_MOD_TAB_ADMINPAYMENT_UPDATE'),(1333,'ROLE_MOD_TAB_ADMINPAYPALCONFIGURATION_CREATE'),(1336,'ROLE_MOD_TAB_ADMINPAYPALCONFIGURATION_DELETE'),(1334,'ROLE_MOD_TAB_ADMINPAYPALCONFIGURATION_READ'),(1335,'ROLE_MOD_TAB_ADMINPAYPALCONFIGURATION_UPDATE'),(1341,'ROLE_MOD_TAB_ADMINPAYPALCUSTOMIZECHECKOUT_CREATE'),(1344,'ROLE_MOD_TAB_ADMINPAYPALCUSTOMIZECHECKOUT_DELETE'),(1342,'ROLE_MOD_TAB_ADMINPAYPALCUSTOMIZECHECKOUT_READ'),(1343,'ROLE_MOD_TAB_ADMINPAYPALCUSTOMIZECHECKOUT_UPDATE'),(1357,'ROLE_MOD_TAB_ADMINPAYPALGETCREDENTIALS_CREATE'),(1360,'ROLE_MOD_TAB_ADMINPAYPALGETCREDENTIALS_DELETE'),(1358,'ROLE_MOD_TAB_ADMINPAYPALGETCREDENTIALS_READ'),(1359,'ROLE_MOD_TAB_ADMINPAYPALGETCREDENTIALS_UPDATE'),(1349,'ROLE_MOD_TAB_ADMINPAYPALHELP_CREATE'),(1352,'ROLE_MOD_TAB_ADMINPAYPALHELP_DELETE'),(1350,'ROLE_MOD_TAB_ADMINPAYPALHELP_READ'),(1351,'ROLE_MOD_TAB_ADMINPAYPALHELP_UPDATE'),(1345,'ROLE_MOD_TAB_ADMINPAYPALINSTALLMENT_CREATE'),(1348,'ROLE_MOD_TAB_ADMINPAYPALINSTALLMENT_DELETE'),(1346,'ROLE_MOD_TAB_ADMINPAYPALINSTALLMENT_READ'),(1347,'ROLE_MOD_TAB_ADMINPAYPALINSTALLMENT_UPDATE'),(1353,'ROLE_MOD_TAB_ADMINPAYPALLOGS_CREATE'),(1356,'ROLE_MOD_TAB_ADMINPAYPALLOGS_DELETE'),(1354,'ROLE_MOD_TAB_ADMINPAYPALLOGS_READ'),(1355,'ROLE_MOD_TAB_ADMINPAYPALLOGS_UPDATE'),(1185,'ROLE_MOD_TAB_ADMINPAYPALONBOARDINGPRESTASHOPCHECKOUT_CREATE'),(1188,'ROLE_MOD_TAB_ADMINPAYPALONBOARDINGPRESTASHOPCHECKOUT_DELETE'),(1186,'ROLE_MOD_TAB_ADMINPAYPALONBOARDINGPRESTASHOPCHECKOUT_READ'),(1187,'ROLE_MOD_TAB_ADMINPAYPALONBOARDINGPRESTASHOPCHECKOUT_UPDATE'),(1337,'ROLE_MOD_TAB_ADMINPAYPALSETUP_CREATE'),(1340,'ROLE_MOD_TAB_ADMINPAYPALSETUP_DELETE'),(1338,'ROLE_MOD_TAB_ADMINPAYPALSETUP_READ'),(1339,'ROLE_MOD_TAB_ADMINPAYPALSETUP_UPDATE'),(289,'ROLE_MOD_TAB_ADMINPERFORMANCE_CREATE'),(292,'ROLE_MOD_TAB_ADMINPERFORMANCE_DELETE'),(290,'ROLE_MOD_TAB_ADMINPERFORMANCE_READ'),(291,'ROLE_MOD_TAB_ADMINPERFORMANCE_UPDATE'),(785,'ROLE_MOD_TAB_ADMINPKMENU_CREATE'),(788,'ROLE_MOD_TAB_ADMINPKMENU_DELETE'),(786,'ROLE_MOD_TAB_ADMINPKMENU_READ'),(787,'ROLE_MOD_TAB_ADMINPKMENU_UPDATE'),(917,'ROLE_MOD_TAB_ADMINPKSIZECHART_CREATE'),(920,'ROLE_MOD_TAB_ADMINPKSIZECHART_DELETE'),(918,'ROLE_MOD_TAB_ADMINPKSIZECHART_READ'),(919,'ROLE_MOD_TAB_ADMINPKSIZECHART_UPDATE'),(973,'ROLE_MOD_TAB_ADMINPKTHEMESETTINGS_CREATE'),(976,'ROLE_MOD_TAB_ADMINPKTHEMESETTINGS_DELETE'),(974,'ROLE_MOD_TAB_ADMINPKTHEMESETTINGS_READ'),(975,'ROLE_MOD_TAB_ADMINPKTHEMESETTINGS_UPDATE'),(789,'ROLE_MOD_TAB_ADMINPK_MENU_CREATE'),(792,'ROLE_MOD_TAB_ADMINPK_MENU_DELETE'),(790,'ROLE_MOD_TAB_ADMINPK_MENU_READ'),(791,'ROLE_MOD_TAB_ADMINPK_MENU_UPDATE'),(293,'ROLE_MOD_TAB_ADMINPPREFERENCES_CREATE'),(296,'ROLE_MOD_TAB_ADMINPPREFERENCES_DELETE'),(294,'ROLE_MOD_TAB_ADMINPPREFERENCES_READ'),(295,'ROLE_MOD_TAB_ADMINPPREFERENCES_UPDATE'),(297,'ROLE_MOD_TAB_ADMINPREFERENCES_CREATE'),(300,'ROLE_MOD_TAB_ADMINPREFERENCES_DELETE'),(298,'ROLE_MOD_TAB_ADMINPREFERENCES_READ'),(299,'ROLE_MOD_TAB_ADMINPREFERENCES_UPDATE'),(301,'ROLE_MOD_TAB_ADMINPRODUCTS_CREATE'),(304,'ROLE_MOD_TAB_ADMINPRODUCTS_DELETE'),(302,'ROLE_MOD_TAB_ADMINPRODUCTS_READ'),(303,'ROLE_MOD_TAB_ADMINPRODUCTS_UPDATE'),(305,'ROLE_MOD_TAB_ADMINPROFILES_CREATE'),(308,'ROLE_MOD_TAB_ADMINPROFILES_DELETE'),(306,'ROLE_MOD_TAB_ADMINPROFILES_READ'),(307,'ROLE_MOD_TAB_ADMINPROFILES_UPDATE'),(1221,'ROLE_MOD_TAB_ADMINPSMBOADDONS_CREATE'),(1224,'ROLE_MOD_TAB_ADMINPSMBOADDONS_DELETE'),(1222,'ROLE_MOD_TAB_ADMINPSMBOADDONS_READ'),(1223,'ROLE_MOD_TAB_ADMINPSMBOADDONS_UPDATE'),(713,'ROLE_MOD_TAB_ADMINPSMBOMODULE_CREATE'),(716,'ROLE_MOD_TAB_ADMINPSMBOMODULE_DELETE'),(714,'ROLE_MOD_TAB_ADMINPSMBOMODULE_READ'),(715,'ROLE_MOD_TAB_ADMINPSMBOMODULE_UPDATE'),(1225,'ROLE_MOD_TAB_ADMINPSMBORECOMMENDED_CREATE'),(1228,'ROLE_MOD_TAB_ADMINPSMBORECOMMENDED_DELETE'),(1226,'ROLE_MOD_TAB_ADMINPSMBORECOMMENDED_READ'),(1227,'ROLE_MOD_TAB_ADMINPSMBORECOMMENDED_UPDATE'),(717,'ROLE_MOD_TAB_ADMINPSMBOTHEME_CREATE'),(720,'ROLE_MOD_TAB_ADMINPSMBOTHEME_DELETE'),(718,'ROLE_MOD_TAB_ADMINPSMBOTHEME_READ'),(719,'ROLE_MOD_TAB_ADMINPSMBOTHEME_UPDATE'),(1033,'ROLE_MOD_TAB_ADMINPSPAGEBUILDERAMP_CREATE'),(1036,'ROLE_MOD_TAB_ADMINPSPAGEBUILDERAMP_DELETE'),(1034,'ROLE_MOD_TAB_ADMINPSPAGEBUILDERAMP_READ'),(1035,'ROLE_MOD_TAB_ADMINPSPAGEBUILDERAMP_UPDATE'),(1017,'ROLE_MOD_TAB_ADMINPSPAGEBUILDERFOOTER_CREATE'),(1020,'ROLE_MOD_TAB_ADMINPSPAGEBUILDERFOOTER_DELETE'),(1018,'ROLE_MOD_TAB_ADMINPSPAGEBUILDERFOOTER_READ'),(1019,'ROLE_MOD_TAB_ADMINPSPAGEBUILDERFOOTER_UPDATE'),(1021,'ROLE_MOD_TAB_ADMINPSPAGEBUILDERHEADER_CREATE'),(1024,'ROLE_MOD_TAB_ADMINPSPAGEBUILDERHEADER_DELETE'),(1022,'ROLE_MOD_TAB_ADMINPSPAGEBUILDERHEADER_READ'),(1023,'ROLE_MOD_TAB_ADMINPSPAGEBUILDERHEADER_UPDATE'),(1025,'ROLE_MOD_TAB_ADMINPSPAGEBUILDERIMAGE_CREATE'),(1028,'ROLE_MOD_TAB_ADMINPSPAGEBUILDERIMAGE_DELETE'),(1026,'ROLE_MOD_TAB_ADMINPSPAGEBUILDERIMAGE_READ'),(1027,'ROLE_MOD_TAB_ADMINPSPAGEBUILDERIMAGE_UPDATE'),(1009,'ROLE_MOD_TAB_ADMINPSPAGEBUILDERMANAGEMENT_CREATE'),(1012,'ROLE_MOD_TAB_ADMINPSPAGEBUILDERMANAGEMENT_DELETE'),(1010,'ROLE_MOD_TAB_ADMINPSPAGEBUILDERMANAGEMENT_READ'),(1011,'ROLE_MOD_TAB_ADMINPSPAGEBUILDERMANAGEMENT_UPDATE'),(1029,'ROLE_MOD_TAB_ADMINPSPAGEBUILDERMENU_CREATE'),(1032,'ROLE_MOD_TAB_ADMINPSPAGEBUILDERMENU_DELETE'),(1030,'ROLE_MOD_TAB_ADMINPSPAGEBUILDERMENU_READ'),(1031,'ROLE_MOD_TAB_ADMINPSPAGEBUILDERMENU_UPDATE'),(1013,'ROLE_MOD_TAB_ADMINPSPAGEBUILDERPROFILE_CREATE'),(1016,'ROLE_MOD_TAB_ADMINPSPAGEBUILDERPROFILE_DELETE'),(1014,'ROLE_MOD_TAB_ADMINPSPAGEBUILDERPROFILE_READ'),(1015,'ROLE_MOD_TAB_ADMINPSPAGEBUILDERPROFILE_UPDATE'),(1217,'ROLE_MOD_TAB_ADMINPSTHEMECUSTOADVANCED_CREATE'),(1220,'ROLE_MOD_TAB_ADMINPSTHEMECUSTOADVANCED_DELETE'),(1218,'ROLE_MOD_TAB_ADMINPSTHEMECUSTOADVANCED_READ'),(1219,'ROLE_MOD_TAB_ADMINPSTHEMECUSTOADVANCED_UPDATE'),(1213,'ROLE_MOD_TAB_ADMINPSTHEMECUSTOCONFIGURATION_CREATE'),(1216,'ROLE_MOD_TAB_ADMINPSTHEMECUSTOCONFIGURATION_DELETE'),(1214,'ROLE_MOD_TAB_ADMINPSTHEMECUSTOCONFIGURATION_READ'),(1215,'ROLE_MOD_TAB_ADMINPSTHEMECUSTOCONFIGURATION_UPDATE'),(309,'ROLE_MOD_TAB_ADMINREFERRERS_CREATE'),(312,'ROLE_MOD_TAB_ADMINREFERRERS_DELETE'),(310,'ROLE_MOD_TAB_ADMINREFERRERS_READ'),(311,'ROLE_MOD_TAB_ADMINREFERRERS_UPDATE'),(313,'ROLE_MOD_TAB_ADMINREQUESTSQL_CREATE'),(316,'ROLE_MOD_TAB_ADMINREQUESTSQL_DELETE'),(314,'ROLE_MOD_TAB_ADMINREQUESTSQL_READ'),(315,'ROLE_MOD_TAB_ADMINREQUESTSQL_UPDATE'),(317,'ROLE_MOD_TAB_ADMINRETURN_CREATE'),(320,'ROLE_MOD_TAB_ADMINRETURN_DELETE'),(318,'ROLE_MOD_TAB_ADMINRETURN_READ'),(319,'ROLE_MOD_TAB_ADMINRETURN_UPDATE'),(1049,'ROLE_MOD_TAB_ADMINREVOLUTIONSLIDERAJAX_CREATE'),(1052,'ROLE_MOD_TAB_ADMINREVOLUTIONSLIDERAJAX_DELETE'),(1050,'ROLE_MOD_TAB_ADMINREVOLUTIONSLIDERAJAX_READ'),(1051,'ROLE_MOD_TAB_ADMINREVOLUTIONSLIDERAJAX_UPDATE'),(1045,'ROLE_MOD_TAB_ADMINREVOLUTIONSLIDERNAVIGATION_CREATE'),(1048,'ROLE_MOD_TAB_ADMINREVOLUTIONSLIDERNAVIGATION_DELETE'),(1046,'ROLE_MOD_TAB_ADMINREVOLUTIONSLIDERNAVIGATION_READ'),(1047,'ROLE_MOD_TAB_ADMINREVOLUTIONSLIDERNAVIGATION_UPDATE'),(1041,'ROLE_MOD_TAB_ADMINREVOLUTIONSLIDERSETTINGS_CREATE'),(1044,'ROLE_MOD_TAB_ADMINREVOLUTIONSLIDERSETTINGS_DELETE'),(1042,'ROLE_MOD_TAB_ADMINREVOLUTIONSLIDERSETTINGS_READ'),(1043,'ROLE_MOD_TAB_ADMINREVOLUTIONSLIDERSETTINGS_UPDATE'),(1053,'ROLE_MOD_TAB_ADMINREVOLUTIONSLIDERUPLOAD_CREATE'),(1056,'ROLE_MOD_TAB_ADMINREVOLUTIONSLIDERUPLOAD_DELETE'),(1054,'ROLE_MOD_TAB_ADMINREVOLUTIONSLIDERUPLOAD_READ'),(1055,'ROLE_MOD_TAB_ADMINREVOLUTIONSLIDERUPLOAD_UPDATE'),(321,'ROLE_MOD_TAB_ADMINSEARCHCONF_CREATE'),(324,'ROLE_MOD_TAB_ADMINSEARCHCONF_DELETE'),(322,'ROLE_MOD_TAB_ADMINSEARCHCONF_READ'),(323,'ROLE_MOD_TAB_ADMINSEARCHCONF_UPDATE'),(325,'ROLE_MOD_TAB_ADMINSEARCHENGINES_CREATE'),(328,'ROLE_MOD_TAB_ADMINSEARCHENGINES_DELETE'),(326,'ROLE_MOD_TAB_ADMINSEARCHENGINES_READ'),(327,'ROLE_MOD_TAB_ADMINSEARCHENGINES_UPDATE'),(1061,'ROLE_MOD_TAB_ADMINSELFUPGRADE_CREATE'),(1064,'ROLE_MOD_TAB_ADMINSELFUPGRADE_DELETE'),(1062,'ROLE_MOD_TAB_ADMINSELFUPGRADE_READ'),(1063,'ROLE_MOD_TAB_ADMINSELFUPGRADE_UPDATE'),(329,'ROLE_MOD_TAB_ADMINSHIPPING_CREATE'),(332,'ROLE_MOD_TAB_ADMINSHIPPING_DELETE'),(330,'ROLE_MOD_TAB_ADMINSHIPPING_READ'),(331,'ROLE_MOD_TAB_ADMINSHIPPING_UPDATE'),(333,'ROLE_MOD_TAB_ADMINSHOPGROUP_CREATE'),(336,'ROLE_MOD_TAB_ADMINSHOPGROUP_DELETE'),(334,'ROLE_MOD_TAB_ADMINSHOPGROUP_READ'),(335,'ROLE_MOD_TAB_ADMINSHOPGROUP_UPDATE'),(337,'ROLE_MOD_TAB_ADMINSHOPURL_CREATE'),(340,'ROLE_MOD_TAB_ADMINSHOPURL_DELETE'),(338,'ROLE_MOD_TAB_ADMINSHOPURL_READ'),(339,'ROLE_MOD_TAB_ADMINSHOPURL_UPDATE'),(985,'ROLE_MOD_TAB_ADMINSIMPLEBLOGCATEGORIES_CREATE'),(988,'ROLE_MOD_TAB_ADMINSIMPLEBLOGCATEGORIES_DELETE'),(986,'ROLE_MOD_TAB_ADMINSIMPLEBLOGCATEGORIES_READ'),(987,'ROLE_MOD_TAB_ADMINSIMPLEBLOGCATEGORIES_UPDATE'),(993,'ROLE_MOD_TAB_ADMINSIMPLEBLOGCOMMENTS_CREATE'),(996,'ROLE_MOD_TAB_ADMINSIMPLEBLOGCOMMENTS_DELETE'),(994,'ROLE_MOD_TAB_ADMINSIMPLEBLOGCOMMENTS_READ'),(995,'ROLE_MOD_TAB_ADMINSIMPLEBLOGCOMMENTS_UPDATE'),(989,'ROLE_MOD_TAB_ADMINSIMPLEBLOGPOSTS_CREATE'),(992,'ROLE_MOD_TAB_ADMINSIMPLEBLOGPOSTS_DELETE'),(990,'ROLE_MOD_TAB_ADMINSIMPLEBLOGPOSTS_READ'),(991,'ROLE_MOD_TAB_ADMINSIMPLEBLOGPOSTS_UPDATE'),(1001,'ROLE_MOD_TAB_ADMINSIMPLEBLOGSETTINGS_CREATE'),(1004,'ROLE_MOD_TAB_ADMINSIMPLEBLOGSETTINGS_DELETE'),(1002,'ROLE_MOD_TAB_ADMINSIMPLEBLOGSETTINGS_READ'),(1003,'ROLE_MOD_TAB_ADMINSIMPLEBLOGSETTINGS_UPDATE'),(997,'ROLE_MOD_TAB_ADMINSIMPLEBLOGTAGS_CREATE'),(1000,'ROLE_MOD_TAB_ADMINSIMPLEBLOGTAGS_DELETE'),(998,'ROLE_MOD_TAB_ADMINSIMPLEBLOGTAGS_READ'),(999,'ROLE_MOD_TAB_ADMINSIMPLEBLOGTAGS_UPDATE'),(981,'ROLE_MOD_TAB_ADMINSIMPLEBLOG_CREATE'),(984,'ROLE_MOD_TAB_ADMINSIMPLEBLOG_DELETE'),(982,'ROLE_MOD_TAB_ADMINSIMPLEBLOG_READ'),(983,'ROLE_MOD_TAB_ADMINSIMPLEBLOG_UPDATE'),(341,'ROLE_MOD_TAB_ADMINSLIP_CREATE'),(344,'ROLE_MOD_TAB_ADMINSLIP_DELETE'),(342,'ROLE_MOD_TAB_ADMINSLIP_READ'),(343,'ROLE_MOD_TAB_ADMINSLIP_UPDATE'),(345,'ROLE_MOD_TAB_ADMINSPECIFICPRICERULE_CREATE'),(348,'ROLE_MOD_TAB_ADMINSPECIFICPRICERULE_DELETE'),(346,'ROLE_MOD_TAB_ADMINSPECIFICPRICERULE_READ'),(347,'ROLE_MOD_TAB_ADMINSPECIFICPRICERULE_UPDATE'),(349,'ROLE_MOD_TAB_ADMINSTATES_CREATE'),(352,'ROLE_MOD_TAB_ADMINSTATES_DELETE'),(350,'ROLE_MOD_TAB_ADMINSTATES_READ'),(351,'ROLE_MOD_TAB_ADMINSTATES_UPDATE'),(353,'ROLE_MOD_TAB_ADMINSTATS_CREATE'),(356,'ROLE_MOD_TAB_ADMINSTATS_DELETE'),(354,'ROLE_MOD_TAB_ADMINSTATS_READ'),(355,'ROLE_MOD_TAB_ADMINSTATS_UPDATE'),(357,'ROLE_MOD_TAB_ADMINSTATUSES_CREATE'),(360,'ROLE_MOD_TAB_ADMINSTATUSES_DELETE'),(358,'ROLE_MOD_TAB_ADMINSTATUSES_READ'),(359,'ROLE_MOD_TAB_ADMINSTATUSES_UPDATE'),(365,'ROLE_MOD_TAB_ADMINSTOCKCONFIGURATION_CREATE'),(368,'ROLE_MOD_TAB_ADMINSTOCKCONFIGURATION_DELETE'),(366,'ROLE_MOD_TAB_ADMINSTOCKCONFIGURATION_READ'),(367,'ROLE_MOD_TAB_ADMINSTOCKCONFIGURATION_UPDATE'),(369,'ROLE_MOD_TAB_ADMINSTOCKCOVER_CREATE'),(372,'ROLE_MOD_TAB_ADMINSTOCKCOVER_DELETE'),(370,'ROLE_MOD_TAB_ADMINSTOCKCOVER_READ'),(371,'ROLE_MOD_TAB_ADMINSTOCKCOVER_UPDATE'),(373,'ROLE_MOD_TAB_ADMINSTOCKINSTANTSTATE_CREATE'),(376,'ROLE_MOD_TAB_ADMINSTOCKINSTANTSTATE_DELETE'),(374,'ROLE_MOD_TAB_ADMINSTOCKINSTANTSTATE_READ'),(375,'ROLE_MOD_TAB_ADMINSTOCKINSTANTSTATE_UPDATE'),(377,'ROLE_MOD_TAB_ADMINSTOCKMANAGEMENT_CREATE'),(380,'ROLE_MOD_TAB_ADMINSTOCKMANAGEMENT_DELETE'),(378,'ROLE_MOD_TAB_ADMINSTOCKMANAGEMENT_READ'),(379,'ROLE_MOD_TAB_ADMINSTOCKMANAGEMENT_UPDATE'),(381,'ROLE_MOD_TAB_ADMINSTOCKMVT_CREATE'),(384,'ROLE_MOD_TAB_ADMINSTOCKMVT_DELETE'),(382,'ROLE_MOD_TAB_ADMINSTOCKMVT_READ'),(383,'ROLE_MOD_TAB_ADMINSTOCKMVT_UPDATE'),(361,'ROLE_MOD_TAB_ADMINSTOCK_CREATE'),(364,'ROLE_MOD_TAB_ADMINSTOCK_DELETE'),(362,'ROLE_MOD_TAB_ADMINSTOCK_READ'),(363,'ROLE_MOD_TAB_ADMINSTOCK_UPDATE'),(385,'ROLE_MOD_TAB_ADMINSTORES_CREATE'),(388,'ROLE_MOD_TAB_ADMINSTORES_DELETE'),(386,'ROLE_MOD_TAB_ADMINSTORES_READ'),(387,'ROLE_MOD_TAB_ADMINSTORES_UPDATE'),(389,'ROLE_MOD_TAB_ADMINSUPPLIERS_CREATE'),(392,'ROLE_MOD_TAB_ADMINSUPPLIERS_DELETE'),(390,'ROLE_MOD_TAB_ADMINSUPPLIERS_READ'),(391,'ROLE_MOD_TAB_ADMINSUPPLIERS_UPDATE'),(393,'ROLE_MOD_TAB_ADMINSUPPLYORDERS_CREATE'),(396,'ROLE_MOD_TAB_ADMINSUPPLYORDERS_DELETE'),(394,'ROLE_MOD_TAB_ADMINSUPPLYORDERS_READ'),(395,'ROLE_MOD_TAB_ADMINSUPPLYORDERS_UPDATE'),(397,'ROLE_MOD_TAB_ADMINTAGS_CREATE'),(400,'ROLE_MOD_TAB_ADMINTAGS_DELETE'),(398,'ROLE_MOD_TAB_ADMINTAGS_READ'),(399,'ROLE_MOD_TAB_ADMINTAGS_UPDATE'),(401,'ROLE_MOD_TAB_ADMINTAXES_CREATE'),(404,'ROLE_MOD_TAB_ADMINTAXES_DELETE'),(402,'ROLE_MOD_TAB_ADMINTAXES_READ'),(403,'ROLE_MOD_TAB_ADMINTAXES_UPDATE'),(405,'ROLE_MOD_TAB_ADMINTAXRULESGROUP_CREATE'),(408,'ROLE_MOD_TAB_ADMINTAXRULESGROUP_DELETE'),(406,'ROLE_MOD_TAB_ADMINTAXRULESGROUP_READ'),(407,'ROLE_MOD_TAB_ADMINTAXRULESGROUP_UPDATE'),(413,'ROLE_MOD_TAB_ADMINTHEMESCATALOG_CREATE'),(416,'ROLE_MOD_TAB_ADMINTHEMESCATALOG_DELETE'),(414,'ROLE_MOD_TAB_ADMINTHEMESCATALOG_READ'),(415,'ROLE_MOD_TAB_ADMINTHEMESCATALOG_UPDATE'),(1209,'ROLE_MOD_TAB_ADMINTHEMESPARENT_CREATE'),(1212,'ROLE_MOD_TAB_ADMINTHEMESPARENT_DELETE'),(1210,'ROLE_MOD_TAB_ADMINTHEMESPARENT_READ'),(1211,'ROLE_MOD_TAB_ADMINTHEMESPARENT_UPDATE'),(409,'ROLE_MOD_TAB_ADMINTHEMES_CREATE'),(412,'ROLE_MOD_TAB_ADMINTHEMES_DELETE'),(410,'ROLE_MOD_TAB_ADMINTHEMES_READ'),(411,'ROLE_MOD_TAB_ADMINTHEMES_UPDATE'),(417,'ROLE_MOD_TAB_ADMINTRACKING_CREATE'),(420,'ROLE_MOD_TAB_ADMINTRACKING_DELETE'),(418,'ROLE_MOD_TAB_ADMINTRACKING_READ'),(419,'ROLE_MOD_TAB_ADMINTRACKING_UPDATE'),(421,'ROLE_MOD_TAB_ADMINTRANSLATIONS_CREATE'),(424,'ROLE_MOD_TAB_ADMINTRANSLATIONS_DELETE'),(422,'ROLE_MOD_TAB_ADMINTRANSLATIONS_READ'),(423,'ROLE_MOD_TAB_ADMINTRANSLATIONS_UPDATE'),(425,'ROLE_MOD_TAB_ADMINWAREHOUSES_CREATE'),(428,'ROLE_MOD_TAB_ADMINWAREHOUSES_DELETE'),(426,'ROLE_MOD_TAB_ADMINWAREHOUSES_READ'),(427,'ROLE_MOD_TAB_ADMINWAREHOUSES_UPDATE'),(429,'ROLE_MOD_TAB_ADMINWEBSERVICE_CREATE'),(432,'ROLE_MOD_TAB_ADMINWEBSERVICE_DELETE'),(430,'ROLE_MOD_TAB_ADMINWEBSERVICE_READ'),(431,'ROLE_MOD_TAB_ADMINWEBSERVICE_UPDATE'),(685,'ROLE_MOD_TAB_ADMINWELCOME_CREATE'),(688,'ROLE_MOD_TAB_ADMINWELCOME_DELETE'),(686,'ROLE_MOD_TAB_ADMINWELCOME_READ'),(687,'ROLE_MOD_TAB_ADMINWELCOME_UPDATE'),(433,'ROLE_MOD_TAB_ADMINZONES_CREATE'),(436,'ROLE_MOD_TAB_ADMINZONES_DELETE'),(434,'ROLE_MOD_TAB_ADMINZONES_READ'),(435,'ROLE_MOD_TAB_ADMINZONES_UPDATE'),(437,'ROLE_MOD_TAB_CONFIGURE_CREATE'),(440,'ROLE_MOD_TAB_CONFIGURE_DELETE'),(438,'ROLE_MOD_TAB_CONFIGURE_READ'),(439,'ROLE_MOD_TAB_CONFIGURE_UPDATE'),(441,'ROLE_MOD_TAB_IMPROVE_CREATE'),(444,'ROLE_MOD_TAB_IMPROVE_DELETE'),(442,'ROLE_MOD_TAB_IMPROVE_READ'),(443,'ROLE_MOD_TAB_IMPROVE_UPDATE'),(445,'ROLE_MOD_TAB_SELL_CREATE'),(448,'ROLE_MOD_TAB_SELL_DELETE'),(446,'ROLE_MOD_TAB_SELL_READ'),(447,'ROLE_MOD_TAB_SELL_UPDATE'),(449,'ROLE_MOD_TAB_SHOPPARAMETERS_CREATE'),(452,'ROLE_MOD_TAB_SHOPPARAMETERS_DELETE'),(450,'ROLE_MOD_TAB_SHOPPARAMETERS_READ'),(451,'ROLE_MOD_TAB_SHOPPARAMETERS_UPDATE');

--
